[INFO] fetching crate pi_ecs 0.1.0...
[INFO] testing pi_ecs-0.1.0 against nightly-2024-10-28 for randomize-layout
[INFO] extracting crate pi_ecs 0.1.0 into /workspace/builds/worker-4-tc1/source
[INFO] validating manifest of crates.io crate pi_ecs 0.1.0 on toolchain nightly-2024-10-28
[INFO] running `Command { std: CARGO_HOME="/workspace/cargo-home" RUSTUP_HOME="/workspace/rustup-home" "/workspace/cargo-home/bin/cargo" "+nightly-2024-10-28" "metadata" "--manifest-path" "Cargo.toml" "--no-deps", kill_on_drop: false }`
[INFO] started tweaking crates.io crate pi_ecs 0.1.0
[INFO] finished tweaking crates.io crate pi_ecs 0.1.0
[INFO] tweaked toml for crates.io crate pi_ecs 0.1.0 written to /workspace/builds/worker-4-tc1/source/Cargo.toml
[INFO] running `Command { std: CARGO_HOME="/workspace/cargo-home" RUSTUP_HOME="/workspace/rustup-home" "/workspace/cargo-home/bin/cargo" "+nightly-2024-10-28" "generate-lockfile" "--manifest-path" "Cargo.toml", kill_on_drop: false }`
[INFO] [stderr]     Updating crates.io index
[INFO] [stderr]      Locking 128 packages to latest compatible versions
[INFO] [stderr]       Adding fixedbitset v0.4.2 (available: v0.5.7)
[INFO] [stderr]       Adding paste v0.1.18 (available: v1.0.15)
[INFO] [stderr]       Adding pi_async v0.1.9 (available: v0.5.16)
[INFO] [stderr]       Adding pi_async_graph v0.1.0 (available: v0.6.1)
[INFO] [stderr]       Adding pi_atom v0.1.0 (available: v0.5.3)
[INFO] [stderr]       Adding pi_listener v0.1.0 (available: v0.2.0)
[INFO] [stderr]       Adding pi_map v0.1.5 (available: v0.2.1)
[INFO] [stderr]       Adding pi_share v0.1.3 (available: v0.4.15)
[INFO] [stderr]       Adding pi_time v0.1.0 (available: v0.5.0)
[INFO] running `Command { std: CARGO_HOME="/workspace/cargo-home" RUSTUP_HOME="/workspace/rustup-home" "/workspace/cargo-home/bin/cargo" "+nightly-2024-10-28" "fetch" "--manifest-path" "Cargo.toml", kill_on_drop: false }`
[INFO] [stderr]  Downloading crates ...
[INFO] [stderr]   Downloaded pi_slab v0.1.0
[INFO] [stderr]   Downloaded pi_time v0.1.0
[INFO] [stderr]   Downloaded pi_key_alloter v0.5.1
[INFO] [stderr]   Downloaded pi_wy_rng v0.1.0
[INFO] [stderr]   Downloaded pi_null v0.1.11
[INFO] [stderr]   Downloaded pi_share v0.4.15
[INFO] [stderr]   Downloaded pi_tree v0.1.0
[INFO] [stderr]   Downloaded pi_async_graph v0.1.0
[INFO] [stderr]   Downloaded pi_slotmap v0.1.17
[INFO] [stderr]   Downloaded pi_any v0.1.1
[INFO] [stderr]   Downloaded pi_atom v0.1.0
[INFO] [stderr]   Downloaded pi_ecs_macros v0.1.0
[INFO] [stderr]   Downloaded pi_print_any v0.1.2
[INFO] [stderr]   Downloaded pi_map v0.1.5
[INFO] [stderr]   Downloaded pi_heap v0.1.0
[INFO] [stderr]   Downloaded pi_dyn_uint v0.1.0
[INFO] [stderr]   Downloaded pi_local_timer v0.1.0
[INFO] [stderr]   Downloaded pi_data_view v0.1.1
[INFO] [stderr]   Downloaded pi_async v0.1.9
[INFO] [stderr]   Downloaded sized-chunks v0.3.1
[INFO] [stderr]   Downloaded pi_bon v0.1.3
[INFO] [stderr]   Downloaded pi_listener v0.1.0
[INFO] [stderr]   Downloaded pi_share v0.1.3
[INFO] [stderr]   Downloaded pi_debug_info v0.1.0
[INFO] [stderr]   Downloaded pi_dirty v0.1.2
[INFO] [stderr]   Downloaded pi_map v0.2.1
[INFO] [stderr]   Downloaded pi_graph v0.1.9
[INFO] [stderr]   Downloaded im v13.0.0
[INFO] [stderr]   Downloaded pi_hash v0.1.1
[INFO] running `Command { std: "docker" "create" "-v" "/var/lib/crater-agent-workspace/builds/worker-4-tc1/target:/opt/rustwide/target:rw,Z" "-v" "/var/lib/crater-agent-workspace/builds/worker-4-tc1/source:/opt/rustwide/workdir:ro,Z" "-v" "/var/lib/crater-agent-workspace/cargo-home:/opt/rustwide/cargo-home:ro,Z" "-v" "/var/lib/crater-agent-workspace/rustup-home:/opt/rustwide/rustup-home:ro,Z" "-e" "SOURCE_DIR=/opt/rustwide/workdir" "-e" "CARGO_TARGET_DIR=/opt/rustwide/target" "-e" "CARGO_HOME=/opt/rustwide/cargo-home" "-e" "RUSTUP_HOME=/opt/rustwide/rustup-home" "-w" "/opt/rustwide/workdir" "-m" "1610612736" "--user" "0:0" "--network" "none" "ghcr.io/rust-lang/crates-build-env/linux@sha256:4a844ea9eb2546a2d2c7022eacef16ef2e8229c7fbb2c7d4d55a9ceca922f72d" "/opt/rustwide/cargo-home/bin/cargo" "+nightly-2024-10-28" "metadata" "--no-deps" "--format-version=1", kill_on_drop: false }`
[INFO] [stdout] 21f279828e8af8d5b57cdcd00897bb1964235ea7eaaa573c51cb21ca44882fc5
[INFO] running `Command { std: "docker" "start" "-a" "21f279828e8af8d5b57cdcd00897bb1964235ea7eaaa573c51cb21ca44882fc5", kill_on_drop: false }`
[INFO] running `Command { std: "docker" "inspect" "21f279828e8af8d5b57cdcd00897bb1964235ea7eaaa573c51cb21ca44882fc5", kill_on_drop: false }`
[INFO] running `Command { std: "docker" "rm" "-f" "21f279828e8af8d5b57cdcd00897bb1964235ea7eaaa573c51cb21ca44882fc5", kill_on_drop: false }`
[INFO] [stdout] 21f279828e8af8d5b57cdcd00897bb1964235ea7eaaa573c51cb21ca44882fc5
[INFO] running `Command { std: "docker" "create" "-v" "/var/lib/crater-agent-workspace/builds/worker-4-tc1/target:/opt/rustwide/target:rw,Z" "-v" "/var/lib/crater-agent-workspace/builds/worker-4-tc1/source:/opt/rustwide/workdir:ro,Z" "-v" "/var/lib/crater-agent-workspace/cargo-home:/opt/rustwide/cargo-home:ro,Z" "-v" "/var/lib/crater-agent-workspace/rustup-home:/opt/rustwide/rustup-home:ro,Z" "-e" "SOURCE_DIR=/opt/rustwide/workdir" "-e" "CARGO_TARGET_DIR=/opt/rustwide/target" "-e" "CARGO_INCREMENTAL=0" "-e" "RUST_BACKTRACE=full" "-e" "RUSTFLAGS=--cap-lints=forbid" "-e" "RUSTDOCFLAGS=--cap-lints=forbid" "-e" "CARGO_HOME=/opt/rustwide/cargo-home" "-e" "RUSTUP_HOME=/opt/rustwide/rustup-home" "-w" "/opt/rustwide/workdir" "-m" "1610612736" "--user" "0:0" "--network" "none" "ghcr.io/rust-lang/crates-build-env/linux@sha256:4a844ea9eb2546a2d2c7022eacef16ef2e8229c7fbb2c7d4d55a9ceca922f72d" "/opt/rustwide/cargo-home/bin/cargo" "+nightly-2024-10-28" "build" "--frozen" "--message-format=json", kill_on_drop: false }`
[INFO] [stdout] ab4af9cbd13b285118147fa2f090c5e449f56babbe5f7f759a80c2216057af69
[INFO] running `Command { std: "docker" "start" "-a" "ab4af9cbd13b285118147fa2f090c5e449f56babbe5f7f759a80c2216057af69", kill_on_drop: false }`
[INFO] [stderr]    Compiling crossbeam-utils v0.8.20
[INFO] [stderr]    Compiling static_assertions v1.1.0
[INFO] [stderr]    Compiling syn v1.0.109
[INFO] [stderr]    Compiling smallvec v1.13.2
[INFO] [stderr]    Compiling pi_null v0.1.11
[INFO] [stderr]    Compiling getrandom v0.1.16
[INFO] [stderr]    Compiling futures-sink v0.3.31
[INFO] [stderr]    Compiling serde v1.0.214
[INFO] [stderr]    Compiling num-traits v0.2.19
[INFO] [stderr]    Compiling syn v2.0.86
[INFO] [stderr]    Compiling getrandom v0.2.15
[INFO] [stderr]    Compiling pi_slotmap v0.1.17
[INFO] [stderr]    Compiling pi_share v0.4.15
[INFO] [stderr]    Compiling futures-task v0.3.31
[INFO] [stderr]    Compiling futures-io v0.3.31
[INFO] [stderr]    Compiling typenum v1.17.0
[INFO] [stderr]    Compiling futures-channel v0.3.31
[INFO] [stdout] error[E0432]: unresolved import `core::ops::Receiver`
[INFO] [stdout]   --> /opt/rustwide/cargo-home/registry/src/index.crates.io-6f17d22bba15001f/pi_share-0.4.15/src/xrc.rs:23:5
[INFO] [stdout]    |
[INFO] [stdout] 23 | use core::ops::Receiver;
[INFO] [stdout]    |     ^^^^^^^^^^^^^^^^^^^ no `Receiver` in `ops`
[INFO] [stdout]    |
[INFO] [stdout] help: consider importing one of these structs instead
[INFO] [stdout]    |
[INFO] [stdout] 23 | use std::sync::mpmc::Receiver;
[INFO] [stdout]    |     ~~~~~~~~~~~~~~~~~~~~~~~~~
[INFO] [stdout] 23 | use std::sync::mpsc::Receiver;
[INFO] [stdout]    |     ~~~~~~~~~~~~~~~~~~~~~~~~~
[INFO] [stdout] 
[INFO] [stdout] 
[INFO] [stderr]    Compiling pi_slab v0.1.0
[INFO] [stdout] error[E0425]: cannot find function `invalid_mut` in module `ptr`
[INFO] [stdout]     --> /opt/rustwide/cargo-home/registry/src/index.crates.io-6f17d22bba15001f/pi_share-0.4.15/src/xrc.rs:2431:55
[INFO] [stdout]      |
[INFO] [stdout] 2431 |             ptr: unsafe { NonNull::new_unchecked(ptr::invalid_mut::<XrcInner<T>>(usize::MAX)) },
[INFO] [stdout]      |                                                       ^^^^^^^^^^^ not found in `ptr`
[INFO] [stdout] 
[INFO] [stdout] 
[INFO] [stdout] error[E0425]: cannot find function `invalid_mut` in module `ptr`
[INFO] [stdout]     --> /opt/rustwide/cargo-home/registry/src/index.crates.io-6f17d22bba15001f/pi_share-0.4.15/src/xrc.rs:2458:55
[INFO] [stdout]      |
[INFO] [stdout] 2458 |             ptr: unsafe { NonNull::new_unchecked(ptr::invalid_mut::<XrcInner<T>>(usize::MAX)) },
[INFO] [stdout]      |                                                       ^^^^^^^^^^^ not found in `ptr`
[INFO] [stdout] 
[INFO] [stdout] 
[INFO] [stdout] error[E0635]: unknown feature `receiver_trait`
[INFO] [stdout]   --> /opt/rustwide/cargo-home/registry/src/index.crates.io-6f17d22bba15001f/pi_share-0.4.15/src/lib.rs:27:12
[INFO] [stdout]    |
[INFO] [stdout] 27 | #![feature(receiver_trait)]
[INFO] [stdout]    |            ^^^^^^^^^^^^^^
[INFO] [stdout] 
[INFO] [stdout] 
[INFO] [stderr]    Compiling rand_core v0.6.4
[INFO] [stderr]    Compiling parking_lot_core v0.8.6
[INFO] [stdout] Some errors have detailed explanations: E0425, E0432, E0635.
[INFO] [stdout] 
[INFO] [stdout] For more information about an error, try `rustc --explain E0425`.
[INFO] [stdout] 
[INFO] [stderr] error: could not compile `pi_share` (lib) due to 4 previous errors
[INFO] [stderr] warning: build failed, waiting for other jobs to finish...
[INFO] running `Command { std: "docker" "inspect" "ab4af9cbd13b285118147fa2f090c5e449f56babbe5f7f759a80c2216057af69", kill_on_drop: false }`
[INFO] running `Command { std: "docker" "rm" "-f" "ab4af9cbd13b285118147fa2f090c5e449f56babbe5f7f759a80c2216057af69", kill_on_drop: false }`
[INFO] [stdout] ab4af9cbd13b285118147fa2f090c5e449f56babbe5f7f759a80c2216057af69
