[INFO] fetching crate pi_blocking_udp 0.2.2...
[INFO] testing pi_blocking_udp-0.2.2 against nightly-2024-10-28 for randomize-layout
[INFO] extracting crate pi_blocking_udp 0.2.2 into /workspace/builds/worker-2-tc1/source
[INFO] validating manifest of crates.io crate pi_blocking_udp 0.2.2 on toolchain nightly-2024-10-28
[INFO] running `Command { std: CARGO_HOME="/workspace/cargo-home" RUSTUP_HOME="/workspace/rustup-home" "/workspace/cargo-home/bin/cargo" "+nightly-2024-10-28" "metadata" "--manifest-path" "Cargo.toml" "--no-deps", kill_on_drop: false }`
[INFO] started tweaking crates.io crate pi_blocking_udp 0.2.2
[INFO] finished tweaking crates.io crate pi_blocking_udp 0.2.2
[INFO] tweaked toml for crates.io crate pi_blocking_udp 0.2.2 written to /workspace/builds/worker-2-tc1/source/Cargo.toml
[INFO] running `Command { std: CARGO_HOME="/workspace/cargo-home" RUSTUP_HOME="/workspace/rustup-home" "/workspace/cargo-home/bin/cargo" "+nightly-2024-10-28" "generate-lockfile" "--manifest-path" "Cargo.toml", kill_on_drop: false }`
[INFO] [stderr]     Updating crates.io index
[INFO] [stderr]      Locking 150 packages to latest compatible versions
[INFO] [stderr]       Adding async-channel v1.9.0 (available: v2.3.1)
[INFO] [stderr]       Adding bytes v1.6.1 (available: v1.8.0)
[INFO] [stderr]       Adding dashmap v5.5.3 (available: v6.1.0)
[INFO] [stderr]       Adding env_logger v0.9.3 (available: v0.11.5)
[INFO] [stderr]       Adding pi-async-rt v0.1.18 (available: v0.2.2)
[INFO] running `Command { std: CARGO_HOME="/workspace/cargo-home" RUSTUP_HOME="/workspace/rustup-home" "/workspace/cargo-home/bin/cargo" "+nightly-2024-10-28" "fetch" "--manifest-path" "Cargo.toml", kill_on_drop: false }`
[INFO] [stderr]  Downloading crates ...
[INFO] [stderr]   Downloaded pi_timer v0.1.0
[INFO] [stderr]   Downloaded pi_null v0.1.11
[INFO] [stderr]   Downloaded pi_key_alloter v0.5.1
[INFO] [stderr]   Downloaded pi_wrr v0.1.1
[INFO] [stderr]   Downloaded pi_hash v0.1.1
[INFO] [stderr]   Downloaded pi-async-rt v0.1.18
[INFO] [stderr]   Downloaded pi_slot_deque v0.2.1
[INFO] [stderr]   Downloaded pi_slot_wheel v0.2.0
[INFO] [stderr]   Downloaded pi_share v0.4.15
[INFO] [stderr]   Downloaded pi_ext_heap v0.1.1
[INFO] [stderr]   Downloaded pi_cancel_timer v0.2.0
[INFO] [stderr]   Downloaded pi_slotmap v0.1.17
[INFO] [stderr]   Downloaded pi_wheel v0.1.0
[INFO] running `Command { std: "docker" "create" "-v" "/var/lib/crater-agent-workspace/builds/worker-2-tc1/target:/opt/rustwide/target:rw,Z" "-v" "/var/lib/crater-agent-workspace/builds/worker-2-tc1/source:/opt/rustwide/workdir:ro,Z" "-v" "/var/lib/crater-agent-workspace/cargo-home:/opt/rustwide/cargo-home:ro,Z" "-v" "/var/lib/crater-agent-workspace/rustup-home:/opt/rustwide/rustup-home:ro,Z" "-e" "SOURCE_DIR=/opt/rustwide/workdir" "-e" "CARGO_TARGET_DIR=/opt/rustwide/target" "-e" "CARGO_HOME=/opt/rustwide/cargo-home" "-e" "RUSTUP_HOME=/opt/rustwide/rustup-home" "-w" "/opt/rustwide/workdir" "-m" "1610612736" "--user" "0:0" "--network" "none" "ghcr.io/rust-lang/crates-build-env/linux@sha256:4a844ea9eb2546a2d2c7022eacef16ef2e8229c7fbb2c7d4d55a9ceca922f72d" "/opt/rustwide/cargo-home/bin/cargo" "+nightly-2024-10-28" "metadata" "--no-deps" "--format-version=1", kill_on_drop: false }`
[INFO] [stdout] fdde28e71556e7baf820e91158a26957cde3ffe7b27788d7cd6b4fd6a4100ce9
[INFO] running `Command { std: "docker" "start" "-a" "fdde28e71556e7baf820e91158a26957cde3ffe7b27788d7cd6b4fd6a4100ce9", kill_on_drop: false }`
[INFO] running `Command { std: "docker" "inspect" "fdde28e71556e7baf820e91158a26957cde3ffe7b27788d7cd6b4fd6a4100ce9", kill_on_drop: false }`
[INFO] running `Command { std: "docker" "rm" "-f" "fdde28e71556e7baf820e91158a26957cde3ffe7b27788d7cd6b4fd6a4100ce9", kill_on_drop: false }`
[INFO] [stdout] fdde28e71556e7baf820e91158a26957cde3ffe7b27788d7cd6b4fd6a4100ce9
[INFO] running `Command { std: "docker" "create" "-v" "/var/lib/crater-agent-workspace/builds/worker-2-tc1/target:/opt/rustwide/target:rw,Z" "-v" "/var/lib/crater-agent-workspace/builds/worker-2-tc1/source:/opt/rustwide/workdir:ro,Z" "-v" "/var/lib/crater-agent-workspace/cargo-home:/opt/rustwide/cargo-home:ro,Z" "-v" "/var/lib/crater-agent-workspace/rustup-home:/opt/rustwide/rustup-home:ro,Z" "-e" "SOURCE_DIR=/opt/rustwide/workdir" "-e" "CARGO_TARGET_DIR=/opt/rustwide/target" "-e" "CARGO_INCREMENTAL=0" "-e" "RUST_BACKTRACE=full" "-e" "RUSTFLAGS=--cap-lints=forbid" "-e" "RUSTDOCFLAGS=--cap-lints=forbid" "-e" "CARGO_HOME=/opt/rustwide/cargo-home" "-e" "RUSTUP_HOME=/opt/rustwide/rustup-home" "-w" "/opt/rustwide/workdir" "-m" "1610612736" "--user" "0:0" "--network" "none" "ghcr.io/rust-lang/crates-build-env/linux@sha256:4a844ea9eb2546a2d2c7022eacef16ef2e8229c7fbb2c7d4d55a9ceca922f72d" "/opt/rustwide/cargo-home/bin/cargo" "+nightly-2024-10-28" "build" "--frozen" "--message-format=json", kill_on_drop: false }`
[INFO] [stdout] 5381d8a499a8bd6aa502d5e5c58bdcf9ce83941880314750db2ac7207e991d16
[INFO] running `Command { std: "docker" "start" "-a" "5381d8a499a8bd6aa502d5e5c58bdcf9ce83941880314750db2ac7207e991d16", kill_on_drop: false }`
[INFO] [stderr]    Compiling byteorder v1.5.0
[INFO] [stderr]    Compiling futures-channel v0.3.31
[INFO] [stderr]    Compiling pi_ext_heap v0.1.1
[INFO] [stderr]    Compiling serde v1.0.214
[INFO] [stderr]    Compiling raw-cpuid v11.2.0
[INFO] [stderr]    Compiling pi_slotmap v0.1.17
[INFO] [stderr]    Compiling getrandom v0.2.15
[INFO] [stderr]    Compiling crossbeam-queue v0.3.11
[INFO] [stderr]    Compiling crossbeam-channel v0.5.13
[INFO] [stderr]    Compiling parking_lot_core v0.9.10
[INFO] [stderr]    Compiling zerocopy-derive v0.7.35
[INFO] [stderr]    Compiling pi_slot_deque v0.2.1
[INFO] [stderr]    Compiling spin v0.9.8
[INFO] [stderr]    Compiling async-stream-impl v0.3.6
[INFO] [stderr]    Compiling pi_share v0.4.15
[INFO] [stderr]    Compiling pi_wheel v0.1.0
[INFO] [stdout] error[E0432]: unresolved import `core::ops::Receiver`
[INFO] [stdout]   --> /opt/rustwide/cargo-home/registry/src/index.crates.io-6f17d22bba15001f/pi_share-0.4.15/src/xrc.rs:23:5
[INFO] [stdout]    |
[INFO] [stdout] 23 | use core::ops::Receiver;
[INFO] [stdout]    |     ^^^^^^^^^^^^^^^^^^^ no `Receiver` in `ops`
[INFO] [stdout]    |
[INFO] [stdout] help: consider importing one of these structs instead
[INFO] [stdout]    |
[INFO] [stdout] 23 | use std::sync::mpmc::Receiver;
[INFO] [stdout]    |     ~~~~~~~~~~~~~~~~~~~~~~~~~
[INFO] [stdout] 23 | use std::sync::mpsc::Receiver;
[INFO] [stdout]    |     ~~~~~~~~~~~~~~~~~~~~~~~~~
[INFO] [stdout] 
[INFO] [stdout] 
[INFO] [stdout] error[E0425]: cannot find function `invalid_mut` in module `ptr`
[INFO] [stdout]     --> /opt/rustwide/cargo-home/registry/src/index.crates.io-6f17d22bba15001f/pi_share-0.4.15/src/xrc.rs:2431:55
[INFO] [stdout]      |
[INFO] [stdout] 2431 |             ptr: unsafe { NonNull::new_unchecked(ptr::invalid_mut::<XrcInner<T>>(usize::MAX)) },
[INFO] [stdout]      |                                                       ^^^^^^^^^^^ not found in `ptr`
[INFO] [stdout] 
[INFO] [stdout] 
[INFO] [stdout] error[E0425]: cannot find function `invalid_mut` in module `ptr`
[INFO] [stdout]     --> /opt/rustwide/cargo-home/registry/src/index.crates.io-6f17d22bba15001f/pi_share-0.4.15/src/xrc.rs:2458:55
[INFO] [stdout]      |
[INFO] [stdout] 2458 |             ptr: unsafe { NonNull::new_unchecked(ptr::invalid_mut::<XrcInner<T>>(usize::MAX)) },
[INFO] [stdout]      |                                                       ^^^^^^^^^^^ not found in `ptr`
[INFO] [stdout] 
[INFO] [stdout] 
[INFO] [stderr]    Compiling pi_slot_wheel v0.2.0
[INFO] [stderr]    Compiling pi_null v0.1.11
[INFO] [stdout] error[E0635]: unknown feature `receiver_trait`
[INFO] [stdout]   --> /opt/rustwide/cargo-home/registry/src/index.crates.io-6f17d22bba15001f/pi_share-0.4.15/src/lib.rs:27:12
[INFO] [stdout]    |
[INFO] [stdout] 27 | #![feature(receiver_trait)]
[INFO] [stdout]    |            ^^^^^^^^^^^^^^
[INFO] [stdout] 
[INFO] [stdout] 
[INFO] [stderr]    Compiling rand_core v0.6.4
[INFO] [stderr]    Compiling nanorand v0.7.0
[INFO] [stdout] Some errors have detailed explanations: E0425, E0432, E0635.
[INFO] [stdout] 
[INFO] [stdout] For more information about an error, try `rustc --explain E0425`.
[INFO] [stdout] 
[INFO] [stderr] error: could not compile `pi_share` (lib) due to 4 previous errors
[INFO] [stderr] warning: build failed, waiting for other jobs to finish...
[INFO] running `Command { std: "docker" "inspect" "5381d8a499a8bd6aa502d5e5c58bdcf9ce83941880314750db2ac7207e991d16", kill_on_drop: false }`
[INFO] running `Command { std: "docker" "rm" "-f" "5381d8a499a8bd6aa502d5e5c58bdcf9ce83941880314750db2ac7207e991d16", kill_on_drop: false }`
[INFO] [stdout] 5381d8a499a8bd6aa502d5e5c58bdcf9ce83941880314750db2ac7207e991d16
