[INFO] fetching crate pi_async_wsc 0.3.3...
[INFO] testing pi_async_wsc-0.3.3 against nightly-2024-10-28 for randomize-layout
[INFO] extracting crate pi_async_wsc 0.3.3 into /workspace/builds/worker-1-tc1/source
[INFO] validating manifest of crates.io crate pi_async_wsc 0.3.3 on toolchain nightly-2024-10-28
[INFO] running `Command { std: CARGO_HOME="/workspace/cargo-home" RUSTUP_HOME="/workspace/rustup-home" "/workspace/cargo-home/bin/cargo" "+nightly-2024-10-28" "metadata" "--manifest-path" "Cargo.toml" "--no-deps", kill_on_drop: false }`
[INFO] started tweaking crates.io crate pi_async_wsc 0.3.3
[INFO] finished tweaking crates.io crate pi_async_wsc 0.3.3
[INFO] tweaked toml for crates.io crate pi_async_wsc 0.3.3 written to /workspace/builds/worker-1-tc1/source/Cargo.toml
[INFO] running `Command { std: CARGO_HOME="/workspace/cargo-home" RUSTUP_HOME="/workspace/rustup-home" "/workspace/cargo-home/bin/cargo" "+nightly-2024-10-28" "generate-lockfile" "--manifest-path" "Cargo.toml", kill_on_drop: false }`
[INFO] [stderr]     Updating crates.io index
[INFO] [stderr]      Locking 314 packages to latest compatible versions
[INFO] [stderr]       Adding bytes v1.6.1 (available: v1.8.0)
[INFO] [stderr]       Adding env_logger v0.7.1 (available: v0.11.5)
[INFO] [stderr]       Adding flume v0.10.14 (available: v0.11.1)
[INFO] [stderr]       Adding httparse v1.7.1 (available: v1.9.5)
[INFO] [stderr]       Adding pi-async-rt v0.1.18 (available: v0.2.2)
[INFO] [stderr]       Adding rustls v0.20.9 (available: v0.23.16)
[INFO] [stderr]       Adding wasi v0.10.0+wasi-snapshot-preview1 (available: v0.10.2+wasi-snapshot-preview1)
[INFO] running `Command { std: CARGO_HOME="/workspace/cargo-home" RUSTUP_HOME="/workspace/rustup-home" "/workspace/cargo-home/bin/cargo" "+nightly-2024-10-28" "fetch" "--manifest-path" "Cargo.toml", kill_on_drop: false }`
[INFO] [stderr]  Downloading crates ...
[INFO] [stderr]   Downloaded pi_slotmap v0.1.17
[INFO] [stderr]   Downloaded pi_hash v0.1.1
[INFO] [stderr]   Downloaded pi_key_alloter v0.5.1
[INFO] [stderr]   Downloaded pi_timer v0.1.0
[INFO] [stderr]   Downloaded pi_cancel_timer v0.2.0
[INFO] [stderr]   Downloaded pi_wrr v0.1.1
[INFO] [stderr]   Downloaded pi_slot_deque v0.2.1
[INFO] [stderr]   Downloaded pi-async-rt v0.1.18
[INFO] [stderr]   Downloaded pi_awc v0.1.0
[INFO] [stderr]   Downloaded pi_rand v0.3.0
[INFO] [stderr]   Downloaded pi_wheel v0.1.0
[INFO] [stderr]   Downloaded pi_async_buffer v0.7.0
[INFO] [stderr]   Downloaded pi_ext_heap v0.1.1
[INFO] [stderr]   Downloaded pi_slot_wheel v0.2.0
[INFO] [stderr]   Downloaded pi_atom v0.5.3
[INFO] [stderr]   Downloaded spin_sleep_util v0.1.1
[INFO] [stderr]   Downloaded spin_sleep v1.2.1
[INFO] [stderr]   Downloaded pi_bon v0.2.4
[INFO] [stderr]   Downloaded pi_null v0.1.11
[INFO] [stderr]   Downloaded pi_ws v0.5.1
[INFO] [stderr]   Downloaded pi_hash_value v0.1.0
[INFO] [stderr]   Downloaded pi_tcp v0.3.9
[INFO] [stderr]   Downloaded pi_crypto v0.1.0
[INFO] running `Command { std: "docker" "create" "-v" "/var/lib/crater-agent-workspace/builds/worker-1-tc1/target:/opt/rustwide/target:rw,Z" "-v" "/var/lib/crater-agent-workspace/builds/worker-1-tc1/source:/opt/rustwide/workdir:ro,Z" "-v" "/var/lib/crater-agent-workspace/cargo-home:/opt/rustwide/cargo-home:ro,Z" "-v" "/var/lib/crater-agent-workspace/rustup-home:/opt/rustwide/rustup-home:ro,Z" "-e" "SOURCE_DIR=/opt/rustwide/workdir" "-e" "CARGO_TARGET_DIR=/opt/rustwide/target" "-e" "CARGO_HOME=/opt/rustwide/cargo-home" "-e" "RUSTUP_HOME=/opt/rustwide/rustup-home" "-w" "/opt/rustwide/workdir" "-m" "1610612736" "--user" "0:0" "--network" "none" "ghcr.io/rust-lang/crates-build-env/linux@sha256:4a844ea9eb2546a2d2c7022eacef16ef2e8229c7fbb2c7d4d55a9ceca922f72d" "/opt/rustwide/cargo-home/bin/cargo" "+nightly-2024-10-28" "metadata" "--no-deps" "--format-version=1", kill_on_drop: false }`
[INFO] [stdout] fc83458746141112f25d2905d369aac1c6b58e5916f154c1cf7bd03f530ff258
[INFO] running `Command { std: "docker" "start" "-a" "fc83458746141112f25d2905d369aac1c6b58e5916f154c1cf7bd03f530ff258", kill_on_drop: false }`
[INFO] running `Command { std: "docker" "inspect" "fc83458746141112f25d2905d369aac1c6b58e5916f154c1cf7bd03f530ff258", kill_on_drop: false }`
[INFO] running `Command { std: "docker" "rm" "-f" "fc83458746141112f25d2905d369aac1c6b58e5916f154c1cf7bd03f530ff258", kill_on_drop: false }`
[INFO] [stdout] fc83458746141112f25d2905d369aac1c6b58e5916f154c1cf7bd03f530ff258
[INFO] running `Command { std: "docker" "create" "-v" "/var/lib/crater-agent-workspace/builds/worker-1-tc1/target:/opt/rustwide/target:rw,Z" "-v" "/var/lib/crater-agent-workspace/builds/worker-1-tc1/source:/opt/rustwide/workdir:ro,Z" "-v" "/var/lib/crater-agent-workspace/cargo-home:/opt/rustwide/cargo-home:ro,Z" "-v" "/var/lib/crater-agent-workspace/rustup-home:/opt/rustwide/rustup-home:ro,Z" "-e" "SOURCE_DIR=/opt/rustwide/workdir" "-e" "CARGO_TARGET_DIR=/opt/rustwide/target" "-e" "CARGO_INCREMENTAL=0" "-e" "RUST_BACKTRACE=full" "-e" "RUSTFLAGS=--cap-lints=forbid" "-e" "RUSTDOCFLAGS=--cap-lints=forbid" "-e" "CARGO_HOME=/opt/rustwide/cargo-home" "-e" "RUSTUP_HOME=/opt/rustwide/rustup-home" "-w" "/opt/rustwide/workdir" "-m" "1610612736" "--user" "0:0" "--network" "none" "ghcr.io/rust-lang/crates-build-env/linux@sha256:4a844ea9eb2546a2d2c7022eacef16ef2e8229c7fbb2c7d4d55a9ceca922f72d" "/opt/rustwide/cargo-home/bin/cargo" "+nightly-2024-10-28" "build" "--frozen" "--message-format=json", kill_on_drop: false }`
[INFO] [stdout] 3d9a968f2100d4ee9f615acab78eda484eee5d21156d85b0530f928fa98256c8
[INFO] running `Command { std: "docker" "start" "-a" "3d9a968f2100d4ee9f615acab78eda484eee5d21156d85b0530f928fa98256c8", kill_on_drop: false }`
[INFO] [stderr]    Compiling futures-core v0.3.31
[INFO] [stderr]    Compiling once_cell v1.20.2
[INFO] [stderr]    Compiling crossbeam-utils v0.8.20
[INFO] [stderr]    Compiling bytes v1.6.1
[INFO] [stderr]    Compiling futures-sink v0.3.31
[INFO] [stderr]    Compiling untrusted v0.9.0
[INFO] [stderr]    Compiling getrandom v0.2.15
[INFO] [stderr]    Compiling jobserver v0.1.32
[INFO] [stderr]    Compiling socket2 v0.5.7
[INFO] [stderr]    Compiling mio v1.0.2
[INFO] [stderr]    Compiling signal-hook-registry v1.4.2
[INFO] [stderr]    Compiling futures-io v0.3.31
[INFO] [stderr]    Compiling syn v2.0.86
[INFO] [stderr]    Compiling spin v0.9.8
[INFO] [stderr]    Compiling slotmap v1.0.7
[INFO] [stderr]    Compiling pkg-config v0.3.31
[INFO] [stderr]    Compiling futures-channel v0.3.31
[INFO] [stderr]    Compiling serde v1.0.214
[INFO] [stderr]    Compiling bitflags v2.6.0
[INFO] [stderr]    Compiling rand_core v0.6.4
[INFO] [stderr]    Compiling adler2 v2.0.0
[INFO] [stderr]    Compiling libm v0.2.11
[INFO] [stderr]    Compiling cc v1.1.31
[INFO] [stderr]    Compiling miniz_oxide v0.8.0
[INFO] [stderr]    Compiling num-traits v0.2.19
[INFO] [stderr]    Compiling fnv v1.0.7
[INFO] [stderr]    Compiling tracing-core v0.1.32
[INFO] [stderr]    Compiling rustls v0.20.9
[INFO] [stderr]    Compiling static_assertions v1.1.0
[INFO] [stderr]    Compiling untrusted v0.7.1
[INFO] [stderr]    Compiling spin v0.5.2
[INFO] [stderr]    Compiling tokio v1.41.0
[INFO] [stderr]    Compiling nanorand v0.7.0
[INFO] [stderr]    Compiling fxhash v0.2.1
[INFO] [stderr]    Compiling local-waker v0.1.4
[INFO] [stderr]    Compiling zstd-safe v7.2.1
[INFO] [stderr]    Compiling crossbeam-epoch v0.9.18
[INFO] [stderr]    Compiling crossbeam-channel v0.5.13
[INFO] [stderr]    Compiling crossbeam-queue v0.3.11
[INFO] [stderr]    Compiling gimli v0.31.1
[INFO] [stderr]    Compiling alloc-no-stdlib v2.0.4
[INFO] [stderr]    Compiling pi_ext_heap v0.1.1
[INFO] [stderr]    Compiling http v0.2.12
[INFO] [stderr]    Compiling alloc-stdlib v0.2.2
[INFO] [stderr]    Compiling raw-cpuid v11.2.0
[INFO] [stderr]    Compiling crossbeam-deque v0.8.5
[INFO] [stderr]    Compiling pi_slot_deque v0.2.1
[INFO] [stderr]    Compiling object v0.36.5
[INFO] [stderr]    Compiling pi_slot_wheel v0.2.0
[INFO] [stderr]    Compiling ahash v0.8.11
[INFO] [stderr]    Compiling httparse v1.7.1
[INFO] [stderr]    Compiling pi_share v0.4.15
[INFO] [stderr]    Compiling pi_wheel v0.1.0
[INFO] [stdout] error[E0432]: unresolved import `core::ops::Receiver`
[INFO] [stdout]   --> /opt/rustwide/cargo-home/registry/src/index.crates.io-6f17d22bba15001f/pi_share-0.4.15/src/xrc.rs:23:5
[INFO] [stdout]    |
[INFO] [stdout] 23 | use core::ops::Receiver;
[INFO] [stdout]    |     ^^^^^^^^^^^^^^^^^^^ no `Receiver` in `ops`
[INFO] [stdout]    |
[INFO] [stdout] help: consider importing one of these structs instead
[INFO] [stdout]    |
[INFO] [stdout] 23 | use std::sync::mpmc::Receiver;
[INFO] [stdout]    |     ~~~~~~~~~~~~~~~~~~~~~~~~~
[INFO] [stdout] 23 | use std::sync::mpsc::Receiver;
[INFO] [stdout]    |     ~~~~~~~~~~~~~~~~~~~~~~~~~
[INFO] [stdout] 
[INFO] [stdout] 
[INFO] [stdout] error[E0425]: cannot find function `invalid_mut` in module `ptr`
[INFO] [stdout]     --> /opt/rustwide/cargo-home/registry/src/index.crates.io-6f17d22bba15001f/pi_share-0.4.15/src/xrc.rs:2431:55
[INFO] [stdout]      |
[INFO] [stdout] 2431 |             ptr: unsafe { NonNull::new_unchecked(ptr::invalid_mut::<XrcInner<T>>(usize::MAX)) },
[INFO] [stdout]      |                                                       ^^^^^^^^^^^ not found in `ptr`
[INFO] [stdout] 
[INFO] [stdout] 
[INFO] [stdout] error[E0425]: cannot find function `invalid_mut` in module `ptr`
[INFO] [stdout]     --> /opt/rustwide/cargo-home/registry/src/index.crates.io-6f17d22bba15001f/pi_share-0.4.15/src/xrc.rs:2458:55
[INFO] [stdout]      |
[INFO] [stdout] 2458 |             ptr: unsafe { NonNull::new_unchecked(ptr::invalid_mut::<XrcInner<T>>(usize::MAX)) },
[INFO] [stdout]      |                                                       ^^^^^^^^^^^ not found in `ptr`
[INFO] [stdout] 
[INFO] [stdout] 
[INFO] [stderr]    Compiling hashbrown v0.15.0
[INFO] [stdout] error[E0635]: unknown feature `receiver_trait`
[INFO] [stdout]   --> /opt/rustwide/cargo-home/registry/src/index.crates.io-6f17d22bba15001f/pi_share-0.4.15/src/lib.rs:27:12
[INFO] [stdout]    |
[INFO] [stdout] 27 | #![feature(receiver_trait)]
[INFO] [stdout]    |            ^^^^^^^^^^^^^^
[INFO] [stdout] 
[INFO] [stdout] 
[INFO] [stdout] Some errors have detailed explanations: E0425, E0432, E0635.
[INFO] [stdout] 
[INFO] [stdout] For more information about an error, try `rustc --explain E0425`.
[INFO] [stdout] 
[INFO] [stderr]    Compiling pi_timer v0.1.0
[INFO] [stderr]    Compiling crossbeam v0.8.4
[INFO] [stderr] error: could not compile `pi_share` (lib) due to 4 previous errors
[INFO] [stderr] warning: build failed, waiting for other jobs to finish...
[INFO] running `Command { std: "docker" "inspect" "3d9a968f2100d4ee9f615acab78eda484eee5d21156d85b0530f928fa98256c8", kill_on_drop: false }`
[INFO] running `Command { std: "docker" "rm" "-f" "3d9a968f2100d4ee9f615acab78eda484eee5d21156d85b0530f928fa98256c8", kill_on_drop: false }`
[INFO] [stdout] 3d9a968f2100d4ee9f615acab78eda484eee5d21156d85b0530f928fa98256c8
