[INFO] fetching crate phreak_facts 0.1.5...
[INFO] testing phreak_facts-0.1.5 against nightly-2024-10-28 for randomize-layout
[INFO] extracting crate phreak_facts 0.1.5 into /workspace/builds/worker-7-tc1/source
[INFO] validating manifest of crates.io crate phreak_facts 0.1.5 on toolchain nightly-2024-10-28
[INFO] running `Command { std: CARGO_HOME="/workspace/cargo-home" RUSTUP_HOME="/workspace/rustup-home" "/workspace/cargo-home/bin/cargo" "+nightly-2024-10-28" "metadata" "--manifest-path" "Cargo.toml" "--no-deps", kill_on_drop: false }`
[INFO] started tweaking crates.io crate phreak_facts 0.1.5
[INFO] finished tweaking crates.io crate phreak_facts 0.1.5
[INFO] tweaked toml for crates.io crate phreak_facts 0.1.5 written to /workspace/builds/worker-7-tc1/source/Cargo.toml
[INFO] running `Command { std: CARGO_HOME="/workspace/cargo-home" RUSTUP_HOME="/workspace/rustup-home" "/workspace/cargo-home/bin/cargo" "+nightly-2024-10-28" "generate-lockfile" "--manifest-path" "Cargo.toml", kill_on_drop: false }`
[INFO] [stderr]     Updating crates.io index
[INFO] [stderr]      Locking 44 packages to latest compatible versions
[INFO] [stderr]       Adding test-case v1.2.3 (available: v3.3.1)
[INFO] [stderr]       Adding uuid v0.8.2 (available: v1.11.0)
[INFO] running `Command { std: CARGO_HOME="/workspace/cargo-home" RUSTUP_HOME="/workspace/rustup-home" "/workspace/cargo-home/bin/cargo" "+nightly-2024-10-28" "fetch" "--manifest-path" "Cargo.toml", kill_on_drop: false }`
[INFO] [stderr]  Downloading crates ...
[INFO] [stderr]   Downloaded test-case v1.2.3
[INFO] running `Command { std: "docker" "create" "-v" "/var/lib/crater-agent-workspace/builds/worker-7-tc1/target:/opt/rustwide/target:rw,Z" "-v" "/var/lib/crater-agent-workspace/builds/worker-7-tc1/source:/opt/rustwide/workdir:ro,Z" "-v" "/var/lib/crater-agent-workspace/cargo-home:/opt/rustwide/cargo-home:ro,Z" "-v" "/var/lib/crater-agent-workspace/rustup-home:/opt/rustwide/rustup-home:ro,Z" "-e" "SOURCE_DIR=/opt/rustwide/workdir" "-e" "CARGO_TARGET_DIR=/opt/rustwide/target" "-e" "CARGO_HOME=/opt/rustwide/cargo-home" "-e" "RUSTUP_HOME=/opt/rustwide/rustup-home" "-w" "/opt/rustwide/workdir" "-m" "1610612736" "--user" "0:0" "--network" "none" "ghcr.io/rust-lang/crates-build-env/linux@sha256:4a844ea9eb2546a2d2c7022eacef16ef2e8229c7fbb2c7d4d55a9ceca922f72d" "/opt/rustwide/cargo-home/bin/cargo" "+nightly-2024-10-28" "metadata" "--no-deps" "--format-version=1", kill_on_drop: false }`
[INFO] [stdout] 09eb6654772907ea333d792eaeff2930e72c1fa526b7d6d41097d45f5220dd9d
[INFO] running `Command { std: "docker" "start" "-a" "09eb6654772907ea333d792eaeff2930e72c1fa526b7d6d41097d45f5220dd9d", kill_on_drop: false }`
[INFO] running `Command { std: "docker" "inspect" "09eb6654772907ea333d792eaeff2930e72c1fa526b7d6d41097d45f5220dd9d", kill_on_drop: false }`
[INFO] running `Command { std: "docker" "rm" "-f" "09eb6654772907ea333d792eaeff2930e72c1fa526b7d6d41097d45f5220dd9d", kill_on_drop: false }`
[INFO] [stdout] 09eb6654772907ea333d792eaeff2930e72c1fa526b7d6d41097d45f5220dd9d
[INFO] running `Command { std: "docker" "create" "-v" "/var/lib/crater-agent-workspace/builds/worker-7-tc1/target:/opt/rustwide/target:rw,Z" "-v" "/var/lib/crater-agent-workspace/builds/worker-7-tc1/source:/opt/rustwide/workdir:ro,Z" "-v" "/var/lib/crater-agent-workspace/cargo-home:/opt/rustwide/cargo-home:ro,Z" "-v" "/var/lib/crater-agent-workspace/rustup-home:/opt/rustwide/rustup-home:ro,Z" "-e" "SOURCE_DIR=/opt/rustwide/workdir" "-e" "CARGO_TARGET_DIR=/opt/rustwide/target" "-e" "CARGO_INCREMENTAL=0" "-e" "RUST_BACKTRACE=full" "-e" "RUSTFLAGS=--cap-lints=forbid" "-e" "RUSTDOCFLAGS=--cap-lints=forbid" "-e" "CARGO_HOME=/opt/rustwide/cargo-home" "-e" "RUSTUP_HOME=/opt/rustwide/rustup-home" "-w" "/opt/rustwide/workdir" "-m" "1610612736" "--user" "0:0" "--network" "none" "ghcr.io/rust-lang/crates-build-env/linux@sha256:4a844ea9eb2546a2d2c7022eacef16ef2e8229c7fbb2c7d4d55a9ceca922f72d" "/opt/rustwide/cargo-home/bin/cargo" "+nightly-2024-10-28" "build" "--frozen" "--message-format=json", kill_on_drop: false }`
[INFO] [stdout] cd8cd11ade3edbbc57ae23ae4581dfa916962eca519cf42959ce7ad77a54b08b
[INFO] running `Command { std: "docker" "start" "-a" "cd8cd11ade3edbbc57ae23ae4581dfa916962eca519cf42959ce7ad77a54b08b", kill_on_drop: false }`
[INFO] [stderr]    Compiling proc-macro2 v1.0.89
[INFO] [stderr]    Compiling unicode-ident v1.0.13
[INFO] [stderr]    Compiling autocfg v1.4.0
[INFO] [stderr]    Compiling libc v0.2.161
[INFO] [stderr]    Compiling serde v1.0.214
[INFO] [stderr]    Compiling iana-time-zone v0.1.61
[INFO] [stderr]    Compiling generational-arena v0.2.9
[INFO] [stderr]    Compiling num-traits v0.2.19
[INFO] [stderr]    Compiling quote v1.0.37
[INFO] [stderr]    Compiling getrandom v0.2.15
[INFO] [stderr]    Compiling syn v2.0.86
[INFO] [stderr]    Compiling serde_derive v1.0.214
[INFO] [stderr]    Compiling chrono v0.4.38
[INFO] [stderr]    Compiling uuid v0.8.2
[INFO] [stderr]    Compiling phreak_facts v0.1.5 (/opt/rustwide/workdir)
[INFO] [stdout] error[E0433]: failed to resolve: could not find `export` in `serde`
[INFO] [stdout]   --> src/lib.rs:17:12
[INFO] [stdout]    |
[INFO] [stdout] 17 | use serde::export::fmt::Error;
[INFO] [stdout]    |            ^^^^^^ could not find `export` in `serde`
[INFO] [stdout] 
[INFO] [stdout] 
[INFO] [stdout] error[E0433]: failed to resolve: could not find `export` in `serde`
[INFO] [stdout]  --> src/data.rs:6:12
[INFO] [stdout]   |
[INFO] [stdout] 6 | use serde::export::fmt::Error;
[INFO] [stdout]   |            ^^^^^^ could not find `export` in `serde`
[INFO] [stdout] 
[INFO] [stdout] 
[INFO] [stdout] error[E0432]: unresolved import `serde::export`
[INFO] [stdout]   --> src/lib.rs:18:12
[INFO] [stdout]    |
[INFO] [stdout] 18 | use serde::export::Formatter;
[INFO] [stdout]    |            ^^^^^^ could not find `export` in `serde`
[INFO] [stdout] 
[INFO] [stdout] 
[INFO] [stdout] error[E0432]: unresolved import `serde::export`
[INFO] [stdout]  --> src/data.rs:7:12
[INFO] [stdout]   |
[INFO] [stdout] 7 | use serde::export::Formatter;
[INFO] [stdout]   |            ^^^^^^ could not find `export` in `serde`
[INFO] [stdout] 
[INFO] [stdout] 
[INFO] [stdout] Some errors have detailed explanations: E0432, E0433.
[INFO] [stdout] 
[INFO] [stdout] For more information about an error, try `rustc --explain E0432`.
[INFO] [stdout] 
[INFO] [stderr] error: could not compile `phreak_facts` (lib) due to 4 previous errors
[INFO] [stderr] warning: build failed, waiting for other jobs to finish...
[INFO] running `Command { std: "docker" "inspect" "cd8cd11ade3edbbc57ae23ae4581dfa916962eca519cf42959ce7ad77a54b08b", kill_on_drop: false }`
[INFO] running `Command { std: "docker" "rm" "-f" "cd8cd11ade3edbbc57ae23ae4581dfa916962eca519cf42959ce7ad77a54b08b", kill_on_drop: false }`
[INFO] [stdout] cd8cd11ade3edbbc57ae23ae4581dfa916962eca519cf42959ce7ad77a54b08b
