[INFO] fetching crate phoenix-seat-manager-common 0.1.1...
[INFO] testing phoenix-seat-manager-common-0.1.1 against nightly-2024-10-28+rustflags=-Zrandomize-layout for randomize-layout
[INFO] extracting crate phoenix-seat-manager-common 0.1.1 into /workspace/builds/worker-2-tc2/source
[INFO] validating manifest of crates.io crate phoenix-seat-manager-common 0.1.1 on toolchain nightly-2024-10-28
[INFO] running `Command { std: CARGO_HOME="/workspace/cargo-home" RUSTUP_HOME="/workspace/rustup-home" "/workspace/cargo-home/bin/cargo" "+nightly-2024-10-28" "metadata" "--manifest-path" "Cargo.toml" "--no-deps", kill_on_drop: false }`
[INFO] started tweaking crates.io crate phoenix-seat-manager-common 0.1.1
[INFO] finished tweaking crates.io crate phoenix-seat-manager-common 0.1.1
[INFO] tweaked toml for crates.io crate phoenix-seat-manager-common 0.1.1 written to /workspace/builds/worker-2-tc2/source/Cargo.toml
[INFO] running `Command { std: CARGO_HOME="/workspace/cargo-home" RUSTUP_HOME="/workspace/rustup-home" "/workspace/cargo-home/bin/cargo" "+nightly-2024-10-28" "generate-lockfile" "--manifest-path" "Cargo.toml", kill_on_drop: false }`
[INFO] [stderr]     Updating crates.io index
[INFO] [stderr]      Locking 259 packages to latest compatible versions
[INFO] [stderr]       Adding blake3 v1.5.1 (available: v1.5.4)
[INFO] [stderr]       Adding borsh v0.9.3 (available: v1.5.1)
[INFO] [stderr]       Adding itertools v0.10.5 (available: v0.13.0)
[INFO] [stderr]       Adding num_enum v0.5.11 (available: v0.7.3)
[INFO] [stderr]       Adding proc-macro-crate v1.3.1 (available: v3.2.0)
[INFO] [stderr]       Adding rand v0.7.3 (available: v0.8.5)
[INFO] [stderr]       Adding shank v0.0.12 (available: v0.4.2)
[INFO] [stderr]       Adding solana-program v1.18.26 (available: v2.1.0)
[INFO] [stderr]       Adding spl-associated-token-account v2.3.0 (available: v5.0.1)
[INFO] [stderr]       Adding spl-token v3.5.0 (available: v6.0.0)
[INFO] [stderr]       Adding subtle v2.4.1 (available: v2.6.1)
[INFO] [stderr]       Adding toml_edit v0.18.1 (available: v0.22.22)
[INFO] [stderr]       Adding zeroize v1.3.0 (available: v1.8.1)
[INFO] running `Command { std: CARGO_HOME="/workspace/cargo-home" RUSTUP_HOME="/workspace/rustup-home" "/workspace/cargo-home/bin/cargo" "+nightly-2024-10-28" "fetch" "--manifest-path" "Cargo.toml", kill_on_drop: false }`
[INFO] running `Command { std: "docker" "create" "-v" "/var/lib/crater-agent-workspace/builds/worker-2-tc2/target:/opt/rustwide/target:rw,Z" "-v" "/var/lib/crater-agent-workspace/builds/worker-2-tc2/source:/opt/rustwide/workdir:ro,Z" "-v" "/var/lib/crater-agent-workspace/cargo-home:/opt/rustwide/cargo-home:ro,Z" "-v" "/var/lib/crater-agent-workspace/rustup-home:/opt/rustwide/rustup-home:ro,Z" "-e" "SOURCE_DIR=/opt/rustwide/workdir" "-e" "CARGO_TARGET_DIR=/opt/rustwide/target" "-e" "CARGO_HOME=/opt/rustwide/cargo-home" "-e" "RUSTUP_HOME=/opt/rustwide/rustup-home" "-w" "/opt/rustwide/workdir" "-m" "1610612736" "--user" "0:0" "--network" "none" "ghcr.io/rust-lang/crates-build-env/linux@sha256:4a844ea9eb2546a2d2c7022eacef16ef2e8229c7fbb2c7d4d55a9ceca922f72d" "/opt/rustwide/cargo-home/bin/cargo" "+nightly-2024-10-28" "metadata" "--no-deps" "--format-version=1", kill_on_drop: false }`
[INFO] [stdout] 19131480adf4b9106c6c4fabf5213d5da3dd6b9efd966e6f77ccd05de85074cb
[INFO] running `Command { std: "docker" "start" "-a" "19131480adf4b9106c6c4fabf5213d5da3dd6b9efd966e6f77ccd05de85074cb", kill_on_drop: false }`
[INFO] running `Command { std: "docker" "inspect" "19131480adf4b9106c6c4fabf5213d5da3dd6b9efd966e6f77ccd05de85074cb", kill_on_drop: false }`
[INFO] running `Command { std: "docker" "rm" "-f" "19131480adf4b9106c6c4fabf5213d5da3dd6b9efd966e6f77ccd05de85074cb", kill_on_drop: false }`
[INFO] [stdout] 19131480adf4b9106c6c4fabf5213d5da3dd6b9efd966e6f77ccd05de85074cb
[INFO] running `Command { std: "docker" "create" "-v" "/var/lib/crater-agent-workspace/builds/worker-2-tc2/target:/opt/rustwide/target:rw,Z" "-v" "/var/lib/crater-agent-workspace/builds/worker-2-tc2/source:/opt/rustwide/workdir:ro,Z" "-v" "/var/lib/crater-agent-workspace/cargo-home:/opt/rustwide/cargo-home:ro,Z" "-v" "/var/lib/crater-agent-workspace/rustup-home:/opt/rustwide/rustup-home:ro,Z" "-e" "SOURCE_DIR=/opt/rustwide/workdir" "-e" "CARGO_TARGET_DIR=/opt/rustwide/target" "-e" "CARGO_INCREMENTAL=0" "-e" "RUST_BACKTRACE=full" "-e" "RUSTFLAGS=--cap-lints=forbid -Zrandomize-layout" "-e" "RUSTDOCFLAGS=--cap-lints=forbid" "-e" "CARGO_HOME=/opt/rustwide/cargo-home" "-e" "RUSTUP_HOME=/opt/rustwide/rustup-home" "-w" "/opt/rustwide/workdir" "-m" "1610612736" "--user" "0:0" "--network" "none" "ghcr.io/rust-lang/crates-build-env/linux@sha256:4a844ea9eb2546a2d2c7022eacef16ef2e8229c7fbb2c7d4d55a9ceca922f72d" "/opt/rustwide/cargo-home/bin/cargo" "+nightly-2024-10-28" "build" "--frozen" "--message-format=json", kill_on_drop: false }`
[INFO] [stdout] c80012a7f451ef5403abe3b3a61843c2253a65d8644130c79048548f2e1355e7
[INFO] running `Command { std: "docker" "start" "-a" "c80012a7f451ef5403abe3b3a61843c2253a65d8644130c79048548f2e1355e7", kill_on_drop: false }`
[INFO] [stderr]    Compiling proc-macro2 v1.0.89
[INFO] [stderr]    Compiling serde v1.0.214
[INFO] [stderr]    Compiling libc v0.2.161
[INFO] [stderr]    Compiling subtle v2.4.1
[INFO] [stderr]    Compiling syn v1.0.109
[INFO] [stderr]    Compiling typenum v1.17.0
[INFO] [stderr]    Compiling generic-array v0.14.7
[INFO] [stderr]    Compiling num-traits v0.2.19
[INFO] [stderr]    Compiling byteorder v1.5.0
[INFO] [stderr]    Compiling cpufeatures v0.2.14
[INFO] [stderr]    Compiling ahash v0.8.11
[INFO] [stderr]    Compiling either v1.13.0
[INFO] [stderr]    Compiling semver v1.0.23
[INFO] [stderr]    Compiling paste v1.0.15
[INFO] [stderr]    Compiling opaque-debug v0.3.1
[INFO] [stderr]    Compiling crunchy v0.2.2
[INFO] [stderr]    Compiling itertools v0.10.5
[INFO] [stderr]    Compiling rustc_version v0.4.1
[INFO] [stderr]    Compiling toml_datetime v0.6.8
[INFO] [stderr]    Compiling quote v1.0.37
[INFO] [stderr]    Compiling thiserror v1.0.66
[INFO] [stderr]    Compiling getrandom v0.1.16
[INFO] [stderr]    Compiling memchr v2.7.4
[INFO] [stderr]    Compiling syn v2.0.86
[INFO] [stderr]    Compiling anyhow v1.0.92
[INFO] [stderr]    Compiling log v0.4.22
[INFO] [stderr]    Compiling num-integer v0.1.46
[INFO] [stderr]    Compiling wasm-bindgen-shared v0.2.95
[INFO] [stderr]    Compiling num-bigint v0.4.6
[INFO] [stderr]    Compiling winnow v0.6.20
[INFO] [stderr]    Compiling crossbeam-epoch v0.9.18
[INFO] [stderr]    Compiling proc-macro-error v1.0.4
[INFO] [stderr]    Compiling getrandom v0.2.15
[INFO] [stderr]    Compiling rand_core v0.6.4
[INFO] [stderr]    Compiling jobserver v0.1.32
[INFO] [stderr]    Compiling rand_core v0.5.1
[INFO] [stderr]    Compiling block-padding v0.2.1
[INFO] [stderr]    Compiling rayon-core v1.12.1
[INFO] [stderr]    Compiling crossbeam-deque v0.8.5
[INFO] [stderr]    Compiling proc-macro-error-attr v1.0.4
[INFO] [stderr]    Compiling cc v1.1.31
[INFO] [stderr]    Compiling ahash v0.7.8
[INFO] [stderr]    Compiling bumpalo v3.16.0
[INFO] [stderr]    Compiling feature-probe v0.1.1
[INFO] [stderr]    Compiling bv v0.11.1
[INFO] [stderr]    Compiling solana-frozen-abi-macro v1.18.26
[INFO] [stderr]    Compiling bitmaps v2.1.0
[INFO] [stderr]    Compiling im v15.1.0
[INFO] [stderr]    Compiling keccak v0.1.5
[INFO] [stderr]    Compiling arrayref v0.3.9
[INFO] [stderr]    Compiling toml_edit v0.22.22
[INFO] [stderr]    Compiling cfg_aliases v0.2.1
[INFO] [stderr]    Compiling lazy_static v1.5.0
[INFO] [stderr]    Compiling borsh v1.5.1
[INFO] [stderr]    Compiling rayon v1.10.0
[INFO] [stderr]    Compiling sized-chunks v0.6.5
[INFO] [stderr]    Compiling unicode-normalization v0.1.24
[INFO] [stderr]    Compiling rand_xoshiro v0.6.0
[INFO] [stderr]    Compiling solana-frozen-abi v1.18.26
[INFO] [stderr]    Compiling memoffset v0.9.1
[INFO] [stderr]    Compiling blake3 v1.5.1
[INFO] [stderr]    Compiling rustc-hash v1.1.0
[INFO] [stderr]    Compiling wasm-bindgen v0.2.95
[INFO] [stderr]    Compiling bs58 v0.4.0
[INFO] [stderr]    Compiling base64 v0.12.3
[INFO] [stderr]    Compiling serde_json v1.0.132
[INFO] [stderr]    Compiling solana-program v1.18.26
[INFO] [stderr]    Compiling hashbrown v0.11.2
[INFO] [stderr]    Compiling memmap2 v0.5.10
[INFO] [stderr]    Compiling constant_time_eq v0.3.1
[INFO] [stderr]    Compiling arrayvec v0.7.6
[INFO] [stderr]    Compiling base64 v0.21.7
[INFO] [stderr]    Compiling aho-corasick v1.1.3
[INFO] [stderr]    Compiling regex-syntax v0.8.5
[INFO] [stderr]    Compiling signature v1.6.4
[INFO] [stderr]    Compiling ed25519 v1.5.3
[INFO] [stderr]    Compiling atty v0.2.14
[INFO] [stderr]    Compiling termcolor v1.4.1
[INFO] [stderr]    Compiling humantime v2.1.0
[INFO] [stderr]    Compiling solana-sdk v1.18.26
[INFO] [stderr]    Compiling derivation-path v0.2.0
[INFO] [stderr]    Compiling proc-macro-crate v3.2.0
[INFO] [stderr]    Compiling borsh-schema-derive-internal v0.10.4
[INFO] [stderr]    Compiling wasm-bindgen-backend v0.2.95
[INFO] [stderr]    Compiling borsh-derive-internal v0.10.4
[INFO] [stderr]    Compiling borsh-schema-derive-internal v0.9.3
[INFO] [stderr]    Compiling borsh-derive-internal v0.9.3
[INFO] [stderr]    Compiling darling_core v0.20.10
[INFO] [stderr]    Compiling regex-automata v0.4.8
[INFO] [stderr]    Compiling qstring v0.7.2
[INFO] [stderr]    Compiling wasm-bindgen-macro-support v0.2.95
[INFO] [stderr]    Compiling uriparse v0.6.4
[INFO] [stderr]    Compiling chrono v0.4.38
[INFO] [stderr]    Compiling ark-serialize-derive v0.4.2
[INFO] [stderr]    Compiling serde_derive v1.0.214
[INFO] [stderr]    Compiling zerocopy-derive v0.7.35
[INFO] [stderr]    Compiling zeroize_derive v1.4.2
[INFO] [stderr]    Compiling ark-ff-macros v0.4.2
[INFO] [stderr]    Compiling zeroize v1.3.0
[INFO] [stderr]    Compiling ark-ff-asm v0.4.2
[INFO] [stderr]    Compiling zerocopy v0.7.35
[INFO] [stderr]    Compiling ppv-lite86 v0.2.20
[INFO] [stderr]    Compiling derivative v2.2.0
[INFO] [stderr]    Compiling thiserror-impl v1.0.66
[INFO] [stderr]    Compiling rand_chacha v0.3.1
[INFO] [stderr]    Compiling rand_chacha v0.2.2
[INFO] [stderr]    Compiling hashbrown v0.13.2
[INFO] [stderr]    Compiling rand v0.8.5
[INFO] [stderr]    Compiling ark-std v0.4.0
[INFO] [stderr]    Compiling rand v0.7.3
[INFO] [stderr]    Compiling bytemuck_derive v1.8.0
[INFO] [stderr]    Compiling syn_derive v0.1.8
[INFO] [stderr]    Compiling wasm-bindgen-macro v0.2.95
[INFO] [stderr]    Compiling borsh-derive v1.5.1
[INFO] [stderr]    Compiling num-derive v0.4.2
[INFO] [stderr]    Compiling solana-sdk-macro v1.18.26
[INFO] [stderr]    Compiling bytemuck v1.19.0
[INFO] [stderr]    Compiling darling_macro v0.20.10
[INFO] [stderr]    Compiling regex v1.11.1
[INFO] [stderr]    Compiling num_enum_derive v0.7.3
[INFO] [stderr]    Compiling darling v0.20.10
[INFO] [stderr]    Compiling serde_with_macros v2.3.3
[INFO] [stderr]    Compiling env_logger v0.9.3
[INFO] [stderr]    Compiling qualifier_attr v0.2.2
[INFO] [stderr]    Compiling solana-logger v1.18.26
[INFO] [stderr]    Compiling assert_matches v1.5.0
[INFO] [stderr]    Compiling merlin v3.0.0
[INFO] [stderr]    Compiling num_enum v0.7.3
[INFO] [stderr]    Compiling toml_edit v0.19.15
[INFO] [stderr]    Compiling num-derive v0.3.3
[INFO] [stderr]    Compiling solana-security-txt v1.1.1
[INFO] [stderr]    Compiling nom8 v0.2.0
[INFO] [stderr]    Compiling toml_datetime v0.5.1
[INFO] [stderr]    Compiling static_assertions v1.1.0
[INFO] [stderr]    Compiling lib-sokoban v0.3.3
[INFO] [stderr]    Compiling proc-macro-crate v1.3.1
[INFO] [stderr]    Compiling toml v0.5.11
[INFO] [stderr]    Compiling serde_bytes v0.11.15
[INFO] [stderr]    Compiling bincode v1.3.3
[INFO] [stderr]    Compiling bitflags v2.6.0
[INFO] [stderr]    Compiling block-buffer v0.10.4
[INFO] [stderr]    Compiling crypto-common v0.1.6
[INFO] [stderr]    Compiling digest v0.10.7
[INFO] [stderr]    Compiling digest v0.9.0
[INFO] [stderr]    Compiling crypto-mac v0.8.0
[INFO] [stderr]    Compiling libsecp256k1-core v0.2.2
[INFO] [stderr]    Compiling sha2 v0.10.8
[INFO] [stderr]    Compiling hmac v0.8.1
[INFO] [stderr]    Compiling block-buffer v0.9.0
[INFO] [stderr]    Compiling ark-serialize v0.4.2
[INFO] [stderr]    Compiling proc-macro-crate v0.1.5
[INFO] [stderr]    Compiling ark-ff v0.4.2
[INFO] [stderr]    Compiling sha2 v0.9.9
[INFO] [stderr]    Compiling hmac-drbg v0.3.0
[INFO] [stderr]    Compiling pbkdf2 v0.4.0
[INFO] [stderr]    Compiling libsecp256k1-gen-genmult v0.2.1
[INFO] [stderr]    Compiling libsecp256k1-gen-ecmult v0.2.1
[INFO] [stderr]    Compiling sha3 v0.10.8
[INFO] [stderr]    Compiling borsh-derive v0.10.4
[INFO] [stderr]    Compiling libsecp256k1 v0.6.0
[INFO] [stderr]    Compiling borsh-derive v0.9.3
[INFO] [stderr]    Compiling curve25519-dalek v3.2.1
[INFO] [stderr]    Compiling borsh v0.10.4
[INFO] [stderr]    Compiling borsh v0.9.3
[INFO] [stderr]    Compiling tiny-bip39 v0.8.2
[INFO] [stderr]    Compiling cipher v0.3.0
[INFO] [stderr]    Compiling hmac v0.12.1
[INFO] [stderr]    Compiling universal-hash v0.4.1
[INFO] [stderr]    Compiling polyval v0.5.3
[INFO] [stderr]    Compiling ed25519-dalek v1.0.1
[INFO] [stderr]    Compiling ed25519-dalek-bip32 v0.2.0
[INFO] [stderr]    Compiling ctr v0.8.0
[INFO] [stderr]    Compiling aes v0.7.5
[INFO] [stderr]    Compiling pbkdf2 v0.11.0
[INFO] [stderr]    Compiling aead v0.4.3
[INFO] [stderr]    Compiling serde_with v2.3.3
[INFO] [stderr]    Compiling spl-program-error-derive v0.3.2
[INFO] [stderr]    Compiling aes-gcm-siv v0.10.3
[INFO] [stderr]    Compiling spl-discriminator-syn v0.1.2
[INFO] [stderr]    Compiling sha3 v0.9.1
[INFO] [stderr]    Compiling spl-discriminator-derive v0.1.2
[INFO] [stderr]    Compiling shank_macro_impl v0.0.12
[INFO] [stderr]    Compiling num_enum_derive v0.5.11
[INFO] [stderr]    Compiling shank_render v0.0.1
[INFO] [stderr]    Compiling num_enum v0.5.11
[INFO] [stderr]    Compiling toml_edit v0.18.1
[INFO] [stderr]    Compiling shank_macro v0.0.12
[INFO] [stderr]    Compiling shank v0.0.12
[INFO] [stderr]    Compiling ark-poly v0.4.2
[INFO] [stderr]    Compiling ark-ec v0.4.2
[INFO] [stderr]    Compiling ark-bn254 v0.4.0
[INFO] [stderr]    Compiling light-poseidon v0.2.0
[INFO] [stderr]    Compiling spl-program-error v0.3.0
[INFO] [stderr]    Compiling spl-discriminator v0.1.0
[INFO] [stderr]    Compiling spl-token v4.0.3
[INFO] [stderr]    Compiling spl-memo v4.0.4
[INFO] [stderr]    Compiling spl-token v3.5.0
[INFO] [stderr]    Compiling ellipsis-macros v0.1.1
[INFO] [stderr]    Compiling solana-zk-token-sdk v1.18.26
[INFO] [stderr]    Compiling spl-pod v0.1.0
[INFO] [stderr]    Compiling spl-type-length-value v0.3.0
[INFO] [stderr]    Compiling spl-token-group-interface v0.1.0
[INFO] [stderr]    Compiling spl-tlv-account-resolution v0.5.1
[INFO] [stderr]    Compiling spl-token-metadata-interface v0.2.0
[INFO] [stderr]    Compiling spl-transfer-hook-interface v0.4.1
[INFO] [stderr]    Compiling spl-token-2022 v1.0.0
[INFO] [stderr]    Compiling spl-associated-token-account v2.3.0
[INFO] [stderr]    Compiling phoenix-common v0.2.1
[INFO] [stderr]    Compiling phoenix-seat-manager-common v0.1.1 (/opt/rustwide/workdir)
[INFO] [stderr]     Finished `dev` profile [unoptimized + debuginfo] target(s) in 3m 18s
[INFO] running `Command { std: "docker" "inspect" "c80012a7f451ef5403abe3b3a61843c2253a65d8644130c79048548f2e1355e7", kill_on_drop: false }`
[INFO] running `Command { std: "docker" "rm" "-f" "c80012a7f451ef5403abe3b3a61843c2253a65d8644130c79048548f2e1355e7", kill_on_drop: false }`
[INFO] [stdout] c80012a7f451ef5403abe3b3a61843c2253a65d8644130c79048548f2e1355e7
[INFO] running `Command { std: "docker" "create" "-v" "/var/lib/crater-agent-workspace/builds/worker-2-tc2/target:/opt/rustwide/target:rw,Z" "-v" "/var/lib/crater-agent-workspace/builds/worker-2-tc2/source:/opt/rustwide/workdir:ro,Z" "-v" "/var/lib/crater-agent-workspace/cargo-home:/opt/rustwide/cargo-home:ro,Z" "-v" "/var/lib/crater-agent-workspace/rustup-home:/opt/rustwide/rustup-home:ro,Z" "-e" "SOURCE_DIR=/opt/rustwide/workdir" "-e" "CARGO_TARGET_DIR=/opt/rustwide/target" "-e" "CARGO_INCREMENTAL=0" "-e" "RUST_BACKTRACE=full" "-e" "RUSTFLAGS=--cap-lints=forbid -Zrandomize-layout" "-e" "RUSTDOCFLAGS=--cap-lints=forbid" "-e" "CARGO_HOME=/opt/rustwide/cargo-home" "-e" "RUSTUP_HOME=/opt/rustwide/rustup-home" "-w" "/opt/rustwide/workdir" "-m" "1610612736" "--user" "0:0" "--network" "none" "ghcr.io/rust-lang/crates-build-env/linux@sha256:4a844ea9eb2546a2d2c7022eacef16ef2e8229c7fbb2c7d4d55a9ceca922f72d" "/opt/rustwide/cargo-home/bin/cargo" "+nightly-2024-10-28" "test" "--frozen" "--no-run" "--message-format=json", kill_on_drop: false }`
[INFO] [stdout] 2d1b8fa6ab072930aa74c3fae219fd2bbc4097b5968372de479e762d33bce1da
[INFO] running `Command { std: "docker" "start" "-a" "2d1b8fa6ab072930aa74c3fae219fd2bbc4097b5968372de479e762d33bce1da", kill_on_drop: false }`
[INFO] [stderr]    Compiling phoenix-seat-manager-common v0.1.1 (/opt/rustwide/workdir)
[INFO] [stdout] error[E0433]: failed to resolve: use of undeclared crate or module `ellipsis_client`
[INFO] [stdout]  --> tests/test_name_market_authority_successor.rs:3:5
[INFO] [stdout]   |
[INFO] [stdout] 3 | use ellipsis_client::program_test::*;
[INFO] [stdout]   |     ^^^^^^^^^^^^^^^ use of undeclared crate or module `ellipsis_client`
[INFO] [stdout] 
[INFO] [stdout] 
[INFO] [stdout] error[E0433]: failed to resolve: use of undeclared crate or module `phoenix_sdk`
[INFO] [stdout]  --> tests/setup/helpers.rs:2:5
[INFO] [stdout]   |
[INFO] [stdout] 2 | use phoenix_sdk::sdk_client::SDKClient;
[INFO] [stdout]   |     ^^^^^^^^^^^ use of undeclared crate or module `phoenix_sdk`
[INFO] [stdout] 
[INFO] [stdout] 
[INFO] [stdout] error[E0433]: failed to resolve: use of undeclared crate or module `solana_sdk`
[INFO] [stdout]  --> tests/setup/helpers.rs:5:5
[INFO] [stdout]   |
[INFO] [stdout] 5 | use solana_sdk::{
[INFO] [stdout]   |     ^^^^^^^^^^ use of undeclared crate or module `solana_sdk`
[INFO] [stdout] 
[INFO] [stdout] 
[INFO] [stdout] error[E0432]: unresolved import `ellipsis_client`
[INFO] [stdout]  --> tests/setup/helpers.rs:1:5
[INFO] [stdout]   |
[INFO] [stdout] 1 | use ellipsis_client::{EllipsisClient, EllipsisClientResult};
[INFO] [stdout]   |     ^^^^^^^^^^^^^^^ use of undeclared crate or module `ellipsis_client`
[INFO] [stdout] 
[INFO] [stdout] 
[INFO] [stdout] error[E0433]: failed to resolve: use of undeclared crate or module `ellipsis_client`
[INFO] [stdout]  --> tests/setup/init.rs:1:5
[INFO] [stdout]   |
[INFO] [stdout] 1 | use ellipsis_client::program_test::*;
[INFO] [stdout]   |     ^^^^^^^^^^^^^^^ use of undeclared crate or module `ellipsis_client`
[INFO] [stdout] 
[INFO] [stdout] 
[INFO] [stdout] error[E0433]: failed to resolve: use of undeclared crate or module `solana_sdk`
[INFO] [stdout]  --> tests/test_confirm_renounce_seat_manager_authority.rs:9:5
[INFO] [stdout]   |
[INFO] [stdout] 9 | use solana_sdk::signature::Keypair;
[INFO] [stdout]   |     ^^^^^^^^^^ use of undeclared crate or module `solana_sdk`
[INFO] [stdout] 
[INFO] [stdout] 
[INFO] [stdout] error[E0433]: failed to resolve: use of undeclared crate or module `solana_sdk`
[INFO] [stdout]   --> tests/test_confirm_renounce_seat_manager_authority.rs:10:5
[INFO] [stdout]    |
[INFO] [stdout] 10 | use solana_sdk::signer::Signer;
[INFO] [stdout]    |     ^^^^^^^^^^ use of undeclared crate or module `solana_sdk`
[INFO] [stdout] 
[INFO] [stdout] 
[INFO] [stdout] error[E0433]: failed to resolve: use of undeclared crate or module `solana_sdk`
[INFO] [stdout]   --> tests/test_confirm_renounce_seat_manager_authority.rs:11:5
[INFO] [stdout]    |
[INFO] [stdout] 11 | use solana_sdk::transaction::Transaction;
[INFO] [stdout]    |     ^^^^^^^^^^ use of undeclared crate or module `solana_sdk`
[INFO] [stdout] 
[INFO] [stdout] 
[INFO] [stdout] error[E0432]: unresolved import `solana_sdk`
[INFO] [stdout]  --> tests/setup/helpers.rs:5:5
[INFO] [stdout]   |
[INFO] [stdout] 5 | use solana_sdk::{
[INFO] [stdout]   |     ^^^^^^^^^^ use of undeclared crate or module `solana_sdk`
[INFO] [stdout] 
[INFO] [stdout] 
[INFO] [stdout] error[E0433]: failed to resolve: use of undeclared crate or module `phoenix_sdk`
[INFO] [stdout]  --> tests/setup/init.rs:9:5
[INFO] [stdout]   |
[INFO] [stdout] 9 | use phoenix_sdk::sdk_client::SDKClient;
[INFO] [stdout]   |     ^^^^^^^^^^^ use of undeclared crate or module `phoenix_sdk`
[INFO] [stdout] 
[INFO] [stdout] 
[INFO] [stdout] error[E0433]: failed to resolve: use of undeclared crate or module `solana_sdk`
[INFO] [stdout]   --> tests/setup/init.rs:11:5
[INFO] [stdout]    |
[INFO] [stdout] 11 | use solana_sdk::pubkey::Pubkey;
[INFO] [stdout]    |     ^^^^^^^^^^ use of undeclared crate or module `solana_sdk`
[INFO] [stdout] 
[INFO] [stdout] 
[INFO] [stdout] error[E0433]: failed to resolve: use of undeclared crate or module `solana_sdk`
[INFO] [stdout]   --> tests/setup/init.rs:12:5
[INFO] [stdout]    |
[INFO] [stdout] 12 | use solana_sdk::signature::{Keypair, Signer};
[INFO] [stdout]    |     ^^^^^^^^^^ use of undeclared crate or module `solana_sdk`
[INFO] [stdout] 
[INFO] [stdout] 
[INFO] [stdout] error[E0432]: unresolved import `ellipsis_client`
[INFO] [stdout]  --> tests/setup/init.rs:2:5
[INFO] [stdout]   |
[INFO] [stdout] 2 | use ellipsis_client::EllipsisClient;
[INFO] [stdout]   |     ^^^^^^^^^^^^^^^ use of undeclared crate or module `ellipsis_client`
[INFO] [stdout] 
[INFO] [stdout] 
[INFO] [stdout] error[E0433]: failed to resolve: use of undeclared crate or module `tokio`
[INFO] [stdout]   --> tests/test_confirm_renounce_seat_manager_authority.rs:17:3
[INFO] [stdout]    |
[INFO] [stdout] 17 | #[tokio::test]
[INFO] [stdout]    |   ^^^^^ use of undeclared crate or module `tokio`
[INFO] [stdout] 
[INFO] [stdout] 
[INFO] [stdout] error[E0433]: failed to resolve: use of undeclared crate or module `tokio`
[INFO] [stdout]   --> tests/test_confirm_renounce_seat_manager_authority.rs:71:3
[INFO] [stdout]    |
[INFO] [stdout] 71 | #[tokio::test]
[INFO] [stdout]    |   ^^^^^ use of undeclared crate or module `tokio`
[INFO] [stdout] 
[INFO] [stdout] 
[INFO] [stdout] error[E0433]: failed to resolve: use of undeclared crate or module `tokio`
[INFO] [stdout]    --> tests/test_confirm_renounce_seat_manager_authority.rs:134:3
[INFO] [stdout]     |
[INFO] [stdout] 134 | #[tokio::test]
[INFO] [stdout]     |   ^^^^^ use of undeclared crate or module `tokio`
[INFO] [stdout] 
[INFO] [stdout] 
[INFO] [stdout] error[E0433]: failed to resolve: use of undeclared crate or module `phoenix_sdk`
[INFO] [stdout]  --> tests/setup/helpers.rs:2:5
[INFO] [stdout]   |
[INFO] [stdout] 2 | use phoenix_sdk::sdk_client::SDKClient;
[INFO] [stdout]   |     ^^^^^^^^^^^ use of undeclared crate or module `phoenix_sdk`
[INFO] [stdout] 
[INFO] [stdout] 
[INFO] [stdout] error[E0433]: failed to resolve: use of undeclared crate or module `solana_sdk`
[INFO] [stdout]  --> tests/setup/helpers.rs:5:5
[INFO] [stdout]   |
[INFO] [stdout] 5 | use solana_sdk::{
[INFO] [stdout]   |     ^^^^^^^^^^ use of undeclared crate or module `solana_sdk`
[INFO] [stdout] 
[INFO] [stdout] 
[INFO] [stdout] error[E0432]: unresolved import `ellipsis_client`
[INFO] [stdout]  --> tests/setup/helpers.rs:1:5
[INFO] [stdout]   |
[INFO] [stdout] 1 | use ellipsis_client::{EllipsisClient, EllipsisClientResult};
[INFO] [stdout]   |     ^^^^^^^^^^^^^^^ use of undeclared crate or module `ellipsis_client`
[INFO] [stdout] 
[INFO] [stdout] 
[INFO] [stdout] error[E0433]: failed to resolve: use of undeclared crate or module `ellipsis_client`
[INFO] [stdout]  --> tests/setup/init.rs:1:5
[INFO] [stdout]   |
[INFO] [stdout] 1 | use ellipsis_client::program_test::*;
[INFO] [stdout]   |     ^^^^^^^^^^^^^^^ use of undeclared crate or module `ellipsis_client`
[INFO] [stdout] 
[INFO] [stdout] 
[INFO] [stdout] error[E0433]: failed to resolve: use of undeclared crate or module `solana_sdk`
[INFO] [stdout]  --> tests/test_name_market_authority_successor.rs:7:5
[INFO] [stdout]   |
[INFO] [stdout] 7 | use solana_sdk::pubkey::Pubkey;
[INFO] [stdout]   |     ^^^^^^^^^^ use of undeclared crate or module `solana_sdk`
[INFO] [stdout] 
[INFO] [stdout] 
[INFO] [stdout] error[E0433]: failed to resolve: use of undeclared crate or module `solana_sdk`
[INFO] [stdout]  --> tests/test_name_market_authority_successor.rs:8:5
[INFO] [stdout]   |
[INFO] [stdout] 8 | use solana_sdk::signature::Keypair;
[INFO] [stdout]   |     ^^^^^^^^^^ use of undeclared crate or module `solana_sdk`
[INFO] [stdout] 
[INFO] [stdout] 
[INFO] [stdout] error[E0433]: failed to resolve: use of undeclared crate or module `solana_sdk`
[INFO] [stdout]  --> tests/test_name_market_authority_successor.rs:9:5
[INFO] [stdout]   |
[INFO] [stdout] 9 | use solana_sdk::signature::Signer;
[INFO] [stdout]   |     ^^^^^^^^^^ use of undeclared crate or module `solana_sdk`
[INFO] [stdout] 
[INFO] [stdout] 
[INFO] [stdout] error[E0432]: unresolved import `solana_sdk`
[INFO] [stdout]  --> tests/setup/helpers.rs:5:5
[INFO] [stdout]   |
[INFO] [stdout] 5 | use solana_sdk::{
[INFO] [stdout]   |     ^^^^^^^^^^ use of undeclared crate or module `solana_sdk`
[INFO] [stdout] 
[INFO] [stdout] 
[INFO] [stdout] error[E0433]: failed to resolve: use of undeclared crate or module `phoenix_sdk`
[INFO] [stdout]  --> tests/setup/init.rs:9:5
[INFO] [stdout]   |
[INFO] [stdout] 9 | use phoenix_sdk::sdk_client::SDKClient;
[INFO] [stdout]   |     ^^^^^^^^^^^ use of undeclared crate or module `phoenix_sdk`
[INFO] [stdout] 
[INFO] [stdout] 
[INFO] [stdout] error[E0433]: failed to resolve: use of undeclared crate or module `solana_sdk`
[INFO] [stdout]   --> tests/setup/init.rs:11:5
[INFO] [stdout]    |
[INFO] [stdout] 11 | use solana_sdk::pubkey::Pubkey;
[INFO] [stdout]    |     ^^^^^^^^^^ use of undeclared crate or module `solana_sdk`
[INFO] [stdout] 
[INFO] [stdout] 
[INFO] [stdout] error[E0433]: failed to resolve: use of undeclared crate or module `solana_sdk`
[INFO] [stdout]   --> tests/setup/init.rs:12:5
[INFO] [stdout]    |
[INFO] [stdout] 12 | use solana_sdk::signature::{Keypair, Signer};
[INFO] [stdout]    |     ^^^^^^^^^^ use of undeclared crate or module `solana_sdk`
[INFO] [stdout] 
[INFO] [stdout] 
[INFO] [stdout] error[E0432]: unresolved import `ellipsis_client`
[INFO] [stdout]  --> tests/setup/init.rs:2:5
[INFO] [stdout]   |
[INFO] [stdout] 2 | use ellipsis_client::EllipsisClient;
[INFO] [stdout]   |     ^^^^^^^^^^^^^^^ use of undeclared crate or module `ellipsis_client`
[INFO] [stdout] 
[INFO] [stdout] 
[INFO] [stdout] error[E0433]: failed to resolve: use of undeclared crate or module `tokio`
[INFO] [stdout]   --> tests/test_name_market_authority_successor.rs:15:3
[INFO] [stdout]    |
[INFO] [stdout] 15 | #[tokio::test]
[INFO] [stdout]    |   ^^^^^ use of undeclared crate or module `tokio`
[INFO] [stdout] 
[INFO] [stdout] 
[INFO] [stdout] error[E0433]: failed to resolve: use of undeclared crate or module `tokio`
[INFO] [stdout]   --> tests/test_name_market_authority_successor.rs:50:3
[INFO] [stdout]    |
[INFO] [stdout] 50 | #[tokio::test]
[INFO] [stdout]    |   ^^^^^ use of undeclared crate or module `tokio`
[INFO] [stdout] 
[INFO] [stdout] 
[INFO] [stdout] error[E0433]: failed to resolve: use of undeclared crate or module `phoenix_sdk`
[INFO] [stdout]  --> tests/setup/helpers.rs:2:5
[INFO] [stdout]   |
[INFO] [stdout] 2 | use phoenix_sdk::sdk_client::SDKClient;
[INFO] [stdout]   |     ^^^^^^^^^^^ use of undeclared crate or module `phoenix_sdk`
[INFO] [stdout] 
[INFO] [stdout] 
[INFO] [stdout] error[E0433]: failed to resolve: use of undeclared crate or module `solana_sdk`
[INFO] [stdout]  --> tests/setup/helpers.rs:5:5
[INFO] [stdout]   |
[INFO] [stdout] 5 | use solana_sdk::{
[INFO] [stdout]   |     ^^^^^^^^^^ use of undeclared crate or module `solana_sdk`
[INFO] [stdout] 
[INFO] [stdout] 
[INFO] [stdout] error[E0432]: unresolved import `ellipsis_client`
[INFO] [stdout]  --> tests/setup/helpers.rs:1:5
[INFO] [stdout]   |
[INFO] [stdout] 1 | use ellipsis_client::{EllipsisClient, EllipsisClientResult};
[INFO] [stdout]   |     ^^^^^^^^^^^^^^^ use of undeclared crate or module `ellipsis_client`
[INFO] [stdout] 
[INFO] [stdout] 
[INFO] [stdout] error[E0433]: failed to resolve: use of undeclared crate or module `ellipsis_client`
[INFO] [stdout]  --> tests/setup/init.rs:1:5
[INFO] [stdout]   |
[INFO] [stdout] 1 | use ellipsis_client::program_test::*;
[INFO] [stdout]   |     ^^^^^^^^^^^^^^^ use of undeclared crate or module `ellipsis_client`
[INFO] [stdout] 
[INFO] [stdout] 
[INFO] [stdout] error[E0433]: failed to resolve: use of undeclared crate or module `solana_sdk`
[INFO] [stdout]   --> tests/test_change_market_fee_recipient.rs:14:5
[INFO] [stdout]    |
[INFO] [stdout] 14 | use solana_sdk::compute_budget::ComputeBudgetInstruction;
[INFO] [stdout]    |     ^^^^^^^^^^ use of undeclared crate or module `solana_sdk`
[INFO] [stdout] 
[INFO] [stdout] 
[INFO] [stdout] error[E0433]: failed to resolve: use of undeclared crate or module `solana_sdk`
[INFO] [stdout]  --> tests/test_claim_seat.rs:8:5
[INFO] [stdout]   |
[INFO] [stdout] 8 | use solana_sdk::signature::Keypair;
[INFO] [stdout]   |     ^^^^^^^^^^ use of undeclared crate or module `solana_sdk`
[INFO] [stdout] 
[INFO] [stdout] 
[INFO] [stdout] error[E0433]: failed to resolve: use of undeclared crate or module `solana_sdk`
[INFO] [stdout]   --> tests/test_change_market_fee_recipient.rs:15:5
[INFO] [stdout]    |
[INFO] [stdout] 15 | use solana_sdk::signature::Keypair;
[INFO] [stdout]    |     ^^^^^^^^^^ use of undeclared crate or module `solana_sdk`
[INFO] [stdout] 
[INFO] [stdout] 
[INFO] [stdout] error[E0433]: failed to resolve: use of undeclared crate or module `solana_sdk`
[INFO] [stdout]   --> tests/test_change_market_fee_recipient.rs:16:5
[INFO] [stdout]    |
[INFO] [stdout] 16 | use solana_sdk::signer::Signer;
[INFO] [stdout]    |     ^^^^^^^^^^ use of undeclared crate or module `solana_sdk`
[INFO] [stdout] 
[INFO] [stdout] 
[INFO] [stdout] error[E0432]: unresolved import `solana_sdk`
[INFO] [stdout]  --> tests/setup/helpers.rs:5:5
[INFO] [stdout]   |
[INFO] [stdout] 5 | use solana_sdk::{
[INFO] [stdout]   |     ^^^^^^^^^^ use of undeclared crate or module `solana_sdk`
[INFO] [stdout] 
[INFO] [stdout] 
[INFO] [stdout] error[E0433]: failed to resolve: use of undeclared crate or module `phoenix_sdk`
[INFO] [stdout]  --> tests/setup/init.rs:9:5
[INFO] [stdout]   |
[INFO] [stdout] 9 | use phoenix_sdk::sdk_client::SDKClient;
[INFO] [stdout]   |     ^^^^^^^^^^^ use of undeclared crate or module `phoenix_sdk`
[INFO] [stdout] 
[INFO] [stdout] 
[INFO] [stdout] error[E0433]: failed to resolve: use of undeclared crate or module `solana_sdk`
[INFO] [stdout]   --> tests/setup/init.rs:11:5
[INFO] [stdout]    |
[INFO] [stdout] 11 | use solana_sdk::pubkey::Pubkey;
[INFO] [stdout]    |     ^^^^^^^^^^ use of undeclared crate or module `solana_sdk`
[INFO] [stdout] 
[INFO] [stdout] 
[INFO] [stdout] error[E0433]: failed to resolve: use of undeclared crate or module `solana_sdk`
[INFO] [stdout]   --> tests/setup/init.rs:12:5
[INFO] [stdout]    |
[INFO] [stdout] 12 | use solana_sdk::signature::{Keypair, Signer};
[INFO] [stdout]    |     ^^^^^^^^^^ use of undeclared crate or module `solana_sdk`
[INFO] [stdout] 
[INFO] [stdout] 
[INFO] [stdout] error[E0432]: unresolved import `ellipsis_client`
[INFO] [stdout]  --> tests/setup/init.rs:2:5
[INFO] [stdout]   |
[INFO] [stdout] 2 | use ellipsis_client::EllipsisClient;
[INFO] [stdout]   |     ^^^^^^^^^^^^^^^ use of undeclared crate or module `ellipsis_client`
[INFO] [stdout] 
[INFO] [stdout] 
[INFO] [stdout] error[E0433]: failed to resolve: use of undeclared crate or module `tokio`
[INFO] [stdout]   --> tests/test_change_market_fee_recipient.rs:21:3
[INFO] [stdout]    |
[INFO] [stdout] 21 | #[tokio::test]
[INFO] [stdout]    |   ^^^^^ use of undeclared crate or module `tokio`
[INFO] [stdout] 
[INFO] [stdout] 
[INFO] [stdout] error[E0433]: failed to resolve: use of undeclared crate or module `tokio`
[INFO] [stdout]   --> tests/test_change_market_fee_recipient.rs:66:3
[INFO] [stdout]    |
[INFO] [stdout] 66 | #[tokio::test]
[INFO] [stdout]    |   ^^^^^ use of undeclared crate or module `tokio`
[INFO] [stdout] 
[INFO] [stdout] 
[INFO] [stdout] error[E0433]: failed to resolve: use of undeclared crate or module `tokio`
[INFO] [stdout]    --> tests/test_change_market_fee_recipient.rs:182:3
[INFO] [stdout]     |
[INFO] [stdout] 182 | #[tokio::test]
[INFO] [stdout]     |   ^^^^^ use of undeclared crate or module `tokio`
[INFO] [stdout] 
[INFO] [stdout] 
[INFO] [stdout] error[E0433]: failed to resolve: use of undeclared crate or module `solana_sdk`
[INFO] [stdout]  --> tests/test_claim_seat.rs:9:5
[INFO] [stdout]   |
[INFO] [stdout] 9 | use solana_sdk::signer::Signer;
[INFO] [stdout]   |     ^^^^^^^^^^ use of undeclared crate or module `solana_sdk`
[INFO] [stdout] 
[INFO] [stdout] 
[INFO] [stdout] error[E0433]: failed to resolve: use of undeclared crate or module `phoenix_sdk`
[INFO] [stdout]  --> tests/setup/helpers.rs:2:5
[INFO] [stdout]   |
[INFO] [stdout] 2 | use phoenix_sdk::sdk_client::SDKClient;
[INFO] [stdout]   |     ^^^^^^^^^^^ use of undeclared crate or module `phoenix_sdk`
[INFO] [stdout] 
[INFO] [stdout] 
[INFO] [stdout] error[E0433]: failed to resolve: use of undeclared crate or module `solana_sdk`
[INFO] [stdout]  --> tests/setup/helpers.rs:5:5
[INFO] [stdout]   |
[INFO] [stdout] 5 | use solana_sdk::{
[INFO] [stdout]   |     ^^^^^^^^^^ use of undeclared crate or module `solana_sdk`
[INFO] [stdout] 
[INFO] [stdout] 
[INFO] [stdout] error[E0432]: unresolved import `ellipsis_client`
[INFO] [stdout]  --> tests/setup/helpers.rs:1:5
[INFO] [stdout]   |
[INFO] [stdout] 1 | use ellipsis_client::{EllipsisClient, EllipsisClientResult};
[INFO] [stdout]   |     ^^^^^^^^^^^^^^^ use of undeclared crate or module `ellipsis_client`
[INFO] [stdout] 
[INFO] [stdout] 
[INFO] [stdout] error[E0433]: failed to resolve: use of undeclared crate or module `ellipsis_client`
[INFO] [stdout]  --> tests/setup/init.rs:1:5
[INFO] [stdout]   |
[INFO] [stdout] 1 | use ellipsis_client::program_test::*;
[INFO] [stdout]   |     ^^^^^^^^^^^^^^^ use of undeclared crate or module `ellipsis_client`
[INFO] [stdout] 
[INFO] [stdout] 
[INFO] [stdout] error[E0432]: unresolved import `solana_sdk`
[INFO] [stdout]  --> tests/setup/helpers.rs:5:5
[INFO] [stdout]   |
[INFO] [stdout] 5 | use solana_sdk::{
[INFO] [stdout]   |     ^^^^^^^^^^ use of undeclared crate or module `solana_sdk`
[INFO] [stdout] 
[INFO] [stdout] 
[INFO] [stdout] error[E0433]: failed to resolve: use of undeclared crate or module `phoenix_sdk`
[INFO] [stdout]  --> tests/setup/init.rs:9:5
[INFO] [stdout]   |
[INFO] [stdout] 9 | use phoenix_sdk::sdk_client::SDKClient;
[INFO] [stdout]   |     ^^^^^^^^^^^ use of undeclared crate or module `phoenix_sdk`
[INFO] [stdout] 
[INFO] [stdout] 
[INFO] [stdout] error[E0433]: failed to resolve: use of undeclared crate or module `solana_sdk`
[INFO] [stdout]   --> tests/setup/init.rs:11:5
[INFO] [stdout]    |
[INFO] [stdout] 11 | use solana_sdk::pubkey::Pubkey;
[INFO] [stdout]    |     ^^^^^^^^^^ use of undeclared crate or module `solana_sdk`
[INFO] [stdout] 
[INFO] [stdout] 
[INFO] [stdout] error[E0433]: failed to resolve: use of undeclared crate or module `solana_sdk`
[INFO] [stdout]   --> tests/setup/init.rs:12:5
[INFO] [stdout]    |
[INFO] [stdout] 12 | use solana_sdk::signature::{Keypair, Signer};
[INFO] [stdout]    |     ^^^^^^^^^^ use of undeclared crate or module `solana_sdk`
[INFO] [stdout] 
[INFO] [stdout] 
[INFO] [stdout] error[E0432]: unresolved import `ellipsis_client`
[INFO] [stdout]  --> tests/setup/init.rs:2:5
[INFO] [stdout]   |
[INFO] [stdout] 2 | use ellipsis_client::EllipsisClient;
[INFO] [stdout]   |     ^^^^^^^^^^^^^^^ use of undeclared crate or module `ellipsis_client`
[INFO] [stdout] 
[INFO] [stdout] 
[INFO] [stdout] error[E0433]: failed to resolve: use of undeclared crate or module `tokio`
[INFO] [stdout]   --> tests/test_claim_seat.rs:17:3
[INFO] [stdout]    |
[INFO] [stdout] 17 | #[tokio::test]
[INFO] [stdout]    |   ^^^^^ use of undeclared crate or module `tokio`
[INFO] [stdout] 
[INFO] [stdout] 
[INFO] [stdout] error[E0433]: failed to resolve: use of undeclared crate or module `tokio`
[INFO] [stdout]   --> tests/test_claim_seat.rs:62:3
[INFO] [stdout]    |
[INFO] [stdout] 62 | #[tokio::test]
[INFO] [stdout]    |   ^^^^^ use of undeclared crate or module `tokio`
[INFO] [stdout] 
[INFO] [stdout] 
[INFO] [stdout] error[E0433]: failed to resolve: use of undeclared crate or module `tokio`
[INFO] [stdout]    --> tests/test_claim_seat.rs:120:3
[INFO] [stdout]     |
[INFO] [stdout] 120 | #[tokio::test]
[INFO] [stdout]     |   ^^^^^ use of undeclared crate or module `tokio`
[INFO] [stdout] 
[INFO] [stdout] 
[INFO] [stdout] error[E0433]: failed to resolve: use of undeclared crate or module `tokio`
[INFO] [stdout]    --> tests/test_claim_seat.rs:167:3
[INFO] [stdout]     |
[INFO] [stdout] 167 | #[tokio::test]
[INFO] [stdout]     |   ^^^^^ use of undeclared crate or module `tokio`
[INFO] [stdout] 
[INFO] [stdout] 
[INFO] [stdout] error[E0412]: cannot find type `ProgramTestContext` in this scope
[INFO] [stdout]   --> tests/setup/init.rs:34:14
[INFO] [stdout]    |
[INFO] [stdout] 34 |     pub ctx: ProgramTestContext,
[INFO] [stdout]    |              ^^^^^^^^^^^^^^^^^^ not found in this scope
[INFO] [stdout] 
[INFO] [stdout] 
[INFO] [stdout] error[E0412]: cannot find type `ProgramTest` in this scope
[INFO] [stdout]   --> tests/setup/init.rs:39:26
[INFO] [stdout]    |
[INFO] [stdout] 39 | pub fn phoenix_test() -> ProgramTest {
[INFO] [stdout]    |                          ^^^^^^^^^^^ not found in this scope
[INFO] [stdout] 
[INFO] [stdout] 
[INFO] [stdout] error[E0433]: failed to resolve: use of undeclared crate or module `phoenix_sdk`
[INFO] [stdout]  --> tests/setup/helpers.rs:2:5
[INFO] [stdout]   |
[INFO] [stdout] 2 | use phoenix_sdk::sdk_client::SDKClient;
[INFO] [stdout]   |     ^^^^^^^^^^^ use of undeclared crate or module `phoenix_sdk`
[INFO] [stdout] 
[INFO] [stdout] 
[INFO] [stdout] error[E0433]: failed to resolve: use of undeclared crate or module `solana_sdk`
[INFO] [stdout]  --> tests/setup/helpers.rs:5:5
[INFO] [stdout]   |
[INFO] [stdout] 5 | use solana_sdk::{
[INFO] [stdout]   |     ^^^^^^^^^^ use of undeclared crate or module `solana_sdk`
[INFO] [stdout] 
[INFO] [stdout] 
[INFO] [stdout] error[E0432]: unresolved import `ellipsis_client`
[INFO] [stdout]  --> tests/setup/helpers.rs:1:5
[INFO] [stdout]   |
[INFO] [stdout] 1 | use ellipsis_client::{EllipsisClient, EllipsisClientResult};
[INFO] [stdout]   |     ^^^^^^^^^^^^^^^ use of undeclared crate or module `ellipsis_client`
[INFO] [stdout] 
[INFO] [stdout] 
[INFO] [stdout] error[E0433]: failed to resolve: use of undeclared crate or module `ellipsis_client`
[INFO] [stdout]  --> tests/setup/init.rs:1:5
[INFO] [stdout]   |
[INFO] [stdout] 1 | use ellipsis_client::program_test::*;
[INFO] [stdout]   |     ^^^^^^^^^^^^^^^ use of undeclared crate or module `ellipsis_client`
[INFO] [stdout] 
[INFO] [stdout] 
[INFO] [stdout] error[E0433]: failed to resolve: use of undeclared crate or module `solana_sdk`
[INFO] [stdout]   --> tests/test_evict_seat.rs:27:5
[INFO] [stdout]    |
[INFO] [stdout] 27 | use solana_sdk::compute_budget::ComputeBudgetInstruction;
[INFO] [stdout]    |     ^^^^^^^^^^ use of undeclared crate or module `solana_sdk`
[INFO] [stdout] 
[INFO] [stdout] 
[INFO] [stdout] error[E0433]: failed to resolve: use of undeclared crate or module `solana_sdk`
[INFO] [stdout]   --> tests/test_evict_seat.rs:28:5
[INFO] [stdout]    |
[INFO] [stdout] 28 | use solana_sdk::signature::Keypair;
[INFO] [stdout]    |     ^^^^^^^^^^ use of undeclared crate or module `solana_sdk`
[INFO] [stdout] 
[INFO] [stdout] 
[INFO] [stdout] error[E0433]: failed to resolve: use of undeclared crate or module `solana_sdk`
[INFO] [stdout]   --> tests/test_evict_seat.rs:29:5
[INFO] [stdout]    |
[INFO] [stdout] 29 | use solana_sdk::signer::Signer;
[INFO] [stdout]    |     ^^^^^^^^^^ use of undeclared crate or module `solana_sdk`
[INFO] [stdout] 
[INFO] [stdout] 
[INFO] [stdout] error[E0432]: unresolved import `solana_sdk`
[INFO] [stdout]  --> tests/setup/helpers.rs:5:5
[INFO] [stdout]   |
[INFO] [stdout] 5 | use solana_sdk::{
[INFO] [stdout]   |     ^^^^^^^^^^ use of undeclared crate or module `solana_sdk`
[INFO] [stdout] 
[INFO] [stdout] 
[INFO] [stdout] error[E0433]: failed to resolve: use of undeclared crate or module `phoenix_sdk`
[INFO] [stdout]  --> tests/setup/init.rs:9:5
[INFO] [stdout]   |
[INFO] [stdout] 9 | use phoenix_sdk::sdk_client::SDKClient;
[INFO] [stdout]   |     ^^^^^^^^^^^ use of undeclared crate or module `phoenix_sdk`
[INFO] [stdout] 
[INFO] [stdout] 
[INFO] [stdout] error[E0433]: failed to resolve: use of undeclared crate or module `solana_sdk`
[INFO] [stdout]   --> tests/setup/init.rs:11:5
[INFO] [stdout]    |
[INFO] [stdout] 11 | use solana_sdk::pubkey::Pubkey;
[INFO] [stdout]    |     ^^^^^^^^^^ use of undeclared crate or module `solana_sdk`
[INFO] [stdout] 
[INFO] [stdout] 
[INFO] [stdout] error[E0433]: failed to resolve: use of undeclared crate or module `solana_sdk`
[INFO] [stdout]   --> tests/setup/init.rs:12:5
[INFO] [stdout]    |
[INFO] [stdout] 12 | use solana_sdk::signature::{Keypair, Signer};
[INFO] [stdout]    |     ^^^^^^^^^^ use of undeclared crate or module `solana_sdk`
[INFO] [stdout] 
[INFO] [stdout] 
[INFO] [stdout] error[E0432]: unresolved import `ellipsis_client`
[INFO] [stdout]  --> tests/setup/init.rs:2:5
[INFO] [stdout]   |
[INFO] [stdout] 2 | use ellipsis_client::EllipsisClient;
[INFO] [stdout]   |     ^^^^^^^^^^^^^^^ use of undeclared crate or module `ellipsis_client`
[INFO] [stdout] 
[INFO] [stdout] 
[INFO] [stdout] error[E0433]: failed to resolve: use of undeclared crate or module `tokio`
[INFO] [stdout]   --> tests/test_evict_seat.rs:34:3
[INFO] [stdout]    |
[INFO] [stdout] 34 | #[tokio::test]
[INFO] [stdout]    |   ^^^^^ use of undeclared crate or module `tokio`
[INFO] [stdout] 
[INFO] [stdout] 
[INFO] [stdout] error[E0433]: failed to resolve: use of undeclared crate or module `tokio`
[INFO] [stdout]    --> tests/test_evict_seat.rs:100:3
[INFO] [stdout]     |
[INFO] [stdout] 100 | #[tokio::test]
[INFO] [stdout]     |   ^^^^^ use of undeclared crate or module `tokio`
[INFO] [stdout] 
[INFO] [stdout] 
[INFO] [stdout] error[E0433]: failed to resolve: use of undeclared crate or module `tokio`
[INFO] [stdout]    --> tests/test_evict_seat.rs:176:3
[INFO] [stdout]     |
[INFO] [stdout] 176 | #[tokio::test]
[INFO] [stdout]     |   ^^^^^ use of undeclared crate or module `tokio`
[INFO] [stdout] 
[INFO] [stdout] 
[INFO] [stdout] error[E0433]: failed to resolve: use of undeclared crate or module `tokio`
[INFO] [stdout]    --> tests/test_evict_seat.rs:306:3
[INFO] [stdout]     |
[INFO] [stdout] 306 | #[tokio::test]
[INFO] [stdout]     |   ^^^^^ use of undeclared crate or module `tokio`
[INFO] [stdout] 
[INFO] [stdout] 
[INFO] [stdout] error[E0433]: failed to resolve: use of undeclared crate or module `tokio`
[INFO] [stdout]    --> tests/test_evict_seat.rs:377:3
[INFO] [stdout]     |
[INFO] [stdout] 377 | #[tokio::test]
[INFO] [stdout]     |   ^^^^^ use of undeclared crate or module `tokio`
[INFO] [stdout] 
[INFO] [stdout] 
[INFO] [stdout] error[E0433]: failed to resolve: use of undeclared crate or module `tokio`
[INFO] [stdout]    --> tests/test_evict_seat.rs:448:3
[INFO] [stdout]     |
[INFO] [stdout] 448 | #[tokio::test]
[INFO] [stdout]     |   ^^^^^ use of undeclared crate or module `tokio`
[INFO] [stdout] 
[INFO] [stdout] 
[INFO] [stdout] error[E0433]: failed to resolve: use of undeclared crate or module `tokio`
[INFO] [stdout]    --> tests/test_evict_seat.rs:586:3
[INFO] [stdout]     |
[INFO] [stdout] 586 | #[tokio::test]
[INFO] [stdout]     |   ^^^^^ use of undeclared crate or module `tokio`
[INFO] [stdout] 
[INFO] [stdout] 
[INFO] [stdout] error[E0433]: failed to resolve: use of undeclared crate or module `phoenix_sdk`
[INFO] [stdout]  --> tests/setup/helpers.rs:2:5
[INFO] [stdout]   |
[INFO] [stdout] 2 | use phoenix_sdk::sdk_client::SDKClient;
[INFO] [stdout]   |     ^^^^^^^^^^^ use of undeclared crate or module `phoenix_sdk`
[INFO] [stdout] 
[INFO] [stdout] 
[INFO] [stdout] error[E0433]: failed to resolve: use of undeclared crate or module `solana_sdk`
[INFO] [stdout]  --> tests/setup/helpers.rs:5:5
[INFO] [stdout]   |
[INFO] [stdout] 5 | use solana_sdk::{
[INFO] [stdout]   |     ^^^^^^^^^^ use of undeclared crate or module `solana_sdk`
[INFO] [stdout] 
[INFO] [stdout] 
[INFO] [stdout] error[E0432]: unresolved import `ellipsis_client`
[INFO] [stdout]  --> tests/setup/helpers.rs:1:5
[INFO] [stdout]   |
[INFO] [stdout] 1 | use ellipsis_client::{EllipsisClient, EllipsisClientResult};
[INFO] [stdout]   |     ^^^^^^^^^^^^^^^ use of undeclared crate or module `ellipsis_client`
[INFO] [stdout] 
[INFO] [stdout] 
[INFO] [stdout] error[E0433]: failed to resolve: use of undeclared crate or module `ellipsis_client`
[INFO] [stdout]  --> tests/setup/init.rs:1:5
[INFO] [stdout]   |
[INFO] [stdout] 1 | use ellipsis_client::program_test::*;
[INFO] [stdout]   |     ^^^^^^^^^^^^^^^ use of undeclared crate or module `ellipsis_client`
[INFO] [stdout] 
[INFO] [stdout] 
[INFO] [stdout] error[E0433]: failed to resolve: use of undeclared crate or module `solana_sdk`
[INFO] [stdout]  --> tests/test_claim_seat_manager_authority.rs:7:5
[INFO] [stdout]   |
[INFO] [stdout] 7 | use solana_sdk::signature::Keypair;
[INFO] [stdout]   |     ^^^^^^^^^^ use of undeclared crate or module `solana_sdk`
[INFO] [stdout] 
[INFO] [stdout] 
[INFO] [stdout] error[E0433]: failed to resolve: use of undeclared crate or module `solana_sdk`
[INFO] [stdout]  --> tests/test_claim_seat_manager_authority.rs:8:5
[INFO] [stdout]   |
[INFO] [stdout] 8 | use solana_sdk::signer::Signer;
[INFO] [stdout]   |     ^^^^^^^^^^ use of undeclared crate or module `solana_sdk`
[INFO] [stdout] 
[INFO] [stdout] 
[INFO] [stdout] error[E0432]: unresolved import `solana_sdk`
[INFO] [stdout]  --> tests/setup/helpers.rs:5:5
[INFO] [stdout]   |
[INFO] [stdout] 5 | use solana_sdk::{
[INFO] [stdout]   |     ^^^^^^^^^^ use of undeclared crate or module `solana_sdk`
[INFO] [stdout] 
[INFO] [stdout] 
[INFO] [stdout] error[E0433]: failed to resolve: use of undeclared crate or module `phoenix_sdk`
[INFO] [stdout]  --> tests/setup/init.rs:9:5
[INFO] [stdout]   |
[INFO] [stdout] 9 | use phoenix_sdk::sdk_client::SDKClient;
[INFO] [stdout]   |     ^^^^^^^^^^^ use of undeclared crate or module `phoenix_sdk`
[INFO] [stdout] 
[INFO] [stdout] 
[INFO] [stdout] error[E0433]: failed to resolve: use of undeclared crate or module `solana_sdk`
[INFO] [stdout]   --> tests/setup/init.rs:11:5
[INFO] [stdout]    |
[INFO] [stdout] 11 | use solana_sdk::pubkey::Pubkey;
[INFO] [stdout]    |     ^^^^^^^^^^ use of undeclared crate or module `solana_sdk`
[INFO] [stdout] 
[INFO] [stdout] 
[INFO] [stdout] error[E0433]: failed to resolve: use of undeclared crate or module `solana_sdk`
[INFO] [stdout]   --> tests/setup/init.rs:12:5
[INFO] [stdout]    |
[INFO] [stdout] 12 | use solana_sdk::signature::{Keypair, Signer};
[INFO] [stdout]    |     ^^^^^^^^^^ use of undeclared crate or module `solana_sdk`
[INFO] [stdout] 
[INFO] [stdout] 
[INFO] [stdout] error[E0432]: unresolved import `ellipsis_client`
[INFO] [stdout]  --> tests/setup/init.rs:2:5
[INFO] [stdout]   |
[INFO] [stdout] 2 | use ellipsis_client::EllipsisClient;
[INFO] [stdout]   |     ^^^^^^^^^^^^^^^ use of undeclared crate or module `ellipsis_client`
[INFO] [stdout] 
[INFO] [stdout] 
[INFO] [stdout] error[E0433]: failed to resolve: use of undeclared crate or module `tokio`
[INFO] [stdout]   --> tests/test_claim_seat_manager_authority.rs:13:3
[INFO] [stdout]    |
[INFO] [stdout] 13 | #[tokio::test]
[INFO] [stdout]    |   ^^^^^ use of undeclared crate or module `tokio`
[INFO] [stdout] 
[INFO] [stdout] 
[INFO] [stdout] error[E0433]: failed to resolve: use of undeclared crate or module `tokio`
[INFO] [stdout]   --> tests/test_claim_seat_manager_authority.rs:55:3
[INFO] [stdout]    |
[INFO] [stdout] 55 | #[tokio::test]
[INFO] [stdout]    |   ^^^^^ use of undeclared crate or module `tokio`
[INFO] [stdout] 
[INFO] [stdout] 
[INFO] [stdout] error[E0412]: cannot find type `ProgramTestContext` in this scope
[INFO] [stdout]   --> tests/setup/init.rs:34:14
[INFO] [stdout]    |
[INFO] [stdout] 34 |     pub ctx: ProgramTestContext,
[INFO] [stdout]    |              ^^^^^^^^^^^^^^^^^^ not found in this scope
[INFO] [stdout] 
[INFO] [stdout] 
[INFO] [stdout] error[E0412]: cannot find type `ProgramTest` in this scope
[INFO] [stdout]   --> tests/setup/init.rs:39:26
[INFO] [stdout]    |
[INFO] [stdout] 39 | pub fn phoenix_test() -> ProgramTest {
[INFO] [stdout]    |                          ^^^^^^^^^^^ not found in this scope
[INFO] [stdout] 
[INFO] [stdout] 
[INFO] [stdout] error[E0433]: failed to resolve: use of undeclared crate or module `ellipsis_client`
[INFO] [stdout]  --> tests/test_seat_manager.rs:1:5
[INFO] [stdout]   |
[INFO] [stdout] 1 | use ellipsis_client::program_test::*;
[INFO] [stdout]   |     ^^^^^^^^^^^^^^^ use of undeclared crate or module `ellipsis_client`
[INFO] [stdout] 
[INFO] [stdout] 
[INFO] [stdout] error[E0433]: failed to resolve: use of undeclared crate or module `phoenix_sdk`
[INFO] [stdout]  --> tests/setup/helpers.rs:2:5
[INFO] [stdout]   |
[INFO] [stdout] 2 | use phoenix_sdk::sdk_client::SDKClient;
[INFO] [stdout]   |     ^^^^^^^^^^^ use of undeclared crate or module `phoenix_sdk`
[INFO] [stdout] 
[INFO] [stdout] 
[INFO] [stdout] error[E0433]: failed to resolve: use of undeclared crate or module `solana_sdk`
[INFO] [stdout]  --> tests/setup/helpers.rs:5:5
[INFO] [stdout]   |
[INFO] [stdout] 5 | use solana_sdk::{
[INFO] [stdout]   |     ^^^^^^^^^^ use of undeclared crate or module `solana_sdk`
[INFO] [stdout] 
[INFO] [stdout] 
[INFO] [stdout] error[E0432]: unresolved import `ellipsis_client`
[INFO] [stdout]  --> tests/setup/helpers.rs:1:5
[INFO] [stdout]   |
[INFO] [stdout] 1 | use ellipsis_client::{EllipsisClient, EllipsisClientResult};
[INFO] [stdout]   |     ^^^^^^^^^^^^^^^ use of undeclared crate or module `ellipsis_client`
[INFO] [stdout] 
[INFO] [stdout] 
[INFO] [stdout] error[E0433]: failed to resolve: use of undeclared crate or module `ellipsis_client`
[INFO] [stdout]  --> tests/setup/init.rs:1:5
[INFO] [stdout]   |
[INFO] [stdout] 1 | use ellipsis_client::program_test::*;
[INFO] [stdout]   |     ^^^^^^^^^^^^^^^ use of undeclared crate or module `ellipsis_client`
[INFO] [stdout] 
[INFO] [stdout] 
[INFO] [stdout] error[E0433]: failed to resolve: use of undeclared crate or module `solana_sdk`
[INFO] [stdout]   --> tests/test_seat_manager.rs:10:5
[INFO] [stdout]    |
[INFO] [stdout] 10 | use solana_sdk::compute_budget::ComputeBudgetInstruction;
[INFO] [stdout]    |     ^^^^^^^^^^ use of undeclared crate or module `solana_sdk`
[INFO] [stdout] 
[INFO] [stdout] 
[INFO] [stdout] error[E0433]: failed to resolve: use of undeclared crate or module `solana_sdk`
[INFO] [stdout]   --> tests/test_seat_manager.rs:11:5
[INFO] [stdout]    |
[INFO] [stdout] 11 | use solana_sdk::signature::{Keypair, Signer};
[INFO] [stdout]    |     ^^^^^^^^^^ use of undeclared crate or module `solana_sdk`
[INFO] [stdout] 
[INFO] [stdout] 
[INFO] [stdout] error[E0432]: unresolved import `solana_sdk`
[INFO] [stdout]  --> tests/setup/helpers.rs:5:5
[INFO] [stdout]   |
[INFO] [stdout] 5 | use solana_sdk::{
[INFO] [stdout]   |     ^^^^^^^^^^ use of undeclared crate or module `solana_sdk`
[INFO] [stdout] 
[INFO] [stdout] 
[INFO] [stdout] error[E0433]: failed to resolve: use of undeclared crate or module `phoenix_sdk`
[INFO] [stdout]  --> tests/setup/init.rs:9:5
[INFO] [stdout]   |
[INFO] [stdout] 9 | use phoenix_sdk::sdk_client::SDKClient;
[INFO] [stdout]   |     ^^^^^^^^^^^ use of undeclared crate or module `phoenix_sdk`
[INFO] [stdout] 
[INFO] [stdout] 
[INFO] [stdout] error[E0433]: failed to resolve: use of undeclared crate or module `solana_sdk`
[INFO] [stdout]   --> tests/setup/init.rs:11:5
[INFO] [stdout]    |
[INFO] [stdout] 11 | use solana_sdk::pubkey::Pubkey;
[INFO] [stdout]    |     ^^^^^^^^^^ use of undeclared crate or module `solana_sdk`
[INFO] [stdout] 
[INFO] [stdout] 
[INFO] [stdout] error[E0433]: failed to resolve: use of undeclared crate or module `solana_sdk`
[INFO] [stdout]   --> tests/setup/init.rs:12:5
[INFO] [stdout]    |
[INFO] [stdout] 12 | use solana_sdk::signature::{Keypair, Signer};
[INFO] [stdout]    |     ^^^^^^^^^^ use of undeclared crate or module `solana_sdk`
[INFO] [stdout] 
[INFO] [stdout] 
[INFO] [stdout] error[E0432]: unresolved import `ellipsis_client`
[INFO] [stdout]  --> tests/setup/init.rs:2:5
[INFO] [stdout]   |
[INFO] [stdout] 2 | use ellipsis_client::EllipsisClient;
[INFO] [stdout]   |     ^^^^^^^^^^^^^^^ use of undeclared crate or module `ellipsis_client`
[INFO] [stdout] 
[INFO] [stdout] 
[INFO] [stdout] error[E0433]: failed to resolve: use of undeclared crate or module `tokio`
[INFO] [stdout]   --> tests/test_seat_manager.rs:23:3
[INFO] [stdout]    |
[INFO] [stdout] 23 | #[tokio::test]
[INFO] [stdout]    |   ^^^^^ use of undeclared crate or module `tokio`
[INFO] [stdout] 
[INFO] [stdout] 
[INFO] [stdout] error[E0412]: cannot find type `ProgramTestContext` in this scope
[INFO] [stdout]   --> tests/setup/init.rs:34:14
[INFO] [stdout]    |
[INFO] [stdout] 34 |     pub ctx: ProgramTestContext,
[INFO] [stdout]    |              ^^^^^^^^^^^^^^^^^^ not found in this scope
[INFO] [stdout] 
[INFO] [stdout] 
[INFO] [stdout] error[E0412]: cannot find type `ProgramTest` in this scope
[INFO] [stdout]   --> tests/setup/init.rs:39:26
[INFO] [stdout]    |
[INFO] [stdout] 39 | pub fn phoenix_test() -> ProgramTest {
[INFO] [stdout]    |                          ^^^^^^^^^^^ not found in this scope
[INFO] [stdout] 
[INFO] [stdout] 
[INFO] [stdout] error[E0412]: cannot find type `ProgramTestContext` in this scope
[INFO] [stdout]   --> tests/setup/init.rs:34:14
[INFO] [stdout]    |
[INFO] [stdout] 34 |     pub ctx: ProgramTestContext,
[INFO] [stdout]    |              ^^^^^^^^^^^^^^^^^^ not found in this scope
[INFO] [stdout] 
[INFO] [stdout] 
[INFO] [stdout] error[E0412]: cannot find type `ProgramTest` in this scope
[INFO] [stdout]   --> tests/setup/init.rs:39:26
[INFO] [stdout]    |
[INFO] [stdout] 39 | pub fn phoenix_test() -> ProgramTest {
[INFO] [stdout]    |                          ^^^^^^^^^^^ not found in this scope
[INFO] [stdout] 
[INFO] [stdout] 
[INFO] [stdout] error[E0412]: cannot find type `ProgramTestContext` in this scope
[INFO] [stdout]   --> tests/setup/init.rs:34:14
[INFO] [stdout]    |
[INFO] [stdout] 34 |     pub ctx: ProgramTestContext,
[INFO] [stdout]    |              ^^^^^^^^^^^^^^^^^^ not found in this scope
[INFO] [stdout] 
[INFO] [stdout] 
[INFO] [stdout] error[E0412]: cannot find type `ProgramTest` in this scope
[INFO] [stdout]   --> tests/setup/init.rs:39:26
[INFO] [stdout]    |
[INFO] [stdout] 39 | pub fn phoenix_test() -> ProgramTest {
[INFO] [stdout]    |                          ^^^^^^^^^^^ not found in this scope
[INFO] [stdout] 
[INFO] [stdout] 
[INFO] [stdout] error[E0412]: cannot find type `ProgramTestContext` in this scope
[INFO] [stdout]   --> tests/setup/init.rs:34:14
[INFO] [stdout]    |
[INFO] [stdout] 34 |     pub ctx: ProgramTestContext,
[INFO] [stdout]    |              ^^^^^^^^^^^^^^^^^^ not found in this scope
[INFO] [stdout] 
[INFO] [stdout] 
[INFO] [stdout] error[E0412]: cannot find type `ProgramTest` in this scope
[INFO] [stdout]   --> tests/setup/init.rs:39:26
[INFO] [stdout]    |
[INFO] [stdout] 39 | pub fn phoenix_test() -> ProgramTest {
[INFO] [stdout]    |                          ^^^^^^^^^^^ not found in this scope
[INFO] [stdout] 
[INFO] [stdout] 
[INFO] [stdout] error[E0412]: cannot find type `ProgramTestContext` in this scope
[INFO] [stdout]   --> tests/setup/init.rs:34:14
[INFO] [stdout]    |
[INFO] [stdout] 34 |     pub ctx: ProgramTestContext,
[INFO] [stdout]    |              ^^^^^^^^^^^^^^^^^^ not found in this scope
[INFO] [stdout] 
[INFO] [stdout] 
[INFO] [stdout] error[E0412]: cannot find type `ProgramTest` in this scope
[INFO] [stdout]   --> tests/setup/init.rs:39:26
[INFO] [stdout]    |
[INFO] [stdout] 39 | pub fn phoenix_test() -> ProgramTest {
[INFO] [stdout]    |                          ^^^^^^^^^^^ not found in this scope
[INFO] [stdout] 
[INFO] [stdout] 
[INFO] [stdout] error[E0599]: no associated item named `LEN` found for struct `Mint` in the current scope
[INFO] [stdout]   --> tests/setup/helpers.rs:74:39
[INFO] [stdout]    |
[INFO] [stdout] 74 |             context.rent_exempt(Mint::LEN),
[INFO] [stdout]    |                                       ^^^ associated item not found in `Mint`
[INFO] [stdout]    |
[INFO] [stdout]    = help: items from traits can only be used if the trait is in scope
[INFO] [stdout] help: trait `Pack` which provides `LEN` is implemented but not in scope; perhaps you want to import it
[INFO] [stdout]    |
[INFO] [stdout] 1  + use solana_program::program_pack::Pack;
[INFO] [stdout]    |
[INFO] [stdout] 
[INFO] [stdout] 
[INFO] [stdout] error[E0599]: no associated item named `LEN` found for struct `Mint` in the current scope
[INFO] [stdout]   --> tests/setup/helpers.rs:74:39
[INFO] [stdout]    |
[INFO] [stdout] 74 |             context.rent_exempt(Mint::LEN),
[INFO] [stdout]    |                                       ^^^ associated item not found in `Mint`
[INFO] [stdout]    |
[INFO] [stdout]    = help: items from traits can only be used if the trait is in scope
[INFO] [stdout] help: trait `Pack` which provides `LEN` is implemented but not in scope; perhaps you want to import it
[INFO] [stdout]    |
[INFO] [stdout] 1  + use solana_program::program_pack::Pack;
[INFO] [stdout]    |
[INFO] [stdout] 
[INFO] [stdout] 
[INFO] [stdout] error[E0599]: no associated item named `LEN` found for struct `Mint` in the current scope
[INFO] [stdout]   --> tests/setup/helpers.rs:74:39
[INFO] [stdout]    |
[INFO] [stdout] 74 |             context.rent_exempt(Mint::LEN),
[INFO] [stdout]    |                                       ^^^ associated item not found in `Mint`
[INFO] [stdout]    |
[INFO] [stdout]    = help: items from traits can only be used if the trait is in scope
[INFO] [stdout] help: trait `Pack` which provides `LEN` is implemented but not in scope; perhaps you want to import it
[INFO] [stdout]    |
[INFO] [stdout] 1  + use solana_program::program_pack::Pack;
[INFO] [stdout]    |
[INFO] [stdout] 
[INFO] [stdout] 
[INFO] [stdout] error[E0599]: no associated item named `LEN` found for struct `Mint` in the current scope
[INFO] [stdout]   --> tests/setup/helpers.rs:75:19
[INFO] [stdout]    |
[INFO] [stdout] 75 |             Mint::LEN as u64,
[INFO] [stdout]    |                   ^^^ associated item not found in `Mint`
[INFO] [stdout]    |
[INFO] [stdout]    = help: items from traits can only be used if the trait is in scope
[INFO] [stdout] help: trait `Pack` which provides `LEN` is implemented but not in scope; perhaps you want to import it
[INFO] [stdout]    |
[INFO] [stdout] 1  + use solana_program::program_pack::Pack;
[INFO] [stdout]    |
[INFO] [stdout] 
[INFO] [stdout] 
[INFO] [stdout] error[E0599]: no associated item named `LEN` found for struct `Mint` in the current scope
[INFO] [stdout]   --> tests/setup/helpers.rs:75:19
[INFO] [stdout]    |
[INFO] [stdout] 75 |             Mint::LEN as u64,
[INFO] [stdout]    |                   ^^^ associated item not found in `Mint`
[INFO] [stdout]    |
[INFO] [stdout]    = help: items from traits can only be used if the trait is in scope
[INFO] [stdout] help: trait `Pack` which provides `LEN` is implemented but not in scope; perhaps you want to import it
[INFO] [stdout]    |
[INFO] [stdout] 1  + use solana_program::program_pack::Pack;
[INFO] [stdout]    |
[INFO] [stdout] 
[INFO] [stdout] 
[INFO] [stdout] error[E0599]: no associated item named `LEN` found for struct `Mint` in the current scope
[INFO] [stdout]   --> tests/setup/helpers.rs:75:19
[INFO] [stdout]    |
[INFO] [stdout] 75 |             Mint::LEN as u64,
[INFO] [stdout]    |                   ^^^ associated item not found in `Mint`
[INFO] [stdout]    |
[INFO] [stdout]    = help: items from traits can only be used if the trait is in scope
[INFO] [stdout] help: trait `Pack` which provides `LEN` is implemented but not in scope; perhaps you want to import it
[INFO] [stdout]    |
[INFO] [stdout] 1  + use solana_program::program_pack::Pack;
[INFO] [stdout]    |
[INFO] [stdout] 
[INFO] [stdout] 
[INFO] [stdout] error[E0599]: no associated item named `LEN` found for struct `Mint` in the current scope
[INFO] [stdout]   --> tests/setup/helpers.rs:74:39
[INFO] [stdout]    |
[INFO] [stdout] 74 |             context.rent_exempt(Mint::LEN),
[INFO] [stdout]    |                                       ^^^ associated item not found in `Mint`
[INFO] [stdout]    |
[INFO] [stdout]    = help: items from traits can only be used if the trait is in scope
[INFO] [stdout] help: trait `Pack` which provides `LEN` is implemented but not in scope; perhaps you want to import it
[INFO] [stdout]    |
[INFO] [stdout] 1  + use solana_program::program_pack::Pack;
[INFO] [stdout]    |
[INFO] [stdout] 
[INFO] [stdout] 
[INFO] [stdout] error[E0599]: no associated item named `LEN` found for struct `Mint` in the current scope
[INFO] [stdout]   --> tests/setup/helpers.rs:75:19
[INFO] [stdout]    |
[INFO] [stdout] 75 |             Mint::LEN as u64,
[INFO] [stdout]    |                   ^^^ associated item not found in `Mint`
[INFO] [stdout]    |
[INFO] [stdout]    = help: items from traits can only be used if the trait is in scope
[INFO] [stdout] help: trait `Pack` which provides `LEN` is implemented but not in scope; perhaps you want to import it
[INFO] [stdout]    |
[INFO] [stdout] 1  + use solana_program::program_pack::Pack;
[INFO] [stdout]    |
[INFO] [stdout] 
[INFO] [stdout] 
[INFO] [stdout] error[E0433]: failed to resolve: use of undeclared type `ProgramTest`
[INFO] [stdout]   --> tests/setup/init.rs:40:19
[INFO] [stdout]    |
[INFO] [stdout] 40 |     let mut ctx = ProgramTest::new("phoenix_seat_manager", phoenix_seat_manager::id(), None);
[INFO] [stdout]    |                   ^^^^^^^^^^^ use of undeclared type `ProgramTest`
[INFO] [stdout] 
[INFO] [stdout] 
[INFO] [stdout] error[E0433]: failed to resolve: use of undeclared type `ProgramTest`
[INFO] [stdout]   --> tests/setup/init.rs:40:19
[INFO] [stdout]    |
[INFO] [stdout] 40 |     let mut ctx = ProgramTest::new("phoenix_seat_manager", phoenix_seat_manager::id(), None);
[INFO] [stdout]    |                   ^^^^^^^^^^^ use of undeclared type `ProgramTest`
[INFO] [stdout] 
[INFO] [stdout] 
[INFO] [stdout] error[E0433]: failed to resolve: use of undeclared type `ProgramTest`
[INFO] [stdout]   --> tests/setup/init.rs:40:19
[INFO] [stdout]    |
[INFO] [stdout] 40 |     let mut ctx = ProgramTest::new("phoenix_seat_manager", phoenix_seat_manager::id(), None);
[INFO] [stdout]    |                   ^^^^^^^^^^^ use of undeclared type `ProgramTest`
[INFO] [stdout] 
[INFO] [stdout] 
[INFO] [stdout] error[E0599]: no associated item named `LEN` found for struct `Mint` in the current scope
[INFO] [stdout]   --> tests/setup/helpers.rs:74:39
[INFO] [stdout]    |
[INFO] [stdout] 74 |             context.rent_exempt(Mint::LEN),
[INFO] [stdout]    |                                       ^^^ associated item not found in `Mint`
[INFO] [stdout]    |
[INFO] [stdout]    = help: items from traits can only be used if the trait is in scope
[INFO] [stdout] help: trait `Pack` which provides `LEN` is implemented but not in scope; perhaps you want to import it
[INFO] [stdout]    |
[INFO] [stdout] 1  + use solana_program::program_pack::Pack;
[INFO] [stdout]    |
[INFO] [stdout] 
[INFO] [stdout] 
[INFO] [stdout] Some errors have detailed explanations: E0412, E0432, E0433, E0599.
[INFO] [stdout] 
[INFO] [stdout] For more information about an error, try `rustc --explain E0412`.
[INFO] [stdout] 
[INFO] [stdout] Some errors have detailed explanations: E0412, E0432, E0433, E0599.
[INFO] [stdout] 
[INFO] [stdout] For more information about an error, try `rustc --explain E0412`.
[INFO] [stdout] 
[INFO] [stdout] Some errors have detailed explanations: E0412, E0432, E0433, E0599.
[INFO] [stdout] 
[INFO] [stdout] For more information about an error, try `rustc --explain E0412`.
[INFO] [stdout] 
[INFO] [stdout] error[E0599]: no associated item named `LEN` found for struct `Mint` in the current scope
[INFO] [stdout]   --> tests/setup/helpers.rs:75:19
[INFO] [stdout]    |
[INFO] [stdout] 75 |             Mint::LEN as u64,
[INFO] [stdout]    |                   ^^^ associated item not found in `Mint`
[INFO] [stdout]    |
[INFO] [stdout]    = help: items from traits can only be used if the trait is in scope
[INFO] [stdout] help: trait `Pack` which provides `LEN` is implemented but not in scope; perhaps you want to import it
[INFO] [stdout]    |
[INFO] [stdout] 1  + use solana_program::program_pack::Pack;
[INFO] [stdout]    |
[INFO] [stdout] 
[INFO] [stdout] 
[INFO] [stdout] error[E0599]: the method `len` exists for struct `Vec<PhoenixTestAccount>`, but its trait bounds were not satisfied
[INFO] [stdout]    --> tests/test_evict_seat.rs:134:46
[INFO] [stdout]     |
[INFO] [stdout] 134 |         let i = rng.gen_range(0, new_traders.len()) as usize;
[INFO] [stdout]     |                                              ^^^ private field, not a method
[INFO] [stdout]     |
[INFO] [stdout]    ::: tests/setup/init.rs:27:1
[INFO] [stdout]     |
[INFO] [stdout] 27  | pub struct PhoenixTestAccount {
[INFO] [stdout]     | ----------------------------- doesn't satisfy `PhoenixTestAccount: Sized`
[INFO] [stdout]     |
[INFO] [stdout]     = note: the following trait bounds were not satisfied:
[INFO] [stdout]             `{type error}: Sized`
[INFO] [stdout]             which is required by `PhoenixTestAccount: Sized`
[INFO] [stdout] 
[INFO] [stdout] 
[INFO] [stderr] error: could not compile `phoenix-seat-manager-common` (test "test_claim_seat_manager_authority") due to 18 previous errors
[INFO] [stderr] warning: build failed, waiting for other jobs to finish...
[INFO] [stderr] error: could not compile `phoenix-seat-manager-common` (test "test_name_market_authority_successor") due to 20 previous errors
[INFO] [stdout] error[E0433]: failed to resolve: use of undeclared type `ProgramTest`
[INFO] [stdout]   --> tests/setup/init.rs:40:19
[INFO] [stdout]    |
[INFO] [stdout] 40 |     let mut ctx = ProgramTest::new("phoenix_seat_manager", phoenix_seat_manager::id(), None);
[INFO] [stdout]    |                   ^^^^^^^^^^^ use of undeclared type `ProgramTest`
[INFO] [stdout] 
[INFO] [stdout] 
[INFO] [stderr] error: could not compile `phoenix-seat-manager-common` (test "test_confirm_renounce_seat_manager_authority") due to 20 previous errors
[INFO] [stdout] Some errors have detailed explanations: E0412, E0432, E0433, E0599.
[INFO] [stdout] 
[INFO] [stdout] For more information about an error, try `rustc --explain E0412`.
[INFO] [stdout] 
[INFO] [stderr] error: could not compile `phoenix-seat-manager-common` (test "test_change_market_fee_recipient") due to 20 previous errors
[INFO] [stdout] error[E0599]: no associated item named `LEN` found for struct `Mint` in the current scope
[INFO] [stdout]   --> tests/setup/helpers.rs:74:39
[INFO] [stdout]    |
[INFO] [stdout] 74 |             context.rent_exempt(Mint::LEN),
[INFO] [stdout]    |                                       ^^^ associated item not found in `Mint`
[INFO] [stdout]    |
[INFO] [stdout]    = help: items from traits can only be used if the trait is in scope
[INFO] [stdout] help: trait `Pack` which provides `LEN` is implemented but not in scope; perhaps you want to import it
[INFO] [stdout]    |
[INFO] [stdout] 1  + use solana_program::program_pack::Pack;
[INFO] [stdout]    |
[INFO] [stdout] 
[INFO] [stdout] 
[INFO] [stdout] error[E0433]: failed to resolve: use of undeclared type `ProgramTest`
[INFO] [stdout]   --> tests/setup/init.rs:40:19
[INFO] [stdout]    |
[INFO] [stdout] 40 |     let mut ctx = ProgramTest::new("phoenix_seat_manager", phoenix_seat_manager::id(), None);
[INFO] [stdout]    |                   ^^^^^^^^^^^ use of undeclared type `ProgramTest`
[INFO] [stdout] 
[INFO] [stdout] 
[INFO] [stdout] error[E0599]: no associated item named `LEN` found for struct `Mint` in the current scope
[INFO] [stdout]   --> tests/setup/helpers.rs:75:19
[INFO] [stdout]    |
[INFO] [stdout] 75 |             Mint::LEN as u64,
[INFO] [stdout]    |                   ^^^ associated item not found in `Mint`
[INFO] [stdout]    |
[INFO] [stdout]    = help: items from traits can only be used if the trait is in scope
[INFO] [stdout] help: trait `Pack` which provides `LEN` is implemented but not in scope; perhaps you want to import it
[INFO] [stdout]    |
[INFO] [stdout] 1  + use solana_program::program_pack::Pack;
[INFO] [stdout]    |
[INFO] [stdout] 
[INFO] [stdout] 
[INFO] [stdout] Some errors have detailed explanations: E0412, E0432, E0433, E0599.
[INFO] [stdout] 
[INFO] [stdout] For more information about an error, try `rustc --explain E0412`.
[INFO] [stdout] 
[INFO] [stderr] error: could not compile `phoenix-seat-manager-common` (test "test_claim_seat") due to 20 previous errors
[INFO] [stdout] error[E0433]: failed to resolve: use of undeclared type `ProgramTest`
[INFO] [stdout]   --> tests/setup/init.rs:40:19
[INFO] [stdout]    |
[INFO] [stdout] 40 |     let mut ctx = ProgramTest::new("phoenix_seat_manager", phoenix_seat_manager::id(), None);
[INFO] [stdout]    |                   ^^^^^^^^^^^ use of undeclared type `ProgramTest`
[INFO] [stdout] 
[INFO] [stdout] 
[INFO] [stdout] Some errors have detailed explanations: E0412, E0432, E0433, E0599.
[INFO] [stdout] 
[INFO] [stdout] For more information about an error, try `rustc --explain E0412`.
[INFO] [stdout] 
[INFO] [stderr] error: could not compile `phoenix-seat-manager-common` (test "test_seat_manager") due to 18 previous errors
[INFO] [stdout] error[E0599]: no associated item named `LEN` found for struct `Mint` in the current scope
[INFO] [stdout]   --> tests/setup/helpers.rs:74:39
[INFO] [stdout]    |
[INFO] [stdout] 74 |             context.rent_exempt(Mint::LEN),
[INFO] [stdout]    |                                       ^^^ associated item not found in `Mint`
[INFO] [stdout]    |
[INFO] [stdout]    = help: items from traits can only be used if the trait is in scope
[INFO] [stdout] help: trait `Pack` which provides `LEN` is implemented but not in scope; perhaps you want to import it
[INFO] [stdout]    |
[INFO] [stdout] 1  + use solana_program::program_pack::Pack;
[INFO] [stdout]    |
[INFO] [stdout] 
[INFO] [stdout] 
[INFO] [stdout] error[E0599]: no associated item named `LEN` found for struct `Mint` in the current scope
[INFO] [stdout]   --> tests/setup/helpers.rs:75:19
[INFO] [stdout]    |
[INFO] [stdout] 75 |             Mint::LEN as u64,
[INFO] [stdout]    |                   ^^^ associated item not found in `Mint`
[INFO] [stdout]    |
[INFO] [stdout]    = help: items from traits can only be used if the trait is in scope
[INFO] [stdout] help: trait `Pack` which provides `LEN` is implemented but not in scope; perhaps you want to import it
[INFO] [stdout]    |
[INFO] [stdout] 1  + use solana_program::program_pack::Pack;
[INFO] [stdout]    |
[INFO] [stdout] 
[INFO] [stdout] 
[INFO] [stdout] error[E0433]: failed to resolve: use of undeclared type `ProgramTest`
[INFO] [stdout]   --> tests/setup/init.rs:40:19
[INFO] [stdout]    |
[INFO] [stdout] 40 |     let mut ctx = ProgramTest::new("phoenix_seat_manager", phoenix_seat_manager::id(), None);
[INFO] [stdout]    |                   ^^^^^^^^^^^ use of undeclared type `ProgramTest`
[INFO] [stdout] 
[INFO] [stdout] 
[INFO] [stdout] Some errors have detailed explanations: E0412, E0432, E0433, E0599.
[INFO] [stdout] 
[INFO] [stdout] For more information about an error, try `rustc --explain E0412`.
[INFO] [stdout] 
[INFO] [stderr] error: could not compile `phoenix-seat-manager-common` (test "test_evict_seat") due to 25 previous errors
[INFO] running `Command { std: "docker" "inspect" "2d1b8fa6ab072930aa74c3fae219fd2bbc4097b5968372de479e762d33bce1da", kill_on_drop: false }`
[INFO] running `Command { std: "docker" "rm" "-f" "2d1b8fa6ab072930aa74c3fae219fd2bbc4097b5968372de479e762d33bce1da", kill_on_drop: false }`
[INFO] [stdout] 2d1b8fa6ab072930aa74c3fae219fd2bbc4097b5968372de479e762d33bce1da
