[INFO] fetching crate phoenix-sdk 0.8.0...
[INFO] testing phoenix-sdk-0.8.0 against nightly-2024-10-28+rustflags=-Zrandomize-layout for randomize-layout
[INFO] extracting crate phoenix-sdk 0.8.0 into /workspace/builds/worker-5-tc2/source
[INFO] validating manifest of crates.io crate phoenix-sdk 0.8.0 on toolchain nightly-2024-10-28
[INFO] running `Command { std: CARGO_HOME="/workspace/cargo-home" RUSTUP_HOME="/workspace/rustup-home" "/workspace/cargo-home/bin/cargo" "+nightly-2024-10-28" "metadata" "--manifest-path" "Cargo.toml" "--no-deps", kill_on_drop: false }`
[INFO] started tweaking crates.io crate phoenix-sdk 0.8.0
[INFO] finished tweaking crates.io crate phoenix-sdk 0.8.0
[INFO] tweaked toml for crates.io crate phoenix-sdk 0.8.0 written to /workspace/builds/worker-5-tc2/source/Cargo.toml
[INFO] running `Command { std: CARGO_HOME="/workspace/cargo-home" RUSTUP_HOME="/workspace/rustup-home" "/workspace/cargo-home/bin/cargo" "+nightly-2024-10-28" "generate-lockfile" "--manifest-path" "Cargo.toml", kill_on_drop: false }`
[INFO] [stderr]     Updating crates.io index
[INFO] [stderr]      Locking 620 packages to latest compatible versions
[INFO] [stderr]       Adding blake3 v1.5.1 (available: v1.5.4)
[INFO] [stderr]       Adding borsh v0.9.3 (available: v1.5.1)
[INFO] [stderr]       Adding clap v3.2.25 (available: v4.5.20)
[INFO] [stderr]       Adding itertools v0.10.5 (available: v0.13.0)
[INFO] [stderr]       Adding rand v0.7.3 (available: v0.8.5)
[INFO] [stderr]       Adding solana-client v1.18.26 (available: v2.1.0)
[INFO] [stderr]       Adding solana-sdk v1.18.26 (available: v2.1.0)
[INFO] [stderr]       Adding solana-transaction-status v1.18.26 (available: v2.1.0)
[INFO] [stderr]       Adding solana_rbpf v0.8.3 (available: v0.8.5)
[INFO] [stderr]       Adding spl-memo v4.0.0 (available: v4.0.4)
[INFO] [stderr]       Adding spl-token v3.5.0 (available: v6.0.0)
[INFO] [stderr]       Adding spl-token v4.0.0 (available: v4.0.3)
[INFO] [stderr]       Adding subtle v2.4.1 (available: v2.6.1)
[INFO] [stderr]       Adding zeroize v1.3.0 (available: v1.8.1)
[INFO] running `Command { std: CARGO_HOME="/workspace/cargo-home" RUSTUP_HOME="/workspace/rustup-home" "/workspace/cargo-home/bin/cargo" "+nightly-2024-10-28" "fetch" "--manifest-path" "Cargo.toml", kill_on_drop: false }`
[INFO] [stderr] warning: the cargo feature `workspace-inheritance` has been stabilized in the 1.64 release and is no longer necessary to be listed in the manifest
[INFO] [stderr]   See https://doc.rust-lang.org/nightly/cargo/reference/unstable.html#workspace-inheritance for more information about using this feature.
[INFO] running `Command { std: "docker" "create" "-v" "/var/lib/crater-agent-workspace/builds/worker-5-tc2/target:/opt/rustwide/target:rw,Z" "-v" "/var/lib/crater-agent-workspace/builds/worker-5-tc2/source:/opt/rustwide/workdir:ro,Z" "-v" "/var/lib/crater-agent-workspace/cargo-home:/opt/rustwide/cargo-home:ro,Z" "-v" "/var/lib/crater-agent-workspace/rustup-home:/opt/rustwide/rustup-home:ro,Z" "-e" "SOURCE_DIR=/opt/rustwide/workdir" "-e" "CARGO_TARGET_DIR=/opt/rustwide/target" "-e" "CARGO_HOME=/opt/rustwide/cargo-home" "-e" "RUSTUP_HOME=/opt/rustwide/rustup-home" "-w" "/opt/rustwide/workdir" "-m" "1610612736" "--user" "0:0" "--network" "none" "ghcr.io/rust-lang/crates-build-env/linux@sha256:4a844ea9eb2546a2d2c7022eacef16ef2e8229c7fbb2c7d4d55a9ceca922f72d" "/opt/rustwide/cargo-home/bin/cargo" "+nightly-2024-10-28" "metadata" "--no-deps" "--format-version=1", kill_on_drop: false }`
[INFO] [stdout] 11664bb4fa55e66e8c71697c576e6569df75350b9a777677f9197adeb1b71e4b
[INFO] running `Command { std: "docker" "start" "-a" "11664bb4fa55e66e8c71697c576e6569df75350b9a777677f9197adeb1b71e4b", kill_on_drop: false }`
[INFO] running `Command { std: "docker" "inspect" "11664bb4fa55e66e8c71697c576e6569df75350b9a777677f9197adeb1b71e4b", kill_on_drop: false }`
[INFO] running `Command { std: "docker" "rm" "-f" "11664bb4fa55e66e8c71697c576e6569df75350b9a777677f9197adeb1b71e4b", kill_on_drop: false }`
[INFO] [stdout] 11664bb4fa55e66e8c71697c576e6569df75350b9a777677f9197adeb1b71e4b
[INFO] running `Command { std: "docker" "create" "-v" "/var/lib/crater-agent-workspace/builds/worker-5-tc2/target:/opt/rustwide/target:rw,Z" "-v" "/var/lib/crater-agent-workspace/builds/worker-5-tc2/source:/opt/rustwide/workdir:ro,Z" "-v" "/var/lib/crater-agent-workspace/cargo-home:/opt/rustwide/cargo-home:ro,Z" "-v" "/var/lib/crater-agent-workspace/rustup-home:/opt/rustwide/rustup-home:ro,Z" "-e" "SOURCE_DIR=/opt/rustwide/workdir" "-e" "CARGO_TARGET_DIR=/opt/rustwide/target" "-e" "CARGO_INCREMENTAL=0" "-e" "RUST_BACKTRACE=full" "-e" "RUSTFLAGS=--cap-lints=forbid -Zrandomize-layout" "-e" "RUSTDOCFLAGS=--cap-lints=forbid" "-e" "CARGO_HOME=/opt/rustwide/cargo-home" "-e" "RUSTUP_HOME=/opt/rustwide/rustup-home" "-w" "/opt/rustwide/workdir" "-m" "1610612736" "--user" "0:0" "--network" "none" "ghcr.io/rust-lang/crates-build-env/linux@sha256:4a844ea9eb2546a2d2c7022eacef16ef2e8229c7fbb2c7d4d55a9ceca922f72d" "/opt/rustwide/cargo-home/bin/cargo" "+nightly-2024-10-28" "build" "--frozen" "--message-format=json", kill_on_drop: false }`
[INFO] [stdout] 143b8c6452ee2ab877e1e84cfce5929d56f1194d095cd865abcea04043bc0b87
[INFO] running `Command { std: "docker" "start" "-a" "143b8c6452ee2ab877e1e84cfce5929d56f1194d095cd865abcea04043bc0b87", kill_on_drop: false }`
[INFO] [stderr] warning: the cargo feature `workspace-inheritance` has been stabilized in the 1.64 release and is no longer necessary to be listed in the manifest
[INFO] [stderr]   See https://doc.rust-lang.org/nightly/cargo/reference/unstable.html#workspace-inheritance for more information about using this feature.
[INFO] [stderr]    Compiling libc v0.2.161
[INFO] [stderr]    Compiling serde v1.0.214
[INFO] [stderr]    Compiling version_check v0.9.5
[INFO] [stderr]    Compiling once_cell v1.20.2
[INFO] [stderr]    Compiling typenum v1.17.0
[INFO] [stderr]    Compiling syn v1.0.109
[INFO] [stderr]    Compiling subtle v2.4.1
[INFO] [stderr]    Compiling syn v2.0.86
[INFO] [stderr]    Compiling num-traits v0.2.19
[INFO] [stderr]    Compiling memchr v2.7.4
[INFO] [stderr]    Compiling generic-array v0.14.7
[INFO] [stderr]    Compiling byteorder v1.5.0
[INFO] [stderr]    Compiling semver v1.0.23
[INFO] [stderr]    Compiling either v1.13.0
[INFO] [stderr]    Compiling hashbrown v0.15.0
[INFO] [stderr]    Compiling rustc_version v0.4.1
[INFO] [stderr]    Compiling equivalent v1.0.1
[INFO] [stderr]    Compiling num-integer v0.1.46
[INFO] [stderr]    Compiling thiserror v1.0.66
[INFO] [stderr]    Compiling indexmap v2.6.0
[INFO] [stderr]    Compiling cpufeatures v0.2.14
[INFO] [stderr]    Compiling num-bigint v0.4.6
[INFO] [stderr]    Compiling anyhow v1.0.92
[INFO] [stderr]    Compiling opaque-debug v0.3.1
[INFO] [stderr]    Compiling fnv v1.0.7
[INFO] [stderr]    Compiling crossbeam-utils v0.8.20
[INFO] [stderr]    Compiling itertools v0.10.5
[INFO] [stderr]    Compiling ahash v0.7.8
[INFO] [stderr]    Compiling rustversion v1.0.18
[INFO] [stderr]    Compiling jobserver v0.1.32
[INFO] [stderr]    Compiling getrandom v0.2.15
[INFO] [stderr]    Compiling cc v1.1.31
[INFO] [stderr]    Compiling rand_core v0.6.4
[INFO] [stderr]    Compiling paste v1.0.15
[INFO] [stderr]    Compiling toml_datetime v0.6.8
[INFO] [stderr]    Compiling proc-macro-error-attr v1.0.4
[INFO] [stderr]    Compiling pin-project-lite v0.2.15
[INFO] [stderr]    Compiling proc-macro-error v1.0.4
[INFO] [stderr]    Compiling crunchy v0.2.2
[INFO] [stderr]    Compiling block-padding v0.2.1
[INFO] [stderr]    Compiling bytes v1.8.0
[INFO] [stderr]    Compiling getrandom v0.1.16
[INFO] [stderr]    Compiling percent-encoding v2.3.1
[INFO] [stderr]    Compiling base64 v0.21.7
[INFO] [stderr]    Compiling crossbeam-epoch v0.9.18
[INFO] [stderr]    Compiling ahash v0.8.11
[INFO] [stderr]    Compiling lock_api v0.4.12
[INFO] [stderr]    Compiling wasm-bindgen-shared v0.2.95
[INFO] [stderr]    Compiling winnow v0.6.20
[INFO] [stderr]    Compiling parking_lot_core v0.9.10
[INFO] [stderr]    Compiling rayon-core v1.12.1
[INFO] [stderr]    Compiling crossbeam-deque v0.8.5
[INFO] [stderr]    Compiling rand_core v0.5.1
[INFO] [stderr]    Compiling scopeguard v1.2.0
[INFO] [stderr]    Compiling smallvec v1.13.2
[INFO] [stderr]    Compiling futures-core v0.3.31
[INFO] [stderr]    Compiling arrayref v0.3.9
[INFO] [stderr]    Compiling bumpalo v3.16.0
[INFO] [stderr]    Compiling rustc-hash v1.1.0
[INFO] [stderr]    Compiling feature-probe v0.1.1
[INFO] [stderr]    Compiling blake3 v1.5.1
[INFO] [stderr]    Compiling bv v0.11.1
[INFO] [stderr]    Compiling wasm-bindgen-backend v0.2.95
[INFO] [stderr]    Compiling borsh-derive-internal v0.10.4
[INFO] [stderr]    Compiling rayon v1.10.0
[INFO] [stderr]    Compiling borsh-schema-derive-internal v0.10.4
[INFO] [stderr]    Compiling bitmaps v2.1.0
[INFO] [stderr]    Compiling solana-frozen-abi-macro v1.18.26
[INFO] [stderr]    Compiling im v15.1.0
[INFO] [stderr]    Compiling cfg_aliases v0.2.1
[INFO] [stderr]    Compiling keccak v0.1.5
[INFO] [stderr]    Compiling borsh v1.5.1
[INFO] [stderr]    Compiling wasm-bindgen-macro-support v0.2.95
[INFO] [stderr]    Compiling toml_edit v0.22.22
[INFO] [stderr]    Compiling sized-chunks v0.6.5
[INFO] [stderr]    Compiling ark-serialize-derive v0.4.2
[INFO] [stderr]    Compiling derivative v2.2.0
[INFO] [stderr]    Compiling ark-ff-asm v0.4.2
[INFO] [stderr]    Compiling serde_derive v1.0.214
[INFO] [stderr]    Compiling zerocopy-derive v0.7.35
[INFO] [stderr]    Compiling thiserror-impl v1.0.66
[INFO] [stderr]    Compiling zeroize_derive v1.4.2
[INFO] [stderr]    Compiling zeroize v1.3.0
[INFO] [stderr]    Compiling ark-ff-macros v0.4.2
[INFO] [stderr]    Compiling zerocopy v0.7.35
[INFO] [stderr]    Compiling bytemuck_derive v1.8.0
[INFO] [stderr]    Compiling proc-macro-crate v3.2.0
[INFO] [stderr]    Compiling syn_derive v0.1.8
[INFO] [stderr]    Compiling ppv-lite86 v0.2.20
[INFO] [stderr]    Compiling parking_lot v0.12.3
[INFO] [stderr]    Compiling rand_chacha v0.3.1
[INFO] [stderr]    Compiling rand_chacha v0.2.2
[INFO] [stderr]    Compiling borsh-derive-internal v0.9.3
[INFO] [stderr]    Compiling hashbrown v0.13.2
[INFO] [stderr]    Compiling rand v0.8.5
[INFO] [stderr]    Compiling rand v0.7.3
[INFO] [stderr]    Compiling borsh-schema-derive-internal v0.9.3
[INFO] [stderr]    Compiling rand_xoshiro v0.6.0
[INFO] [stderr]    Compiling solana-frozen-abi v1.18.26
[INFO] [stderr]    Compiling memoffset v0.9.1
[INFO] [stderr]    Compiling base64 v0.12.3
[INFO] [stderr]    Compiling bs58 v0.4.0
[INFO] [stderr]    Compiling ark-std v0.4.0
[INFO] [stderr]    Compiling wasm-bindgen v0.2.95
[INFO] [stderr]    Compiling constant_time_eq v0.3.1
[INFO] [stderr]    Compiling borsh-derive v1.5.1
[INFO] [stderr]    Compiling bytemuck v1.19.0
[INFO] [stderr]    Compiling wasm-bindgen-macro v0.2.95
[INFO] [stderr]    Compiling solana-program v1.18.26
[INFO] [stderr]    Compiling hashbrown v0.11.2
[INFO] [stderr]    Compiling memmap2 v0.5.10
[INFO] [stderr]    Compiling solana-sdk-macro v1.18.26
[INFO] [stderr]    Compiling num-derive v0.4.2
[INFO] [stderr]    Compiling socket2 v0.5.7
[INFO] [stderr]    Compiling slab v0.4.9
[INFO] [stderr]    Compiling arrayvec v0.7.6
[INFO] [stderr]    Compiling tokio-macros v2.4.0
[INFO] [stderr]    Compiling signal-hook-registry v1.4.2
[INFO] [stderr]    Compiling mio v1.0.2
[INFO] [stderr]    Compiling aho-corasick v1.1.3
[INFO] [stderr]    Compiling regex-syntax v0.8.5
[INFO] [stderr]    Compiling futures-sink v0.3.31
[INFO] [stderr]    Compiling tokio v1.41.0
[INFO] [stderr]    Compiling ident_case v1.0.1
[INFO] [stderr]    Compiling pin-utils v0.1.0
[INFO] [stderr]    Compiling strsim v0.11.1
[INFO] [stderr]    Compiling atty v0.2.14
[INFO] [stderr]    Compiling futures-channel v0.3.31
[INFO] [stderr]    Compiling futures-macro v0.3.31
[INFO] [stderr]    Compiling futures-task v0.3.31
[INFO] [stderr]    Compiling darling_core v0.20.10
[INFO] [stderr]    Compiling termcolor v1.4.1
[INFO] [stderr]    Compiling futures-io v0.3.31
[INFO] [stderr]    Compiling iana-time-zone v0.1.61
[INFO] [stderr]    Compiling futures v0.1.31
[INFO] [stderr]    Compiling signature v1.6.4
[INFO] [stderr]    Compiling humantime v2.1.0
[INFO] [stderr]    Compiling ed25519 v1.5.3
[INFO] [stderr]    Compiling num_enum_derive v0.7.3
[INFO] [stderr]    Compiling solana-sdk v1.18.26
[INFO] [stderr]    Compiling derivation-path v0.2.0
[INFO] [stderr]    Compiling regex-automata v0.4.8
[INFO] [stderr]    Compiling bitflags v2.6.0
[INFO] [stderr]    Compiling toml v0.5.11
[INFO] [stderr]    Compiling serde_json v1.0.132
[INFO] [stderr]    Compiling bincode v1.3.3
[INFO] [stderr]    Compiling crypto-common v0.1.6
[INFO] [stderr]    Compiling block-buffer v0.10.4
[INFO] [stderr]    Compiling digest v0.10.7
[INFO] [stderr]    Compiling digest v0.9.0
[INFO] [stderr]    Compiling block-buffer v0.9.0
[INFO] [stderr]    Compiling crypto-mac v0.8.0
[INFO] [stderr]    Compiling libsecp256k1-core v0.2.2
[INFO] [stderr]    Compiling hmac v0.8.1
[INFO] [stderr]    Compiling sha2 v0.10.8
[INFO] [stderr]    Compiling proc-macro-crate v0.1.5
[INFO] [stderr]    Compiling sha2 v0.9.9
[INFO] [stderr]    Compiling ark-serialize v0.4.2
[INFO] [stderr]    Compiling hmac-drbg v0.3.0
[INFO] [stderr]    Compiling borsh-derive v0.10.4
[INFO] [stderr]    Compiling pbkdf2 v0.4.0
[INFO] [stderr]    Compiling borsh-derive v0.9.3
[INFO] [stderr]    Compiling ark-ff v0.4.2
[INFO] [stderr]    Compiling libsecp256k1-gen-genmult v0.2.1
[INFO] [stderr]    Compiling libsecp256k1-gen-ecmult v0.2.1
[INFO] [stderr]    Compiling serde_bytes v0.11.15
[INFO] [stderr]    Compiling borsh v0.9.3
[INFO] [stderr]    Compiling libsecp256k1 v0.6.0
[INFO] [stderr]    Compiling curve25519-dalek v3.2.1
[INFO] [stderr]    Compiling sha3 v0.10.8
[INFO] [stderr]    Compiling borsh v0.10.4
[INFO] [stderr]    Compiling tiny-bip39 v0.8.2
[INFO] [stderr]    Compiling regex v1.11.1
[INFO] [stderr]    Compiling darling_macro v0.20.10
[INFO] [stderr]    Compiling chrono v0.4.38
[INFO] [stderr]    Compiling futures-util v0.3.31
[INFO] [stderr]    Compiling darling v0.20.10
[INFO] [stderr]    Compiling serde_with_macros v2.3.3
[INFO] [stderr]    Compiling env_logger v0.9.3
[INFO] [stderr]    Compiling ed25519-dalek v1.0.1
[INFO] [stderr]    Compiling hmac v0.12.1
[INFO] [stderr]    Compiling ed25519-dalek-bip32 v0.2.0
[INFO] [stderr]    Compiling solana-logger v1.18.26
[INFO] [stderr]    Compiling pbkdf2 v0.11.0
[INFO] [stderr]    Compiling num_enum v0.7.3
[INFO] [stderr]    Compiling qualifier_attr v0.2.2
[INFO] [stderr]    Compiling qstring v0.7.2
[INFO] [stderr]    Compiling serde_with v2.3.3
[INFO] [stderr]    Compiling uriparse v0.6.4
[INFO] [stderr]    Compiling tracing-core v0.1.32
[INFO] [stderr]    Compiling assert_matches v1.5.0
[INFO] [stderr]    Compiling siphasher v0.3.11
[INFO] [stderr]    Compiling tracing-attributes v0.1.27
[INFO] [stderr]    Compiling ring v0.17.8
[INFO] [stderr]    Compiling http v0.2.12
[INFO] [stderr]    Compiling untrusted v0.9.0
[INFO] [stderr]    Compiling spin v0.9.8
[INFO] [stderr]    Compiling tokio-util v0.7.12
[INFO] [stderr]    Compiling tower-service v0.3.3
[INFO] [stderr]    Compiling rustls v0.21.12
[INFO] [stderr]    Compiling form_urlencoded v1.2.1
[INFO] [stderr]    Compiling try-lock v0.2.5
[INFO] [stderr]    Compiling http-body v0.4.6
[INFO] [stderr]    Compiling unicode-bidi v0.3.17
[INFO] [stderr]    Compiling want v0.3.1
[INFO] [stderr]    Compiling httpdate v1.0.3
[INFO] [stderr]    Compiling rustls-pemfile v1.0.4
[INFO] [stderr]    Compiling idna v0.5.0
[INFO] [stderr]    Compiling crossbeam-channel v0.5.13
[INFO] [stderr]    Compiling alloc-no-stdlib v2.0.4
[INFO] [stderr]    Compiling tracing v0.1.40
[INFO] [stderr]    Compiling mime v0.3.17
[INFO] [stderr]    Compiling alloc-stdlib v0.2.2
[INFO] [stderr]    Compiling h2 v0.3.26
[INFO] [stderr]    Compiling url v2.5.2
[INFO] [stderr]    Compiling sync_wrapper v0.1.2
[INFO] [stderr]    Compiling brotli-decompressor v4.0.1
[INFO] [stderr]    Compiling num-bigint v0.2.6
[INFO] [stderr]    Compiling num-rational v0.2.4
[INFO] [stderr]    Compiling num-complex v0.2.4
[INFO] [stderr]    Compiling webpki-roots v0.25.4
[INFO] [stderr]    Compiling serde_urlencoded v0.7.1
[INFO] [stderr]    Compiling scroll_derive v0.11.1
[INFO] [stderr]    Compiling encoding_rs v0.8.35
[INFO] [stderr]    Compiling brotli v7.0.0
[INFO] [stderr]    Compiling void v1.0.2
[INFO] [stderr]    Compiling ipnet v2.10.1
[INFO] [stderr]    Compiling unreachable v1.0.0
[INFO] [stderr]    Compiling scroll v0.11.0
[INFO] [stderr]    Compiling ark-poly v0.4.2
[INFO] [stderr]    Compiling gethostname v0.2.3
[INFO] [stderr]    Compiling num-iter v0.1.45
[INFO] [stderr]    Compiling plain v0.2.3
[INFO] [stderr]    Compiling ascii v0.9.3
[INFO] [stderr]    Compiling goblin v0.5.4
[INFO] [stderr]    Compiling num v0.2.1
[INFO] [stderr]    Compiling cipher v0.3.0
[INFO] [stderr]    Compiling ark-ec v0.4.2
[INFO] [stderr]    Compiling combine v3.8.1
[INFO] [stderr]    Compiling enum-iterator-derive v1.4.0
[INFO] [stderr]    Compiling solana-program-runtime v1.18.26
[INFO] [stderr]    Compiling hash32 v0.2.1
[INFO] [stderr]    Compiling rustc-demangle v0.1.24
[INFO] [stderr]    Compiling enum-iterator v1.5.0
[INFO] [stderr]    Compiling hyper v0.14.31
[INFO] [stderr]    Compiling ark-bn254 v0.4.0
[INFO] [stderr]    Compiling light-poseidon v0.2.0
[INFO] [stderr]    Compiling rustls-webpki v0.101.7
[INFO] [stderr]    Compiling sct v0.7.1
[INFO] [stderr]    Compiling async-compression v0.4.17
[INFO] [stderr]    Compiling percentage v0.1.0
[INFO] [stderr]    Compiling universal-hash v0.4.1
[INFO] [stderr]    Compiling eager v0.1.0
[INFO] [stderr]    Compiling polyval v0.5.3
[INFO] [stderr]    Compiling aes v0.7.5
[INFO] [stderr]    Compiling solana_rbpf v0.8.3
[INFO] [stderr]    Compiling ctr v0.8.0
[INFO] [stderr]    Compiling aead v0.4.3
[INFO] [stderr]    Compiling aes-gcm-siv v0.10.3
[INFO] [stderr]    Compiling sha3 v0.9.1
[INFO] [stderr]    Compiling merlin v3.0.0
[INFO] [stderr]    Compiling winnow v0.5.40
[INFO] [stderr]    Compiling spl-program-error-derive v0.3.2
[INFO] [stderr]    Compiling spl-discriminator-syn v0.1.2
[INFO] [stderr]    Compiling spl-discriminator-derive v0.1.2
[INFO] [stderr]    Compiling num-derive v0.3.3
[INFO] [stderr]    Compiling rustix v0.38.38
[INFO] [stderr]    Compiling tokio-rustls v0.24.1
[INFO] [stderr]    Compiling zstd-sys v2.0.13+zstd.1.5.6
[INFO] [stderr]    Compiling async-trait v0.1.83
[INFO] [stderr]    Compiling hyper-rustls v0.24.2
[INFO] [stderr]    Compiling toml_edit v0.19.15
[INFO] [stderr]    Compiling reqwest v0.11.27
[INFO] [stderr]    Compiling zstd-safe v5.0.2+zstd.1.5.2
[INFO] [stderr]    Compiling solana-security-txt v1.1.1
[INFO] [stderr]    Compiling futures-executor v0.3.31
[INFO] [stderr]    Compiling openssl-probe v0.1.5
[INFO] [stderr]    Compiling proc-macro-crate v1.3.1
[INFO] [stderr]    Compiling hashbrown v0.12.3
[INFO] [stderr]    Compiling solana-vote-program v1.18.26
[INFO] [stderr]    Compiling fastrand v2.1.1
[INFO] [stderr]    Compiling indexmap v1.9.3
[INFO] [stderr]    Compiling time-core v0.1.2
[INFO] [stderr]    Compiling num-conv v0.1.0
[INFO] [stderr]    Compiling powerfmt v0.2.0
[INFO] [stderr]    Compiling futures v0.3.31
[INFO] [stderr]    Compiling time-macros v0.2.18
[INFO] [stderr]    Compiling deranged v0.3.11
[INFO] [stderr]    Compiling Inflector v0.11.4
[INFO] [stderr]    Compiling pin-project-internal v1.1.7
[INFO] [stderr]    Compiling solana-version v1.18.26
[INFO] [stderr]    Compiling base64 v0.13.1
[INFO] [stderr]    Compiling ring v0.16.20
[INFO] [stderr]    Compiling linux-raw-sys v0.4.14
[INFO] [stderr]    Compiling num_enum_derive v0.6.1
[INFO] [stderr]    Compiling pin-project v1.1.7
[INFO] [stderr]    Compiling time v0.3.36
[INFO] [stderr]    Compiling num_enum v0.6.1
[INFO] [stderr]    Compiling itertools v0.12.1
[INFO] [stderr]    Compiling untrusted v0.7.1
[INFO] [stderr]    Compiling spin v0.5.2
[INFO] [stderr]    Compiling rustls-native-certs v0.6.3
[INFO] [stderr]    Compiling prost-derive v0.12.6
[INFO] [stderr]    Compiling memoffset v0.7.1
[INFO] [stderr]    Compiling heck v0.4.1
[INFO] [stderr]    Compiling minimal-lexical v0.2.1
[INFO] [stderr]    Compiling unicode-xid v0.2.6
[INFO] [stderr]    Compiling static_assertions v1.1.0
[INFO] [stderr]    Compiling vcpkg v0.2.15
[INFO] [stderr]    Compiling nom v7.1.3
[INFO] [stderr]    Compiling synstructure v0.12.6
[INFO] [stderr]    Compiling openssl-sys v0.9.104
[INFO] [stderr]    Compiling console v0.15.8
[INFO] [stderr]    Compiling data-encoding v2.6.0
[INFO] [stderr]    Compiling rusticata-macros v4.1.0
[INFO] [stderr]    Compiling asn1-rs-derive v0.4.0
[INFO] [stderr]    Compiling tempfile v3.13.0
[INFO] [stderr]    Compiling yasna v0.5.2
[INFO] [stderr]    Compiling pem v1.1.1
[INFO] [stderr]    Compiling jsonrpc-core v18.0.0
[INFO] [stderr]    Compiling displaydoc v0.2.5
[INFO] [stderr]    Compiling asn1-rs-impl v0.1.0
[INFO] [stderr]    Compiling num_cpus v1.16.0
[INFO] [stderr]    Compiling utf-8 v0.7.6
[INFO] [stderr]    Compiling portable-atomic v1.9.0
[INFO] [stderr]    Compiling solana-rayon-threadlimit v1.18.26
[INFO] [stderr]    Compiling rcgen v0.10.0
[INFO] [stderr]    Compiling asn1-rs v0.5.2
[INFO] [stderr]    Compiling nix v0.26.4
[INFO] [stderr]    Compiling tokio-stream v0.1.16
[INFO] [stderr]    Compiling dlopen2_derive v0.3.0
[INFO] [stderr]    Compiling solana-perf v1.18.26
[INFO] [stderr]    Compiling prettyplease v0.2.25
[INFO] [stderr]    Compiling oid-registry v0.6.1
[INFO] [stderr]    Compiling const-oid v0.7.1
[INFO] [stderr]    Compiling der v0.5.1
[INFO] [stderr]    Compiling prost v0.12.6
[INFO] [stderr]    Compiling dlopen2 v0.5.0
[INFO] [stderr]    Compiling spl-program-error v0.3.0
[INFO] [stderr]    Compiling spl-discriminator v0.1.0
[INFO] [stderr]    Compiling spl-token v4.0.0
[INFO] [stderr]    Compiling spl-memo v4.0.0
[INFO] [stderr]    Compiling caps v0.5.5
[INFO] [stderr]    Compiling axum-core v0.3.4
[INFO] [stderr]    Compiling autotools v0.2.7
[INFO] [stderr]    Compiling base64ct v1.6.0
[INFO] [stderr]    Compiling openssl v0.10.68
[INFO] [stderr]    Compiling os_str_bytes v6.6.1
[INFO] [stderr]    Compiling fixedbitset v0.4.2
[INFO] [stderr]    Compiling zstd v0.11.2+zstd.1.5.2
[INFO] [stderr]    Compiling number_prefix v0.4.0
[INFO] [stderr]    Compiling event-listener v2.5.3
[INFO] [stderr]    Compiling foreign-types-shared v0.1.1
[INFO] [stderr]    Compiling tower-layer v0.3.3
[INFO] [stderr]    Compiling foreign-types v0.3.2
[INFO] [stderr]    Compiling clap_lex v0.2.4
[INFO] [stderr]    Compiling indicatif v0.17.8
[INFO] [stderr]    Compiling petgraph v0.6.5
[INFO] [stderr]    Compiling protobuf-src v1.1.0+21.5
[INFO] [stderr]    Compiling spki v0.5.4
[INFO] [stderr]    Compiling prost-types v0.12.6
[INFO] [stderr]    Compiling der-parser v8.2.0
[INFO] [stderr]    Compiling quinn-proto v0.10.6
[INFO] [stderr]    Compiling clap_derive v3.2.25
[INFO] [stderr]    Compiling webpki-roots v0.24.0
[INFO] [stderr]    Compiling quinn-udp v0.4.1
[INFO] [stderr]    Compiling bzip2-sys v0.1.11+1.0.8
[INFO] [stderr]    Compiling sha1 v0.10.6
[INFO] [stderr]    Compiling openssl-macros v0.1.1
[INFO] [stderr]    Compiling lz4-sys v1.11.1+lz4-1.10.0
[INFO] [stderr]    Compiling axum v0.6.20
[INFO] [stderr]    Compiling concurrent-queue v2.5.0
[INFO] [stderr]    Compiling solana-stake-program v1.18.26
[INFO] [stderr]    Compiling textwrap v0.16.1
[INFO] [stderr]    Compiling solana-measure v1.18.26
[INFO] [stderr]    Compiling solana-metrics v1.18.26
[INFO] [stderr]    Compiling solana-zk-token-sdk v1.18.26
[INFO] [stderr]    Compiling shell-words v1.1.0
[INFO] [stderr]    Compiling multimap v0.10.0
[INFO] [stderr]    Compiling native-tls v0.2.12
[INFO] [stderr]    Compiling strsim v0.10.0
[INFO] [stderr]    Compiling heck v0.5.0
[INFO] [stderr]    Compiling dialoguer v0.10.4
[INFO] [stderr]    Compiling solana-connection-cache v1.18.26
[INFO] [stderr]    Compiling prost-build v0.12.6
[INFO] [stderr]    Compiling clap v3.2.25
[INFO] [stderr]    Compiling async-channel v1.9.0
[INFO] [stderr]    Compiling solana-config-program v1.18.26
[INFO] [stderr]    Compiling quinn v0.10.2
[INFO] [stderr]    Compiling spl-pod v0.1.0
[INFO] [stderr]    Compiling tungstenite v0.20.1
[INFO] [stderr]    Compiling spl-type-length-value v0.3.0
[INFO] [stderr]    Compiling spl-token-group-interface v0.1.0
[INFO] [stderr]    Compiling x509-parser v0.14.0
[INFO] [stderr]    Compiling spl-tlv-account-resolution v0.5.1
[INFO] [stderr]    Compiling spl-token-metadata-interface v0.2.0
[INFO] [stderr]    Compiling spl-transfer-hook-interface v0.4.1
[INFO] [stderr]    Compiling pkcs8 v0.8.0
[INFO] [stderr]    Compiling tower v0.4.13
[INFO] [stderr]    Compiling spl-token-2022 v1.0.0
[INFO] [stderr]    Compiling tokio-io-timeout v1.2.0
[INFO] [stderr]    Compiling shank_macro_impl v0.0.12
[INFO] [stderr]    Compiling enum-ordinalize v3.1.15
[INFO] [stderr]    Compiling async-stream-impl v0.3.6
[INFO] [stderr]    Compiling modular-bitfield-impl v0.11.2
[INFO] [stderr]    Compiling rtoolbox v0.0.2
[INFO] [stderr]    Compiling sharded-slab v0.1.7
[INFO] [stderr]    Compiling solana-address-lookup-table-program v1.18.26
[INFO] [stderr]    Compiling thread_local v1.1.8
[INFO] [stderr]    Compiling predicates-core v1.0.8
[INFO] [stderr]    Compiling matchit v0.7.3
[INFO] [stderr]    Compiling histogram v0.6.9
[INFO] [stderr]    Compiling hashbrown v0.14.5
[INFO] [stderr]    Compiling tracing-subscriber v0.3.18
[INFO] [stderr]    Compiling solana-streamer v1.18.26
[INFO] [stderr]    Compiling dashmap v5.5.3
[INFO] [stderr]    Compiling modular-bitfield v0.11.2
[INFO] [stderr]    Compiling ouroboros_macro v0.15.6
[INFO] [stderr]    Compiling clap v2.34.0
[INFO] [stderr]    Compiling spl-associated-token-account v2.3.0
[INFO] [stderr]    Compiling solana-account-decoder v1.18.26
[INFO] [stderr]    Compiling async-stream v0.3.6
[INFO] [stderr]    Compiling educe v0.4.23
[INFO] [stderr]    Compiling rpassword v7.3.1
[INFO] [stderr]    Compiling shank_render v0.0.1
[INFO] [stderr]    Compiling hyper-timeout v0.4.1
[INFO] [stderr]    Compiling tokio-tungstenite v0.20.1
[INFO] [stderr]    Compiling solana-net-utils v1.18.26
[INFO] [stderr]    Compiling tonic-build v0.10.2
[INFO] [stderr]    Compiling solana-transaction-status v1.18.26
[INFO] [stderr]    Compiling solana-system-program v1.18.26
[INFO] [stderr]    Compiling solana-remote-wallet v1.18.26
[INFO] [stderr]    Compiling strum_macros v0.24.3
[INFO] [stderr]    Compiling solana-rpc-client-api v1.18.26
[INFO] [stderr]    Compiling xattr v1.3.1
[INFO] [stderr]    Compiling opentelemetry v0.17.0
[INFO] [stderr]    Compiling num_enum_derive v0.5.11
[INFO] [stderr]    Compiling filetime v0.2.25
[INFO] [stderr]    Compiling solana-cost-model v1.18.26
[INFO] [stderr]    Compiling solana-vote v1.18.26
[INFO] [stderr]    Compiling solana-accounts-db v1.18.26
[INFO] [stderr]    Compiling float-cmp v0.9.0
[INFO] [stderr]    Compiling include_dir_macros v0.7.4
[INFO] [stderr]    Compiling aliasable v0.1.3
[INFO] [stderr]    Compiling same-file v1.0.6
[INFO] [stderr]    Compiling normalize-line-endings v0.3.0
[INFO] [stderr]    Compiling termtree v0.4.1
[INFO] [stderr]    Compiling difflib v0.4.0
[INFO] [stderr]    Compiling predicates-tree v1.0.11
[INFO] [stderr]    Compiling include_dir v0.7.4
[INFO] [stderr]    Compiling solana-rpc-client v1.18.26
[INFO] [stderr]    Compiling predicates v2.1.5
[INFO] [stderr]    Compiling solana-pubsub-client v1.18.26
[INFO] [stderr]    Compiling tracing-opentelemetry v0.17.4
[INFO] [stderr]    Compiling walkdir v2.5.0
[INFO] [stderr]    Compiling ouroboros v0.15.6
[INFO] [stderr]    Compiling num_enum v0.5.11
[INFO] [stderr]    Compiling lz4 v1.28.0
[INFO] [stderr]    Compiling tar v0.4.42
[INFO] [stderr]    Compiling strum v0.24.1
[INFO] [stderr]    Compiling tonic v0.10.2
[INFO] [stderr]    Compiling solana-clap-utils v1.18.26
[INFO] [stderr]    Compiling tokio-serde v0.8.0
[INFO] [stderr]    Compiling bzip2 v0.4.4
[INFO] [stderr]    Compiling shank_macro v0.0.12
[INFO] [stderr]    Compiling solana-bucket-map v1.18.26
[INFO] [stderr]    Compiling solana-bpf-loader-program v1.18.26
[INFO] [stderr]    Compiling solana-loader-v4-program v1.18.26
[INFO] [stderr]    Compiling solana-compute-budget-program v1.18.26
[INFO] [stderr]    Compiling async-mutex v1.4.0
[INFO] [stderr]    Compiling tokio-util v0.6.10
[INFO] [stderr]    Compiling seqlock v0.2.0
[INFO] [stderr]    Compiling tarpc-plugins v0.12.0
[INFO] [stderr]    Compiling mockall_derive v0.11.4
[INFO] [stderr]    Compiling solana-runtime v1.18.26
[INFO] [stderr]    Compiling downcast v0.11.0
[INFO] [stderr]    Compiling solana-nohash-hasher v0.2.1
[INFO] [stderr]    Compiling rust_decimal v1.36.0
[INFO] [stderr]    Compiling fragile v2.0.0
[INFO] [stderr]    Compiling index_list v0.2.13
[INFO] [stderr]    Compiling tarpc v0.29.0
[INFO] [stderr]    Compiling solana-rpc-client-nonce-utils v1.18.26
[INFO] [stderr]    Compiling solana-thin-client v1.18.26
[INFO] [stderr]    Compiling solana-tpu-client v1.18.26
[INFO] [stderr]    Compiling solana-quic-client v1.18.26
[INFO] [stderr]    Compiling mockall v0.11.4
[INFO] [stderr]    Compiling shank v0.0.12
[INFO] [stderr]    Compiling spl-token v3.5.0
[INFO] [stderr]    Compiling dir-diff v0.3.3
[INFO] [stderr]    Compiling aquamarine v0.3.3
[INFO] [stderr]    Compiling solana-udp-client v1.18.26
[INFO] [stderr]    Compiling tokio-native-tls v0.3.1
[INFO] [stderr]    Compiling solana-zk-token-proof-program v1.18.26
[INFO] [stderr]    Compiling lru v0.7.8
[INFO] [stderr]    Compiling lib-sokoban v0.3.3
[INFO] [stderr]    Compiling sha-1 v0.9.8
[INFO] [stderr]    Compiling input_buffer v0.4.0
[INFO] [stderr]    Compiling symlink v0.1.0
[INFO] [stderr]    Compiling tungstenite v0.12.0
[INFO] [stderr]    Compiling solana-client v1.18.26
[INFO] [stderr]    Compiling solana-banks-interface v1.18.26
[INFO] [stderr]    Compiling tonic-health v0.10.2
[INFO] [stderr]    Compiling ellipsis-transaction-utils v1.0.0
[INFO] [stderr]    Compiling crypto-mac v0.10.1
[INFO] [stderr]    Compiling nom8 v0.2.0
[INFO] [stderr] error: could not compile `solana-rpc-client` (lib)
[INFO] [stderr] 
[INFO] [stderr] Caused by:
[INFO] [stderr]   process didn't exit successfully: `/opt/rustwide/rustup-home/toolchains/nightly-2024-10-28-x86_64-unknown-linux-gnu/bin/rustc --crate-name solana_rpc_client --edition=2021 /opt/rustwide/cargo-home/registry/src/index.crates.io-6f17d22bba15001f/solana-rpc-client-1.18.26/src/lib.rs --error-format=json --json=diagnostic-rendered-ansi,artifacts,future-incompat --crate-type lib --emit=dep-info,metadata,link -C embed-bitcode=no -C debuginfo=2 --cfg 'feature="default"' --cfg 'feature="spinner"' --check-cfg 'cfg(docsrs)' --check-cfg 'cfg(feature, values("default", "spinner"))' -C metadata=79a594e1508f0317 -C extra-filename=-79a594e1508f0317 --out-dir /opt/rustwide/target/debug/deps -L dependency=/opt/rustwide/target/debug/deps --extern async_trait=/opt/rustwide/target/debug/deps/libasync_trait-372aebe291d73888.so --extern base64=/opt/rustwide/target/debug/deps/libbase64-309ef582bd843d33.rmeta --extern bincode=/opt/rustwide/target/debug/deps/libbincode-8d15fbdfd6c75f23.rmeta --extern bs58=/opt/rustwide/target/debug/deps/libbs58-45c8d374f81c9315.rmeta --extern indicatif=/opt/rustwide/target/debug/deps/libindicatif-9ec71f78bc58d78e.rmeta --extern log=/opt/rustwide/target/debug/deps/liblog-e7e7e8ec9ff686da.rmeta --extern reqwest=/opt/rustwide/target/debug/deps/libreqwest-e2d0fe7376a83aac.rmeta --extern semver=/opt/rustwide/target/debug/deps/libsemver-eae488684676fff8.rmeta --extern serde=/opt/rustwide/target/debug/deps/libserde-c594e6e3d055acd9.rmeta --extern serde_derive=/opt/rustwide/target/debug/deps/libserde_derive-d93186abf596b541.so --extern serde_json=/opt/rustwide/target/debug/deps/libserde_json-2c64d809f2f20dcd.rmeta --extern solana_account_decoder=/opt/rustwide/target/debug/deps/libsolana_account_decoder-6f21646319c0eac2.rmeta --extern solana_rpc_client_api=/opt/rustwide/target/debug/deps/libsolana_rpc_client_api-9fe6a52589d46dc8.rmeta --extern solana_sdk=/opt/rustwide/target/debug/deps/libsolana_sdk-fad3a2aedec85921.rlib --extern solana_transaction_status=/opt/rustwide/target/debug/deps/libsolana_transaction_status-e96a71d6297be347.rmeta --extern solana_version=/opt/rustwide/target/debug/deps/libsolana_version-2710806d2d5041cc.rmeta --extern solana_vote_program=/opt/rustwide/target/debug/deps/libsolana_vote_program-107958f0af85e549.rmeta --extern tokio=/opt/rustwide/target/debug/deps/libtokio-7fdfdd68eb3ab41d.rmeta --cap-lints allow --cap-lints=forbid -Zrandomize-layout -L native=/opt/rustwide/target/debug/build/ring-5a36f7ec9af2dcbc/out -L native=/opt/rustwide/target/debug/build/blake3-ad2d7890e3901d9d/out -L native=/opt/rustwide/target/debug/build/blake3-ad2d7890e3901d9d/out -L native=/opt/rustwide/target/debug/build/zstd-sys-1d1bfe27ede8eeb9/out` (signal: 9, SIGKILL: kill)
[INFO] [stderr] warning: build failed, waiting for other jobs to finish...
[INFO] [stderr] error: could not compile `solana-accounts-db` (lib)
[INFO] [stderr] 
[INFO] [stderr] Caused by:
[INFO] [stderr]   process didn't exit successfully: `/opt/rustwide/rustup-home/toolchains/nightly-2024-10-28-x86_64-unknown-linux-gnu/bin/rustc --crate-name solana_accounts_db --edition=2021 /opt/rustwide/cargo-home/registry/src/index.crates.io-6f17d22bba15001f/solana-accounts-db-1.18.26/src/lib.rs --error-format=json --json=diagnostic-rendered-ansi,artifacts,future-incompat --crate-type lib --emit=dep-info,metadata,link -C embed-bitcode=no -C debuginfo=2 --check-cfg 'cfg(docsrs)' --check-cfg 'cfg(feature, values("dev-context-only-utils"))' -C metadata=0625dc9195bc3c62 -C extra-filename=-0625dc9195bc3c62 --out-dir /opt/rustwide/target/debug/deps -L dependency=/opt/rustwide/target/debug/deps --extern arrayref=/opt/rustwide/target/debug/deps/libarrayref-40a1b7d19229fc7e.rmeta --extern bincode=/opt/rustwide/target/debug/deps/libbincode-8d15fbdfd6c75f23.rmeta --extern blake3=/opt/rustwide/target/debug/deps/libblake3-e38d078fd89683d5.rmeta --extern bv=/opt/rustwide/target/debug/deps/libbv-6a33785a2c3db98a.rmeta --extern bytemuck=/opt/rustwide/target/debug/deps/libbytemuck-f21c214ac209d0e3.rmeta --extern byteorder=/opt/rustwide/target/debug/deps/libbyteorder-2e61be03665a4f9a.rmeta --extern bzip2=/opt/rustwide/target/debug/deps/libbzip2-0bbce98de15f76a5.rmeta --extern crossbeam_channel=/opt/rustwide/target/debug/deps/libcrossbeam_channel-1464f29486f25e3e.rmeta --extern dashmap=/opt/rustwide/target/debug/deps/libdashmap-c13fa6310ceac616.rmeta --extern flate2=/opt/rustwide/target/debug/deps/libflate2-a35c4f2443aaaaf6.rmeta --extern fnv=/opt/rustwide/target/debug/deps/libfnv-574dedeaa4c89e1d.rmeta --extern im=/opt/rustwide/target/debug/deps/libim-8c54c43e9400cd0d.rmeta --extern index_list=/opt/rustwide/target/debug/deps/libindex_list-64d3de47145666df.rmeta --extern itertools=/opt/rustwide/target/debug/deps/libitertools-845e13278fabd509.rmeta --extern lazy_static=/opt/rustwide/target/debug/deps/liblazy_static-7af2f34f8b124b26.rmeta --extern log=/opt/rustwide/target/debug/deps/liblog-e7e7e8ec9ff686da.rmeta --extern lz4=/opt/rustwide/target/debug/deps/liblz4-5c6f7eee0f893974.rmeta --extern memmap2=/opt/rustwide/target/debug/deps/libmemmap2-02ec971dcee572f8.rmeta --extern modular_bitfield=/opt/rustwide/target/debug/deps/libmodular_bitfield-f81416470225193d.rmeta --extern num_derive=/opt/rustwide/target/debug/deps/libnum_derive-714c49692f7b9004.so --extern num_traits=/opt/rustwide/target/debug/deps/libnum_traits-f4156d1e802a5c62.rmeta --extern num_cpus=/opt/rustwide/target/debug/deps/libnum_cpus-9f00ffc1fed9ef56.rmeta --extern num_enum=/opt/rustwide/target/debug/deps/libnum_enum-74f85ff3211ac239.rmeta --extern ouroboros=/opt/rustwide/target/debug/deps/libouroboros-c54677dff9967eb9.rmeta --extern percentage=/opt/rustwide/target/debug/deps/libpercentage-548ce1fe2de31305.rmeta --extern qualifier_attr=/opt/rustwide/target/debug/deps/libqualifier_attr-edbc0dfe778e9dd1.so --extern rand=/opt/rustwide/target/debug/deps/librand-f2672e1dc11f0d33.rmeta --extern rayon=/opt/rustwide/target/debug/deps/librayon-e5623d23010f8239.rmeta --extern regex=/opt/rustwide/target/debug/deps/libregex-b4613b3047612f93.rmeta --extern seqlock=/opt/rustwide/target/debug/deps/libseqlock-68d9093024cb9a6c.rmeta --extern serde=/opt/rustwide/target/debug/deps/libserde-c594e6e3d055acd9.rmeta --extern serde_derive=/opt/rustwide/target/debug/deps/libserde_derive-d93186abf596b541.so --extern smallvec=/opt/rustwide/target/debug/deps/libsmallvec-756ee87804f0eec5.rmeta --extern solana_bucket_map=/opt/rustwide/target/debug/deps/libsolana_bucket_map-71644c2b13a0a180.rmeta --extern solana_config_program=/opt/rustwide/target/debug/deps/libsolana_config_program-d85d57f55db57126.rmeta --extern solana_frozen_abi=/opt/rustwide/target/debug/deps/libsolana_frozen_abi-80607498c37fddf6.rmeta --extern solana_frozen_abi_macro=/opt/rustwide/target/debug/deps/libsolana_frozen_abi_macro-0f7df51d2155976f.so --extern solana_measure=/opt/rustwide/target/debug/deps/libsolana_measure-37de7d0b3597fc6d.rmeta --extern solana_metrics=/opt/rustwide/target/debug/deps/libsolana_metrics-04729656f05707d0.rmeta --extern solana_nohash_hasher=/opt/rustwide/target/debug/deps/libsolana_nohash_hasher-a895c33a508ca83f.rmeta --extern solana_program_runtime=/opt/rustwide/target/debug/deps/libsolana_program_runtime-c8336df09e890129.rmeta --extern solana_rayon_threadlimit=/opt/rustwide/target/debug/deps/libsolana_rayon_threadlimit-e9d048e211ee4e79.rmeta --extern solana_sdk=/opt/rustwide/target/debug/deps/libsolana_sdk-fad3a2aedec85921.rlib --extern solana_stake_program=/opt/rustwide/target/debug/deps/libsolana_stake_program-74e0562433c4c419.rmeta --extern solana_system_program=/opt/rustwide/target/debug/deps/libsolana_system_program-3fc46a4544b5fcd3.rmeta --extern solana_vote_program=/opt/rustwide/target/debug/deps/libsolana_vote_program-107958f0af85e549.rmeta --extern static_assertions=/opt/rustwide/target/debug/deps/libstatic_assertions-14a197ae77f98fdb.rmeta --extern strum=/opt/rustwide/target/debug/deps/libstrum-6abd514bfca47ced.rmeta --extern strum_macros=/opt/rustwide/target/debug/deps/libstrum_macros-0a82e2a3ce10ca20.so --extern tar=/opt/rustwide/target/debug/deps/libtar-4a00cb83f97b6b82.rmeta --extern tempfile=/opt/rustwide/target/debug/deps/libtempfile-6f05d24fd73339c4.rmeta --extern thiserror=/opt/rustwide/target/debug/deps/libthiserror-60c9f25fd7297968.rmeta --cap-lints allow --cap-lints=forbid -Zrandomize-layout -L native=/opt/rustwide/target/debug/build/blake3-ad2d7890e3901d9d/out -L native=/opt/rustwide/target/debug/build/blake3-ad2d7890e3901d9d/out -L native=/opt/rustwide/target/debug/build/bzip2-sys-03e4e3ce87685030/out/lib -L native=/opt/rustwide/target/debug/build/lz4-sys-ed02bbfdd4c83e87/out -L native=/opt/rustwide/target/debug/build/ring-5a36f7ec9af2dcbc/out --cfg RUSTC_WITH_SPECIALIZATION` (signal: 9, SIGKILL: kill)
[INFO] [stderr] error: could not compile `solana-program` (lib)
[INFO] [stderr] 
[INFO] [stderr] Caused by:
[INFO] [stderr]   process didn't exit successfully: `/opt/rustwide/rustup-home/toolchains/nightly-2024-10-28-x86_64-unknown-linux-gnu/bin/rustc --crate-name solana_program --edition=2021 /opt/rustwide/cargo-home/registry/src/index.crates.io-6f17d22bba15001f/solana-program-1.18.26/src/lib.rs --error-format=json --json=diagnostic-rendered-ansi,artifacts,future-incompat --crate-type cdylib --crate-type rlib --emit=dep-info,link -C embed-bitcode=no -C debuginfo=2 --cfg 'feature="default"' --check-cfg 'cfg(docsrs)' --check-cfg 'cfg(feature, values("default"))' -C metadata=0779280a4073c57f -C extra-filename=-0779280a4073c57f --out-dir /opt/rustwide/target/debug/deps -L dependency=/opt/rustwide/target/debug/deps --extern ark_bn254=/opt/rustwide/target/debug/deps/libark_bn254-45205341f6dd8362.rlib --extern ark_ec=/opt/rustwide/target/debug/deps/libark_ec-8835b879705ba102.rlib --extern ark_ff=/opt/rustwide/target/debug/deps/libark_ff-dc01a8b4bf2d4fcf.rlib --extern ark_serialize=/opt/rustwide/target/debug/deps/libark_serialize-21a61762f1781f6e.rlib --extern base64=/opt/rustwide/target/debug/deps/libbase64-309ef582bd843d33.rlib --extern bincode=/opt/rustwide/target/debug/deps/libbincode-8d15fbdfd6c75f23.rlib --extern bitflags=/opt/rustwide/target/debug/deps/libbitflags-24d094fa50509c34.rlib --extern blake3=/opt/rustwide/target/debug/deps/libblake3-d754f0c3a5951951.rlib --extern borsh0_9=/opt/rustwide/target/debug/deps/libborsh-fa02f01b1d336f1d.rlib --extern borsh0_10=/opt/rustwide/target/debug/deps/libborsh-67e6e85552917d1d.rlib --extern borsh=/opt/rustwide/target/debug/deps/libborsh-093daef4cf390c87.rlib --extern bs58=/opt/rustwide/target/debug/deps/libbs58-45c8d374f81c9315.rlib --extern bv=/opt/rustwide/target/debug/deps/libbv-6a33785a2c3db98a.rlib --extern bytemuck=/opt/rustwide/target/debug/deps/libbytemuck-f21c214ac209d0e3.rlib --extern curve25519_dalek=/opt/rustwide/target/debug/deps/libcurve25519_dalek-51148cf57d9367c0.rlib --extern itertools=/opt/rustwide/target/debug/deps/libitertools-845e13278fabd509.rlib --extern lazy_static=/opt/rustwide/target/debug/deps/liblazy_static-7af2f34f8b124b26.rlib --extern libc=/opt/rustwide/target/debug/deps/liblibc-cf06f29c0a4f6ede.rlib --extern libsecp256k1=/opt/rustwide/target/debug/deps/liblibsecp256k1-50206d088ecbba45.rlib --extern light_poseidon=/opt/rustwide/target/debug/deps/liblight_poseidon-ca2d23a3d25ea8c6.rlib --extern log=/opt/rustwide/target/debug/deps/liblog-e7e7e8ec9ff686da.rlib --extern memoffset=/opt/rustwide/target/debug/deps/libmemoffset-2a36707ba2ee8ddf.rlib --extern num_bigint=/opt/rustwide/target/debug/deps/libnum_bigint-0df7d231df4cf0b5.rlib --extern num_derive=/opt/rustwide/target/debug/deps/libnum_derive-714c49692f7b9004.so --extern num_traits=/opt/rustwide/target/debug/deps/libnum_traits-f4156d1e802a5c62.rlib --extern rand=/opt/rustwide/target/debug/deps/librand-9bc7dcedda770d58.rlib --extern rustversion=/opt/rustwide/target/debug/deps/librustversion-851c0b9789869db0.so --extern serde=/opt/rustwide/target/debug/deps/libserde-c594e6e3d055acd9.rlib --extern serde_bytes=/opt/rustwide/target/debug/deps/libserde_bytes-c01f84b201fed01f.rlib --extern serde_derive=/opt/rustwide/target/debug/deps/libserde_derive-d93186abf596b541.so --extern serde_json=/opt/rustwide/target/debug/deps/libserde_json-e18b933e0cf48eba.rlib --extern sha2=/opt/rustwide/target/debug/deps/libsha2-607f4f8a0ebbcbc6.rlib --extern sha3=/opt/rustwide/target/debug/deps/libsha3-1b2414caac3aa66b.rlib --extern solana_frozen_abi=/opt/rustwide/target/debug/deps/libsolana_frozen_abi-80607498c37fddf6.rlib --extern solana_frozen_abi_macro=/opt/rustwide/target/debug/deps/libsolana_frozen_abi_macro-0f7df51d2155976f.so --extern solana_sdk_macro=/opt/rustwide/target/debug/deps/libsolana_sdk_macro-49a70ff73d6e1fa1.so --extern thiserror=/opt/rustwide/target/debug/deps/libthiserror-60c9f25fd7297968.rlib --extern bip39=/opt/rustwide/target/debug/deps/libbip39-35b31a1876ae6630.rlib --extern wasm_bindgen=/opt/rustwide/target/debug/deps/libwasm_bindgen-3f6181f9ac70f2e8.rlib --extern zeroize=/opt/rustwide/target/debug/deps/libzeroize-c2ac70b8ffe32ecf.rlib --cap-lints allow --cap-lints=forbid -Zrandomize-layout -L native=/opt/rustwide/target/debug/build/blake3-ad2d7890e3901d9d/out -L native=/opt/rustwide/target/debug/build/blake3-ad2d7890e3901d9d/out --cfg RUSTC_WITH_SPECIALIZATION` (signal: 9, SIGKILL: kill)
[INFO] [stderr] error: could not compile `solana-runtime` (lib)
[INFO] [stderr] 
[INFO] [stderr] Caused by:
[INFO] [stderr]   process didn't exit successfully: `/opt/rustwide/rustup-home/toolchains/nightly-2024-10-28-x86_64-unknown-linux-gnu/bin/rustc --crate-name solana_runtime --edition=2021 /opt/rustwide/cargo-home/registry/src/index.crates.io-6f17d22bba15001f/solana-runtime-1.18.26/src/lib.rs --error-format=json --json=diagnostic-rendered-ansi,artifacts,future-incompat --crate-type lib --emit=dep-info,metadata,link -C embed-bitcode=no -C debuginfo=2 --check-cfg 'cfg(docsrs)' --check-cfg 'cfg(feature, values("dev-context-only-utils"))' -C metadata=aad163a6d926750a -C extra-filename=-aad163a6d926750a --out-dir /opt/rustwide/target/debug/deps -L dependency=/opt/rustwide/target/debug/deps --extern aquamarine=/opt/rustwide/target/debug/deps/libaquamarine-096ca8979065af8f.so --extern arrayref=/opt/rustwide/target/debug/deps/libarrayref-40a1b7d19229fc7e.rmeta --extern base64=/opt/rustwide/target/debug/deps/libbase64-309ef582bd843d33.rmeta --extern bincode=/opt/rustwide/target/debug/deps/libbincode-8d15fbdfd6c75f23.rmeta --extern blake3=/opt/rustwide/target/debug/deps/libblake3-e38d078fd89683d5.rmeta --extern bv=/opt/rustwide/target/debug/deps/libbv-6a33785a2c3db98a.rmeta --extern bytemuck=/opt/rustwide/target/debug/deps/libbytemuck-f21c214ac209d0e3.rmeta --extern byteorder=/opt/rustwide/target/debug/deps/libbyteorder-2e61be03665a4f9a.rmeta --extern bzip2=/opt/rustwide/target/debug/deps/libbzip2-0bbce98de15f76a5.rmeta --extern crossbeam_channel=/opt/rustwide/target/debug/deps/libcrossbeam_channel-1464f29486f25e3e.rmeta --extern dashmap=/opt/rustwide/target/debug/deps/libdashmap-c13fa6310ceac616.rmeta --extern dir_diff=/opt/rustwide/target/debug/deps/libdir_diff-3626ae9d3573fa3a.rmeta --extern flate2=/opt/rustwide/target/debug/deps/libflate2-a35c4f2443aaaaf6.rmeta --extern fnv=/opt/rustwide/target/debug/deps/libfnv-574dedeaa4c89e1d.rmeta --extern im=/opt/rustwide/target/debug/deps/libim-8c54c43e9400cd0d.rmeta --extern index_list=/opt/rustwide/target/debug/deps/libindex_list-64d3de47145666df.rmeta --extern itertools=/opt/rustwide/target/debug/deps/libitertools-845e13278fabd509.rmeta --extern lazy_static=/opt/rustwide/target/debug/deps/liblazy_static-7af2f34f8b124b26.rmeta --extern log=/opt/rustwide/target/debug/deps/liblog-e7e7e8ec9ff686da.rmeta --extern lru=/opt/rustwide/target/debug/deps/liblru-70d9dceb72951cf6.rmeta --extern lz4=/opt/rustwide/target/debug/deps/liblz4-5c6f7eee0f893974.rmeta --extern memmap2=/opt/rustwide/target/debug/deps/libmemmap2-02ec971dcee572f8.rmeta --extern mockall=/opt/rustwide/target/debug/deps/libmockall-d1d2107b7d94edf7.rmeta --extern modular_bitfield=/opt/rustwide/target/debug/deps/libmodular_bitfield-f81416470225193d.rmeta --extern num_derive=/opt/rustwide/target/debug/deps/libnum_derive-714c49692f7b9004.so --extern num_traits=/opt/rustwide/target/debug/deps/libnum_traits-f4156d1e802a5c62.rmeta --extern num_cpus=/opt/rustwide/target/debug/deps/libnum_cpus-9f00ffc1fed9ef56.rmeta --extern num_enum=/opt/rustwide/target/debug/deps/libnum_enum-74f85ff3211ac239.rmeta --extern ouroboros=/opt/rustwide/target/debug/deps/libouroboros-c54677dff9967eb9.rmeta --extern percentage=/opt/rustwide/target/debug/deps/libpercentage-548ce1fe2de31305.rmeta --extern qualifier_attr=/opt/rustwide/target/debug/deps/libqualifier_attr-edbc0dfe778e9dd1.so --extern rand=/opt/rustwide/target/debug/deps/librand-f2672e1dc11f0d33.rmeta --extern rayon=/opt/rustwide/target/debug/deps/librayon-e5623d23010f8239.rmeta --extern regex=/opt/rustwide/target/debug/deps/libregex-b4613b3047612f93.rmeta --extern serde=/opt/rustwide/target/debug/deps/libserde-c594e6e3d055acd9.rmeta --extern serde_derive=/opt/rustwide/target/debug/deps/libserde_derive-d93186abf596b541.so --extern serde_json=/opt/rustwide/target/debug/deps/libserde_json-2c64d809f2f20dcd.rmeta --extern solana_accounts_db=/opt/rustwide/target/debug/deps/libsolana_accounts_db-0625dc9195bc3c62.rmeta --extern solana_address_lookup_table_program=/opt/rustwide/target/debug/deps/libsolana_address_lookup_table_program-355735233f040c2e.rmeta --extern solana_bpf_loader_program=/opt/rustwide/target/debug/deps/libsolana_bpf_loader_program-62e29cb3560a5665.rmeta --extern solana_bucket_map=/opt/rustwide/target/debug/deps/libsolana_bucket_map-71644c2b13a0a180.rmeta --extern solana_compute_budget_program=/opt/rustwide/target/debug/deps/libsolana_compute_budget_program-7f5f27c5d0b3d4c1.rmeta --extern solana_config_program=/opt/rustwide/target/debug/deps/libsolana_config_program-d85d57f55db57126.rmeta --extern solana_cost_model=/opt/rustwide/target/debug/deps/libsolana_cost_model-c64d65030c1ffb9f.rmeta --extern solana_frozen_abi=/opt/rustwide/target/debug/deps/libsolana_frozen_abi-80607498c37fddf6.rmeta --extern solana_frozen_abi_macro=/opt/rustwide/target/debug/deps/libsolana_frozen_abi_macro-0f7df51d2155976f.so --extern solana_loader_v4_program=/opt/rustwide/target/debug/deps/libsolana_loader_v4_program-41e90cdaba53c6cc.rmeta --extern solana_measure=/opt/rustwide/target/debug/deps/libsolana_measure-37de7d0b3597fc6d.rmeta --extern solana_metrics=/opt/rustwide/target/debug/deps/libsolana_metrics-04729656f05707d0.rmeta --extern solana_perf=/opt/rustwide/target/debug/deps/libsolana_perf-dafa1a8dbd78d581.rmeta --extern solana_program_runtime=/opt/rustwide/target/debug/deps/libsolana_program_runtime-c8336df09e890129.rmeta --extern solana_rayon_threadlimit=/opt/rustwide/target/debug/deps/libsolana_rayon_threadlimit-e9d048e211ee4e79.rmeta --extern solana_sdk=/opt/rustwide/target/debug/deps/libsolana_sdk-fad3a2aedec85921.rlib --extern solana_stake_program=/opt/rustwide/target/debug/deps/libsolana_stake_program-74e0562433c4c419.rmeta --extern solana_system_program=/opt/rustwide/target/debug/deps/libsolana_system_program-3fc46a4544b5fcd3.rmeta --extern solana_version=/opt/rustwide/target/debug/deps/libsolana_version-2710806d2d5041cc.rmeta --extern solana_vote=/opt/rustwide/target/debug/deps/libsolana_vote-c5c1259aee72f251.rmeta --extern solana_vote_program=/opt/rustwide/target/debug/deps/libsolana_vote_program-107958f0af85e549.rmeta --extern solana_zk_token_proof_program=/opt/rustwide/target/debug/deps/libsolana_zk_token_proof_program-ad64b9db24ffbd84.rmeta --extern solana_zk_token_sdk=/opt/rustwide/target/debug/deps/libsolana_zk_token_sdk-a54ac32da56e49a5.rlib --extern static_assertions=/opt/rustwide/target/debug/deps/libstatic_assertions-14a197ae77f98fdb.rmeta --extern strum=/opt/rustwide/target/debug/deps/libstrum-6abd514bfca47ced.rmeta --extern strum_macros=/opt/rustwide/target/debug/deps/libstrum_macros-0a82e2a3ce10ca20.so --extern symlink=/opt/rustwide/target/debug/deps/libsymlink-8c0dffd9e004d279.rmeta --extern tar=/opt/rustwide/target/debug/deps/libtar-4a00cb83f97b6b82.rmeta --extern tempfile=/opt/rustwide/target/debug/deps/libtempfile-6f05d24fd73339c4.rmeta --extern thiserror=/opt/rustwide/target/debug/deps/libthiserror-60c9f25fd7297968.rmeta --extern zstd=/opt/rustwide/target/debug/deps/libzstd-59e9d62878af6e0f.rmeta --cap-lints allow --cap-lints=forbid -Zrandomize-layout -L native=/opt/rustwide/target/debug/build/blake3-ad2d7890e3901d9d/out -L native=/opt/rustwide/target/debug/build/blake3-ad2d7890e3901d9d/out -L native=/opt/rustwide/target/debug/build/bzip2-sys-03e4e3ce87685030/out/lib -L native=/opt/rustwide/target/debug/build/lz4-sys-ed02bbfdd4c83e87/out -L native=/opt/rustwide/target/debug/build/ring-5a36f7ec9af2dcbc/out -L native=/opt/rustwide/target/debug/build/zstd-sys-1d1bfe27ede8eeb9/out --cfg RUSTC_WITH_SPECIALIZATION` (signal: 9, SIGKILL: kill)
[INFO] [stderr] error: failed to run custom build command for `protobuf-src v1.1.0+21.5`
[INFO] [stderr] note: To improve backtraces for build dependencies, set the CARGO_PROFILE_DEV_BUILD_OVERRIDE_DEBUG=true environment variable to enable debug information generation.
[INFO] [stderr] 
[INFO] [stderr] Caused by:
[INFO] [stderr]   process didn't exit successfully: `/opt/rustwide/target/debug/build/protobuf-src-4949f4f00b7f93c2/build-script-build` (exit status: 101)
[INFO] [stderr]   --- stdout
[INFO] [stderr]   running: cd "/opt/rustwide/target/debug/build/protobuf-src-da94bdd3a146a321/out/install/build" && CC="cc" CFLAGS="-O0 -ffunction-sections -fdata-sections -fPIC -m64" CXX="c++" CXXFLAGS="-O0 -ffunction-sections -fdata-sections -fPIC -m64" "sh" "-c" "exec \"$0\" \"$@\"" "/opt/rustwide/cargo-home/registry/src/index.crates.io-6f17d22bba15001f/protobuf-src-1.1.0+21.5/protobuf/configure" "--prefix=/opt/rustwide/target/debug/build/protobuf-src-da94bdd3a146a321/out/install" "--disable-shared" "--enable-static" "--disable-maintainer-mode"
[INFO] [stderr]   checking whether to enable maintainer-specific portions of Makefiles... no
[INFO] [stderr]   checking build system type... x86_64-pc-linux-gnu
[INFO] [stderr]   checking host system type... x86_64-pc-linux-gnu
[INFO] [stderr]   checking target system type... x86_64-pc-linux-gnu
[INFO] [stderr]   checking for a BSD-compatible install... /usr/bin/install -c
[INFO] [stderr]   checking whether build environment is sane... yes
[INFO] [stderr]   checking for a race-free mkdir -p... /usr/bin/mkdir -p
[INFO] [stderr]   checking for gawk... no
[INFO] [stderr]   checking for mawk... mawk
[INFO] [stderr]   checking whether make sets $(MAKE)... yes
[INFO] [stderr]   checking whether make supports nested variables... yes
[INFO] [stderr]   checking whether UID '0' is supported by ustar format... yes
[INFO] [stderr]   checking whether GID '0' is supported by ustar format... yes
[INFO] [stderr]   checking how to create a ustar tar archive... gnutar
[INFO] [stderr]   checking whether make supports nested variables... (cached) yes
[INFO] [stderr]   checking for gcc... cc
[INFO] [stderr]   checking whether the C compiler works... yes
[INFO] [stderr]   checking for C compiler default output file name... a.out
[INFO] [stderr]   checking for suffix of executables... 
[INFO] [stderr]   checking whether we are cross compiling... no
[INFO] [stderr]   checking for suffix of object files... o
[INFO] [stderr]   checking whether the compiler supports GNU C... yes
[INFO] [stderr]   checking whether cc accepts -g... yes
[INFO] [stderr]   checking for cc option to enable C11 features... none needed
[INFO] [stderr]   checking whether cc understands -c and -o together... yes
[INFO] [stderr]   checking whether make supports the include directive... yes (GNU style)
[INFO] [stderr]   checking dependency style of cc... gcc3
[INFO] [stderr]   checking whether the compiler supports GNU C++... yes
[INFO] [stderr]   checking whether c++ accepts -g... yes
[INFO] [stderr]   checking for c++ option to enable C++11 features... none needed
[INFO] [stderr]   checking dependency style of c++... gcc3
[INFO] [stderr]   checking how to run the C preprocessor... cc -E
[INFO] [stderr]   checking for gcc... gcc
[INFO] [stderr]   checking whether the compiler supports GNU C... (cached) yes
[INFO] [stderr]   checking whether gcc accepts -g... yes
[INFO] [stderr]   checking for gcc option to enable C11 features... (cached) none needed
[INFO] [stderr]   checking whether gcc understands -c and -o together... (cached) yes
[INFO] [stderr]   checking dependency style of gcc... (cached) gcc3
[INFO] [stderr]   checking how to run the C preprocessor... gcc -E
[INFO] [stderr]   checking how to run the C++ preprocessor... c++ -E
[INFO] [stderr]   checking for g++... g++
[INFO] [stderr]   checking whether the compiler supports GNU C++... (cached) yes
[INFO] [stderr]   checking whether g++ accepts -g... yes
[INFO] [stderr]   checking for g++ option to enable C++11 features... (cached) none needed
[INFO] [stderr]   checking dependency style of g++... (cached) gcc3
[INFO] [stderr]   checking how to run the C++ preprocessor... g++ -E
[INFO] [stderr]   checking for stdio.h... yes
[INFO] [stderr]   checking for stdlib.h... yes
[INFO] [stderr]   checking for string.h... yes
[INFO] [stderr]   checking for inttypes.h... yes
[INFO] [stderr]   checking for stdint.h... yes
[INFO] [stderr]   checking for strings.h... yes
[INFO] [stderr]   checking for sys/stat.h... yes
[INFO] [stderr]   checking for sys/types.h... yes
[INFO] [stderr]   checking for unistd.h... yes
[INFO] [stderr]   checking for wchar.h... yes
[INFO] [stderr]   checking for minix/config.h... no
[INFO] [stderr]   checking whether it is safe to define __EXTENSIONS__... yes
[INFO] [stderr]   checking whether _XOPEN_SOURCE should be defined... no
[INFO] [stderr]   checking for ar... ar
[INFO] [stderr]   checking the archiver (ar) interface... ar
[INFO] [stderr]   checking C++ compiler flags...... use user-supplied: -O0 -ffunction-sections -fdata-sections -fPIC -m64
[INFO] [stderr]   checking for c++ options needed to detect all undeclared functions... none needed
[INFO] [stderr]   checking whether __SUNPRO_CC is declared... no
[INFO] [stderr]   checking how to print strings... printf
[INFO] [stderr]   checking for a sed that does not truncate output... /usr/bin/sed
[INFO] [stderr]   checking for grep that handles long lines and -e... /usr/bin/grep
[INFO] [stderr]   checking for egrep... /usr/bin/grep -E
[INFO] [stderr]   checking for fgrep... /usr/bin/grep -F
[INFO] [stderr]   checking for ld used by cc... /usr/bin/ld
[INFO] [stderr]   checking if the linker (/usr/bin/ld) is GNU ld... yes
[INFO] [stderr]   checking for BSD- or MS-compatible name lister (nm)... /usr/bin/nm -B
[INFO] [stderr]   checking the name lister (/usr/bin/nm -B) interface... BSD nm
[INFO] [stderr]   checking whether ln -s works... yes
[INFO] [stderr]   checking the maximum length of command line arguments... 1572864
[INFO] [stderr]   checking how to convert x86_64-pc-linux-gnu file names to x86_64-pc-linux-gnu format... func_convert_file_noop
[INFO] [stderr]   checking how to convert x86_64-pc-linux-gnu file names to toolchain format... func_convert_file_noop
[INFO] [stderr]   checking for /usr/bin/ld option to reload object files... -r
[INFO] [stderr]   checking for file... file
[INFO] [stderr]   checking for objdump... objdump
[INFO] [stderr]   checking how to recognize dependent libraries... pass_all
[INFO] [stderr]   checking for dlltool... no
[INFO] [stderr]   checking how to associate runtime and link libraries... printf %s\n
[INFO] [stderr]   checking for archiver @FILE support... @
[INFO] [stderr]   checking for strip... strip
[INFO] [stderr]   checking for ranlib... ranlib
[INFO] [stderr]   checking command to parse /usr/bin/nm -B output from cc object... ok
[INFO] [stderr]   checking for sysroot... no
[INFO] [stderr]   checking for a working dd... /usr/bin/dd
[INFO] [stderr]   checking how to truncate binary pipes... /usr/bin/dd bs=4096 count=1
[INFO] [stderr]   checking for mt... no
[INFO] [stderr]   checking if : is a manifest tool... no
[INFO] [stderr]   checking for dlfcn.h... yes
[INFO] [stderr]   checking for objdir... .libs
[INFO] [stderr]   checking if cc supports -fno-rtti -fno-exceptions... no
[INFO] [stderr]   checking for cc option to produce PIC... -fPIC -DPIC
[INFO] [stderr]   checking if cc PIC flag -fPIC -DPIC works... yes
[INFO] [stderr]   checking if cc static flag -static works... yes
[INFO] [stderr]   checking if cc supports -c -o file.o... yes
[INFO] [stderr]   checking if cc supports -c -o file.o... (cached) yes
[INFO] [stderr]   checking whether the cc linker (/usr/bin/ld -m elf_x86_64) supports shared libraries... yes
[INFO] [stderr]   checking dynamic linker characteristics... GNU/Linux ld.so
[INFO] [stderr]   checking how to hardcode library paths into programs... immediate
[INFO] [stderr]   checking whether stripping libraries is possible... yes
[INFO] [stderr]   checking if libtool supports shared libraries... yes
[INFO] [stderr]   checking whether to build shared libraries... no
[INFO] [stderr]   checking whether to build static libraries... yes
[INFO] [stderr]   checking how to run the C++ preprocessor... c++ -E
[INFO] [stderr]   checking for ld used by c++... /usr/bin/ld -m elf_x86_64
[INFO] [stderr]   checking if the linker (/usr/bin/ld -m elf_x86_64) is GNU ld... yes
[INFO] [stderr]   checking whether the c++ linker (/usr/bin/ld -m elf_x86_64) supports shared libraries... yes
[INFO] [stderr]   checking for c++ option to produce PIC... -fPIC -DPIC
[INFO] [stderr]   checking if c++ PIC flag -fPIC -DPIC works... yes
[INFO] [stderr]   checking if c++ static flag -static works... yes
[INFO] [stderr]   checking if c++ supports -c -o file.o... yes
[INFO] [stderr]   checking if c++ supports -c -o file.o... (cached) yes
[INFO] [stderr]   checking whether the c++ linker (/usr/bin/ld -m elf_x86_64) supports shared libraries... yes
[INFO] [stderr]   checking dynamic linker characteristics... (cached) GNU/Linux ld.so
[INFO] [stderr]   checking how to hardcode library paths into programs... immediate
[INFO] [stderr]   checking whether the linker supports version scripts... yes
[INFO] [stderr]   checking for egrep... (cached) /usr/bin/grep -E
[INFO] [stderr]   checking for fcntl.h... yes
[INFO] [stderr]   checking for inttypes.h... (cached) yes
[INFO] [stderr]   checking for limits.h... yes
[INFO] [stderr]   checking for stdlib.h... (cached) yes
[INFO] [stderr]   checking for unistd.h... (cached) yes
[INFO] [stderr]   checking for working memcmp... yes
[INFO] [stderr]   checking for working strtod... yes
[INFO] [stderr]   checking for ftruncate... yes
[INFO] [stderr]   checking for memset... yes
[INFO] [stderr]   checking for mkdir... yes
[INFO] [stderr]   checking for strchr... yes
[INFO] [stderr]   checking for strerror... yes
[INFO] [stderr]   checking for strtol... yes
[INFO] [stderr]   checking zlib version... ok (1.2.0.4 or later)
[INFO] [stderr]   checking for library containing zlibVersion... -lz
[INFO] [stderr]   checking whether c++ supports C++11 features by default... yes
[INFO] [stderr]   checking whether -latomic is needed... no
[INFO] [stderr]   checking whether cc is Clang... no
[INFO] [stderr]   checking whether pthreads work with "-pthread" and "-lpthread"... yes
[INFO] [stderr]   checking for joinable pthread attribute... PTHREAD_CREATE_JOINABLE
[INFO] [stderr]   checking whether more special flags are required for pthreads... no
[INFO] [stderr]   checking for PTHREAD_PRIO_INHERIT... yes
[INFO] [stderr]   checking the location of hash_map... <unordered_map>
[INFO] [stderr]   checking whether -llog is needed... no
[INFO] [stderr]   checking that generated files are newer than configure... done
[INFO] [stderr]   configure: creating ./config.status
[INFO] [stderr]   config.status: creating Makefile
[INFO] [stderr]   config.status: creating src/Makefile
[INFO] [stderr]   config.status: creating benchmarks/Makefile
[INFO] [stderr]   config.status: creating conformance/Makefile
[INFO] [stderr]   config.status: creating protobuf.pc
[INFO] [stderr]   config.status: creating protobuf-lite.pc
[INFO] [stderr]   config.status: creating config.h
[INFO] [stderr]   config.status: executing depfiles commands
[INFO] [stderr]   config.status: executing libtool commands
[INFO] [stderr]   === configuring in third_party/googletest (/opt/rustwide/target/debug/build/protobuf-src-da94bdd3a146a321/out/install/build/third_party/googletest)
[INFO] [stderr]   configure: running /bin/bash /opt/rustwide/cargo-home/registry/src/index.crates.io-6f17d22bba15001f/protobuf-src-1.1.0+21.5/protobuf/third_party/googletest/configure --disable-option-checking '--prefix=/opt/rustwide/target/debug/build/protobuf-src-da94bdd3a146a321/out/install'  '--disable-shared' '--enable-static' '--disable-maintainer-mode' 'CC=cc' 'CFLAGS=-O0 -ffunction-sections -fdata-sections -fPIC -m64' 'CXX=c++' 'CXXFLAGS=-O0 -ffunction-sections -fdata-sections -fPIC -m64' --cache-file=/dev/null --srcdir=/opt/rustwide/cargo-home/registry/src/index.crates.io-6f17d22bba15001f/protobuf-src-1.1.0+21.5/protobuf/third_party/googletest
[INFO] [stderr]   checking for a BSD-compatible install... /usr/bin/install -c
[INFO] [stderr]   checking whether build environment is sane... yes
[INFO] [stderr]   checking for a race-free mkdir -p... /usr/bin/mkdir -p
[INFO] [stderr]   checking for gawk... no
[INFO] [stderr]   checking for mawk... mawk
[INFO] [stderr]   checking whether make sets $(MAKE)... yes
[INFO] [stderr]   checking whether make supports nested variables... yes
[INFO] [stderr]   checking that generated files are newer than configure... done
[INFO] [stderr]   configure: creating ./config.status
[INFO] [stderr]   config.status: creating Makefile
[INFO] [stderr]   === configuring in googletest (/opt/rustwide/target/debug/build/protobuf-src-da94bdd3a146a321/out/install/build/third_party/googletest/googletest)
[INFO] [stderr]   configure: running /bin/bash /opt/rustwide/cargo-home/registry/src/index.crates.io-6f17d22bba15001f/protobuf-src-1.1.0+21.5/protobuf/third_party/googletest/googletest/configure --disable-option-checking '--prefix=/opt/rustwide/target/debug/build/protobuf-src-da94bdd3a146a321/out/install'  '--disable-shared' '--enable-static' '--disable-maintainer-mode' 'CC=cc' 'CFLAGS=-O0 -ffunction-sections -fdata-sections -fPIC -m64' 'CXX=c++' 'CXXFLAGS=-O0 -ffunction-sections -fdata-sections -fPIC -m64' --cache-file=/dev/null --srcdir=/opt/rustwide/cargo-home/registry/src/index.crates.io-6f17d22bba15001f/protobuf-src-1.1.0+21.5/protobuf/third_party/googletest/googletest
[INFO] [stderr]   checking for a BSD-compatible install... /usr/bin/install -c
[INFO] [stderr]   checking whether build environment is sane... yes
[INFO] [stderr]   checking for a race-free mkdir -p... /usr/bin/mkdir -p
[INFO] [stderr]   checking for gawk... no
[INFO] [stderr]   checking for mawk... mawk
[INFO] [stderr]   checking whether make sets $(MAKE)... yes
[INFO] [stderr]   checking whether make supports nested variables... yes
[INFO] [stderr]   checking for gcc... cc
[INFO] [stderr]   checking whether the C compiler works... yes
[INFO] [stderr]   checking for C compiler default output file name... a.out
[INFO] [stderr]   checking for suffix of executables... 
[INFO] [stderr]   checking whether we are cross compiling... no
[INFO] [stderr]   checking for suffix of object files... o
[INFO] [stderr]   checking whether the compiler supports GNU C... yes
[INFO] [stderr]   checking whether cc accepts -g... yes
[INFO] [stderr]   checking for cc option to enable C11 features... none needed
[INFO] [stderr]   checking whether cc understands -c and -o together... yes
[INFO] [stderr]   checking whether make supports the include directive... yes (GNU style)
[INFO] [stderr]   checking dependency style of cc... gcc3
[INFO] [stderr]   checking whether the compiler supports GNU C++... yes
[INFO] [stderr]   checking whether c++ accepts -g... yes
[INFO] [stderr]   checking for c++ option to enable C++11 features... none needed
[INFO] [stderr]   checking dependency style of c++... gcc3
[INFO] [stderr]   checking build system type... x86_64-pc-linux-gnu
[INFO] [stderr]   checking host system type... x86_64-pc-linux-gnu
[INFO] [stderr]   checking how to print strings... printf
[INFO] [stderr]   checking for a sed that does not truncate output... /usr/bin/sed
[INFO] [stderr]   checking for grep that handles long lines and -e... /usr/bin/grep
[INFO] [stderr]   checking for egrep... /usr/bin/grep -E
[INFO] [stderr]   checking for fgrep... /usr/bin/grep -F
[INFO] [stderr]   checking for ld used by cc... /usr/bin/ld
[INFO] [stderr]   checking if the linker (/usr/bin/ld) is GNU ld... yes
[INFO] [stderr]   checking for BSD- or MS-compatible name lister (nm)... /usr/bin/nm -B
[INFO] [stderr]   checking the name lister (/usr/bin/nm -B) interface... BSD nm
[INFO] [stderr]   checking whether ln -s works... yes
[INFO] [stderr]   checking the maximum length of command line arguments... 1572864
[INFO] [stderr]   checking how to convert x86_64-pc-linux-gnu file names to x86_64-pc-linux-gnu format... func_convert_file_noop
[INFO] [stderr]   checking how to convert x86_64-pc-linux-gnu file names to toolchain format... func_convert_file_noop
[INFO] [stderr]   checking for /usr/bin/ld option to reload object files... -r
[INFO] [stderr]   checking for file... file
[INFO] [stderr]   checking for objdump... objdump
[INFO] [stderr]   checking how to recognize dependent libraries... pass_all
[INFO] [stderr]   checking for dlltool... no
[INFO] [stderr]   checking how to associate runtime and link libraries... printf %s\n
[INFO] [stderr]   checking for ar... ar
[INFO] [stderr]   checking for archiver @FILE support... @
[INFO] [stderr]   checking for strip... strip
[INFO] [stderr]   checking for ranlib... ranlib
[INFO] [stderr]   checking command to parse /usr/bin/nm -B output from cc object... ok
[INFO] [stderr]   checking for sysroot... no
[INFO] [stderr]   checking for a working dd... /usr/bin/dd
[INFO] [stderr]   checking how to truncate binary pipes... /usr/bin/dd bs=4096 count=1
[INFO] [stderr]   checking for mt... no
[INFO] [stderr]   checking if : is a manifest tool... no
[INFO] [stderr]   checking for stdio.h... yes
[INFO] [stderr]   checking for stdlib.h... yes
[INFO] [stderr]   checking for string.h... yes
[INFO] [stderr]   checking for inttypes.h... yes
[INFO] [stderr]   checking for stdint.h... yes
[INFO] [stderr]   checking for strings.h... yes
[INFO] [stderr]   checking for sys/stat.h... yes
[INFO] [stderr]   checking for sys/types.h... yes
[INFO] [stderr]   checking for unistd.h... yes
[INFO] [stderr]   checking for dlfcn.h... yes
[INFO] [stderr]   checking for objdir... .libs
[INFO] [stderr]   checking if cc supports -fno-rtti -fno-exceptions... no
[INFO] [stderr]   checking for cc option to produce PIC... -fPIC -DPIC
[INFO] [stderr]   checking if cc PIC flag -fPIC -DPIC works... yes
[INFO] [stderr]   checking if cc static flag -static works... yes
[INFO] [stderr]   checking if cc supports -c -o file.o... yes
[INFO] [stderr]   checking if cc supports -c -o file.o... (cached) yes
[INFO] [stderr]   checking whether the cc linker (/usr/bin/ld -m elf_x86_64) supports shared libraries... yes
[INFO] [stderr]   checking dynamic linker characteristics... GNU/Linux ld.so
[INFO] [stderr]   checking how to hardcode library paths into programs... immediate
[INFO] [stderr]   checking whether stripping libraries is possible... yes
[INFO] [stderr]   checking if libtool supports shared libraries... yes
[INFO] [stderr]   checking whether to build shared libraries... no
[INFO] [stderr]   checking whether to build static libraries... yes
[INFO] [stderr]   checking how to run the C++ preprocessor... c++ -E
[INFO] [stderr]   checking for ld used by c++... /usr/bin/ld -m elf_x86_64
[INFO] [stderr]   checking if the linker (/usr/bin/ld -m elf_x86_64) is GNU ld... yes
[INFO] [stderr]   checking whether the c++ linker (/usr/bin/ld -m elf_x86_64) supports shared libraries... yes
[INFO] [stderr]   checking for c++ option to produce PIC... -fPIC -DPIC
[INFO] [stderr]   checking if c++ PIC flag -fPIC -DPIC works... yes
[INFO] [stderr]   checking if c++ static flag -static works... yes
[INFO] [stderr]   checking if c++ supports -c -o file.o... yes
[INFO] [stderr]   checking if c++ supports -c -o file.o... (cached) yes
[INFO] [stderr]   checking whether the c++ linker (/usr/bin/ld -m elf_x86_64) supports shared libraries... yes
[INFO] [stderr]   checking dynamic linker characteristics... (cached) GNU/Linux ld.so
[INFO] [stderr]   checking how to hardcode library paths into programs... immediate
[INFO] [stderr]   checking for python... :
[INFO] [stderr]   checking for the pthreads library -lpthreads... no
[INFO] [stderr]   checking whether pthreads work without any flags... yes
[INFO] [stderr]   checking for joinable pthread attribute... PTHREAD_CREATE_JOINABLE
[INFO] [stderr]   checking if more special flags are required for pthreads... no
[INFO] [stderr]   checking whether to check for GCC pthread/shared inconsistencies... yes
[INFO] [stderr]   checking whether -pthread is sufficient with -shared... yes
[INFO] [stderr]   checking that generated files are newer than configure... done
[INFO] [stderr]   configure: creating ./config.status
[INFO] [stderr]   config.status: creating Makefile
[INFO] [stderr]   config.status: creating scripts/gtest-config
[INFO] [stderr]   config.status: creating build-aux/config.h
[INFO] [stderr]   config.status: executing depfiles commands
[INFO] [stderr]   config.status: executing libtool commands
[INFO] [stderr]   === configuring in googlemock (/opt/rustwide/target/debug/build/protobuf-src-da94bdd3a146a321/out/install/build/third_party/googletest/googlemock)
[INFO] [stderr]   configure: running /bin/bash /opt/rustwide/cargo-home/registry/src/index.crates.io-6f17d22bba15001f/protobuf-src-1.1.0+21.5/protobuf/third_party/googletest/googlemock/configure --disable-option-checking '--prefix=/opt/rustwide/target/debug/build/protobuf-src-da94bdd3a146a321/out/install'  '--disable-shared' '--enable-static' '--disable-maintainer-mode' 'CC=cc' 'CFLAGS=-O0 -ffunction-sections -fdata-sections -fPIC -m64' 'CXX=c++' 'CXXFLAGS=-O0 -ffunction-sections -fdata-sections -fPIC -m64' --cache-file=/dev/null --srcdir=/opt/rustwide/cargo-home/registry/src/index.crates.io-6f17d22bba15001f/protobuf-src-1.1.0+21.5/protobuf/third_party/googletest/googlemock
[INFO] [stderr]   checking for a BSD-compatible install... /usr/bin/install -c
[INFO] [stderr]   checking whether build environment is sane... yes
[INFO] [stderr]   checking for a race-free mkdir -p... /usr/bin/mkdir -p
[INFO] [stderr]   checking for gawk... no
[INFO] [stderr]   checking for mawk... mawk
[INFO] [stderr]   checking whether make sets $(MAKE)... yes
[INFO] [stderr]   checking whether make supports nested variables... yes
[INFO] [stderr]   checking for gcc... cc
[INFO] [stderr]   checking whether the C compiler works... yes
[INFO] [stderr]   checking for C compiler default output file name... a.out
[INFO] [stderr]   checking for suffix of executables... 
[INFO] [stderr]   checking whether we are cross compiling... no
[INFO] [stderr]   checking for suffix of object files... o
[INFO] [stderr]   checking whether the compiler supports GNU C... yes
[INFO] [stderr]   checking whether cc accepts -g... yes
[INFO] [stderr]   checking for cc option to enable C11 features... none needed
[INFO] [stderr]   checking whether cc understands -c and -o together... yes
[INFO] [stderr]   checking whether make supports the include directive... yes (GNU style)
[INFO] [stderr]   checking dependency style of cc... gcc3
[INFO] [stderr]   checking whether the compiler supports GNU C++... yes
[INFO] [stderr]   checking whether c++ accepts -g... yes
[INFO] [stderr]   checking for c++ option to enable C++11 features... none needed
[INFO] [stderr]   checking dependency style of c++... gcc3
[INFO] [stderr]   checking build system type... x86_64-pc-linux-gnu
[INFO] [stderr]   checking host system type... x86_64-pc-linux-gnu
[INFO] [stderr]   checking how to print strings... printf
[INFO] [stderr]   checking for a sed that does not truncate output... /usr/bin/sed
[INFO] [stderr]   checking for grep that handles long lines and -e... /usr/bin/grep
[INFO] [stderr]   checking for egrep... /usr/bin/grep -E
[INFO] [stderr]   checking for fgrep... /usr/bin/grep -F
[INFO] [stderr]   checking for ld used by cc... /usr/bin/ld
[INFO] [stderr]   checking if the linker (/usr/bin/ld) is GNU ld... yes
[INFO] [stderr]   checking for BSD- or MS-compatible name lister (nm)... /usr/bin/nm -B
[INFO] [stderr]   checking the name lister (/usr/bin/nm -B) interface... BSD nm
[INFO] [stderr]   checking whether ln -s works... yes
[INFO] [stderr]   checking the maximum length of command line arguments... 1572864
[INFO] [stderr]   checking how to convert x86_64-pc-linux-gnu file names to x86_64-pc-linux-gnu format... func_convert_file_noop
[INFO] [stderr]   checking how to convert x86_64-pc-linux-gnu file names to toolchain format... func_convert_file_noop
[INFO] [stderr]   checking for /usr/bin/ld option to reload object files... -r
[INFO] [stderr]   checking for file... file
[INFO] [stderr]   checking for objdump... objdump
[INFO] [stderr]   checking how to recognize dependent libraries... pass_all
[INFO] [stderr]   checking for dlltool... no
[INFO] [stderr]   checking how to associate runtime and link libraries... printf %s\n
[INFO] [stderr]   checking for ar... ar
[INFO] [stderr]   checking for archiver @FILE support... @
[INFO] [stderr]   checking for strip... strip
[INFO] [stderr]   checking for ranlib... ranlib
[INFO] [stderr]   checking command to parse /usr/bin/nm -B output from cc object... ok
[INFO] [stderr]   checking for sysroot... no
[INFO] [stderr]   checking for a working dd... /usr/bin/dd
[INFO] [stderr]   checking how to truncate binary pipes... /usr/bin/dd bs=4096 count=1
[INFO] [stderr]   checking for mt... no
[INFO] [stderr]   checking if : is a manifest tool... no
[INFO] [stderr]   checking for stdio.h... yes
[INFO] [stderr]   checking for stdlib.h... yes
[INFO] [stderr]   checking for string.h... yes
[INFO] [stderr]   checking for inttypes.h... yes
[INFO] [stderr]   checking for stdint.h... yes
[INFO] [stderr]   checking for strings.h... yes
[INFO] [stderr]   checking for sys/stat.h... yes
[INFO] [stderr]   checking for sys/types.h... yes
[INFO] [stderr]   checking for unistd.h... yes
[INFO] [stderr]   checking for dlfcn.h... yes
[INFO] [stderr]   checking for objdir... .libs
[INFO] [stderr]   checking if cc supports -fno-rtti -fno-exceptions... no
[INFO] [stderr]   checking for cc option to produce PIC... -fPIC -DPIC
[INFO] [stderr]   checking if cc PIC flag -fPIC -DPIC works... yes
[INFO] [stderr]   checking if cc static flag -static works... yes
[INFO] [stderr]   checking if cc supports -c -o file.o... yes
[INFO] [stderr]   checking if cc supports -c -o file.o... (cached) yes
[INFO] [stderr]   checking whether the cc linker (/usr/bin/ld -m elf_x86_64) supports shared libraries... yes
[INFO] [stderr]   checking dynamic linker characteristics... GNU/Linux ld.so
[INFO] [stderr]   checking how to hardcode library paths into programs... immediate
[INFO] [stderr]   checking whether stripping libraries is possible... yes
[INFO] [stderr]   checking if libtool supports shared libraries... yes
[INFO] [stderr]   checking whether to build shared libraries... no
[INFO] [stderr]   checking whether to build static libraries... yes
[INFO] [stderr]   checking how to run the C++ preprocessor... c++ -E
[INFO] [stderr]   checking for ld used by c++... /usr/bin/ld -m elf_x86_64
[INFO] [stderr]   checking if the linker (/usr/bin/ld -m elf_x86_64) is GNU ld... yes
[INFO] [stderr]   checking whether the c++ linker (/usr/bin/ld -m elf_x86_64) supports shared libraries... yes
[INFO] [stderr]   checking for c++ option to produce PIC... -fPIC -DPIC
[INFO] [stderr]   checking if c++ PIC flag -fPIC -DPIC works... yes
[INFO] [stderr]   checking if c++ static flag -static works... yes
[INFO] [stderr]   checking if c++ supports -c -o file.o... yes
[INFO] [stderr]   checking if c++ supports -c -o file.o... (cached) yes
[INFO] [stderr]   checking whether the c++ linker (/usr/bin/ld -m elf_x86_64) supports shared libraries... yes
[INFO] [stderr]   checking dynamic linker characteristics... (cached) GNU/Linux ld.so
[INFO] [stderr]   checking how to hardcode library paths into programs... immediate
[INFO] [stderr]   checking for python... :
[INFO] [stderr]   checking for the pthreads library -lpthreads... no
[INFO] [stderr]   checking whether pthreads work without any flags... yes
[INFO] [stderr]   checking for joinable pthread attribute... PTHREAD_CREATE_JOINABLE
[INFO] [stderr]   checking if more special flags are required for pthreads... no
[INFO] [stderr]   checking whether to check for GCC pthread/shared inconsistencies... yes
[INFO] [stderr]   checking whether -pthread is sufficient with -shared... yes
[INFO] [stderr]   checking for gtest-config... no
[INFO] [stderr]   checking that generated files are newer than configure... done
[INFO] [stderr]   configure: creating ./config.status
[INFO] [stderr]   config.status: creating Makefile
[INFO] [stderr]   config.status: creating scripts/gmock-config
[INFO] [stderr]   config.status: creating build-aux/config.h
[INFO] [stderr]   config.status: executing depfiles commands
[INFO] [stderr]   config.status: executing libtool commands
[INFO] [stderr]   running: cd "/opt/rustwide/target/debug/build/protobuf-src-da94bdd3a146a321/out/install/build" && MAKEFLAGS="-j --jobserver-fds=8,9 --jobserver-auth=8,9" "sh" "-c" "exec \"$0\" \"$@\"" "make" "install" "-j8"
[INFO] [stderr]   Making install in .
[INFO] [stderr]   make[1]: Entering directory '/opt/rustwide/target/debug/build/protobuf-src-da94bdd3a146a321/out/install/build'
[INFO] [stderr]   make[2]: Entering directory '/opt/rustwide/target/debug/build/protobuf-src-da94bdd3a146a321/out/install/build'
[INFO] [stderr]   make[2]: Nothing to be done for 'install-exec-am'.
[INFO] [stderr]    /usr/bin/mkdir -p '/opt/rustwide/target/debug/build/protobuf-src-da94bdd3a146a321/out/install/lib/pkgconfig'
[INFO] [stderr]    /usr/bin/install -c -m 644 protobuf.pc protobuf-lite.pc '/opt/rustwide/target/debug/build/protobuf-src-da94bdd3a146a321/out/install/lib/pkgconfig'
[INFO] [stderr]   make[2]: Leaving directory '/opt/rustwide/target/debug/build/protobuf-src-da94bdd3a146a321/out/install/build'
[INFO] [stderr]   make[1]: Leaving directory '/opt/rustwide/target/debug/build/protobuf-src-da94bdd3a146a321/out/install/build'
[INFO] [stderr]   Making install in src
[INFO] [stderr]   make[1]: Entering directory '/opt/rustwide/target/debug/build/protobuf-src-da94bdd3a146a321/out/install/build/src'
[INFO] [stderr]     CXX      google/protobuf/wire_format_lite.lo
[INFO] [stderr]     CXX      google/protobuf/any.lo
[INFO] [stderr]     CXX      google/protobuf/any.pb.lo
[INFO] [stderr]     CXX      google/protobuf/api.pb.lo
[INFO] [stderr]     CXX      google/protobuf/compiler/parser.lo
[INFO] [stderr]     CXX      google/protobuf/compiler/importer.lo
[INFO] [stderr]     CXX      google/protobuf/descriptor.lo
[INFO] [stderr]     CXX      google/protobuf/descriptor.pb.lo
[INFO] [stderr]     CXX      google/protobuf/descriptor_database.lo
[INFO] [stderr]     CXX      google/protobuf/duration.pb.lo
[INFO] [stderr]     CXX      google/protobuf/dynamic_message.lo
[INFO] [stderr]     CXX      google/protobuf/empty.pb.lo
[INFO] [stderr]     CXX      google/protobuf/extension_set_heavy.lo
[INFO] [stderr]     CXX      google/protobuf/field_mask.pb.lo
[INFO] [stderr]     CXX      google/protobuf/generated_message_bases.lo
[INFO] [stderr]     CXX      google/protobuf/generated_message_reflection.lo
[INFO] [stderr]     CXX      google/protobuf/generated_message_tctable_full.lo
[INFO] [stderr]     CXX      google/protobuf/io/gzip_stream.lo
[INFO] [stderr]     CXX      google/protobuf/io/printer.lo
[INFO] [stderr]     CXX      google/protobuf/io/tokenizer.lo
[INFO] [stderr]     CXX      google/protobuf/map_field.lo
[INFO] [stderr]     CXX      google/protobuf/message.lo
[INFO] [stderr]     CXX      google/protobuf/reflection_ops.lo
[INFO] [stderr]     CXX      google/protobuf/service.lo
[INFO] [stderr]     CXX      google/protobuf/source_context.pb.lo
[INFO] [stderr]     CXX      google/protobuf/struct.pb.lo
[INFO] [stderr]     CXX      google/protobuf/stubs/substitute.lo
[INFO] [stderr]     CXX      google/protobuf/text_format.lo
[INFO] [stderr]     CXX      google/protobuf/timestamp.pb.lo
[INFO] [stderr]     CXX      google/protobuf/type.pb.lo
[INFO] [stderr]     CXX      google/protobuf/unknown_field_set.lo
[INFO] [stderr]     CXX      google/protobuf/util/json_util.lo
[INFO] [stderr]     CXX      google/protobuf/util/message_differencer.lo
[INFO] [stderr]     CXX      google/protobuf/util/time_util.lo
[INFO] [stderr]     CXX      google/protobuf/util/type_resolver_util.lo
[INFO] [stderr]     CXX      google/protobuf/wire_format.lo
[INFO] [stderr]     CXX      google/protobuf/wrappers.pb.lo
[INFO] [stderr]     CXX      google/protobuf/compiler/code_generator.lo
[INFO] [stderr]     CXX      google/protobuf/compiler/command_line_interface.lo
[INFO] [stderr]     CXX      google/protobuf/compiler/plugin.lo
[INFO] [stderr]     CXX      google/protobuf/compiler/plugin.pb.lo
[INFO] [stderr]     CXX      google/protobuf/compiler/subprocess.lo
[INFO] [stderr]     CXX      google/protobuf/compiler/zip_writer.lo
[INFO] [stderr]     CXX      google/protobuf/compiler/main.o
[INFO] [stderr]     CXX      google/protobuf/any_lite.lo
[INFO] [stderr]     CXX      google/protobuf/arena.lo
[INFO] [stderr]     CXX      google/protobuf/arenastring.lo
[INFO] [stderr]     CXX      google/protobuf/arenaz_sampler.lo
[INFO] [stderr]     CXX      google/protobuf/extension_set.lo
[INFO] [stderr]     CXX      google/protobuf/generated_enum_util.lo
[INFO] [stderr]     CXX      google/protobuf/generated_message_tctable_lite.lo
[INFO] [stderr]     CXX      google/protobuf/generated_message_util.lo
[INFO] [stderr]     CXX      google/protobuf/implicit_weak_message.lo
[INFO] [stderr]     CXX      google/protobuf/inlined_string_field.lo
[INFO] [stderr]     CXX      google/protobuf/io/coded_stream.lo
[INFO] [stderr]     CXX      google/protobuf/io/io_win32.lo
[INFO] [stderr]     CXX      google/protobuf/io/strtod.lo
[INFO] [stderr]     CXX      google/protobuf/io/zero_copy_stream.lo
[INFO] [stderr]     CXX      google/protobuf/io/zero_copy_stream_impl.lo
[INFO] [stderr]     CXX      google/protobuf/io/zero_copy_stream_impl_lite.lo
[INFO] [stderr]     CXX      google/protobuf/map.lo
[INFO] [stderr]     CXX      google/protobuf/message_lite.lo
[INFO] [stderr]     CXX      google/protobuf/parse_context.lo
[INFO] [stderr]     CXX      google/protobuf/repeated_field.lo
[INFO] [stderr]     CXX      google/protobuf/repeated_ptr_field.lo
[INFO] [stderr]     CXX      google/protobuf/stubs/bytestream.lo
[INFO] [stderr]     CXX      google/protobuf/stubs/common.lo
[INFO] [stderr]     CXX      google/protobuf/stubs/int128.lo
[INFO] [stderr]     CXX      google/protobuf/stubs/status.lo
[INFO] [stderr]     CXX      google/protobuf/stubs/statusor.lo
[INFO] [stderr]     CXX      google/protobuf/stubs/stringpiece.lo
[INFO] [stderr]     CXX      google/protobuf/stubs/stringprintf.lo
[INFO] [stderr]     CXX      google/protobuf/stubs/structurally_valid.lo
[INFO] [stderr]     CXX      google/protobuf/stubs/strutil.lo
[INFO] [stderr]     CXX      google/protobuf/stubs/time.lo
[INFO] [stderr]     CXX      google/protobuf/util/delimited_message_util.lo
[INFO] [stderr]     CXX      google/protobuf/util/field_comparator.lo
[INFO] [stderr]     CXX      google/protobuf/util/field_mask_util.lo
[INFO] [stderr]     CXX      google/protobuf/util/internal/datapiece.lo
[INFO] [stderr]     CXX      google/protobuf/util/internal/default_value_objectwriter.lo
[INFO] [stderr]     CXX      google/protobuf/util/internal/error_listener.lo
[INFO] [stderr]     CXX      google/protobuf/util/internal/field_mask_utility.lo
[INFO] [stderr]     CXX      google/protobuf/util/internal/json_escaping.lo
[INFO] [stderr]     CXX      google/protobuf/util/internal/json_objectwriter.lo
[INFO] [stderr]     CXX      google/protobuf/util/internal/json_stream_parser.lo
[INFO] [stderr]     CXX      google/protobuf/util/internal/object_writer.lo
[INFO] [stderr]     CXX      google/protobuf/util/internal/proto_writer.lo
[INFO] [stderr]     CXX      google/protobuf/util/internal/protostream_objectsource.lo
[INFO] [stderr]     CXX      google/protobuf/util/internal/protostream_objectwriter.lo
[INFO] [stderr]     CXX      google/protobuf/util/internal/type_info.lo
[INFO] [stderr]     CXX      google/protobuf/util/internal/utility.lo
[INFO] [stderr]     CXX      google/protobuf/compiler/cpp/enum.lo
[INFO] [stderr]     CXX      google/protobuf/compiler/cpp/enum_field.lo
[INFO] [stderr]     CXX      google/protobuf/compiler/cpp/extension.lo
[INFO] [stderr]     CXX      google/protobuf/compiler/cpp/field.lo
[INFO] [stderr]     CXX      google/protobuf/compiler/cpp/file.lo
[INFO] [stderr]     CXX      google/protobuf/compiler/cpp/generator.lo
[INFO] [stderr]     CXX      google/protobuf/compiler/cpp/helpers.lo
[INFO] [stderr]     CXX      google/protobuf/compiler/cpp/map_field.lo
[INFO] [stderr]     CXX      google/protobuf/compiler/cpp/message.lo
[INFO] [stderr]     CXX      google/protobuf/compiler/cpp/message_field.lo
[INFO] [stderr]     CXX      google/protobuf/compiler/cpp/padding_optimizer.lo
[INFO] [stderr]     CXX      google/protobuf/compiler/cpp/parse_function_generator.lo
[INFO] [stderr]     CXX      google/protobuf/compiler/cpp/primitive_field.lo
[INFO] [stderr]     CXX      google/protobuf/compiler/cpp/service.lo
[INFO] [stderr]     CXX      google/protobuf/compiler/cpp/string_field.lo
[INFO] [stderr]   make[1]: Leaving directory '/opt/rustwide/target/debug/build/protobuf-src-da94bdd3a146a321/out/install/build/src'
[INFO] [stderr] 
[INFO] [stderr]   --- stderr
[INFO] [stderr]   make: warning: -j8 forced in submake: resetting jobserver mode.
[INFO] [stderr]   In file included from /opt/rustwide/cargo-home/registry/src/index.crates.io-6f17d22bba15001f/protobuf-src-1.1.0+21.5/protobuf/src/google/protobuf/generated_message_tctable_lite.cc:36:
[INFO] [stderr]   /opt/rustwide/cargo-home/registry/src/index.crates.io-6f17d22bba15001f/protobuf-src-1.1.0+21.5/protobuf/src/google/protobuf/generated_message_tctable_impl.h: In function 'void google::protobuf::internal::AlignFail(uintptr_t) [with long unsigned int align = 4]':
[INFO] [stderr]   /opt/rustwide/cargo-home/registry/src/index.crates.io-6f17d22bba15001f/protobuf-src-1.1.0+21.5/protobuf/src/google/protobuf/generated_message_tctable_impl.h:256:1: warning: 'noreturn' function does return
[INFO] [stderr]     256 | }
[INFO] [stderr]         | ^
[INFO] [stderr]   /opt/rustwide/cargo-home/registry/src/index.crates.io-6f17d22bba15001f/protobuf-src-1.1.0+21.5/protobuf/src/google/protobuf/generated_message_tctable_impl.h: In function 'void google::protobuf::internal::AlignFail(uintptr_t) [with long unsigned int align = 8]':
[INFO] [stderr]   /opt/rustwide/cargo-home/registry/src/index.crates.io-6f17d22bba15001f/protobuf-src-1.1.0+21.5/protobuf/src/google/protobuf/generated_message_tctable_impl.h:256:1: warning: 'noreturn' function does return
[INFO] [stderr]   c++: fatal error: Killed signal terminated program cc1plus
[INFO] [stderr]   compilation terminated.
[INFO] [stderr]   make[1]: *** [Makefile:4514: google/protobuf/compiler/cpp/file.lo] Error 1
[INFO] [stderr]   make[1]: *** Waiting for unfinished jobs....
[INFO] [stderr]   make: *** [Makefile:1757: install-recursive] Error 1
[INFO] [stderr]   thread 'main' panicked at /opt/rustwide/cargo-home/registry/src/index.crates.io-6f17d22bba15001f/autotools-0.2.7/src/lib.rs:790:5:
[INFO] [stderr] 
[INFO] [stderr]   command did not execute successfully, got: exit status: 2
[INFO] [stderr] 
[INFO] [stderr]   build script failed, must exit now
[INFO] [stderr]   stack backtrace:
[INFO] [stderr]      0:     0x5cdf82c8707a - std::backtrace_rs::backtrace::libunwind::trace::h207520d6e9873551
[INFO] [stderr]                                  at /rustc/df4ca44d3fbc9301ee17f30f4d474e6ae4b05252/library/std/src/../../backtrace/src/backtrace/libunwind.rs:116:5
[INFO] [stderr]      1:     0x5cdf82c8707a - std::backtrace_rs::backtrace::trace_unsynchronized::h2ed7433f370e3eca
[INFO] [stderr]                                  at /rustc/df4ca44d3fbc9301ee17f30f4d474e6ae4b05252/library/std/src/../../backtrace/src/backtrace/mod.rs:66:5
[INFO] [stderr]      2:     0x5cdf82c8707a - std::sys::backtrace::_print_fmt::h916fac51166b18d7
[INFO] [stderr]                                  at /rustc/df4ca44d3fbc9301ee17f30f4d474e6ae4b05252/library/std/src/sys/backtrace.rs:66:9
[INFO] [stderr]      3:     0x5cdf82c8707a - <std::sys::backtrace::BacktraceLock::print::DisplayBacktrace as core::fmt::Display>::fmt::ha0a4c9b8ce3802e6
[INFO] [stderr]                                  at /rustc/df4ca44d3fbc9301ee17f30f4d474e6ae4b05252/library/std/src/sys/backtrace.rs:39:26
[INFO] [stderr]      4:     0x5cdf82ca9d93 - core::fmt::rt::Argument::fmt::h4cfc8587d52b3eb5
[INFO] [stderr]                                  at /rustc/df4ca44d3fbc9301ee17f30f4d474e6ae4b05252/library/core/src/fmt/rt.rs:177:76
[INFO] [stderr]      5:     0x5cdf82ca9d93 - core::fmt::write::h522cc39e5b36ae9f
[INFO] [stderr]                                  at /rustc/df4ca44d3fbc9301ee17f30f4d474e6ae4b05252/library/core/src/fmt/mod.rs:1190:21
[INFO] [stderr]      6:     0x5cdf82c83df3 - std::io::Write::write_fmt::hf1c1dcc8cc1287f0
[INFO] [stderr]                                  at /rustc/df4ca44d3fbc9301ee17f30f4d474e6ae4b05252/library/std/src/io/mod.rs:1839:15
[INFO] [stderr]      7:     0x5cdf82c86ec2 - std::sys::backtrace::BacktraceLock::print::h4b9e00b29e9c0942
[INFO] [stderr]                                  at /rustc/df4ca44d3fbc9301ee17f30f4d474e6ae4b05252/library/std/src/sys/backtrace.rs:42:9
[INFO] [stderr]      8:     0x5cdf82c880bc - std::panicking::default_hook::{{closure}}::hb59b88280d0324d9
[INFO] [stderr]                                  at /rustc/df4ca44d3fbc9301ee17f30f4d474e6ae4b05252/library/std/src/panicking.rs:268:22
[INFO] [stderr]      9:     0x5cdf82c87f02 - std::panicking::default_hook::he1dd496665be4a29
[INFO] [stderr]                                  at /rustc/df4ca44d3fbc9301ee17f30f4d474e6ae4b05252/library/std/src/panicking.rs:295:9
[INFO] [stderr]     10:     0x5cdf82c886b7 - std::panicking::rust_panic_with_hook::h2ff17fe8f26dfcf8
[INFO] [stderr]                                  at /rustc/df4ca44d3fbc9301ee17f30f4d474e6ae4b05252/library/std/src/panicking.rs:801:13
[INFO] [stderr]     11:     0x5cdf82c8854a - std::panicking::begin_panic_handler::{{closure}}::h4fad77951c07e101
[INFO] [stderr]                                  at /rustc/df4ca44d3fbc9301ee17f30f4d474e6ae4b05252/library/std/src/panicking.rs:674:13
[INFO] [stderr]     12:     0x5cdf82c87559 - std::sys::backtrace::__rust_end_short_backtrace::hb1a25b3da5d0ea08
[INFO] [stderr]                                  at /rustc/df4ca44d3fbc9301ee17f30f4d474e6ae4b05252/library/std/src/sys/backtrace.rs:170:18
[INFO] [stderr]     13:     0x5cdf82c881dc - rust_begin_unwind
[INFO] [stderr]                                  at /rustc/df4ca44d3fbc9301ee17f30f4d474e6ae4b05252/library/std/src/panicking.rs:665:5
[INFO] [stderr]     14:     0x5cdf82ca8b40 - core::panicking::panic_fmt::ha9db07b529f9b256
[INFO] [stderr]                                  at /rustc/df4ca44d3fbc9301ee17f30f4d474e6ae4b05252/library/core/src/panicking.rs:75:14
[INFO] [stderr]     15:     0x5cdf82c08ef2 - autotools::fail::h453af0de6a397693
[INFO] [stderr]     16:     0x5cdf82c071c5 - autotools::Config::build::hd9e779dbb9415672
[INFO] [stderr]     17:     0x5cdf82c0254b - build_script_build::main::hf9323df329376f51
[INFO] [stderr]     18:     0x5cdf82bff553 - core::ops::function::FnOnce::call_once::hbe90841f08f7f1d1
[INFO] [stderr]     19:     0x5cdf82bff476 - std::sys::backtrace::__rust_begin_short_backtrace::h6df5785fd5bf34d7
[INFO] [stderr]     20:     0x5cdf82bff3d9 - std::rt::lang_start::{{closure}}::h508ba4d8f0b9fe71
[INFO] [stderr]     21:     0x5cdf82c7ff97 - core::ops::function::impls::<impl core::ops::function::FnOnce<A> for &F>::call_once::hd87d66b906e0ccaf
[INFO] [stderr]                                  at /rustc/df4ca44d3fbc9301ee17f30f4d474e6ae4b05252/library/core/src/ops/function.rs:284:13
[INFO] [stderr]     22:     0x5cdf82c7ff97 - std::panicking::try::do_call::hae3703de71fc9e3a
[INFO] [stderr]                                  at /rustc/df4ca44d3fbc9301ee17f30f4d474e6ae4b05252/library/std/src/panicking.rs:557:40
[INFO] [stderr]     23:     0x5cdf82c7ff97 - std::panicking::try::h1178330e9a2b2645
[INFO] [stderr]                                  at /rustc/df4ca44d3fbc9301ee17f30f4d474e6ae4b05252/library/std/src/panicking.rs:520:19
[INFO] [stderr]     24:     0x5cdf82c7ff97 - std::panic::catch_unwind::h0acf49d2305d32ad
[INFO] [stderr]                                  at /rustc/df4ca44d3fbc9301ee17f30f4d474e6ae4b05252/library/std/src/panic.rs:358:14
[INFO] [stderr]     25:     0x5cdf82c7ff97 - std::rt::lang_start_internal::{{closure}}::h2d95182d798177be
[INFO] [stderr]                                  at /rustc/df4ca44d3fbc9301ee17f30f4d474e6ae4b05252/library/std/src/rt.rs:174:48
[INFO] [stderr]     26:     0x5cdf82c7ff97 - std::panicking::try::do_call::hb506f5bfe11fd30c
[INFO] [stderr]                                  at /rustc/df4ca44d3fbc9301ee17f30f4d474e6ae4b05252/library/std/src/panicking.rs:557:40
[INFO] [stderr]     27:     0x5cdf82c7ff97 - std::panicking::try::h54d825c46bd0fa95
[INFO] [stderr]                                  at /rustc/df4ca44d3fbc9301ee17f30f4d474e6ae4b05252/library/std/src/panicking.rs:520:19
[INFO] [stderr]     28:     0x5cdf82c7ff97 - std::panic::catch_unwind::hffbb0ad20c4e9fac
[INFO] [stderr]                                  at /rustc/df4ca44d3fbc9301ee17f30f4d474e6ae4b05252/library/std/src/panic.rs:358:14
[INFO] [stderr]     29:     0x5cdf82c7ff97 - std::rt::lang_start_internal::h52c291ef1962c925
[INFO] [stderr]                                  at /rustc/df4ca44d3fbc9301ee17f30f4d474e6ae4b05252/library/std/src/rt.rs:174:20
[INFO] [stderr]     30:     0x5cdf82bff3b7 - std::rt::lang_start::he03e9b6cbbe5bc2f
[INFO] [stderr]     31:     0x5cdf82c029d5 - main
[INFO] [stderr]     32:     0x7f8384c52d90 - <unknown>
[INFO] [stderr]     33:     0x7f8384c52e40 - __libc_start_main
[INFO] [stderr]     34:     0x5cdf82bfeee5 - _start
[INFO] [stderr]     35:                0x0 - <unknown>
[INFO] running `Command { std: "docker" "inspect" "143b8c6452ee2ab877e1e84cfce5929d56f1194d095cd865abcea04043bc0b87", kill_on_drop: false }`
[INFO] running `Command { std: "docker" "rm" "-f" "143b8c6452ee2ab877e1e84cfce5929d56f1194d095cd865abcea04043bc0b87", kill_on_drop: false }`
[INFO] [stdout] 143b8c6452ee2ab877e1e84cfce5929d56f1194d095cd865abcea04043bc0b87
