[INFO] fetching crate phastft 0.2.1...
[INFO] testing phastft-0.2.1 against nightly-2024-10-28+rustflags=-Zrandomize-layout for randomize-layout
[INFO] extracting crate phastft 0.2.1 into /workspace/builds/worker-0-tc2/source
[INFO] validating manifest of crates.io crate phastft 0.2.1 on toolchain nightly-2024-10-28
[INFO] running `Command { std: CARGO_HOME="/workspace/cargo-home" RUSTUP_HOME="/workspace/rustup-home" "/workspace/cargo-home/bin/cargo" "+nightly-2024-10-28" "metadata" "--manifest-path" "Cargo.toml" "--no-deps", kill_on_drop: false }`
[INFO] removed /workspace/builds/worker-0-tc2/source/rust-toolchain.toml
[INFO] started tweaking crates.io crate phastft 0.2.1
[INFO] removed 0 missing examples
[INFO] finished tweaking crates.io crate phastft 0.2.1
[INFO] tweaked toml for crates.io crate phastft 0.2.1 written to /workspace/builds/worker-0-tc2/source/Cargo.toml
[INFO] crate crates.io crate phastft 0.2.1 already has a lockfile, it will not be regenerated
[INFO] running `Command { std: CARGO_HOME="/workspace/cargo-home" RUSTUP_HOME="/workspace/rustup-home" "/workspace/cargo-home/bin/cargo" "+nightly-2024-10-28" "fetch" "--manifest-path" "Cargo.toml", kill_on_drop: false }`
[INFO] running `Command { std: "docker" "create" "-v" "/var/lib/crater-agent-workspace/builds/worker-0-tc2/target:/opt/rustwide/target:rw,Z" "-v" "/var/lib/crater-agent-workspace/builds/worker-0-tc2/source:/opt/rustwide/workdir:ro,Z" "-v" "/var/lib/crater-agent-workspace/cargo-home:/opt/rustwide/cargo-home:ro,Z" "-v" "/var/lib/crater-agent-workspace/rustup-home:/opt/rustwide/rustup-home:ro,Z" "-e" "SOURCE_DIR=/opt/rustwide/workdir" "-e" "CARGO_TARGET_DIR=/opt/rustwide/target" "-e" "CARGO_HOME=/opt/rustwide/cargo-home" "-e" "RUSTUP_HOME=/opt/rustwide/rustup-home" "-w" "/opt/rustwide/workdir" "-m" "1610612736" "--user" "0:0" "--network" "none" "ghcr.io/rust-lang/crates-build-env/linux@sha256:4a844ea9eb2546a2d2c7022eacef16ef2e8229c7fbb2c7d4d55a9ceca922f72d" "/opt/rustwide/cargo-home/bin/cargo" "+nightly-2024-10-28" "metadata" "--no-deps" "--format-version=1", kill_on_drop: false }`
[INFO] [stdout] 80fea462b2b6aefdd6857654053efd9ee0dbc1fc9b2c29984bcbca35557362e2
[INFO] running `Command { std: "docker" "start" "-a" "80fea462b2b6aefdd6857654053efd9ee0dbc1fc9b2c29984bcbca35557362e2", kill_on_drop: false }`
[INFO] running `Command { std: "docker" "inspect" "80fea462b2b6aefdd6857654053efd9ee0dbc1fc9b2c29984bcbca35557362e2", kill_on_drop: false }`
[INFO] running `Command { std: "docker" "rm" "-f" "80fea462b2b6aefdd6857654053efd9ee0dbc1fc9b2c29984bcbca35557362e2", kill_on_drop: false }`
[INFO] [stdout] 80fea462b2b6aefdd6857654053efd9ee0dbc1fc9b2c29984bcbca35557362e2
[INFO] running `Command { std: "docker" "create" "-v" "/var/lib/crater-agent-workspace/builds/worker-0-tc2/target:/opt/rustwide/target:rw,Z" "-v" "/var/lib/crater-agent-workspace/builds/worker-0-tc2/source:/opt/rustwide/workdir:ro,Z" "-v" "/var/lib/crater-agent-workspace/cargo-home:/opt/rustwide/cargo-home:ro,Z" "-v" "/var/lib/crater-agent-workspace/rustup-home:/opt/rustwide/rustup-home:ro,Z" "-e" "SOURCE_DIR=/opt/rustwide/workdir" "-e" "CARGO_TARGET_DIR=/opt/rustwide/target" "-e" "CARGO_INCREMENTAL=0" "-e" "RUST_BACKTRACE=full" "-e" "RUSTFLAGS=--cap-lints=forbid -Zrandomize-layout" "-e" "RUSTDOCFLAGS=--cap-lints=forbid" "-e" "CARGO_HOME=/opt/rustwide/cargo-home" "-e" "RUSTUP_HOME=/opt/rustwide/rustup-home" "-w" "/opt/rustwide/workdir" "-m" "1610612736" "--user" "0:0" "--network" "none" "ghcr.io/rust-lang/crates-build-env/linux@sha256:4a844ea9eb2546a2d2c7022eacef16ef2e8229c7fbb2c7d4d55a9ceca922f72d" "/opt/rustwide/cargo-home/bin/cargo" "+nightly-2024-10-28" "build" "--frozen" "--message-format=json", kill_on_drop: false }`
[INFO] [stdout] 1ee1ef6bcd4d379a619e8a7078209abff15b02ca914a8573d6e49a2c576584a6
[INFO] running `Command { std: "docker" "start" "-a" "1ee1ef6bcd4d379a619e8a7078209abff15b02ca914a8573d6e49a2c576584a6", kill_on_drop: false }`
[INFO] [stderr]    Compiling proc-macro2 v1.0.79
[INFO] [stderr]    Compiling unicode-ident v1.0.12
[INFO] [stderr]    Compiling syn v1.0.109
[INFO] [stderr]    Compiling target-features v0.1.6
[INFO] [stderr]    Compiling autocfg v1.2.0
[INFO] [stderr]    Compiling num-traits v0.2.18
[INFO] [stderr]    Compiling quote v1.0.35
[INFO] [stderr]    Compiling multiversion-macros v0.7.4
[INFO] [stderr]    Compiling multiversion v0.7.4
[INFO] [stderr]    Compiling phastft v0.2.1 (/opt/rustwide/workdir)
[INFO] [stderr]     Finished `dev` profile [unoptimized + debuginfo] target(s) in 5.23s
[INFO] running `Command { std: "docker" "inspect" "1ee1ef6bcd4d379a619e8a7078209abff15b02ca914a8573d6e49a2c576584a6", kill_on_drop: false }`
[INFO] running `Command { std: "docker" "rm" "-f" "1ee1ef6bcd4d379a619e8a7078209abff15b02ca914a8573d6e49a2c576584a6", kill_on_drop: false }`
[INFO] [stdout] 1ee1ef6bcd4d379a619e8a7078209abff15b02ca914a8573d6e49a2c576584a6
[INFO] running `Command { std: "docker" "create" "-v" "/var/lib/crater-agent-workspace/builds/worker-0-tc2/target:/opt/rustwide/target:rw,Z" "-v" "/var/lib/crater-agent-workspace/builds/worker-0-tc2/source:/opt/rustwide/workdir:ro,Z" "-v" "/var/lib/crater-agent-workspace/cargo-home:/opt/rustwide/cargo-home:ro,Z" "-v" "/var/lib/crater-agent-workspace/rustup-home:/opt/rustwide/rustup-home:ro,Z" "-e" "SOURCE_DIR=/opt/rustwide/workdir" "-e" "CARGO_TARGET_DIR=/opt/rustwide/target" "-e" "CARGO_INCREMENTAL=0" "-e" "RUST_BACKTRACE=full" "-e" "RUSTFLAGS=--cap-lints=forbid -Zrandomize-layout" "-e" "RUSTDOCFLAGS=--cap-lints=forbid" "-e" "CARGO_HOME=/opt/rustwide/cargo-home" "-e" "RUSTUP_HOME=/opt/rustwide/rustup-home" "-w" "/opt/rustwide/workdir" "-m" "1610612736" "--user" "0:0" "--network" "none" "ghcr.io/rust-lang/crates-build-env/linux@sha256:4a844ea9eb2546a2d2c7022eacef16ef2e8229c7fbb2c7d4d55a9ceca922f72d" "/opt/rustwide/cargo-home/bin/cargo" "+nightly-2024-10-28" "test" "--frozen" "--no-run" "--message-format=json", kill_on_drop: false }`
[INFO] [stdout] 757a071c734ca6423f563cf9467bfdef1c26b29a51b97729ce952dd03e2b8fff
[INFO] running `Command { std: "docker" "start" "-a" "757a071c734ca6423f563cf9467bfdef1c26b29a51b97729ce952dd03e2b8fff", kill_on_drop: false }`
[INFO] [stderr]    Compiling libc v0.2.153
[INFO] [stderr]    Compiling version_check v0.9.4
[INFO] [stderr]    Compiling typenum v1.17.0
[INFO] [stderr]    Compiling pkg-config v0.3.30
[INFO] [stderr]    Compiling winapi-build v0.1.1
[INFO] [stderr]    Compiling subtle v2.5.0
[INFO] [stderr]    Compiling cfg-if v1.0.0
[INFO] [stderr]    Compiling num-traits v0.2.18
[INFO] [stderr]    Compiling winapi v0.2.8
[INFO] [stderr]    Compiling cpufeatures v0.2.12
[INFO] [stderr]    Compiling zstd-safe v5.0.2+zstd.1.5.2
[INFO] [stderr]    Compiling kernel32-sys v0.2.2
[INFO] [stderr]    Compiling crc32fast v1.4.0
[INFO] [stderr]    Compiling rand_core v0.6.4
[INFO] [stderr]    Compiling generic-array v0.14.7
[INFO] [stderr]    Compiling adler v1.0.2
[INFO] [stderr]    Compiling powerfmt v0.2.0
[INFO] [stderr]    Compiling base64ct v1.6.0
[INFO] [stderr]    Compiling miniz_oxide v0.7.2
[INFO] [stderr]    Compiling deranged v0.3.11
[INFO] [stderr]    Compiling password-hash v0.4.2
[INFO] [stderr]    Compiling time-core v0.1.2
[INFO] [stderr]    Compiling utf8-ranges v0.1.3
[INFO] [stderr]    Compiling num-conv v0.1.0
[INFO] [stderr]    Compiling regex-syntax v0.3.9
[INFO] [stderr]    Compiling anyhow v1.0.81
[INFO] [stderr]    Compiling jobserver v0.1.28
[INFO] [stderr]    Compiling thread-id v2.0.0
[INFO] [stderr]    Compiling memchr v0.1.11
[INFO] [stderr]    Compiling thread_local v0.2.7
[INFO] [stderr]    Compiling aho-corasick v0.5.3
[INFO] [stderr]    Compiling time v0.1.45
[INFO] [stderr]    Compiling cc v1.0.90
[INFO] [stderr]    Compiling time v0.3.34
[INFO] [stderr]    Compiling flate2 v1.0.28
[INFO] [stderr]    Compiling constant_time_eq v0.1.5
[INFO] [stderr]    Compiling lazy_static v0.1.16
[INFO] [stderr]    Compiling byteorder v1.5.0
[INFO] [stderr]    Compiling crypto-common v0.1.6
[INFO] [stderr]    Compiling block-buffer v0.10.4
[INFO] [stderr]    Compiling inout v0.1.3
[INFO] [stderr]    Compiling digest v0.10.7
[INFO] [stderr]    Compiling num-integer v0.1.46
[INFO] [stderr]    Compiling cipher v0.4.4
[INFO] [stderr]    Compiling num-iter v0.1.44
[INFO] [stderr]    Compiling sha2 v0.10.8
[INFO] [stderr]    Compiling hmac v0.12.1
[INFO] [stderr]    Compiling aes v0.8.4
[INFO] [stderr]    Compiling num v0.1.42
[INFO] [stderr]    Compiling chrono v0.2.25
[INFO] [stderr]    Compiling sha1 v0.10.6
[INFO] [stderr]    Compiling pbkdf2 v0.11.0
[INFO] [stderr]    Compiling regex v0.1.80
[INFO] [stderr]    Compiling fs_extra v1.3.0
[INFO] [stderr]    Compiling matrixmultiply v0.3.8
[INFO] [stderr]    Compiling num-complex v0.4.5
[INFO] [stderr]    Compiling syn v2.0.55
[INFO] [stderr]    Compiling thiserror v1.0.58
[INFO] [stderr]    Compiling rawpointer v0.2.1
[INFO] [stderr]    Compiling bitflags v2.5.0
[INFO] [stderr]    Compiling zstd-sys v2.0.10+zstd.1.5.6
[INFO] [stderr]    Compiling bzip2-sys v0.1.11+1.0.8
[INFO] [stderr]    Compiling ftp v3.0.1
[INFO] [stderr]    Compiling ndarray v0.15.6
[INFO] [stderr]    Compiling phastft v0.2.1 (/opt/rustwide/workdir)
[INFO] [stderr]    Compiling bzip2 v0.4.4
[INFO] [stderr]    Compiling thiserror-impl v1.0.58
[INFO] [stderr]    Compiling zstd v0.11.2+zstd.1.5.2
[INFO] [stderr]    Compiling zip v0.6.6
[INFO] [stderr]    Compiling fftw-src v0.8.0
[INFO] [stderr]    Compiling fftw-sys v0.8.0
[INFO] [stderr]    Compiling fftw v0.8.0
[INFO] [stdout] error[E0432]: unresolved import `utilities`
[INFO] [stdout]  --> examples/benchmark.rs:4:5
[INFO] [stdout]   |
[INFO] [stdout] 4 | use utilities::gen_random_signal;
[INFO] [stdout]   |     ^^^^^^^^^ use of undeclared crate or module `utilities`
[INFO] [stdout] 
[INFO] [stdout] 
[INFO] [stdout] error[E0433]: failed to resolve: use of undeclared crate or module `utilities`
[INFO] [stdout]  --> examples/fftwrb.rs:8:5
[INFO] [stdout]   |
[INFO] [stdout] 8 | use utilities::{gen_random_signal, rustfft::num_complex::Complex};
[INFO] [stdout]   |     ^^^^^^^^^ use of undeclared crate or module `utilities`
[INFO] [stdout] 
[INFO] [stdout] 
[INFO] [stdout] error[E0432]: unresolved import `utilities`
[INFO] [stdout]  --> examples/fftwrb.rs:8:5
[INFO] [stdout]   |
[INFO] [stdout] 8 | use utilities::{gen_random_signal, rustfft::num_complex::Complex};
[INFO] [stdout]   |     ^^^^^^^^^ use of undeclared crate or module `utilities`
[INFO] [stdout] 
[INFO] [stdout] 
[INFO] [stdout] error[E0433]: failed to resolve: use of undeclared crate or module `utilities`
[INFO] [stdout]  --> examples/rustfft.rs:4:5
[INFO] [stdout]   |
[INFO] [stdout] 4 | use utilities::{
[INFO] [stdout]   |     ^^^^^^^^^ use of undeclared crate or module `utilities`
[INFO] [stdout] 
[INFO] [stdout] 
[INFO] [stdout] error[E0432]: unresolved import `utilities`
[INFO] [stdout]  --> examples/rustfft.rs:4:5
[INFO] [stdout]   |
[INFO] [stdout] 4 | use utilities::{
[INFO] [stdout]   |     ^^^^^^^^^ use of undeclared crate or module `utilities`
[INFO] [stdout] 
[INFO] [stdout] 
[INFO] [stdout] For more information about this error, try `rustc --explain E0432`.
[INFO] [stdout] 
[INFO] [stderr] error: could not compile `phastft` (example "benchmark") due to 1 previous error
[INFO] [stderr] warning: build failed, waiting for other jobs to finish...
[INFO] [stdout] Some errors have detailed explanations: E0432, E0433.
[INFO] [stdout] 
[INFO] [stdout] For more information about an error, try `rustc --explain E0432`.
[INFO] [stdout] 
[INFO] [stdout] Some errors have detailed explanations: E0432, E0433.
[INFO] [stdout] 
[INFO] [stdout] For more information about an error, try `rustc --explain E0432`.
[INFO] [stdout] 
[INFO] [stderr] error: could not compile `phastft` (example "fftwrb") due to 2 previous errors
[INFO] [stderr] error: could not compile `phastft` (example "rustfft") due to 2 previous errors
[INFO] [stdout] error[E0432]: unresolved import `utilities`
[INFO] [stdout]    --> src/twiddles.rs:205:9
[INFO] [stdout]     |
[INFO] [stdout] 205 |     use utilities::assert_float_closeness;
[INFO] [stdout]     |         ^^^^^^^^^ use of undeclared crate or module `utilities`
[INFO] [stdout] 
[INFO] [stdout] 
[INFO] [stdout] error[E0433]: failed to resolve: use of undeclared crate or module `utilities`
[INFO] [stdout]    --> src/lib.rs:180:9
[INFO] [stdout]     |
[INFO] [stdout] 180 |     use utilities::rustfft::num_complex::Complex;
[INFO] [stdout]     |         ^^^^^^^^^ use of undeclared crate or module `utilities`
[INFO] [stdout] 
[INFO] [stdout] 
[INFO] [stdout] error[E0433]: failed to resolve: use of undeclared crate or module `utilities`
[INFO] [stdout]    --> src/lib.rs:181:9
[INFO] [stdout]     |
[INFO] [stdout] 181 |     use utilities::rustfft::FftPlanner;
[INFO] [stdout]     |         ^^^^^^^^^ use of undeclared crate or module `utilities`
[INFO] [stdout] 
[INFO] [stdout] 
[INFO] [stdout] error[E0432]: unresolved import `utilities`
[INFO] [stdout]    --> src/lib.rs:179:9
[INFO] [stdout]     |
[INFO] [stdout] 179 |     use utilities::assert_float_closeness;
[INFO] [stdout]     |         ^^^^^^^^^ use of undeclared crate or module `utilities`
[INFO] [stdout] 
[INFO] [stdout] 
[INFO] [stdout] Some errors have detailed explanations: E0432, E0433.
[INFO] [stdout] 
[INFO] [stdout] For more information about an error, try `rustc --explain E0432`.
[INFO] [stdout] 
[INFO] [stderr] error: could not compile `phastft` (lib test) due to 4 previous errors
[INFO] running `Command { std: "docker" "inspect" "757a071c734ca6423f563cf9467bfdef1c26b29a51b97729ce952dd03e2b8fff", kill_on_drop: false }`
[INFO] running `Command { std: "docker" "rm" "-f" "757a071c734ca6423f563cf9467bfdef1c26b29a51b97729ce952dd03e2b8fff", kill_on_drop: false }`
[INFO] [stdout] 757a071c734ca6423f563cf9467bfdef1c26b29a51b97729ce952dd03e2b8fff
