[INFO] fetching crate pgml-dashboard 0.1.1...
[INFO] testing pgml-dashboard-0.1.1 against nightly-2024-10-28 for randomize-layout
[INFO] extracting crate pgml-dashboard 0.1.1 into /workspace/builds/worker-0-tc1/source
[INFO] validating manifest of crates.io crate pgml-dashboard 0.1.1 on toolchain nightly-2024-10-28
[INFO] running `Command { std: CARGO_HOME="/workspace/cargo-home" RUSTUP_HOME="/workspace/rustup-home" "/workspace/cargo-home/bin/cargo" "+nightly-2024-10-28" "metadata" "--manifest-path" "Cargo.toml" "--no-deps", kill_on_drop: false }`
[INFO] started tweaking crates.io crate pgml-dashboard 0.1.1
[INFO] finished tweaking crates.io crate pgml-dashboard 0.1.1
[INFO] tweaked toml for crates.io crate pgml-dashboard 0.1.1 written to /workspace/builds/worker-0-tc1/source/Cargo.toml
[INFO] crate crates.io crate pgml-dashboard 0.1.1 already has a lockfile, it will not be regenerated
[INFO] running `Command { std: CARGO_HOME="/workspace/cargo-home" RUSTUP_HOME="/workspace/rustup-home" "/workspace/cargo-home/bin/cargo" "+nightly-2024-10-28" "fetch" "--manifest-path" "Cargo.toml", kill_on_drop: false }`
[INFO] [stderr]     Blocking waiting for file lock on package cache
[INFO] [stderr]     Updating crates.io index
[INFO] [stderr]     Blocking waiting for file lock on package cache
[INFO] [stderr]  Downloading crates ...
[INFO] [stderr]   Downloaded uuid v1.2.2
[INFO] [stderr]   Downloaded sqlx-rt v0.6.2
[INFO] [stderr]   Downloaded sqlx-macros v0.6.2
[INFO] [stderr]   Downloaded devise v0.3.1
[INFO] [stderr]   Downloaded sqlformat v0.2.0
[INFO] [stderr]   Downloaded whoami v1.2.3
[INFO] [stderr]   Downloaded home v0.5.4
[INFO] [stderr]   Downloaded ubyte v0.10.3
[INFO] [stderr]   Downloaded paste v1.0.9
[INFO] [stderr]   Downloaded terminal_size v0.2.2
[INFO] [stderr]   Downloaded io-lifetimes v0.7.5
[INFO] [stderr]   Downloaded pest v2.5.0
[INFO] [stderr]   Downloaded is-terminal v0.4.0
[INFO] [stderr]   Downloaded io-lifetimes v1.0.2
[INFO] [stderr]   Downloaded plist v1.3.1
[INFO] [stderr]   Downloaded aes-gcm v0.10.1
[INFO] [stderr]   Downloaded fancy-regex v0.7.1
[INFO] [stderr]   Downloaded rocket_codegen v0.5.0-rc.2
[INFO] [stderr]   Downloaded hkdf v0.12.3
[INFO] [stderr]   Downloaded rocket_http v0.5.0-rc.2
[INFO] [stderr]   Downloaded comrak v0.15.0
[INFO] [stderr]   Downloaded sqlx-core v0.6.2
[INFO] [stderr]   Downloaded clap v4.0.27
[INFO] [stderr]   Downloaded figment v0.10.8
[INFO] [stderr]   Downloaded loom v0.5.6
[INFO] [stderr]   Downloaded bigdecimal v0.3.0
[INFO] [stderr]   Downloaded rustix v0.35.13
[INFO] [stderr]   Downloaded rustix v0.36.3
[INFO] [stderr]   Downloaded rocket v0.5.0-rc.2
[INFO] [stderr]   Downloaded entities v1.0.1
[INFO] [stderr]   Downloaded pest_meta v2.5.0
[INFO] [stderr]   Downloaded csv-core v0.1.10
[INFO] [stderr]   Downloaded multer v2.0.4
[INFO] [stderr]   Downloaded cookie v0.16.1
[INFO] [stderr]   Downloaded uncased v0.9.7
[INFO] [stderr]   Downloaded state v0.5.3
[INFO] [stderr]   Downloaded itoap v1.0.1
[INFO] [stderr]   Downloaded hashlink v0.8.1
[INFO] [stderr]   Downloaded pest_generator v2.5.0
[INFO] [stderr]   Downloaded typed-arena v2.0.1
[INFO] [stderr]   Downloaded binascii v0.1.4
[INFO] [stderr]   Downloaded devise_core v0.3.1
[INFO] [stderr]   Downloaded aead v0.5.1
[INFO] [stderr]   Downloaded windows_i686_msvc v0.32.0
[INFO] [stderr]   Downloaded windows_aarch64_msvc v0.32.0
[INFO] [stderr]   Downloaded universal-hash v0.5.0
[INFO] [stderr]   Downloaded ghash v0.5.0
[INFO] [stderr]   Downloaded pear_codegen v0.2.3
[INFO] [stderr]   Downloaded windows_x86_64_msvc v0.32.0
[INFO] [stderr]   Downloaded syntect v5.0.0
[INFO] [stderr]   Downloaded windows_i686_gnu v0.32.0
[INFO] [stderr]   Downloaded windows_x86_64_gnu v0.32.0
[INFO] [stderr]   Downloaded linux-raw-sys v0.1.3
[INFO] [stderr]   Downloaded ref-cast-impl v1.0.13
[INFO] [stderr]   Downloaded ref-cast v1.0.13
[INFO] [stderr]   Downloaded linux-raw-sys v0.0.46
[INFO] [stderr]   Downloaded sailfish-compiler v0.5.0
[INFO] [stderr]   Downloaded sailfish-macros v0.5.0
[INFO] [stderr]   Downloaded atoi v1.0.0
[INFO] [stderr]   Downloaded crc v3.0.0
[INFO] [stderr]   Downloaded futures-intrusive v0.4.2
[INFO] [stderr]   Downloaded rustls-pemfile v1.0.1
[INFO] [stderr]   Downloaded sqlx v0.6.2
[INFO] [stderr]   Downloaded csv-async v1.2.4
[INFO] [stderr]   Downloaded devise_codegen v0.3.1
[INFO] [stderr]   Downloaded dotenvy v0.15.6
[INFO] [stderr]   Downloaded xdg v2.4.1
[INFO] [stderr]   Downloaded pest_derive v2.5.0
[INFO] [stderr]   Downloaded atomic v0.5.1
[INFO] [stderr]   Downloaded spin v0.9.4
[INFO] [stderr]   Downloaded cipher v0.4.3
[INFO] [stderr]   Downloaded polyval v0.6.0
[INFO] [stderr]   Downloaded pear v0.2.3
[INFO] [stderr]   Downloaded stable-pattern v0.1.0
[INFO] [stderr]   Downloaded rustversion v1.0.9
[INFO] [stderr]   Downloaded generator v0.7.1
[INFO] [stderr]   Downloaded tokio-stream v0.1.11
[INFO] [stderr]   Downloaded sailfish v0.5.0
[INFO] [stderr]   Downloaded crc-catalog v2.1.0
[INFO] [stderr]   Downloaded windows v0.32.0
[INFO] running `Command { std: "docker" "create" "-v" "/var/lib/crater-agent-workspace/builds/worker-0-tc1/target:/opt/rustwide/target:rw,Z" "-v" "/var/lib/crater-agent-workspace/builds/worker-0-tc1/source:/opt/rustwide/workdir:ro,Z" "-v" "/var/lib/crater-agent-workspace/cargo-home:/opt/rustwide/cargo-home:ro,Z" "-v" "/var/lib/crater-agent-workspace/rustup-home:/opt/rustwide/rustup-home:ro,Z" "-e" "SOURCE_DIR=/opt/rustwide/workdir" "-e" "CARGO_TARGET_DIR=/opt/rustwide/target" "-e" "CARGO_HOME=/opt/rustwide/cargo-home" "-e" "RUSTUP_HOME=/opt/rustwide/rustup-home" "-w" "/opt/rustwide/workdir" "-m" "1610612736" "--user" "0:0" "--network" "none" "ghcr.io/rust-lang/crates-build-env/linux@sha256:4a844ea9eb2546a2d2c7022eacef16ef2e8229c7fbb2c7d4d55a9ceca922f72d" "/opt/rustwide/cargo-home/bin/cargo" "+nightly-2024-10-28" "metadata" "--no-deps" "--format-version=1", kill_on_drop: false }`
[INFO] [stdout] ef88a331860f084a478ba043200c6d3b56cabd22fa0aa815f22359b9cabcd45c
[INFO] running `Command { std: "docker" "start" "-a" "ef88a331860f084a478ba043200c6d3b56cabd22fa0aa815f22359b9cabcd45c", kill_on_drop: false }`
[INFO] running `Command { std: "docker" "inspect" "ef88a331860f084a478ba043200c6d3b56cabd22fa0aa815f22359b9cabcd45c", kill_on_drop: false }`
[INFO] running `Command { std: "docker" "rm" "-f" "ef88a331860f084a478ba043200c6d3b56cabd22fa0aa815f22359b9cabcd45c", kill_on_drop: false }`
[INFO] [stdout] ef88a331860f084a478ba043200c6d3b56cabd22fa0aa815f22359b9cabcd45c
[INFO] running `Command { std: "docker" "create" "-v" "/var/lib/crater-agent-workspace/builds/worker-0-tc1/target:/opt/rustwide/target:rw,Z" "-v" "/var/lib/crater-agent-workspace/builds/worker-0-tc1/source:/opt/rustwide/workdir:ro,Z" "-v" "/var/lib/crater-agent-workspace/cargo-home:/opt/rustwide/cargo-home:ro,Z" "-v" "/var/lib/crater-agent-workspace/rustup-home:/opt/rustwide/rustup-home:ro,Z" "-e" "SOURCE_DIR=/opt/rustwide/workdir" "-e" "CARGO_TARGET_DIR=/opt/rustwide/target" "-e" "CARGO_INCREMENTAL=0" "-e" "RUST_BACKTRACE=full" "-e" "RUSTFLAGS=--cap-lints=forbid" "-e" "RUSTDOCFLAGS=--cap-lints=forbid" "-e" "CARGO_HOME=/opt/rustwide/cargo-home" "-e" "RUSTUP_HOME=/opt/rustwide/rustup-home" "-w" "/opt/rustwide/workdir" "-m" "1610612736" "--user" "0:0" "--network" "none" "ghcr.io/rust-lang/crates-build-env/linux@sha256:4a844ea9eb2546a2d2c7022eacef16ef2e8229c7fbb2c7d4d55a9ceca922f72d" "/opt/rustwide/cargo-home/bin/cargo" "+nightly-2024-10-28" "build" "--frozen" "--message-format=json", kill_on_drop: false }`
[INFO] [stdout] 5c01a1a9e2fa1f48582eaa911807ab681bce1b55e9c5e119ac1d81ff2aa242c3
[INFO] running `Command { std: "docker" "start" "-a" "5c01a1a9e2fa1f48582eaa911807ab681bce1b55e9c5e119ac1d81ff2aa242c3", kill_on_drop: false }`
[INFO] [stderr]    Compiling version_check v0.9.4
[INFO] [stderr]    Compiling proc-macro2 v1.0.47
[INFO] [stderr]    Compiling unicode-ident v1.0.5
[INFO] [stderr]    Compiling quote v1.0.21
[INFO] [stderr]    Compiling syn v1.0.103
[INFO] [stderr]    Compiling libc v0.2.137
[INFO] [stderr]    Compiling autocfg v1.1.0
[INFO] [stderr]    Compiling typenum v1.15.0
[INFO] [stderr]    Compiling once_cell v1.16.0
[INFO] [stderr]    Compiling memchr v2.5.0
[INFO] [stdout] error[E0422]: cannot find struct, variant or union type `LineColumn` in crate `proc_macro`
[INFO] [stdout]    --> /opt/rustwide/cargo-home/registry/src/index.crates.io-6f17d22bba15001f/proc-macro2-1.0.47/src/wrapper.rs:479:33
[INFO] [stdout]     |
[INFO] [stdout] 479 |                 let proc_macro::LineColumn { line, column } = s.start();
[INFO] [stdout]     |                                 ^^^^^^^^^^ not found in `proc_macro`
[INFO] [stdout]     |
[INFO] [stdout] help: consider importing one of these structs
[INFO] [stdout]     |
[INFO] [stdout] 1   + use crate::LineColumn;
[INFO] [stdout]     |
[INFO] [stdout] 1   + use crate::fallback::LineColumn;
[INFO] [stdout]     |
[INFO] [stdout] help: if you import `LineColumn`, refer to it directly
[INFO] [stdout]     |
[INFO] [stdout] 479 -                 let proc_macro::LineColumn { line, column } = s.start();
[INFO] [stdout] 479 +                 let LineColumn { line, column } = s.start();
[INFO] [stdout]     |
[INFO] [stdout] 
[INFO] [stdout] 
[INFO] [stdout] error[E0422]: cannot find struct, variant or union type `LineColumn` in crate `proc_macro`
[INFO] [stdout]    --> /opt/rustwide/cargo-home/registry/src/index.crates.io-6f17d22bba15001f/proc-macro2-1.0.47/src/wrapper.rs:496:33
[INFO] [stdout]     |
[INFO] [stdout] 496 |                 let proc_macro::LineColumn { line, column } = s.end();
[INFO] [stdout]     |                                 ^^^^^^^^^^ not found in `proc_macro`
[INFO] [stdout]     |
[INFO] [stdout] help: consider importing one of these structs
[INFO] [stdout]     |
[INFO] [stdout] 1   + use crate::LineColumn;
[INFO] [stdout]     |
[INFO] [stdout] 1   + use crate::fallback::LineColumn;
[INFO] [stdout]     |
[INFO] [stdout] help: if you import `LineColumn`, refer to it directly
[INFO] [stdout]     |
[INFO] [stdout] 496 -                 let proc_macro::LineColumn { line, column } = s.end();
[INFO] [stdout] 496 +                 let LineColumn { line, column } = s.end();
[INFO] [stdout]     |
[INFO] [stdout] 
[INFO] [stdout] 
[INFO] [stderr]    Compiling generic-array v0.14.6
[INFO] [stdout] error[E0635]: unknown feature `proc_macro_span_shrink`
[INFO] [stdout]   --> /opt/rustwide/cargo-home/registry/src/index.crates.io-6f17d22bba15001f/proc-macro2-1.0.47/src/lib.rs:92:30
[INFO] [stdout]    |
[INFO] [stdout] 92 |     feature(proc_macro_span, proc_macro_span_shrink)
[INFO] [stdout]    |                              ^^^^^^^^^^^^^^^^^^^^^^
[INFO] [stdout] 
[INFO] [stdout] 
[INFO] [stderr]    Compiling serde_derive v1.0.147
[INFO] [stderr]    Compiling subtle v2.4.1
[INFO] [stderr]    Compiling pin-project-lite v0.2.9
[INFO] [stderr]    Compiling futures-core v0.3.25
[INFO] [stderr]    Compiling cc v1.0.77
[INFO] [stderr]    Compiling smallvec v1.10.0
[INFO] [stdout] Some errors have detailed explanations: E0422, E0635.
[INFO] [stdout] 
[INFO] [stdout] For more information about an error, try `rustc --explain E0422`.
[INFO] [stdout] 
[INFO] [stderr] error: could not compile `proc-macro2` (lib) due to 3 previous errors
[INFO] [stderr] warning: build failed, waiting for other jobs to finish...
[INFO] running `Command { std: "docker" "inspect" "5c01a1a9e2fa1f48582eaa911807ab681bce1b55e9c5e119ac1d81ff2aa242c3", kill_on_drop: false }`
[INFO] running `Command { std: "docker" "rm" "-f" "5c01a1a9e2fa1f48582eaa911807ab681bce1b55e9c5e119ac1d81ff2aa242c3", kill_on_drop: false }`
[INFO] [stdout] 5c01a1a9e2fa1f48582eaa911807ab681bce1b55e9c5e119ac1d81ff2aa242c3
