[INFO] fetching crate pgdo-lib 0.5.0...
[INFO] testing pgdo-lib-0.5.0 against nightly-2024-10-28+rustflags=-Zrandomize-layout for randomize-layout
[INFO] extracting crate pgdo-lib 0.5.0 into /workspace/builds/worker-7-tc2/source
[INFO] validating manifest of crates.io crate pgdo-lib 0.5.0 on toolchain nightly-2024-10-28
[INFO] running `Command { std: CARGO_HOME="/workspace/cargo-home" RUSTUP_HOME="/workspace/rustup-home" "/workspace/cargo-home/bin/cargo" "+nightly-2024-10-28" "metadata" "--manifest-path" "Cargo.toml" "--no-deps", kill_on_drop: false }`
[INFO] started tweaking crates.io crate pgdo-lib 0.5.0
[INFO] removed 0 missing tests
[INFO] finished tweaking crates.io crate pgdo-lib 0.5.0
[INFO] tweaked toml for crates.io crate pgdo-lib 0.5.0 written to /workspace/builds/worker-7-tc2/source/Cargo.toml
[INFO] running `Command { std: CARGO_HOME="/workspace/cargo-home" RUSTUP_HOME="/workspace/rustup-home" "/workspace/cargo-home/bin/cargo" "+nightly-2024-10-28" "generate-lockfile" "--manifest-path" "Cargo.toml", kill_on_drop: false }`
[INFO] [stderr]     Updating crates.io index
[INFO] [stderr]      Locking 196 packages to latest compatible versions
[INFO] running `Command { std: CARGO_HOME="/workspace/cargo-home" RUSTUP_HOME="/workspace/rustup-home" "/workspace/cargo-home/bin/cargo" "+nightly-2024-10-28" "fetch" "--manifest-path" "Cargo.toml", kill_on_drop: false }`
[INFO] running `Command { std: "docker" "create" "-v" "/var/lib/crater-agent-workspace/builds/worker-7-tc2/target:/opt/rustwide/target:rw,Z" "-v" "/var/lib/crater-agent-workspace/builds/worker-7-tc2/source:/opt/rustwide/workdir:ro,Z" "-v" "/var/lib/crater-agent-workspace/cargo-home:/opt/rustwide/cargo-home:ro,Z" "-v" "/var/lib/crater-agent-workspace/rustup-home:/opt/rustwide/rustup-home:ro,Z" "-e" "SOURCE_DIR=/opt/rustwide/workdir" "-e" "CARGO_TARGET_DIR=/opt/rustwide/target" "-e" "CARGO_HOME=/opt/rustwide/cargo-home" "-e" "RUSTUP_HOME=/opt/rustwide/rustup-home" "-w" "/opt/rustwide/workdir" "-m" "1610612736" "--user" "0:0" "--network" "none" "ghcr.io/rust-lang/crates-build-env/linux@sha256:4a844ea9eb2546a2d2c7022eacef16ef2e8229c7fbb2c7d4d55a9ceca922f72d" "/opt/rustwide/cargo-home/bin/cargo" "+nightly-2024-10-28" "metadata" "--no-deps" "--format-version=1", kill_on_drop: false }`
[INFO] [stdout] ec1bc2141c1085b8335b999b1b5e1eecb56693c83bd342c3221aa41180e2d2d5
[INFO] running `Command { std: "docker" "start" "-a" "ec1bc2141c1085b8335b999b1b5e1eecb56693c83bd342c3221aa41180e2d2d5", kill_on_drop: false }`
[INFO] running `Command { std: "docker" "inspect" "ec1bc2141c1085b8335b999b1b5e1eecb56693c83bd342c3221aa41180e2d2d5", kill_on_drop: false }`
[INFO] running `Command { std: "docker" "rm" "-f" "ec1bc2141c1085b8335b999b1b5e1eecb56693c83bd342c3221aa41180e2d2d5", kill_on_drop: false }`
[INFO] [stdout] ec1bc2141c1085b8335b999b1b5e1eecb56693c83bd342c3221aa41180e2d2d5
[INFO] running `Command { std: "docker" "create" "-v" "/var/lib/crater-agent-workspace/builds/worker-7-tc2/target:/opt/rustwide/target:rw,Z" "-v" "/var/lib/crater-agent-workspace/builds/worker-7-tc2/source:/opt/rustwide/workdir:ro,Z" "-v" "/var/lib/crater-agent-workspace/cargo-home:/opt/rustwide/cargo-home:ro,Z" "-v" "/var/lib/crater-agent-workspace/rustup-home:/opt/rustwide/rustup-home:ro,Z" "-e" "SOURCE_DIR=/opt/rustwide/workdir" "-e" "CARGO_TARGET_DIR=/opt/rustwide/target" "-e" "CARGO_INCREMENTAL=0" "-e" "RUST_BACKTRACE=full" "-e" "RUSTFLAGS=--cap-lints=forbid -Zrandomize-layout" "-e" "RUSTDOCFLAGS=--cap-lints=forbid" "-e" "CARGO_HOME=/opt/rustwide/cargo-home" "-e" "RUSTUP_HOME=/opt/rustwide/rustup-home" "-w" "/opt/rustwide/workdir" "-m" "1610612736" "--user" "0:0" "--network" "none" "ghcr.io/rust-lang/crates-build-env/linux@sha256:4a844ea9eb2546a2d2c7022eacef16ef2e8229c7fbb2c7d4d55a9ceca922f72d" "/opt/rustwide/cargo-home/bin/cargo" "+nightly-2024-10-28" "build" "--frozen" "--message-format=json", kill_on_drop: false }`
[INFO] [stdout] 31c372822570a7124d29235ec4750086fd7356ae3c91cc299406b7ec0c4d288f
[INFO] running `Command { std: "docker" "start" "-a" "31c372822570a7124d29235ec4750086fd7356ae3c91cc299406b7ec0c4d288f", kill_on_drop: false }`
[INFO] [stderr]    Compiling libc v0.2.161
[INFO] [stderr]    Compiling futures-core v0.3.31
[INFO] [stderr]    Compiling subtle v2.6.1
[INFO] [stderr]    Compiling bytes v1.8.0
[INFO] [stderr]    Compiling unicode-bidi v0.3.17
[INFO] [stderr]    Compiling generic-array v0.14.7
[INFO] [stderr]    Compiling unicode-normalization v0.1.24
[INFO] [stderr]    Compiling byteorder v1.5.0
[INFO] [stderr]    Compiling crossbeam-utils v0.8.20
[INFO] [stderr]    Compiling futures-io v0.3.31
[INFO] [stderr]    Compiling serde v1.0.214
[INFO] [stderr]    Compiling zerocopy v0.7.35
[INFO] [stderr]    Compiling unicode-properties v0.1.3
[INFO] [stderr]    Compiling thiserror-impl v1.0.66
[INFO] [stderr]    Compiling serde_json v1.0.132
[INFO] [stderr]    Compiling nom v7.1.3
[INFO] [stderr]    Compiling parking v2.2.1
[INFO] [stderr]    Compiling crc-catalog v2.4.0
[INFO] [stderr]    Compiling futures-sink v0.3.31
[INFO] [stderr]    Compiling crc v3.2.1
[INFO] [stderr]    Compiling tracing v0.1.40
[INFO] [stderr]    Compiling atoi v2.0.0
[INFO] [stderr]    Compiling hex v0.4.3
[INFO] [stderr]    Compiling futures-macro v0.3.31
[INFO] [stderr]    Compiling rustix v0.38.38
[INFO] [stderr]    Compiling stringprep v0.1.5
[INFO] [stderr]    Compiling idna v0.5.0
[INFO] [stderr]    Compiling base64 v0.22.1
[INFO] [stderr]    Compiling futures-channel v0.3.31
[INFO] [stderr]    Compiling crypto-common v0.1.6
[INFO] [stderr]    Compiling block-buffer v0.10.4
[INFO] [stderr]    Compiling ppv-lite86 v0.2.20
[INFO] [stderr]    Compiling concurrent-queue v2.5.0
[INFO] [stderr]    Compiling getrandom v0.2.15
[INFO] [stderr]    Compiling digest v0.10.7
[INFO] [stderr]    Compiling socket2 v0.5.7
[INFO] [stderr]    Compiling mio v1.0.2
[INFO] [stderr]    Compiling ahash v0.8.11
[INFO] [stderr]    Compiling event-listener v5.3.1
[INFO] [stderr]    Compiling crossbeam-queue v0.3.11
[INFO] [stderr]    Compiling rand_core v0.6.4
[INFO] [stderr]    Compiling sha2 v0.10.8
[INFO] [stderr]    Compiling hmac v0.12.1
[INFO] [stderr]    Compiling hashbrown v0.14.5
[INFO] [stderr]    Compiling md-5 v0.10.6
[INFO] [stderr]    Compiling hkdf v0.12.4
[INFO] [stderr]    Compiling url v2.5.2
[INFO] [stderr]    Compiling tokio v1.41.0
[INFO] [stderr]    Compiling futures-util v0.3.31
[INFO] [stderr]    Compiling thiserror v1.0.66
[INFO] [stderr]    Compiling rand_chacha v0.3.1
[INFO] [stderr]    Compiling aho-corasick v1.1.3
[INFO] [stderr]    Compiling dotenvy v0.15.7
[INFO] [stderr]    Compiling home v0.5.9
[INFO] [stderr]    Compiling whoami v1.5.2
[INFO] [stderr]    Compiling rand v0.8.5
[INFO] [stderr]    Compiling fastrand v2.1.1
[INFO] [stderr]    Compiling sqlformat v0.2.6
[INFO] [stderr]    Compiling hashlink v0.9.1
[INFO] [stderr]    Compiling fallible-iterator v0.2.0
[INFO] [stderr]    Compiling nix v0.29.0
[INFO] [stderr]    Compiling phf v0.11.2
[INFO] [stderr]    Compiling async-trait v0.1.83
[INFO] [stderr]    Compiling miette-derive v7.2.0
[INFO] [stderr]    Compiling sha1_smol v1.0.1
[INFO] [stderr]    Compiling glob v0.3.1
[INFO] [stderr]    Compiling regex-automata v0.4.8
[INFO] [stderr]    Compiling uuid v1.11.0
[INFO] [stderr]    Compiling postgres-protocol v0.6.7
[INFO] [stderr]    Compiling smallvec v1.13.2
[INFO] [stderr]    Compiling either v1.13.0
[INFO] [stderr]    Compiling parking_lot_core v0.9.10
[INFO] [stderr]    Compiling tempfile v3.13.0
[INFO] [stderr]    Compiling parking_lot v0.12.3
[INFO] [stderr]    Compiling postgres-types v0.2.8
[INFO] [stderr]    Compiling miette v7.2.0
[INFO] [stderr]    Compiling futures-intrusive v0.5.0
[INFO] [stderr]    Compiling tokio-stream v0.1.16
[INFO] [stderr]    Compiling bstr v1.10.0
[INFO] [stderr]    Compiling regex v1.11.1
[INFO] [stderr]    Compiling sqlx-core v0.8.2
[INFO] [stderr]    Compiling shell-quote v0.7.1
[INFO] [stderr]    Compiling globset v0.4.15
[INFO] [stderr]    Compiling tokio-util v0.7.12
[INFO] [stderr]    Compiling sqlx-postgres v0.8.2
[INFO] [stderr]    Compiling tokio-postgres v0.7.12
[INFO] [stderr]    Compiling postgres v0.19.9
[INFO] [stderr]    Compiling sqlx-macros-core v0.8.2
[INFO] [stderr]    Compiling sqlx-macros v0.8.2
[INFO] [stderr]    Compiling sqlx v0.8.2
[INFO] [stderr]    Compiling pgdo-lib v0.5.0 (/opt/rustwide/workdir)
[INFO] [stderr]     Finished `dev` profile [unoptimized + debuginfo] target(s) in 13.57s
[INFO] running `Command { std: "docker" "inspect" "31c372822570a7124d29235ec4750086fd7356ae3c91cc299406b7ec0c4d288f", kill_on_drop: false }`
[INFO] running `Command { std: "docker" "rm" "-f" "31c372822570a7124d29235ec4750086fd7356ae3c91cc299406b7ec0c4d288f", kill_on_drop: false }`
[INFO] [stdout] 31c372822570a7124d29235ec4750086fd7356ae3c91cc299406b7ec0c4d288f
[INFO] running `Command { std: "docker" "create" "-v" "/var/lib/crater-agent-workspace/builds/worker-7-tc2/target:/opt/rustwide/target:rw,Z" "-v" "/var/lib/crater-agent-workspace/builds/worker-7-tc2/source:/opt/rustwide/workdir:ro,Z" "-v" "/var/lib/crater-agent-workspace/cargo-home:/opt/rustwide/cargo-home:ro,Z" "-v" "/var/lib/crater-agent-workspace/rustup-home:/opt/rustwide/rustup-home:ro,Z" "-e" "SOURCE_DIR=/opt/rustwide/workdir" "-e" "CARGO_TARGET_DIR=/opt/rustwide/target" "-e" "CARGO_INCREMENTAL=0" "-e" "RUST_BACKTRACE=full" "-e" "RUSTFLAGS=--cap-lints=forbid -Zrandomize-layout" "-e" "RUSTDOCFLAGS=--cap-lints=forbid" "-e" "CARGO_HOME=/opt/rustwide/cargo-home" "-e" "RUSTUP_HOME=/opt/rustwide/rustup-home" "-w" "/opt/rustwide/workdir" "-m" "1610612736" "--user" "0:0" "--network" "none" "ghcr.io/rust-lang/crates-build-env/linux@sha256:4a844ea9eb2546a2d2c7022eacef16ef2e8229c7fbb2c7d4d55a9ceca922f72d" "/opt/rustwide/cargo-home/bin/cargo" "+nightly-2024-10-28" "test" "--frozen" "--no-run" "--message-format=json", kill_on_drop: false }`
[INFO] [stdout] ed06fcdd16cc1eb8030444df7afbbd22a90397ddc5d4b03190780e2fd7972406
[INFO] running `Command { std: "docker" "start" "-a" "ed06fcdd16cc1eb8030444df7afbbd22a90397ddc5d4b03190780e2fd7972406", kill_on_drop: false }`
[INFO] [stderr]    Compiling value-bag v1.10.0
[INFO] [stderr]    Compiling concurrent-queue v2.5.0
[INFO] [stderr]    Compiling crossbeam-utils v0.8.20
[INFO] [stderr]    Compiling rustix v0.38.38
[INFO] [stderr]    Compiling linux-raw-sys v0.4.14
[INFO] [stderr]    Compiling log v0.4.22
[INFO] [stderr]    Compiling futures-lite v2.4.0
[INFO] [stderr]    Compiling crossbeam-queue v0.3.11
[INFO] [stderr]    Compiling atomic-waker v1.1.2
[INFO] [stderr]    Compiling async-task v4.7.1
[INFO] [stderr]    Compiling event-listener v2.5.3
[INFO] [stderr]    Compiling piper v0.2.4
[INFO] [stderr]    Compiling tracing v0.1.40
[INFO] [stderr]    Compiling event-listener v5.3.1
[INFO] [stderr]    Compiling async-channel v1.9.0
[INFO] [stderr]    Compiling event-listener-strategy v0.5.2
[INFO] [stderr]    Compiling tokio-postgres v0.7.12
[INFO] [stderr]    Compiling globset v0.4.15
[INFO] [stderr]    Compiling kv-log-macro v1.0.7
[INFO] [stderr]    Compiling async-channel v2.3.1
[INFO] [stderr]    Compiling async-lock v3.4.0
[INFO] [stderr]    Compiling sqlx-core v0.8.2
[INFO] [stderr]    Compiling blocking v1.6.1
[INFO] [stderr]    Compiling async-executor v1.13.1
[INFO] [stderr]    Compiling tempfile v3.13.0
[INFO] [stderr]    Compiling postgres v0.19.9
[INFO] [stderr]    Compiling sqlx-postgres v0.8.2
[INFO] [stderr]    Compiling polling v3.7.3
[INFO] [stderr]    Compiling async-io v2.3.4
[INFO] [stderr]    Compiling async-global-executor v2.4.1
[INFO] [stderr]    Compiling async-std v1.13.0
[INFO] [stderr]    Compiling sqlx-macros-core v0.8.2
[INFO] [stderr]    Compiling sqlx-macros v0.8.2
[INFO] [stderr]    Compiling sqlx v0.8.2
[INFO] [stderr]    Compiling pgdo-lib v0.5.0 (/opt/rustwide/workdir)
[INFO] [stdout] error[E0432]: unresolved import `pgdo_test`
[INFO] [stdout]  --> tests/test_coordinate.rs:5:5
[INFO] [stdout]   |
[INFO] [stdout] 5 | use pgdo_test::for_all_runtimes;
[INFO] [stdout]   |     ^^^^^^^^^ use of undeclared crate or module `pgdo_test`
[INFO] [stdout] 
[INFO] [stdout] 
[INFO] [stdout] error[E0432]: unresolved import `pgdo_test`
[INFO] [stdout]  --> tests/test_cluster_backup.rs:6:5
[INFO] [stdout]   |
[INFO] [stdout] 6 | use pgdo_test::for_all_runtimes;
[INFO] [stdout]   |     ^^^^^^^^^ use of undeclared crate or module `pgdo_test`
[INFO] [stdout] 
[INFO] [stdout] 
[INFO] [stdout] error[E0432]: unresolved import `pgdo_test`
[INFO] [stdout]   --> tests/test_cluster.rs:17:5
[INFO] [stdout]    |
[INFO] [stdout] 17 | use pgdo_test::for_all_runtimes;
[INFO] [stdout]    |     ^^^^^^^^^ use of undeclared crate or module `pgdo_test`
[INFO] [stdout] 
[INFO] [stdout] 
[INFO] [stdout] error[E0432]: unresolved import `pgdo_test`
[INFO] [stdout]  --> tests/test_cluster_config.rs:2:5
[INFO] [stdout]   |
[INFO] [stdout] 2 | use pgdo_test::for_all_runtimes;
[INFO] [stdout]   |     ^^^^^^^^^ use of undeclared crate or module `pgdo_test`
[INFO] [stdout] 
[INFO] [stdout] 
[INFO] [stdout] error[E0423]: expected value, found module `runtime`
[INFO] [stdout]   --> tests/test_coordinate.rs:12:36
[INFO] [stdout]    |
[INFO] [stdout] 12 |     let (setup, lock) = Setup::run(runtime)?;
[INFO] [stdout]    |                                    ^^^^^^^ not a value
[INFO] [stdout] 
[INFO] [stdout] 
[INFO] [stdout] error[E0423]: expected value, found module `runtime`
[INFO] [stdout]   --> tests/test_coordinate.rs:23:36
[INFO] [stdout]    |
[INFO] [stdout] 23 |     let (setup, lock) = Setup::run(runtime)?;
[INFO] [stdout]    |                                    ^^^^^^^ not a value
[INFO] [stdout] 
[INFO] [stdout] 
[INFO] [stdout] error[E0423]: expected value, found module `runtime`
[INFO] [stdout]   --> tests/test_coordinate.rs:35:36
[INFO] [stdout]    |
[INFO] [stdout] 35 |     let (setup, lock) = Setup::run(runtime)?;
[INFO] [stdout]    |                                    ^^^^^^^ not a value
[INFO] [stdout] 
[INFO] [stdout] 
[INFO] [stdout] error[E0423]: expected value, found module `runtime`
[INFO] [stdout]   --> tests/test_coordinate.rs:46:36
[INFO] [stdout]    |
[INFO] [stdout] 46 |     let (setup, lock) = Setup::run(runtime)?;
[INFO] [stdout]    |                                    ^^^^^^^ not a value
[INFO] [stdout] 
[INFO] [stdout] 
[INFO] [stdout] error[E0425]: cannot find value `runtime` in this scope
[INFO] [stdout]   --> tests/test_cluster_backup.rs:19:42
[INFO] [stdout]    |
[INFO] [stdout] 19 |     let cluster = Cluster::new(data_dir, runtime)?;
[INFO] [stdout]    |                                          ^^^^^^^ not found in this scope
[INFO] [stdout] 
[INFO] [stdout] 
[INFO] [stdout] error[E0425]: cannot find value `runtime` in this scope
[INFO] [stdout]   --> tests/test_cluster_config.rs:10:43
[INFO] [stdout]    |
[INFO] [stdout] 10 |     let cluster = Cluster::new(&data_dir, runtime)?;
[INFO] [stdout]    |                                           ^^^^^^^ not found in this scope
[INFO] [stdout] 
[INFO] [stdout] 
[INFO] [stdout] error[E0425]: cannot find value `runtime` in this scope
[INFO] [stdout]   --> tests/test_cluster_config.rs:48:43
[INFO] [stdout]    |
[INFO] [stdout] 48 |     let cluster = Cluster::new(&data_dir, runtime)?;
[INFO] [stdout]    |                                           ^^^^^^^ not found in this scope
[INFO] [stdout] 
[INFO] [stdout] 
[INFO] [stdout] error[E0425]: cannot find value `runtime` in this scope
[INFO] [stdout]   --> tests/test_cluster_config.rs:67:43
[INFO] [stdout]    |
[INFO] [stdout] 67 |     let cluster = Cluster::new(&data_dir, runtime)?;
[INFO] [stdout]    |                                           ^^^^^^^ not found in this scope
[INFO] [stdout] 
[INFO] [stdout] 
[INFO] [stdout] error[E0425]: cannot find value `runtime` in this scope
[INFO] [stdout]   --> tests/test_cluster_config.rs:92:43
[INFO] [stdout]    |
[INFO] [stdout] 92 |     let cluster = Cluster::new(&data_dir, runtime)?;
[INFO] [stdout]    |                                           ^^^^^^^ not found in this scope
[INFO] [stdout] 
[INFO] [stdout] 
[INFO] [stdout] Some errors have detailed explanations: E0423, E0432.
[INFO] [stdout] 
[INFO] [stdout] For more information about an error, try `rustc --explain E0423`.
[INFO] [stdout] 
[INFO] [stderr] error: could not compile `pgdo-lib` (test "test_coordinate") due to 5 previous errors
[INFO] [stderr] warning: build failed, waiting for other jobs to finish...
[INFO] [stdout] error[E0425]: cannot find value `runtime` in this scope
[INFO] [stdout]   --> tests/test_cluster.rs:28:45
[INFO] [stdout]    |
[INFO] [stdout] 28 |     let cluster = Cluster::new("some/path", runtime)?;
[INFO] [stdout]    |                                             ^^^^^^^ not found in this scope
[INFO] [stdout] 
[INFO] [stdout] 
[INFO] [stdout] error[E0425]: cannot find value `runtime` in this scope
[INFO] [stdout]   --> tests/test_cluster.rs:37:45
[INFO] [stdout]    |
[INFO] [stdout] 37 |     let cluster = Cluster::new("some/path", runtime)?;
[INFO] [stdout]    |                                             ^^^^^^^ not found in this scope
[INFO] [stdout] 
[INFO] [stdout] 
[INFO] [stdout] error[E0425]: cannot find value `runtime` in this scope
[INFO] [stdout]   --> tests/test_cluster.rs:47:43
[INFO] [stdout]    |
[INFO] [stdout] 47 |     let cluster = Cluster::new(&data_dir, runtime.clone())?;
[INFO] [stdout]    |                                           ^^^^^^^ not found in this scope
[INFO] [stdout] 
[INFO] [stdout] 
[INFO] [stdout] error[E0425]: cannot find value `runtime` in this scope
[INFO] [stdout]   --> tests/test_cluster.rs:50:43
[INFO] [stdout]    |
[INFO] [stdout] 50 |     let cluster = Cluster::new(&data_dir, runtime)?;
[INFO] [stdout]    |                                           ^^^^^^^ not found in this scope
[INFO] [stdout] 
[INFO] [stdout] 
[INFO] [stdout] error[E0425]: cannot find value `runtime` in this scope
[INFO] [stdout]   --> tests/test_cluster.rs:58:45
[INFO] [stdout]    |
[INFO] [stdout] 58 |     let cluster = Cluster::new("some/path", runtime)?;
[INFO] [stdout]    |                                             ^^^^^^^ not found in this scope
[INFO] [stdout] 
[INFO] [stdout] 
[INFO] [stdout] error[E0425]: cannot find value `runtime` in this scope
[INFO] [stdout]   --> tests/test_cluster.rs:69:38
[INFO] [stdout]    |
[INFO] [stdout] 69 |     let pg_version: PartialVersion = runtime.version.into();
[INFO] [stdout]    |                                      ^^^^^^^ not found in this scope
[INFO] [stdout] 
[INFO] [stdout] 
[INFO] [stdout] error[E0425]: cannot find value `runtime` in this scope
[INFO] [stdout]   --> tests/test_cluster.rs:72:43
[INFO] [stdout]    |
[INFO] [stdout] 72 |     let cluster = Cluster::new(&data_dir, runtime)?;
[INFO] [stdout]    |                                           ^^^^^^^ not found in this scope
[INFO] [stdout] 
[INFO] [stdout] 
[INFO] [stdout] error[E0425]: cannot find value `runtime` in this scope
[INFO] [stdout]   --> tests/test_cluster.rs:81:42
[INFO] [stdout]    |
[INFO] [stdout] 81 |     let cluster = Cluster::new(data_dir, runtime)?;
[INFO] [stdout]    |                                          ^^^^^^^ not found in this scope
[INFO] [stdout] 
[INFO] [stdout] 
[INFO] [stdout] error[E0425]: cannot find value `runtime` in this scope
[INFO] [stdout]   --> tests/test_cluster.rs:93:42
[INFO] [stdout]    |
[INFO] [stdout] 93 |     let cluster = Cluster::new(data_dir, runtime)?;
[INFO] [stdout]    |                                          ^^^^^^^ not found in this scope
[INFO] [stdout] 
[INFO] [stdout] 
[INFO] [stdout] error[E0425]: cannot find value `runtime` in this scope
[INFO] [stdout]    --> tests/test_cluster.rs:106:42
[INFO] [stdout]     |
[INFO] [stdout] 106 |     let cluster = Cluster::new(data_dir, runtime)?;
[INFO] [stdout]     |                                          ^^^^^^^ not found in this scope
[INFO] [stdout] 
[INFO] [stdout] 
[INFO] [stdout] error[E0425]: cannot find value `runtime` in this scope
[INFO] [stdout]    --> tests/test_cluster.rs:118:42
[INFO] [stdout]     |
[INFO] [stdout] 118 |     let cluster = Cluster::new(data_dir, runtime.clone())?;
[INFO] [stdout]     |                                          ^^^^^^^ not found in this scope
[INFO] [stdout] 
[INFO] [stdout] 
[INFO] [stdout] error[E0425]: cannot find value `runtime` in this scope
[INFO] [stdout]    --> tests/test_cluster.rs:137:8
[INFO] [stdout]     |
[INFO] [stdout] 137 |     if runtime.version < Version::from_str("9.4.22")? {
[INFO] [stdout]     |        ^^^^^^^ not found in this scope
[INFO] [stdout] 
[INFO] [stdout] 
[INFO] [stdout] error[E0425]: cannot find value `runtime` in this scope
[INFO] [stdout]    --> tests/test_cluster.rs:152:8
[INFO] [stdout]     |
[INFO] [stdout] 152 |     if runtime.version >= Version::from_str("16.0")? {
[INFO] [stdout]     |        ^^^^^^^ not found in this scope
[INFO] [stdout] 
[INFO] [stdout] 
[INFO] [stdout] error[E0425]: cannot find value `runtime` in this scope
[INFO] [stdout]    --> tests/test_cluster.rs:174:12
[INFO] [stdout]     |
[INFO] [stdout] 174 |         if runtime.version >= Version::from_str("16.2")? {
[INFO] [stdout]     |            ^^^^^^^ not found in this scope
[INFO] [stdout] 
[INFO] [stdout] 
[INFO] [stdout] error[E0425]: cannot find value `runtime` in this scope
[INFO] [stdout]    --> tests/test_cluster.rs:196:42
[INFO] [stdout]     |
[INFO] [stdout] 196 |     let cluster = Cluster::new(data_dir, runtime)?;
[INFO] [stdout]     |                                          ^^^^^^^ not found in this scope
[INFO] [stdout] 
[INFO] [stdout] 
[INFO] [stdout] error[E0425]: cannot find value `runtime` in this scope
[INFO] [stdout]    --> tests/test_cluster.rs:209:42
[INFO] [stdout]     |
[INFO] [stdout] 209 |     let cluster = Cluster::new(data_dir, runtime)?;
[INFO] [stdout]     |                                          ^^^^^^^ not found in this scope
[INFO] [stdout] 
[INFO] [stdout] 
[INFO] [stdout] error[E0425]: cannot find value `runtime` in this scope
[INFO] [stdout]    --> tests/test_cluster.rs:227:42
[INFO] [stdout]     |
[INFO] [stdout] 227 |     let cluster = Cluster::new(data_dir, runtime)?;
[INFO] [stdout]     |                                          ^^^^^^^ not found in this scope
[INFO] [stdout] 
[INFO] [stdout] 
[INFO] [stdout] error[E0425]: cannot find value `runtime` in this scope
[INFO] [stdout]    --> tests/test_cluster.rs:244:42
[INFO] [stdout]     |
[INFO] [stdout] 244 |     let cluster = Cluster::new(data_dir, runtime)?;
[INFO] [stdout]     |                                          ^^^^^^^ not found in this scope
[INFO] [stdout] 
[INFO] [stdout] 
[INFO] [stdout] error[E0425]: cannot find value `runtime` in this scope
[INFO] [stdout]    --> tests/test_cluster.rs:276:42
[INFO] [stdout]     |
[INFO] [stdout] 276 |     let cluster = Cluster::new(data_dir, runtime)?;
[INFO] [stdout]     |                                          ^^^^^^^ not found in this scope
[INFO] [stdout] 
[INFO] [stdout] 
[INFO] [stdout] error[E0425]: cannot find value `runtime` in this scope
[INFO] [stdout]    --> tests/test_cluster.rs:290:42
[INFO] [stdout]     |
[INFO] [stdout] 290 |     let cluster = Cluster::new(data_dir, runtime)?;
[INFO] [stdout]     |                                          ^^^^^^^ not found in this scope
[INFO] [stdout] 
[INFO] [stdout] 
[INFO] [stdout] error[E0425]: cannot find value `runtime` in this scope
[INFO] [stdout]    --> tests/test_cluster.rs:303:42
[INFO] [stdout]     |
[INFO] [stdout] 303 |     let cluster = Cluster::new(data_dir, runtime)?;
[INFO] [stdout]     |                                          ^^^^^^^ not found in this scope
[INFO] [stdout] 
[INFO] [stdout] 
[INFO] [stdout] error[E0425]: cannot find value `runtime` in this scope
[INFO] [stdout]    --> tests/test_cluster.rs:315:42
[INFO] [stdout]     |
[INFO] [stdout] 315 |     let cluster = Cluster::new(data_dir, runtime)?;
[INFO] [stdout]     |                                          ^^^^^^^ not found in this scope
[INFO] [stdout] 
[INFO] [stdout] 
[INFO] [stdout] Some errors have detailed explanations: E0425, E0432.
[INFO] [stdout] 
[INFO] [stdout] For more information about an error, try `rustc --explain E0425`.
[INFO] [stdout] 
[INFO] [stdout] error[E0425]: cannot find value `runtime` in this scope
[INFO] [stdout]    --> tests/test_cluster.rs:336:42
[INFO] [stdout]     |
[INFO] [stdout] 336 |     let cluster = Cluster::new(data_dir, runtime)?;
[INFO] [stdout]     |                                          ^^^^^^^ not found in this scope
[INFO] [stdout] 
[INFO] [stdout] 
[INFO] [stdout] error[E0425]: cannot find value `runtime` in this scope
[INFO] [stdout]    --> tests/test_cluster.rs:359:42
[INFO] [stdout]     |
[INFO] [stdout] 359 |     let cluster = Cluster::new(data_dir, runtime)?;
[INFO] [stdout]     |                                          ^^^^^^^ not found in this scope
[INFO] [stdout] 
[INFO] [stdout] 
[INFO] [stdout] error[E0425]: cannot find value `runtime` in this scope
[INFO] [stdout]    --> tests/test_cluster.rs:372:42
[INFO] [stdout]     |
[INFO] [stdout] 372 |     let cluster = Cluster::new(data_dir, runtime)?;
[INFO] [stdout]     |                                          ^^^^^^^ not found in this scope
[INFO] [stdout] 
[INFO] [stdout] 
[INFO] [stdout] error[E0425]: cannot find value `runtime` in this scope
[INFO] [stdout]    --> tests/test_cluster.rs:386:42
[INFO] [stdout]     |
[INFO] [stdout] 386 |     let cluster = Cluster::new(data_dir, runtime)?;
[INFO] [stdout]     |                                          ^^^^^^^ not found in this scope
[INFO] [stdout] 
[INFO] [stdout] 
[INFO] [stdout] Some errors have detailed explanations: E0425, E0432.
[INFO] [stdout] 
[INFO] [stdout] For more information about an error, try `rustc --explain E0425`.
[INFO] [stdout] 
[INFO] [stderr] error: could not compile `pgdo-lib` (test "test_cluster_config") due to 5 previous errors
[INFO] [stderr] error: could not compile `pgdo-lib` (test "test_cluster_backup") due to 2 previous errors
[INFO] [stdout] Some errors have detailed explanations: E0425, E0432.
[INFO] [stdout] 
[INFO] [stdout] For more information about an error, try `rustc --explain E0425`.
[INFO] [stdout] 
[INFO] [stderr] error: could not compile `pgdo-lib` (test "test_cluster") due to 27 previous errors
[INFO] running `Command { std: "docker" "inspect" "ed06fcdd16cc1eb8030444df7afbbd22a90397ddc5d4b03190780e2fd7972406", kill_on_drop: false }`
[INFO] running `Command { std: "docker" "rm" "-f" "ed06fcdd16cc1eb8030444df7afbbd22a90397ddc5d4b03190780e2fd7972406", kill_on_drop: false }`
[INFO] [stdout] ed06fcdd16cc1eb8030444df7afbbd22a90397ddc5d4b03190780e2fd7972406
