[INFO] fetching crate pet-monitor-app 0.3.0...
[INFO] testing pet-monitor-app-0.3.0 against nightly-2024-10-28 for randomize-layout
[INFO] extracting crate pet-monitor-app 0.3.0 into /workspace/builds/worker-6-tc1/source
[INFO] validating manifest of crates.io crate pet-monitor-app 0.3.0 on toolchain nightly-2024-10-28
[INFO] running `Command { std: CARGO_HOME="/workspace/cargo-home" RUSTUP_HOME="/workspace/rustup-home" "/workspace/cargo-home/bin/cargo" "+nightly-2024-10-28" "metadata" "--manifest-path" "Cargo.toml" "--no-deps", kill_on_drop: false }`
[INFO] started tweaking crates.io crate pet-monitor-app 0.3.0
[INFO] finished tweaking crates.io crate pet-monitor-app 0.3.0
[INFO] tweaked toml for crates.io crate pet-monitor-app 0.3.0 written to /workspace/builds/worker-6-tc1/source/Cargo.toml
[INFO] crate crates.io crate pet-monitor-app 0.3.0 already has a lockfile, it will not be regenerated
[INFO] running `Command { std: CARGO_HOME="/workspace/cargo-home" RUSTUP_HOME="/workspace/rustup-home" "/workspace/cargo-home/bin/cargo" "+nightly-2024-10-28" "fetch" "--manifest-path" "Cargo.toml", kill_on_drop: false }`
[INFO] [stderr]     Updating crates.io index
[INFO] [stderr]     Blocking waiting for file lock on package cache
[INFO] [stderr]  Downloading crates ...
[INFO] [stderr]   Downloaded tracing-tree v0.2.2
[INFO] [stderr]   Downloaded serde_qs v0.11.0
[INFO] [stderr]   Downloaded tower-cookies v0.8.0
[INFO] [stderr]   Downloaded x264 v0.5.0
[INFO] [stderr]   Downloaded include_dir_macros v0.7.3
[INFO] [stderr]   Downloaded metadeps v1.1.2
[INFO] [stderr]   Downloaded include_dir v0.7.3
[INFO] [stderr]   Downloaded rust-argon2 v1.0.0
[INFO] [stderr]   Downloaded blake2b_simd v1.0.1
[INFO] [stderr]   Downloaded serde_path_to_error v0.1.9
[INFO] [stderr]   Downloaded bytemuck v1.13.0
[INFO] [stderr]   Downloaded rscam v0.5.5
[INFO] [stderr]   Downloaded toml v0.2.1
[INFO] [stderr]   Downloaded headers v0.3.8
[INFO] [stderr]   Downloaded axum v0.6.5
[INFO] [stderr]   Downloaded spin v0.9.5
[INFO] [stderr]   Downloaded mp4-stream v0.1.0
[INFO] [stderr]   Downloaded gimli v0.27.1
[INFO] [stderr]   Downloaded fixed v1.23.0
[INFO] [stderr]   Downloaded axum-macros v0.3.3
[INFO] [stderr]   Downloaded x264-sys v0.2.0
[INFO] [stderr]   Downloaded bmff v0.1.0
[INFO] running `Command { std: "docker" "create" "-v" "/var/lib/crater-agent-workspace/builds/worker-6-tc1/target:/opt/rustwide/target:rw,Z" "-v" "/var/lib/crater-agent-workspace/builds/worker-6-tc1/source:/opt/rustwide/workdir:ro,Z" "-v" "/var/lib/crater-agent-workspace/cargo-home:/opt/rustwide/cargo-home:ro,Z" "-v" "/var/lib/crater-agent-workspace/rustup-home:/opt/rustwide/rustup-home:ro,Z" "-e" "SOURCE_DIR=/opt/rustwide/workdir" "-e" "CARGO_TARGET_DIR=/opt/rustwide/target" "-e" "CARGO_HOME=/opt/rustwide/cargo-home" "-e" "RUSTUP_HOME=/opt/rustwide/rustup-home" "-w" "/opt/rustwide/workdir" "-m" "1610612736" "--user" "0:0" "--network" "none" "ghcr.io/rust-lang/crates-build-env/linux@sha256:4a844ea9eb2546a2d2c7022eacef16ef2e8229c7fbb2c7d4d55a9ceca922f72d" "/opt/rustwide/cargo-home/bin/cargo" "+nightly-2024-10-28" "metadata" "--no-deps" "--format-version=1", kill_on_drop: false }`
[INFO] [stdout] f5faf47b852fd004f104e6f9307f511583a73a679902a9bb57a6a3dc4bc817cb
[INFO] running `Command { std: "docker" "start" "-a" "f5faf47b852fd004f104e6f9307f511583a73a679902a9bb57a6a3dc4bc817cb", kill_on_drop: false }`
[INFO] running `Command { std: "docker" "inspect" "f5faf47b852fd004f104e6f9307f511583a73a679902a9bb57a6a3dc4bc817cb", kill_on_drop: false }`
[INFO] running `Command { std: "docker" "rm" "-f" "f5faf47b852fd004f104e6f9307f511583a73a679902a9bb57a6a3dc4bc817cb", kill_on_drop: false }`
[INFO] [stdout] f5faf47b852fd004f104e6f9307f511583a73a679902a9bb57a6a3dc4bc817cb
[INFO] running `Command { std: "docker" "create" "-v" "/var/lib/crater-agent-workspace/builds/worker-6-tc1/target:/opt/rustwide/target:rw,Z" "-v" "/var/lib/crater-agent-workspace/builds/worker-6-tc1/source:/opt/rustwide/workdir:ro,Z" "-v" "/var/lib/crater-agent-workspace/cargo-home:/opt/rustwide/cargo-home:ro,Z" "-v" "/var/lib/crater-agent-workspace/rustup-home:/opt/rustwide/rustup-home:ro,Z" "-e" "SOURCE_DIR=/opt/rustwide/workdir" "-e" "CARGO_TARGET_DIR=/opt/rustwide/target" "-e" "CARGO_INCREMENTAL=0" "-e" "RUST_BACKTRACE=full" "-e" "RUSTFLAGS=--cap-lints=forbid" "-e" "RUSTDOCFLAGS=--cap-lints=forbid" "-e" "CARGO_HOME=/opt/rustwide/cargo-home" "-e" "RUSTUP_HOME=/opt/rustwide/rustup-home" "-w" "/opt/rustwide/workdir" "-m" "1610612736" "--user" "0:0" "--network" "none" "ghcr.io/rust-lang/crates-build-env/linux@sha256:4a844ea9eb2546a2d2c7022eacef16ef2e8229c7fbb2c7d4d55a9ceca922f72d" "/opt/rustwide/cargo-home/bin/cargo" "+nightly-2024-10-28" "build" "--frozen" "--message-format=json", kill_on_drop: false }`
[INFO] [stdout] 0d1d93b6293e29c4905cc6e719a9ac3bd38bfdf0572704c254b916d408b460cf
[INFO] running `Command { std: "docker" "start" "-a" "0d1d93b6293e29c4905cc6e719a9ac3bd38bfdf0572704c254b916d408b460cf", kill_on_drop: false }`
[INFO] [stderr]    Compiling proc-macro2 v1.0.51
[INFO] [stderr]    Compiling unicode-ident v1.0.6
[INFO] [stderr]    Compiling quote v1.0.23
[INFO] [stderr]    Compiling syn v1.0.107
[INFO] [stderr]    Compiling libc v0.2.139
[INFO] [stderr]    Compiling autocfg v1.1.0
[INFO] [stderr]    Compiling log v0.4.17
[INFO] [stderr]    Compiling cc v1.0.79
[INFO] [stderr]    Compiling once_cell v1.17.0
[INFO] [stderr]    Compiling memchr v2.5.0
[INFO] [stderr]    Compiling version_check v0.9.4
[INFO] [stderr]    Compiling pin-project-lite v0.2.9
[INFO] [stderr]    Compiling regex-syntax v0.6.28
[INFO] [stderr]    Compiling itoa v1.0.5
[INFO] [stderr]    Compiling futures-core v0.3.26
[INFO] [stderr]    Compiling serde_derive v1.0.152
[INFO] [stderr]    Compiling lazy_static v1.4.0
[INFO] [stderr]    Compiling typenum v1.16.0
[INFO] [stderr]    Compiling serde v1.0.152
[INFO] [stderr]    Compiling version_check v0.1.5
[INFO] [stderr]    Compiling tracing-core v0.1.30
[INFO] [stderr]    Compiling clang-sys v0.28.1
[INFO] [stderr]    Compiling futures-task v0.3.26
[INFO] [stderr]    Compiling rustversion v1.0.11
[INFO] [stderr]    Compiling bytes v1.4.0
[INFO] [stderr]    Compiling slab v0.4.7
[INFO] [stderr]    Compiling num-traits v0.2.15
[INFO] [stderr]    Compiling num-integer v0.1.45
[INFO] [stdout] error[E0422]: cannot find struct, variant or union type `LineColumn` in crate `proc_macro`
[INFO] [stdout]    --> /opt/rustwide/cargo-home/registry/src/index.crates.io-6f17d22bba15001f/proc-macro2-1.0.51/src/wrapper.rs:475:33
[INFO] [stdout]     |
[INFO] [stdout] 475 |                 let proc_macro::LineColumn { line, column } = s.start();
[INFO] [stdout]     |                                 ^^^^^^^^^^ not found in `proc_macro`
[INFO] [stdout]     |
[INFO] [stdout] help: consider importing this struct through its public re-export
[INFO] [stdout]     |
[INFO] [stdout] 1   + use crate::LineColumn;
[INFO] [stdout]     |
[INFO] [stdout] help: if you import `LineColumn`, refer to it directly
[INFO] [stdout]     |
[INFO] [stdout] 475 -                 let proc_macro::LineColumn { line, column } = s.start();
[INFO] [stdout] 475 +                 let LineColumn { line, column } = s.start();
[INFO] [stdout]     |
[INFO] [stdout] 
[INFO] [stdout] 
[INFO] [stdout] error[E0422]: cannot find struct, variant or union type `LineColumn` in crate `proc_macro`
[INFO] [stdout]    --> /opt/rustwide/cargo-home/registry/src/index.crates.io-6f17d22bba15001f/proc-macro2-1.0.51/src/wrapper.rs:489:33
[INFO] [stdout]     |
[INFO] [stdout] 489 |                 let proc_macro::LineColumn { line, column } = s.end();
[INFO] [stdout]     |                                 ^^^^^^^^^^ not found in `proc_macro`
[INFO] [stdout]     |
[INFO] [stdout] help: consider importing this struct through its public re-export
[INFO] [stdout]     |
[INFO] [stdout] 1   + use crate::LineColumn;
[INFO] [stdout]     |
[INFO] [stdout] help: if you import `LineColumn`, refer to it directly
[INFO] [stdout]     |
[INFO] [stdout] 489 -                 let proc_macro::LineColumn { line, column } = s.end();
[INFO] [stdout] 489 +                 let LineColumn { line, column } = s.end();
[INFO] [stdout]     |
[INFO] [stdout] 
[INFO] [stdout] 
[INFO] [stdout] error[E0635]: unknown feature `proc_macro_span_shrink`
[INFO] [stdout]   --> /opt/rustwide/cargo-home/registry/src/index.crates.io-6f17d22bba15001f/proc-macro2-1.0.51/src/lib.rs:92:30
[INFO] [stdout]    |
[INFO] [stdout] 92 |     feature(proc_macro_span, proc_macro_span_shrink)
[INFO] [stdout]    |                              ^^^^^^^^^^^^^^^^^^^^^^
[INFO] [stdout] 
[INFO] [stdout] 
[INFO] [stderr]    Compiling generic-array v0.14.6
[INFO] [stderr]    Compiling nom v4.2.3
[INFO] [stderr]    Compiling quick-error v1.2.3
[INFO] [stderr]    Compiling termcolor v1.2.0
[INFO] [stderr]    Compiling unicode-width v0.1.10
[INFO] [stderr]    Compiling smallvec v1.10.0
[INFO] [stderr]    Compiling pkg-config v0.3.26
[INFO] [stderr]    Compiling futures-util v0.3.26
[INFO] [stderr]    Compiling textwrap v0.11.0
[INFO] [stderr]    Compiling aho-corasick v0.7.20
[INFO] [stdout] Some errors have detailed explanations: E0422, E0635.
[INFO] [stdout] 
[INFO] [stdout] For more information about an error, try `rustc --explain E0422`.
[INFO] [stdout] 
[INFO] [stderr] error: could not compile `proc-macro2` (lib) due to 3 previous errors
[INFO] [stderr] warning: build failed, waiting for other jobs to finish...
[INFO] running `Command { std: "docker" "inspect" "0d1d93b6293e29c4905cc6e719a9ac3bd38bfdf0572704c254b916d408b460cf", kill_on_drop: false }`
[INFO] running `Command { std: "docker" "rm" "-f" "0d1d93b6293e29c4905cc6e719a9ac3bd38bfdf0572704c254b916d408b460cf", kill_on_drop: false }`
[INFO] [stdout] 0d1d93b6293e29c4905cc6e719a9ac3bd38bfdf0572704c254b916d408b460cf
