[INFO] fetching crate periodically 0.2.0...
[INFO] testing periodically-0.2.0 against nightly-2024-10-28+rustflags=-Zrandomize-layout for randomize-layout
[INFO] extracting crate periodically 0.2.0 into /workspace/builds/worker-6-tc2/source
[INFO] validating manifest of crates.io crate periodically 0.2.0 on toolchain nightly-2024-10-28
[INFO] running `Command { std: CARGO_HOME="/workspace/cargo-home" RUSTUP_HOME="/workspace/rustup-home" "/workspace/cargo-home/bin/cargo" "+nightly-2024-10-28" "metadata" "--manifest-path" "Cargo.toml" "--no-deps", kill_on_drop: false }`
[INFO] started tweaking crates.io crate periodically 0.2.0
[INFO] removed 0 missing tests
[INFO] finished tweaking crates.io crate periodically 0.2.0
[INFO] tweaked toml for crates.io crate periodically 0.2.0 written to /workspace/builds/worker-6-tc2/source/Cargo.toml
[INFO] running `Command { std: CARGO_HOME="/workspace/cargo-home" RUSTUP_HOME="/workspace/rustup-home" "/workspace/cargo-home/bin/cargo" "+nightly-2024-10-28" "generate-lockfile" "--manifest-path" "Cargo.toml", kill_on_drop: false }`
[INFO] [stderr]     Updating crates.io index
[INFO] [stderr]      Locking 59 packages to latest compatible versions
[INFO] running `Command { std: CARGO_HOME="/workspace/cargo-home" RUSTUP_HOME="/workspace/rustup-home" "/workspace/cargo-home/bin/cargo" "+nightly-2024-10-28" "fetch" "--manifest-path" "Cargo.toml", kill_on_drop: false }`
[INFO] running `Command { std: "docker" "create" "-v" "/var/lib/crater-agent-workspace/builds/worker-6-tc2/target:/opt/rustwide/target:rw,Z" "-v" "/var/lib/crater-agent-workspace/builds/worker-6-tc2/source:/opt/rustwide/workdir:ro,Z" "-v" "/var/lib/crater-agent-workspace/cargo-home:/opt/rustwide/cargo-home:ro,Z" "-v" "/var/lib/crater-agent-workspace/rustup-home:/opt/rustwide/rustup-home:ro,Z" "-e" "SOURCE_DIR=/opt/rustwide/workdir" "-e" "CARGO_TARGET_DIR=/opt/rustwide/target" "-e" "CARGO_HOME=/opt/rustwide/cargo-home" "-e" "RUSTUP_HOME=/opt/rustwide/rustup-home" "-w" "/opt/rustwide/workdir" "-m" "1610612736" "--user" "0:0" "--network" "none" "ghcr.io/rust-lang/crates-build-env/linux@sha256:4a844ea9eb2546a2d2c7022eacef16ef2e8229c7fbb2c7d4d55a9ceca922f72d" "/opt/rustwide/cargo-home/bin/cargo" "+nightly-2024-10-28" "metadata" "--no-deps" "--format-version=1", kill_on_drop: false }`
[INFO] [stdout] 90c25298b0bbb1d32fb15b3b711cc9dcbc8535dbd4b2716f40a17ed64982e953
[INFO] running `Command { std: "docker" "start" "-a" "90c25298b0bbb1d32fb15b3b711cc9dcbc8535dbd4b2716f40a17ed64982e953", kill_on_drop: false }`
[INFO] running `Command { std: "docker" "inspect" "90c25298b0bbb1d32fb15b3b711cc9dcbc8535dbd4b2716f40a17ed64982e953", kill_on_drop: false }`
[INFO] running `Command { std: "docker" "rm" "-f" "90c25298b0bbb1d32fb15b3b711cc9dcbc8535dbd4b2716f40a17ed64982e953", kill_on_drop: false }`
[INFO] [stdout] 90c25298b0bbb1d32fb15b3b711cc9dcbc8535dbd4b2716f40a17ed64982e953
[INFO] running `Command { std: "docker" "create" "-v" "/var/lib/crater-agent-workspace/builds/worker-6-tc2/target:/opt/rustwide/target:rw,Z" "-v" "/var/lib/crater-agent-workspace/builds/worker-6-tc2/source:/opt/rustwide/workdir:ro,Z" "-v" "/var/lib/crater-agent-workspace/cargo-home:/opt/rustwide/cargo-home:ro,Z" "-v" "/var/lib/crater-agent-workspace/rustup-home:/opt/rustwide/rustup-home:ro,Z" "-e" "SOURCE_DIR=/opt/rustwide/workdir" "-e" "CARGO_TARGET_DIR=/opt/rustwide/target" "-e" "CARGO_INCREMENTAL=0" "-e" "RUST_BACKTRACE=full" "-e" "RUSTFLAGS=--cap-lints=forbid -Zrandomize-layout" "-e" "RUSTDOCFLAGS=--cap-lints=forbid" "-e" "CARGO_HOME=/opt/rustwide/cargo-home" "-e" "RUSTUP_HOME=/opt/rustwide/rustup-home" "-w" "/opt/rustwide/workdir" "-m" "1610612736" "--user" "0:0" "--network" "none" "ghcr.io/rust-lang/crates-build-env/linux@sha256:4a844ea9eb2546a2d2c7022eacef16ef2e8229c7fbb2c7d4d55a9ceca922f72d" "/opt/rustwide/cargo-home/bin/cargo" "+nightly-2024-10-28" "build" "--frozen" "--message-format=json", kill_on_drop: false }`
[INFO] [stdout] 36df5089b766bbacf463c999602e6cc68c1cbfc21cc17b9a8ecfacb2bee72f2d
[INFO] running `Command { std: "docker" "start" "-a" "36df5089b766bbacf463c999602e6cc68c1cbfc21cc17b9a8ecfacb2bee72f2d", kill_on_drop: false }`
[INFO] [stderr]    Compiling tokio v1.41.0
[INFO] [stderr]    Compiling periodically v0.2.0 (/opt/rustwide/workdir)
[INFO] [stderr]     Finished `dev` profile [unoptimized + debuginfo] target(s) in 2.24s
[INFO] running `Command { std: "docker" "inspect" "36df5089b766bbacf463c999602e6cc68c1cbfc21cc17b9a8ecfacb2bee72f2d", kill_on_drop: false }`
[INFO] running `Command { std: "docker" "rm" "-f" "36df5089b766bbacf463c999602e6cc68c1cbfc21cc17b9a8ecfacb2bee72f2d", kill_on_drop: false }`
[INFO] [stdout] 36df5089b766bbacf463c999602e6cc68c1cbfc21cc17b9a8ecfacb2bee72f2d
[INFO] running `Command { std: "docker" "create" "-v" "/var/lib/crater-agent-workspace/builds/worker-6-tc2/target:/opt/rustwide/target:rw,Z" "-v" "/var/lib/crater-agent-workspace/builds/worker-6-tc2/source:/opt/rustwide/workdir:ro,Z" "-v" "/var/lib/crater-agent-workspace/cargo-home:/opt/rustwide/cargo-home:ro,Z" "-v" "/var/lib/crater-agent-workspace/rustup-home:/opt/rustwide/rustup-home:ro,Z" "-e" "SOURCE_DIR=/opt/rustwide/workdir" "-e" "CARGO_TARGET_DIR=/opt/rustwide/target" "-e" "CARGO_INCREMENTAL=0" "-e" "RUST_BACKTRACE=full" "-e" "RUSTFLAGS=--cap-lints=forbid -Zrandomize-layout" "-e" "RUSTDOCFLAGS=--cap-lints=forbid" "-e" "CARGO_HOME=/opt/rustwide/cargo-home" "-e" "RUSTUP_HOME=/opt/rustwide/rustup-home" "-w" "/opt/rustwide/workdir" "-m" "1610612736" "--user" "0:0" "--network" "none" "ghcr.io/rust-lang/crates-build-env/linux@sha256:4a844ea9eb2546a2d2c7022eacef16ef2e8229c7fbb2c7d4d55a9ceca922f72d" "/opt/rustwide/cargo-home/bin/cargo" "+nightly-2024-10-28" "test" "--frozen" "--no-run" "--message-format=json", kill_on_drop: false }`
[INFO] [stdout] 59bb88a27ac7dbdd5645ae520703f4231360bf73a9779462cf0abc14212617da
[INFO] running `Command { std: "docker" "start" "-a" "59bb88a27ac7dbdd5645ae520703f4231360bf73a9779462cf0abc14212617da", kill_on_drop: false }`
[INFO] [stderr]    Compiling periodically v0.2.0 (/opt/rustwide/workdir)
[INFO] [stdout] error[E0599]: no function or associated item named `new` found for struct `Runtime` in the current scope
[INFO] [stdout]   --> tests/output_piping.rs:59:61
[INFO] [stdout]    |
[INFO] [stdout] 59 |     let mut scheduler = Scheduler::tokio_scheduler(Runtime::new().unwrap());
[INFO] [stdout]    |                                                             ^^^ function or associated item not found in `Runtime`
[INFO] [stdout] 
[INFO] [stdout] 
[INFO] [stdout] For more information about this error, try `rustc --explain E0599`.
[INFO] [stdout] 
[INFO] [stderr] error: could not compile `periodically` (test "output_piping") due to 1 previous error
[INFO] [stderr] warning: build failed, waiting for other jobs to finish...
[INFO] [stdout] error[E0599]: no function or associated item named `new` found for struct `Runtime` in the current scope
[INFO] [stdout]   --> tests/interval.rs:17:61
[INFO] [stdout]    |
[INFO] [stdout] 17 |     let mut scheduler = Scheduler::tokio_scheduler(Runtime::new().unwrap());
[INFO] [stdout]    |                                                             ^^^ function or associated item not found in `Runtime`
[INFO] [stdout] 
[INFO] [stdout] 
[INFO] [stdout] For more information about this error, try `rustc --explain E0599`.
[INFO] [stdout] 
[INFO] [stderr] error: could not compile `periodically` (test "interval") due to 1 previous error
[INFO] [stdout] error[E0599]: no function or associated item named `new` found for struct `Runtime` in the current scope
[INFO] [stdout]   --> tests/panic_resilency.rs:12:61
[INFO] [stdout]    |
[INFO] [stdout] 12 |     let mut scheduler = Scheduler::tokio_scheduler(Runtime::new().unwrap());
[INFO] [stdout]    |                                                             ^^^ function or associated item not found in `Runtime`
[INFO] [stdout] 
[INFO] [stdout] 
[INFO] [stdout] error[E0599]: no function or associated item named `new` found for struct `Runtime` in the current scope
[INFO] [stdout]   --> tests/panic_resilency.rs:24:61
[INFO] [stdout]    |
[INFO] [stdout] 24 |     let mut scheduler = Scheduler::tokio_scheduler(Runtime::new().unwrap());
[INFO] [stdout]    |                                                             ^^^ function or associated item not found in `Runtime`
[INFO] [stdout] 
[INFO] [stdout] 
[INFO] [stdout] For more information about this error, try `rustc --explain E0599`.
[INFO] [stdout] 
[INFO] [stderr] error: could not compile `periodically` (test "panic_resilency") due to 2 previous errors
[INFO] running `Command { std: "docker" "inspect" "59bb88a27ac7dbdd5645ae520703f4231360bf73a9779462cf0abc14212617da", kill_on_drop: false }`
[INFO] running `Command { std: "docker" "rm" "-f" "59bb88a27ac7dbdd5645ae520703f4231360bf73a9779462cf0abc14212617da", kill_on_drop: false }`
[INFO] [stdout] 59bb88a27ac7dbdd5645ae520703f4231360bf73a9779462cf0abc14212617da
