[INFO] fetching crate pendzl_lang_macro 1.0.1-v1calls...
[INFO] testing pendzl_lang_macro-1.0.1-v1calls against nightly-2024-10-28+rustflags=-Zrandomize-layout for randomize-layout
[INFO] extracting crate pendzl_lang_macro 1.0.1-v1calls into /workspace/builds/worker-5-tc2/source
[INFO] validating manifest of crates.io crate pendzl_lang_macro 1.0.1-v1calls on toolchain nightly-2024-10-28
[INFO] running `Command { std: CARGO_HOME="/workspace/cargo-home" RUSTUP_HOME="/workspace/rustup-home" "/workspace/cargo-home/bin/cargo" "+nightly-2024-10-28" "metadata" "--manifest-path" "Cargo.toml" "--no-deps", kill_on_drop: false }`
[INFO] started tweaking crates.io crate pendzl_lang_macro 1.0.1-v1calls
[INFO] finished tweaking crates.io crate pendzl_lang_macro 1.0.1-v1calls
[INFO] tweaked toml for crates.io crate pendzl_lang_macro 1.0.1-v1calls written to /workspace/builds/worker-5-tc2/source/Cargo.toml
[INFO] running `Command { std: CARGO_HOME="/workspace/cargo-home" RUSTUP_HOME="/workspace/rustup-home" "/workspace/cargo-home/bin/cargo" "+nightly-2024-10-28" "generate-lockfile" "--manifest-path" "Cargo.toml", kill_on_drop: false }`
[INFO] [stderr]     Updating crates.io index
[INFO] [stderr]      Locking 90 packages to latest compatible versions
[INFO] [stderr]       Adding const_env_impl v0.1.2 (available: v0.1.3)
[INFO] [stderr]       Adding syn v1.0.109 (available: v2.0.86)
[INFO] [stderr]       Adding synstructure v0.12.6 (available: v0.13.1)
[INFO] running `Command { std: CARGO_HOME="/workspace/cargo-home" RUSTUP_HOME="/workspace/rustup-home" "/workspace/cargo-home/bin/cargo" "+nightly-2024-10-28" "fetch" "--manifest-path" "Cargo.toml", kill_on_drop: false }`
[INFO] running `Command { std: "docker" "create" "-v" "/var/lib/crater-agent-workspace/builds/worker-5-tc2/target:/opt/rustwide/target:rw,Z" "-v" "/var/lib/crater-agent-workspace/builds/worker-5-tc2/source:/opt/rustwide/workdir:ro,Z" "-v" "/var/lib/crater-agent-workspace/cargo-home:/opt/rustwide/cargo-home:ro,Z" "-v" "/var/lib/crater-agent-workspace/rustup-home:/opt/rustwide/rustup-home:ro,Z" "-e" "SOURCE_DIR=/opt/rustwide/workdir" "-e" "CARGO_TARGET_DIR=/opt/rustwide/target" "-e" "CARGO_HOME=/opt/rustwide/cargo-home" "-e" "RUSTUP_HOME=/opt/rustwide/rustup-home" "-w" "/opt/rustwide/workdir" "-m" "1610612736" "--user" "0:0" "--network" "none" "ghcr.io/rust-lang/crates-build-env/linux@sha256:4a844ea9eb2546a2d2c7022eacef16ef2e8229c7fbb2c7d4d55a9ceca922f72d" "/opt/rustwide/cargo-home/bin/cargo" "+nightly-2024-10-28" "metadata" "--no-deps" "--format-version=1", kill_on_drop: false }`
[INFO] [stdout] bb740470eb4ab01d10ee52542da7b7daa4d673a479d96ad8f936296072da57ea
[INFO] running `Command { std: "docker" "start" "-a" "bb740470eb4ab01d10ee52542da7b7daa4d673a479d96ad8f936296072da57ea", kill_on_drop: false }`
[INFO] running `Command { std: "docker" "inspect" "bb740470eb4ab01d10ee52542da7b7daa4d673a479d96ad8f936296072da57ea", kill_on_drop: false }`
[INFO] running `Command { std: "docker" "rm" "-f" "bb740470eb4ab01d10ee52542da7b7daa4d673a479d96ad8f936296072da57ea", kill_on_drop: false }`
[INFO] [stdout] bb740470eb4ab01d10ee52542da7b7daa4d673a479d96ad8f936296072da57ea
[INFO] running `Command { std: "docker" "create" "-v" "/var/lib/crater-agent-workspace/builds/worker-5-tc2/target:/opt/rustwide/target:rw,Z" "-v" "/var/lib/crater-agent-workspace/builds/worker-5-tc2/source:/opt/rustwide/workdir:ro,Z" "-v" "/var/lib/crater-agent-workspace/cargo-home:/opt/rustwide/cargo-home:ro,Z" "-v" "/var/lib/crater-agent-workspace/rustup-home:/opt/rustwide/rustup-home:ro,Z" "-e" "SOURCE_DIR=/opt/rustwide/workdir" "-e" "CARGO_TARGET_DIR=/opt/rustwide/target" "-e" "CARGO_INCREMENTAL=0" "-e" "RUST_BACKTRACE=full" "-e" "RUSTFLAGS=--cap-lints=forbid -Zrandomize-layout" "-e" "RUSTDOCFLAGS=--cap-lints=forbid" "-e" "CARGO_HOME=/opt/rustwide/cargo-home" "-e" "RUSTUP_HOME=/opt/rustwide/rustup-home" "-w" "/opt/rustwide/workdir" "-m" "1610612736" "--user" "0:0" "--network" "none" "ghcr.io/rust-lang/crates-build-env/linux@sha256:4a844ea9eb2546a2d2c7022eacef16ef2e8229c7fbb2c7d4d55a9ceca922f72d" "/opt/rustwide/cargo-home/bin/cargo" "+nightly-2024-10-28" "build" "--frozen" "--message-format=json", kill_on_drop: false }`
[INFO] [stdout] 52ca71d8480dc249a5984c0541bbf417d79e2ed9f45cd38e17aff0a4ecff1e92
[INFO] running `Command { std: "docker" "start" "-a" "52ca71d8480dc249a5984c0541bbf417d79e2ed9f45cd38e17aff0a4ecff1e92", kill_on_drop: false }`
[INFO] [stderr]    Compiling hashbrown v0.15.0
[INFO] [stderr]    Compiling winnow v0.6.20
[INFO] [stderr]    Compiling toml_datetime v0.6.8
[INFO] [stderr]    Compiling memchr v2.7.4
[INFO] [stderr]    Compiling ucd-trie v0.1.7
[INFO] [stderr]    Compiling serde_json v1.0.132
[INFO] [stderr]    Compiling subtle v2.6.1
[INFO] [stderr]    Compiling typenum v1.17.0
[INFO] [stderr]    Compiling serde v1.0.214
[INFO] [stderr]    Compiling thiserror v1.0.66
[INFO] [stderr]    Compiling camino v1.1.9
[INFO] [stderr]    Compiling ryu v1.0.18
[INFO] [stderr]    Compiling generic-array v0.14.7
[INFO] [stderr]    Compiling byte-slice-cast v1.2.2
[INFO] [stderr]    Compiling either v1.13.0
[INFO] [stderr]    Compiling syn v1.0.109
[INFO] [stderr]    Compiling itoa v1.0.11
[INFO] [stderr]    Compiling cfg-if v1.0.0
[INFO] [stderr]    Compiling arrayvec v0.7.6
[INFO] [stderr]    Compiling ink_prelude v4.3.0
[INFO] [stderr]    Compiling derive_more v0.99.18
[INFO] [stderr]    Compiling itertools v0.10.5
[INFO] [stderr]    Compiling xxhash-rust v0.8.12
[INFO] [stderr]    Compiling fs2 v0.4.3
[INFO] [stderr]    Compiling unwrap v1.2.1
[INFO] [stderr]    Compiling pest v2.7.14
[INFO] [stderr]    Compiling indexmap v2.6.0
[INFO] [stderr]    Compiling crypto-common v0.1.6
[INFO] [stderr]    Compiling block-buffer v0.10.4
[INFO] [stderr]    Compiling digest v0.10.7
[INFO] [stderr]    Compiling blake2 v0.10.6
[INFO] [stderr]    Compiling ink_ir v4.3.0
[INFO] [stderr]    Compiling semver-parser v0.10.2
[INFO] [stderr]    Compiling toml_edit v0.22.22
[INFO] [stderr]    Compiling cargo-platform v0.1.8
[INFO] [stderr]    Compiling semver v0.11.0
[INFO] [stderr]    Compiling cargo_metadata v0.13.1
[INFO] [stderr]    Compiling proc-macro-crate v3.2.0
[INFO] [stderr]    Compiling synstructure v0.12.6
[INFO] [stderr]    Compiling parity-scale-codec-derive v3.6.12
[INFO] [stderr]    Compiling impl-trait-for-tuples v0.2.2
[INFO] [stderr]    Compiling parity-scale-codec v3.6.12
[INFO] [stderr]    Compiling ink_primitives v4.3.0
[INFO] [stderr]    Compiling pendzl_lang_codegen v1.0.1-v1calls
[INFO] [stderr]    Compiling pendzl_lang_macro v1.0.1-v1calls (/opt/rustwide/workdir)
[INFO] [stderr]     Finished `dev` profile [unoptimized + debuginfo] target(s) in 5.90s
[INFO] running `Command { std: "docker" "inspect" "52ca71d8480dc249a5984c0541bbf417d79e2ed9f45cd38e17aff0a4ecff1e92", kill_on_drop: false }`
[INFO] running `Command { std: "docker" "rm" "-f" "52ca71d8480dc249a5984c0541bbf417d79e2ed9f45cd38e17aff0a4ecff1e92", kill_on_drop: false }`
[INFO] [stdout] 52ca71d8480dc249a5984c0541bbf417d79e2ed9f45cd38e17aff0a4ecff1e92
[INFO] running `Command { std: "docker" "create" "-v" "/var/lib/crater-agent-workspace/builds/worker-5-tc2/target:/opt/rustwide/target:rw,Z" "-v" "/var/lib/crater-agent-workspace/builds/worker-5-tc2/source:/opt/rustwide/workdir:ro,Z" "-v" "/var/lib/crater-agent-workspace/cargo-home:/opt/rustwide/cargo-home:ro,Z" "-v" "/var/lib/crater-agent-workspace/rustup-home:/opt/rustwide/rustup-home:ro,Z" "-e" "SOURCE_DIR=/opt/rustwide/workdir" "-e" "CARGO_TARGET_DIR=/opt/rustwide/target" "-e" "CARGO_INCREMENTAL=0" "-e" "RUST_BACKTRACE=full" "-e" "RUSTFLAGS=--cap-lints=forbid -Zrandomize-layout" "-e" "RUSTDOCFLAGS=--cap-lints=forbid" "-e" "CARGO_HOME=/opt/rustwide/cargo-home" "-e" "RUSTUP_HOME=/opt/rustwide/rustup-home" "-w" "/opt/rustwide/workdir" "-m" "1610612736" "--user" "0:0" "--network" "none" "ghcr.io/rust-lang/crates-build-env/linux@sha256:4a844ea9eb2546a2d2c7022eacef16ef2e8229c7fbb2c7d4d55a9ceca922f72d" "/opt/rustwide/cargo-home/bin/cargo" "+nightly-2024-10-28" "test" "--frozen" "--no-run" "--message-format=json", kill_on_drop: false }`
[INFO] [stdout] a01d077b2f26a936fdd5c0bb1220457806322a129840028750422e7f9f5603bd
[INFO] running `Command { std: "docker" "start" "-a" "a01d077b2f26a936fdd5c0bb1220457806322a129840028750422e7f9f5603bd", kill_on_drop: false }`
[INFO] [stderr]    Compiling ink_prelude v5.0.0
[INFO] [stderr]    Compiling itertools v0.12.1
[INFO] [stderr]    Compiling bitflags v1.3.2
[INFO] [stderr]    Compiling ink_allocator v5.0.0
[INFO] [stderr]    Compiling static_assertions v1.1.0
[INFO] [stderr]    Compiling const_env_impl v0.1.2
[INFO] [stderr]    Compiling num-traits v0.2.19
[INFO] [stderr]    Compiling synstructure v0.13.1
[INFO] [stderr]    Compiling derive_more-impl v1.0.0
[INFO] [stderr]    Compiling impl-serde v0.4.0
[INFO] [stderr]    Compiling array-init v2.1.0
[INFO] [stderr]    Compiling scale-info-derive v2.11.5
[INFO] [stderr]    Compiling pendzl_lang_macro v1.0.1-v1calls (/opt/rustwide/workdir)
[INFO] [stdout] error: ink! only supports wasm32 and riscv32
[INFO] [stdout]    --> /opt/rustwide/cargo-home/registry/src/index.crates.io-6f17d22bba15001f/ink_allocator-5.0.0/src/bump.rs:164:13
[INFO] [stdout]     |
[INFO] [stdout] 164 |             core::compile_error!("ink! only supports wasm32 and riscv32");
[INFO] [stdout]     |             ^^^^^^^^^^^^^^^^^^^^^^^^^^^^^^^^^^^^^^^^^^^^^^^^^^^^^^^^^^^^^
[INFO] [stdout] 
[INFO] [stdout] 
[INFO] [stderr]    Compiling pallet-contracts-uapi-next v6.0.3
[INFO] [stderr]    Compiling ink_primitives v5.0.0
[INFO] [stdout] error[E0599]: no function or associated item named `heap_start` found for struct `InnerAlloc` in the current scope
[INFO] [stdout]   --> /opt/rustwide/cargo-home/registry/src/index.crates.io-6f17d22bba15001f/ink_allocator-5.0.0/src/bump.rs:75:25
[INFO] [stdout]    |
[INFO] [stdout] 64 | struct InnerAlloc {
[INFO] [stdout]    | ----------------- function or associated item `heap_start` not found for this struct
[INFO] [stdout] ...
[INFO] [stdout] 75 |             next: Self::heap_start(),
[INFO] [stdout]    |                         ^^^^^^^^^^ function or associated item not found in `InnerAlloc`
[INFO] [stdout]    |
[INFO] [stdout] note: if you're trying to build a new `InnerAlloc`, consider using `InnerAlloc::new` which returns `InnerAlloc`
[INFO] [stdout]   --> /opt/rustwide/cargo-home/registry/src/index.crates.io-6f17d22bba15001f/ink_allocator-5.0.0/src/bump.rs:73:5
[INFO] [stdout]    |
[INFO] [stdout] 73 |     fn new() -> Self {
[INFO] [stdout]    |     ^^^^^^^^^^^^^^^^
[INFO] [stdout] 
[INFO] [stdout] 
[INFO] [stdout] error[E0599]: no function or associated item named `heap_end` found for struct `InnerAlloc` in the current scope
[INFO] [stdout]   --> /opt/rustwide/cargo-home/registry/src/index.crates.io-6f17d22bba15001f/ink_allocator-5.0.0/src/bump.rs:76:32
[INFO] [stdout]    |
[INFO] [stdout] 64 | struct InnerAlloc {
[INFO] [stdout]    | ----------------- function or associated item `heap_end` not found for this struct
[INFO] [stdout] ...
[INFO] [stdout] 76 |             upper_limit: Self::heap_end(),
[INFO] [stdout]    |                                ^^^^^^^^ function or associated item not found in `InnerAlloc`
[INFO] [stdout]    |
[INFO] [stdout] note: if you're trying to build a new `InnerAlloc`, consider using `InnerAlloc::new` which returns `InnerAlloc`
[INFO] [stdout]   --> /opt/rustwide/cargo-home/registry/src/index.crates.io-6f17d22bba15001f/ink_allocator-5.0.0/src/bump.rs:73:5
[INFO] [stdout]    |
[INFO] [stdout] 73 |     fn new() -> Self {
[INFO] [stdout]    |     ^^^^^^^^^^^^^^^^
[INFO] [stdout] 
[INFO] [stdout] 
[INFO] [stdout] error[E0599]: no method named `request_pages` found for mutable reference `&mut InnerAlloc` in the current scope
[INFO] [stdout]    --> /opt/rustwide/cargo-home/registry/src/index.crates.io-6f17d22bba15001f/ink_allocator-5.0.0/src/bump.rs:182:35
[INFO] [stdout]     |
[INFO] [stdout] 182 |             let page_start = self.request_pages(required_pages)?;
[INFO] [stdout]     |                                   ^^^^^^^^^^^^^ method not found in `&mut InnerAlloc`
[INFO] [stdout] 
[INFO] [stdout] 
[INFO] [stdout] For more information about this error, try `rustc --explain E0599`.
[INFO] [stdout] 
[INFO] [stderr] error: could not compile `ink_allocator` (lib) due to 4 previous errors
[INFO] [stderr] warning: build failed, waiting for other jobs to finish...
[INFO] running `Command { std: "docker" "inspect" "a01d077b2f26a936fdd5c0bb1220457806322a129840028750422e7f9f5603bd", kill_on_drop: false }`
[INFO] running `Command { std: "docker" "rm" "-f" "a01d077b2f26a936fdd5c0bb1220457806322a129840028750422e7f9f5603bd", kill_on_drop: false }`
[INFO] [stdout] a01d077b2f26a936fdd5c0bb1220457806322a129840028750422e7f9f5603bd
