[INFO] fetching crate path-url-rewrite 0.0.1...
[INFO] testing path-url-rewrite-0.0.1 against nightly-2024-10-28 for randomize-layout
[INFO] extracting crate path-url-rewrite 0.0.1 into /workspace/builds/worker-3-tc1/source
[INFO] validating manifest of crates.io crate path-url-rewrite 0.0.1 on toolchain nightly-2024-10-28
[INFO] running `Command { std: CARGO_HOME="/workspace/cargo-home" RUSTUP_HOME="/workspace/rustup-home" "/workspace/cargo-home/bin/cargo" "+nightly-2024-10-28" "metadata" "--manifest-path" "Cargo.toml" "--no-deps", kill_on_drop: false }`
[INFO] removed /workspace/builds/worker-3-tc1/source/.cargo/config.toml
[INFO] started tweaking crates.io crate path-url-rewrite 0.0.1
[INFO] finished tweaking crates.io crate path-url-rewrite 0.0.1
[INFO] tweaked toml for crates.io crate path-url-rewrite 0.0.1 written to /workspace/builds/worker-3-tc1/source/Cargo.toml
[INFO] running `Command { std: CARGO_HOME="/workspace/cargo-home" RUSTUP_HOME="/workspace/rustup-home" "/workspace/cargo-home/bin/cargo" "+nightly-2024-10-28" "generate-lockfile" "--manifest-path" "Cargo.toml", kill_on_drop: false }`
[INFO] [stderr]     Updating crates.io index
[INFO] [stderr]      Locking 228 packages to latest compatible versions
[INFO] [stderr]       Adding bytecheck v0.6.11 (available: v0.6.12)
[INFO] [stderr]       Adding rkyv v0.7.42 (available: v0.7.45)
[INFO] [stderr]       Adding swc_core v0.76.50 (available: v4.0.0)
[INFO] running `Command { std: CARGO_HOME="/workspace/cargo-home" RUSTUP_HOME="/workspace/rustup-home" "/workspace/cargo-home/bin/cargo" "+nightly-2024-10-28" "fetch" "--manifest-path" "Cargo.toml", kill_on_drop: false }`
[INFO] [stderr]  Downloading crates ...
[INFO] [stderr]   Downloaded proc-macro-error2 v2.0.1
[INFO] [stderr]   Downloaded enum-iterator v1.5.0
[INFO] [stderr]   Downloaded getset v0.1.3
[INFO] [stderr]   Downloaded proc-macro-error-attr2 v2.0.0
[INFO] [stderr]   Downloaded swc_plugin_proxy v0.33.5
[INFO] [stderr]   Downloaded enum-iterator-derive v1.4.0
[INFO] [stderr]   Downloaded swc_core v0.76.50
[INFO] [stderr]   Downloaded phf_macros v0.10.0
[INFO] [stderr]   Downloaded supports-color v1.3.1
[INFO] [stderr]   Downloaded is_ci v1.2.0
[INFO] [stderr]   Downloaded supports-hyperlinks v1.2.0
[INFO] [stderr]   Downloaded swc_ecma_testing v0.20.19
[INFO] [stderr]   Downloaded testing v0.33.25
[INFO] [stderr]   Downloaded swc_visit_macros v0.5.13
[INFO] [stderr]   Downloaded swc_error_reporters v0.15.22
[INFO] [stderr]   Downloaded swc_ecma_utils v0.117.14
[INFO] [stderr]   Downloaded swc_ecma_transforms_base v0.127.19
[INFO] [stderr]   Downloaded swc_ecma_parser v0.134.13
[INFO] [stderr]   Downloaded rkyv v0.7.42
[INFO] [stderr]   Downloaded miette-derive v4.7.1
[INFO] [stderr]   Downloaded miette v4.7.1
[INFO] [stderr]   Downloaded swc_common v0.31.22
[INFO] [stderr]   Downloaded sourcemap v6.4.1
[INFO] [stderr]   Downloaded swc_ecma_ast v0.104.5
[INFO] [stderr]   Downloaded swc_ecma_visit v0.90.5
[INFO] [stderr]   Downloaded pmutil v0.5.3
[INFO] [stderr]   Downloaded bytecheck v0.6.11
[INFO] [stderr]   Downloaded supports-unicode v1.0.2
[INFO] [stderr]   Downloaded swc_plugin v0.90.3
[INFO] [stderr]   Downloaded testing_macros v0.2.14
[INFO] [stderr]   Downloaded swc_macros_common v0.3.14
[INFO] [stderr]   Downloaded relative-path v1.9.3
[INFO] [stderr]   Downloaded swc_ecma_transforms_testing v0.130.19
[INFO] [stderr]   Downloaded textwrap v0.15.2
[INFO] [stderr]   Downloaded swc_plugin_macro v0.9.16
[INFO] [stderr]   Downloaded is-macro v0.2.2
[INFO] [stderr]   Downloaded swc_atoms v0.5.9
[INFO] [stderr]   Downloaded swc_visit v0.5.14
[INFO] [stderr]   Downloaded vergen v7.5.1
[INFO] [stderr]   Downloaded swc_ecma_codegen v0.139.18
[INFO] running `Command { std: "docker" "create" "-v" "/var/lib/crater-agent-workspace/builds/worker-3-tc1/target:/opt/rustwide/target:rw,Z" "-v" "/var/lib/crater-agent-workspace/builds/worker-3-tc1/source:/opt/rustwide/workdir:ro,Z" "-v" "/var/lib/crater-agent-workspace/cargo-home:/opt/rustwide/cargo-home:ro,Z" "-v" "/var/lib/crater-agent-workspace/rustup-home:/opt/rustwide/rustup-home:ro,Z" "-e" "SOURCE_DIR=/opt/rustwide/workdir" "-e" "CARGO_TARGET_DIR=/opt/rustwide/target" "-e" "CARGO_HOME=/opt/rustwide/cargo-home" "-e" "RUSTUP_HOME=/opt/rustwide/rustup-home" "-w" "/opt/rustwide/workdir" "-m" "1610612736" "--user" "0:0" "--network" "none" "ghcr.io/rust-lang/crates-build-env/linux@sha256:4a844ea9eb2546a2d2c7022eacef16ef2e8229c7fbb2c7d4d55a9ceca922f72d" "/opt/rustwide/cargo-home/bin/cargo" "+nightly-2024-10-28" "metadata" "--no-deps" "--format-version=1", kill_on_drop: false }`
[INFO] [stdout] 8211e9fa3daf66a3adec21226a1e231accf93cd430230ceda5368be99fd8fea8
[INFO] running `Command { std: "docker" "start" "-a" "8211e9fa3daf66a3adec21226a1e231accf93cd430230ceda5368be99fd8fea8", kill_on_drop: false }`
[INFO] running `Command { std: "docker" "inspect" "8211e9fa3daf66a3adec21226a1e231accf93cd430230ceda5368be99fd8fea8", kill_on_drop: false }`
[INFO] running `Command { std: "docker" "rm" "-f" "8211e9fa3daf66a3adec21226a1e231accf93cd430230ceda5368be99fd8fea8", kill_on_drop: false }`
[INFO] [stdout] 8211e9fa3daf66a3adec21226a1e231accf93cd430230ceda5368be99fd8fea8
[INFO] running `Command { std: "docker" "create" "-v" "/var/lib/crater-agent-workspace/builds/worker-3-tc1/target:/opt/rustwide/target:rw,Z" "-v" "/var/lib/crater-agent-workspace/builds/worker-3-tc1/source:/opt/rustwide/workdir:ro,Z" "-v" "/var/lib/crater-agent-workspace/cargo-home:/opt/rustwide/cargo-home:ro,Z" "-v" "/var/lib/crater-agent-workspace/rustup-home:/opt/rustwide/rustup-home:ro,Z" "-e" "SOURCE_DIR=/opt/rustwide/workdir" "-e" "CARGO_TARGET_DIR=/opt/rustwide/target" "-e" "CARGO_INCREMENTAL=0" "-e" "RUST_BACKTRACE=full" "-e" "RUSTFLAGS=--cap-lints=forbid" "-e" "RUSTDOCFLAGS=--cap-lints=forbid" "-e" "CARGO_HOME=/opt/rustwide/cargo-home" "-e" "RUSTUP_HOME=/opt/rustwide/rustup-home" "-w" "/opt/rustwide/workdir" "-m" "1610612736" "--user" "0:0" "--network" "none" "ghcr.io/rust-lang/crates-build-env/linux@sha256:4a844ea9eb2546a2d2c7022eacef16ef2e8229c7fbb2c7d4d55a9ceca922f72d" "/opt/rustwide/cargo-home/bin/cargo" "+nightly-2024-10-28" "build" "--frozen" "--message-format=json", kill_on_drop: false }`
[INFO] [stdout] 500de5e17fdc0e98e74565192b036579f6df501a43d16d5dd19a05fe72fcea7a
[INFO] running `Command { std: "docker" "start" "-a" "500de5e17fdc0e98e74565192b036579f6df501a43d16d5dd19a05fe72fcea7a", kill_on_drop: false }`
[INFO] [stderr]    Compiling version_check v0.9.5
[INFO] [stderr]    Compiling syn v1.0.109
[INFO] [stderr]    Compiling byteorder v1.5.0
[INFO] [stderr]    Compiling regex-syntax v0.8.5
[INFO] [stderr]    Compiling serde v1.0.214
[INFO] [stderr]    Compiling syn v2.0.86
[INFO] [stderr]    Compiling getrandom v0.2.15
[INFO] [stderr]    Compiling siphasher v0.3.11
[INFO] [stderr]    Compiling aho-corasick v1.1.3
[INFO] [stderr]    Compiling rand_core v0.6.4
[INFO] [stderr]    Compiling phf_shared v0.10.0
[INFO] [stderr]    Compiling ahash v0.7.8
[INFO] [stderr]    Compiling lock_api v0.4.12
[INFO] [stderr]    Compiling parking_lot_core v0.9.10
[INFO] [stderr]    Compiling tinyvec_macros v0.1.1
[INFO] [stderr]    Compiling bytecheck v0.6.11
[INFO] [stderr]    Compiling tinyvec v1.8.0
[INFO] [stderr]    Compiling atty v0.2.14
[INFO] [stderr]    Compiling rend v0.4.2
[INFO] [stderr]    Compiling serde_json v1.0.132
[INFO] [stderr]    Compiling simdutf8 v0.1.5
[INFO] [stderr]    Compiling hashbrown v0.12.3
[INFO] [stderr]    Compiling rkyv v0.7.42
[INFO] [stderr]    Compiling percent-encoding v2.3.1
[INFO] [stderr]    Compiling unicode-bidi v0.3.17
[INFO] [stderr]    Compiling form_urlencoded v1.2.1
[INFO] [stderr]    Compiling unicode-normalization v0.1.24
[INFO] [stderr]    Compiling parking_lot v0.12.3
[INFO] [stderr]    Compiling unicode-width v0.1.14
[INFO] [stderr]    Compiling uuid v1.11.0
[INFO] [stderr]    Compiling idna v0.5.0
[INFO] [stderr]    Compiling seahash v4.1.0
[INFO] [stderr]    Compiling precomputed-hash v0.1.1
[INFO] [stderr]    Compiling new_debug_unreachable v1.0.6
[INFO] [stderr]    Compiling unicode-id v0.3.5
[INFO] [stderr]    Compiling if_chain v1.0.2
[INFO] [stderr]    Compiling scoped-tls v1.0.1
[INFO] [stderr]    Compiling either v1.13.0
[INFO] [stderr]    Compiling rustc-hash v1.1.0
[INFO] [stderr]    Compiling data-encoding v2.6.0
[INFO] [stderr]    Compiling regex-automata v0.4.8
[INFO] [stderr]    Compiling better_scoped_tls v0.1.2
[INFO] [stderr]    Compiling url v2.5.2
[INFO] [stderr]    Compiling static_assertions v1.1.0
[INFO] [stderr]    Compiling shlex v1.3.0
[INFO] [stderr]    Compiling cc v1.1.31
[INFO] [stderr]    Compiling lexical-util v0.8.5
[INFO] [stderr]    Compiling generic-array v0.14.7
[INFO] [stderr]    Compiling powerfmt v0.2.0
[INFO] [stderr]    Compiling regex v1.11.1
[INFO] [stderr]    Compiling gimli v0.31.1
[INFO] [stderr]    Compiling swc_macros_common v0.3.14
[INFO] [stderr]    Compiling Inflector v0.11.4
[INFO] [stderr]    Compiling pmutil v0.5.3
[INFO] [stderr]    Compiling adler2 v2.0.0
[INFO] [stderr]    Compiling psm v0.1.23
[INFO] [stderr]    Compiling lexical-parse-integer v0.8.6
[INFO] [stderr]    Compiling miniz_oxide v0.8.0
[INFO] [stderr]    Compiling lexical-write-integer v0.8.5
[INFO] [stderr]    Compiling rustversion v1.0.18
[INFO] [stderr]    Compiling deranged v0.3.11
[INFO] [stderr]    Compiling object v0.36.5
[INFO] [stderr]    Compiling unicode-linebreak v0.1.5
[INFO] [stderr]    Compiling camino v1.1.9
[INFO] [stderr]    Compiling is_ci v1.2.0
[INFO] [stderr]    Compiling num-conv v0.1.0
[INFO] [stderr]    Compiling semver v1.0.23
[INFO] [stderr]    Compiling rustc-demangle v0.1.24
[INFO] [stderr]    Compiling smawk v0.3.2
[INFO] [stderr]    Compiling proc-macro-hack v0.5.20+deprecated
[INFO] [stderr]    Compiling ptr_meta_derive v0.1.4
[INFO] [stderr]    Compiling bytecheck_derive v0.6.12
[INFO] [stderr]    Compiling ptr_meta v0.1.4
[INFO] [stderr]    Compiling rkyv_derive v0.7.45
[INFO] [stderr]    Compiling addr2line v0.24.2
[INFO] [stderr]    Compiling serde_derive v1.0.214
[INFO] [stderr]    Compiling zerocopy-derive v0.7.35
[INFO] [stderr]    Compiling tracing-attributes v0.1.27
[INFO] [stderr]    Compiling swc_visit_macros v0.5.13
[INFO] [stderr]    Compiling zerocopy v0.7.35
[INFO] [stderr]    Compiling from_variant v0.1.9
[INFO] [stderr]    Compiling tracing v0.1.40
[INFO] [stderr]    Compiling swc_eq_ignore_macros v0.1.4
[INFO] [stderr]    Compiling ast_node v0.9.9
[INFO] [stderr]    Compiling ppv-lite86 v0.2.20
[INFO] [stderr]    Compiling thiserror-impl v1.0.66
[INFO] [stderr]    Compiling is-macro v0.2.2
[INFO] [stderr]    Compiling rand_chacha v0.3.1
[INFO] [stderr]    Compiling rand v0.8.5
[INFO] [stderr]    Compiling string_enum v0.4.4
[INFO] [stderr]    Compiling time-core v0.1.2
[INFO] [stderr]    Compiling swc_visit v0.5.14
[INFO] [stderr]    Compiling time v0.3.36
[INFO] [stderr]    Compiling thiserror v1.0.66
[INFO] [stderr]    Compiling miette-derive v4.7.1
[INFO] [stderr]    Compiling textwrap v0.15.2
[INFO] [stderr]    Compiling phf_generator v0.10.0
[INFO] [stderr]    Compiling string_cache_codegen v0.5.2
[INFO] [stderr]    Compiling backtrace v0.3.74
[INFO] [stderr]    Compiling supports-color v1.3.1
[INFO] [stderr]    Compiling lexical-write-float v0.8.5
[INFO] [stderr]    Compiling swc_atoms v0.5.9
[INFO] [stderr]    Compiling lexical-parse-float v0.8.5
[INFO] [stderr]    Compiling stacker v0.1.17
[INFO] [stderr]    Compiling supports-unicode v1.0.2
[INFO] [stderr]    Compiling supports-hyperlinks v1.2.0
[INFO] [stderr]    Compiling smartstring v1.0.1
[INFO] [stderr]    Compiling terminal_size v0.1.17
[INFO] [stderr]    Compiling proc-macro-error-attr2 v2.0.0
[INFO] [stderr]    Compiling indexmap v1.9.3
[INFO] [stderr]    Compiling log v0.4.22
[INFO] [stderr]    Compiling owo-colors v3.5.0
[INFO] [stderr]    Compiling vergen v7.5.1
[INFO] [stderr]    Compiling proc-macro-error2 v2.0.1
[INFO] [stderr]    Compiling tracing-log v0.2.0
[INFO] [stderr]    Compiling miette v4.7.1
[INFO] [stderr]    Compiling lexical-core v0.8.5
[INFO] [stderr]    Compiling enum-iterator-derive v1.4.0
[INFO] [stderr]    Compiling crypto-common v0.1.6
[INFO] [stderr]    Compiling block-buffer v0.10.4
[INFO] [stderr]    Compiling yansi v1.0.1
[INFO] [stderr]    Compiling relative-path v1.9.3
[INFO] [stderr]    Compiling rustix v0.38.38
[INFO] [stderr]    Compiling glob v0.3.1
[INFO] [stderr]    Compiling diff v0.1.13
[INFO] [stderr]    Compiling pretty_assertions v1.4.1
[INFO] [stderr]    Compiling enum-iterator v1.5.0
[INFO] [stderr]    Compiling phf_macros v0.10.0
[INFO] [stderr]    Compiling string_cache v0.8.7
[INFO] [stderr]    Compiling debugid v0.8.0
[INFO] [stderr]    Compiling triomphe v0.1.14
[INFO] [stderr]    Compiling num-bigint v0.4.6
[INFO] [stderr]    Compiling cargo-platform v0.1.8
[INFO] [stderr]    Compiling testing_macros v0.2.14
[INFO] [stderr]    Compiling digest v0.10.7
[INFO] [stderr]    Compiling tracing-subscriber v0.3.18
[INFO] [stderr]    Compiling sourcemap v6.4.1
[INFO] [stderr]    Compiling cargo_metadata v0.15.4
[INFO] [stderr]    Compiling lexical v6.1.1
[INFO] [stderr]    Compiling getset v0.1.3
[INFO] [stderr]    Compiling num_cpus v1.16.0
[INFO] [stderr]    Compiling linux-raw-sys v0.4.14
[INFO] [stderr]    Compiling swc_common v0.31.22
[INFO] [stderr]    Compiling difference v2.0.0
[INFO] [stderr]    Compiling ansi_term v0.12.1
[INFO] [stderr]    Compiling cpufeatures v0.2.14
[INFO] [stderr]    Compiling typed-arena v2.0.2
[INFO] [stderr]    Compiling sha-1 v0.10.1
[INFO] [stderr]    Compiling phf v0.10.1
[INFO] [stderr]    Compiling swc_ecma_codegen_macros v0.7.7
[INFO] [stderr]    Compiling swc_trace_macro v0.1.3
[INFO] [stderr]    Compiling swc_core v0.76.50
[INFO] [stderr]    Compiling base64 v0.13.1
[INFO] [stderr]    Compiling swc_plugin_macro v0.9.16
[INFO] [stderr]    Compiling swc_plugin v0.90.3
[INFO] [stderr]    Compiling swc_ecma_ast v0.104.5
[INFO] [stderr]    Compiling swc_error_reporters v0.15.22
[INFO] [stderr]    Compiling tempfile v3.13.0
[INFO] [stderr]    Compiling testing v0.33.25
[INFO] [stderr]    Compiling swc_ecma_testing v0.20.19
[INFO] [stdout] error[E0432]: unresolved import `swc_common::add_bitflags`
[INFO] [stdout]  --> /opt/rustwide/cargo-home/registry/src/index.crates.io-6f17d22bba15001f/swc_ecma_ast-0.104.5/src/list.rs:4:5
[INFO] [stdout]   |
[INFO] [stdout] 4 | use swc_common::add_bitflags;
[INFO] [stdout]   |     ^^^^^^^^^^^^^^^^^^^^^^^^ no `add_bitflags` in the root
[INFO] [stdout] 
[INFO] [stdout] 
[INFO] [stdout] error[E0599]: no associated item named `BracketsMask` found for struct `ListFormat` in the current scope
[INFO] [stdout]    --> /opt/rustwide/cargo-home/registry/src/index.crates.io-6f17d22bba15001f/swc_ecma_ast-0.104.5/src/list.rs:181:34
[INFO] [stdout]     |
[INFO] [stdout] 6   | / bitflags! {
[INFO] [stdout] 7   | |     /// Represents the formatting rule for a list of nodes.
[INFO] [stdout] 8   | |     #[derive(PartialEq, Eq, Copy, Clone)]
[INFO] [stdout] 9   | |     pub struct ListFormat: u32 {
[INFO] [stdout] ...   |
[INFO] [stdout] 12  | |     }
[INFO] [stdout] 13  | | }
[INFO] [stdout]     | |_- associated item `BracketsMask` not found for this struct
[INFO] [stdout] ...
[INFO] [stdout] 181 |           match self & ListFormat::BracketsMask {
[INFO] [stdout]     |                                    ^^^^^^^^^^^^ associated item not found in `ListFormat`
[INFO] [stdout] 
[INFO] [stdout] 
[INFO] [stdout] error[E0599]: no associated item named `Braces` found for struct `ListFormat` in the current scope
[INFO] [stdout]    --> /opt/rustwide/cargo-home/registry/src/index.crates.io-6f17d22bba15001f/swc_ecma_ast-0.104.5/src/list.rs:182:25
[INFO] [stdout]     |
[INFO] [stdout] 6   | / bitflags! {
[INFO] [stdout] 7   | |     /// Represents the formatting rule for a list of nodes.
[INFO] [stdout] 8   | |     #[derive(PartialEq, Eq, Copy, Clone)]
[INFO] [stdout] 9   | |     pub struct ListFormat: u32 {
[INFO] [stdout] ...   |
[INFO] [stdout] 12  | |     }
[INFO] [stdout] 13  | | }
[INFO] [stdout]     | |_- associated item `Braces` not found for this struct
[INFO] [stdout] ...
[INFO] [stdout] 182 |               ListFormat::Braces => "{",
[INFO] [stdout]     |                           ^^^^^^ associated item not found in `ListFormat`
[INFO] [stdout] 
[INFO] [stdout] 
[INFO] [stdout] error[E0599]: no associated item named `Parenthesis` found for struct `ListFormat` in the current scope
[INFO] [stdout]    --> /opt/rustwide/cargo-home/registry/src/index.crates.io-6f17d22bba15001f/swc_ecma_ast-0.104.5/src/list.rs:183:25
[INFO] [stdout]     |
[INFO] [stdout] 6   | / bitflags! {
[INFO] [stdout] 7   | |     /// Represents the formatting rule for a list of nodes.
[INFO] [stdout] 8   | |     #[derive(PartialEq, Eq, Copy, Clone)]
[INFO] [stdout] 9   | |     pub struct ListFormat: u32 {
[INFO] [stdout] ...   |
[INFO] [stdout] 12  | |     }
[INFO] [stdout] 13  | | }
[INFO] [stdout]     | |_- associated item `Parenthesis` not found for this struct
[INFO] [stdout] ...
[INFO] [stdout] 183 |               ListFormat::Parenthesis => "(",
[INFO] [stdout]     |                           ^^^^^^^^^^^ associated item not found in `ListFormat`
[INFO] [stdout] 
[INFO] [stdout] 
[INFO] [stdout] error[E0599]: no associated item named `AngleBrackets` found for struct `ListFormat` in the current scope
[INFO] [stdout]    --> /opt/rustwide/cargo-home/registry/src/index.crates.io-6f17d22bba15001f/swc_ecma_ast-0.104.5/src/list.rs:184:25
[INFO] [stdout]     |
[INFO] [stdout] 6   | / bitflags! {
[INFO] [stdout] 7   | |     /// Represents the formatting rule for a list of nodes.
[INFO] [stdout] 8   | |     #[derive(PartialEq, Eq, Copy, Clone)]
[INFO] [stdout] 9   | |     pub struct ListFormat: u32 {
[INFO] [stdout] ...   |
[INFO] [stdout] 12  | |     }
[INFO] [stdout] 13  | | }
[INFO] [stdout]     | |_- associated item `AngleBrackets` not found for this struct
[INFO] [stdout] ...
[INFO] [stdout] 184 |               ListFormat::AngleBrackets => "<",
[INFO] [stdout]     |                           ^^^^^^^^^^^^^ associated item not found in `ListFormat`
[INFO] [stdout] 
[INFO] [stdout] 
[INFO] [stdout] error[E0599]: no associated item named `SquareBrackets` found for struct `ListFormat` in the current scope
[INFO] [stdout]    --> /opt/rustwide/cargo-home/registry/src/index.crates.io-6f17d22bba15001f/swc_ecma_ast-0.104.5/src/list.rs:185:25
[INFO] [stdout]     |
[INFO] [stdout] 6   | / bitflags! {
[INFO] [stdout] 7   | |     /// Represents the formatting rule for a list of nodes.
[INFO] [stdout] 8   | |     #[derive(PartialEq, Eq, Copy, Clone)]
[INFO] [stdout] 9   | |     pub struct ListFormat: u32 {
[INFO] [stdout] ...   |
[INFO] [stdout] 12  | |     }
[INFO] [stdout] 13  | | }
[INFO] [stdout]     | |_- associated item `SquareBrackets` not found for this struct
[INFO] [stdout] ...
[INFO] [stdout] 185 |               ListFormat::SquareBrackets => "[",
[INFO] [stdout]     |                           ^^^^^^^^^^^^^^ associated item not found in `ListFormat`
[INFO] [stdout] 
[INFO] [stdout] 
[INFO] [stdout] error[E0599]: no associated item named `BracketsMask` found for struct `ListFormat` in the current scope
[INFO] [stdout]    --> /opt/rustwide/cargo-home/registry/src/index.crates.io-6f17d22bba15001f/swc_ecma_ast-0.104.5/src/list.rs:191:34
[INFO] [stdout]     |
[INFO] [stdout] 6   | / bitflags! {
[INFO] [stdout] 7   | |     /// Represents the formatting rule for a list of nodes.
[INFO] [stdout] 8   | |     #[derive(PartialEq, Eq, Copy, Clone)]
[INFO] [stdout] 9   | |     pub struct ListFormat: u32 {
[INFO] [stdout] ...   |
[INFO] [stdout] 12  | |     }
[INFO] [stdout] 13  | | }
[INFO] [stdout]     | |_- associated item `BracketsMask` not found for this struct
[INFO] [stdout] ...
[INFO] [stdout] 191 |           match self & ListFormat::BracketsMask {
[INFO] [stdout]     |                                    ^^^^^^^^^^^^ associated item not found in `ListFormat`
[INFO] [stdout] 
[INFO] [stdout] 
[INFO] [stdout] error[E0599]: no associated item named `Braces` found for struct `ListFormat` in the current scope
[INFO] [stdout]    --> /opt/rustwide/cargo-home/registry/src/index.crates.io-6f17d22bba15001f/swc_ecma_ast-0.104.5/src/list.rs:192:25
[INFO] [stdout]     |
[INFO] [stdout] 6   | / bitflags! {
[INFO] [stdout] 7   | |     /// Represents the formatting rule for a list of nodes.
[INFO] [stdout] 8   | |     #[derive(PartialEq, Eq, Copy, Clone)]
[INFO] [stdout] 9   | |     pub struct ListFormat: u32 {
[INFO] [stdout] ...   |
[INFO] [stdout] 12  | |     }
[INFO] [stdout] 13  | | }
[INFO] [stdout]     | |_- associated item `Braces` not found for this struct
[INFO] [stdout] ...
[INFO] [stdout] 192 |               ListFormat::Braces => "}",
[INFO] [stdout]     |                           ^^^^^^ associated item not found in `ListFormat`
[INFO] [stdout] 
[INFO] [stdout] 
[INFO] [stdout] error[E0599]: no associated item named `Parenthesis` found for struct `ListFormat` in the current scope
[INFO] [stdout]    --> /opt/rustwide/cargo-home/registry/src/index.crates.io-6f17d22bba15001f/swc_ecma_ast-0.104.5/src/list.rs:193:25
[INFO] [stdout]     |
[INFO] [stdout] 6   | / bitflags! {
[INFO] [stdout] 7   | |     /// Represents the formatting rule for a list of nodes.
[INFO] [stdout] 8   | |     #[derive(PartialEq, Eq, Copy, Clone)]
[INFO] [stdout] 9   | |     pub struct ListFormat: u32 {
[INFO] [stdout] ...   |
[INFO] [stdout] 12  | |     }
[INFO] [stdout] 13  | | }
[INFO] [stdout]     | |_- associated item `Parenthesis` not found for this struct
[INFO] [stdout] ...
[INFO] [stdout] 193 |               ListFormat::Parenthesis => ")",
[INFO] [stdout]     |                           ^^^^^^^^^^^ associated item not found in `ListFormat`
[INFO] [stdout] 
[INFO] [stdout] 
[INFO] [stdout] error[E0599]: no associated item named `AngleBrackets` found for struct `ListFormat` in the current scope
[INFO] [stdout]    --> /opt/rustwide/cargo-home/registry/src/index.crates.io-6f17d22bba15001f/swc_ecma_ast-0.104.5/src/list.rs:194:25
[INFO] [stdout]     |
[INFO] [stdout] 6   | / bitflags! {
[INFO] [stdout] 7   | |     /// Represents the formatting rule for a list of nodes.
[INFO] [stdout] 8   | |     #[derive(PartialEq, Eq, Copy, Clone)]
[INFO] [stdout] 9   | |     pub struct ListFormat: u32 {
[INFO] [stdout] ...   |
[INFO] [stdout] 12  | |     }
[INFO] [stdout] 13  | | }
[INFO] [stdout]     | |_- associated item `AngleBrackets` not found for this struct
[INFO] [stdout] ...
[INFO] [stdout] 194 |               ListFormat::AngleBrackets => ">",
[INFO] [stdout]     |                           ^^^^^^^^^^^^^ associated item not found in `ListFormat`
[INFO] [stdout] 
[INFO] [stdout] 
[INFO] [stdout] error[E0599]: no associated item named `SquareBrackets` found for struct `ListFormat` in the current scope
[INFO] [stdout]    --> /opt/rustwide/cargo-home/registry/src/index.crates.io-6f17d22bba15001f/swc_ecma_ast-0.104.5/src/list.rs:195:25
[INFO] [stdout]     |
[INFO] [stdout] 6   | / bitflags! {
[INFO] [stdout] 7   | |     /// Represents the formatting rule for a list of nodes.
[INFO] [stdout] 8   | |     #[derive(PartialEq, Eq, Copy, Clone)]
[INFO] [stdout] 9   | |     pub struct ListFormat: u32 {
[INFO] [stdout] ...   |
[INFO] [stdout] 12  | |     }
[INFO] [stdout] 13  | | }
[INFO] [stdout]     | |_- associated item `SquareBrackets` not found for this struct
[INFO] [stdout] ...
[INFO] [stdout] 195 |               ListFormat::SquareBrackets => "]",
[INFO] [stdout]     |                           ^^^^^^^^^^^^^^ associated item not found in `ListFormat`
[INFO] [stdout] 
[INFO] [stdout] 
[INFO] [stdout] error[E0599]: no associated item named `PreferNewLine` found for struct `ListFormat` in the current scope
[INFO] [stdout]   --> /opt/rustwide/cargo-home/registry/src/index.crates.io-6f17d22bba15001f/swc_ecma_ast-0.104.5/src/source_map.rs:14:39
[INFO] [stdout]    |
[INFO] [stdout] 14 |           format.intersects(ListFormat::PreferNewLine)
[INFO] [stdout]    |                                         ^^^^^^^^^^^^^ associated item not found in `ListFormat`
[INFO] [stdout]    |
[INFO] [stdout]   ::: /opt/rustwide/cargo-home/registry/src/index.crates.io-6f17d22bba15001f/swc_ecma_ast-0.104.5/src/list.rs:6:1
[INFO] [stdout]    |
[INFO] [stdout] 6  | / bitflags! {
[INFO] [stdout] 7  | |     /// Represents the formatting rule for a list of nodes.
[INFO] [stdout] 8  | |     #[derive(PartialEq, Eq, Copy, Clone)]
[INFO] [stdout] 9  | |     pub struct ListFormat: u32 {
[INFO] [stdout] ...  |
[INFO] [stdout] 12 | |     }
[INFO] [stdout] 13 | | }
[INFO] [stdout]    | |_- associated item `PreferNewLine` not found for this struct
[INFO] [stdout] 
[INFO] [stdout] 
[INFO] [stdout] error[E0599]: no associated item named `MultiLine` found for struct `ListFormat` in the current scope
[INFO] [stdout]   --> /opt/rustwide/cargo-home/registry/src/index.crates.io-6f17d22bba15001f/swc_ecma_ast-0.104.5/src/source_map.rs:44:40
[INFO] [stdout]    |
[INFO] [stdout] 44 |           if format.contains(ListFormat::MultiLine) {
[INFO] [stdout]    |                                          ^^^^^^^^^ associated item not found in `ListFormat`
[INFO] [stdout]    |
[INFO] [stdout]   ::: /opt/rustwide/cargo-home/registry/src/index.crates.io-6f17d22bba15001f/swc_ecma_ast-0.104.5/src/list.rs:6:1
[INFO] [stdout]    |
[INFO] [stdout] 6  | / bitflags! {
[INFO] [stdout] 7  | |     /// Represents the formatting rule for a list of nodes.
[INFO] [stdout] 8  | |     #[derive(PartialEq, Eq, Copy, Clone)]
[INFO] [stdout] 9  | |     pub struct ListFormat: u32 {
[INFO] [stdout] ...  |
[INFO] [stdout] 12 | |     }
[INFO] [stdout] 13 | | }
[INFO] [stdout]    | |_- associated item `MultiLine` not found for this struct
[INFO] [stdout] 
[INFO] [stdout] 
[INFO] [stdout] error[E0599]: no associated item named `PreserveLines` found for struct `ListFormat` in the current scope
[INFO] [stdout]   --> /opt/rustwide/cargo-home/registry/src/index.crates.io-6f17d22bba15001f/swc_ecma_ast-0.104.5/src/source_map.rs:48:40
[INFO] [stdout]    |
[INFO] [stdout] 48 |           if format.contains(ListFormat::PreserveLines) {
[INFO] [stdout]    |                                          ^^^^^^^^^^^^^ associated item not found in `ListFormat`
[INFO] [stdout]    |
[INFO] [stdout]   ::: /opt/rustwide/cargo-home/registry/src/index.crates.io-6f17d22bba15001f/swc_ecma_ast-0.104.5/src/list.rs:6:1
[INFO] [stdout]    |
[INFO] [stdout] 6  | / bitflags! {
[INFO] [stdout] 7  | |     /// Represents the formatting rule for a list of nodes.
[INFO] [stdout] 8  | |     #[derive(PartialEq, Eq, Copy, Clone)]
[INFO] [stdout] 9  | |     pub struct ListFormat: u32 {
[INFO] [stdout] ...  |
[INFO] [stdout] 12 | |     }
[INFO] [stdout] 13 | | }
[INFO] [stdout]    | |_- associated item `PreserveLines` not found for this struct
[INFO] [stdout] 
[INFO] [stdout] 
[INFO] [stdout] error[E0599]: no associated item named `MultiLine` found for struct `ListFormat` in the current scope
[INFO] [stdout]   --> /opt/rustwide/cargo-home/registry/src/index.crates.io-6f17d22bba15001f/swc_ecma_ast-0.104.5/src/source_map.rs:69:40
[INFO] [stdout]    |
[INFO] [stdout] 69 |           if format.contains(ListFormat::MultiLine) {
[INFO] [stdout]    |                                          ^^^^^^^^^ associated item not found in `ListFormat`
[INFO] [stdout]    |
[INFO] [stdout]   ::: /opt/rustwide/cargo-home/registry/src/index.crates.io-6f17d22bba15001f/swc_ecma_ast-0.104.5/src/list.rs:6:1
[INFO] [stdout]    |
[INFO] [stdout] 6  | / bitflags! {
[INFO] [stdout] 7  | |     /// Represents the formatting rule for a list of nodes.
[INFO] [stdout] 8  | |     #[derive(PartialEq, Eq, Copy, Clone)]
[INFO] [stdout] 9  | |     pub struct ListFormat: u32 {
[INFO] [stdout] ...  |
[INFO] [stdout] 12 | |     }
[INFO] [stdout] 13 | | }
[INFO] [stdout]    | |_- associated item `MultiLine` not found for this struct
[INFO] [stdout] 
[INFO] [stdout] 
[INFO] [stdout] error[E0599]: no associated item named `PreserveLines` found for struct `ListFormat` in the current scope
[INFO] [stdout]   --> /opt/rustwide/cargo-home/registry/src/index.crates.io-6f17d22bba15001f/swc_ecma_ast-0.104.5/src/source_map.rs:73:40
[INFO] [stdout]    |
[INFO] [stdout] 73 |           if format.contains(ListFormat::PreserveLines) {
[INFO] [stdout]    |                                          ^^^^^^^^^^^^^ associated item not found in `ListFormat`
[INFO] [stdout]    |
[INFO] [stdout]   ::: /opt/rustwide/cargo-home/registry/src/index.crates.io-6f17d22bba15001f/swc_ecma_ast-0.104.5/src/list.rs:6:1
[INFO] [stdout]    |
[INFO] [stdout] 6  | / bitflags! {
[INFO] [stdout] 7  | |     /// Represents the formatting rule for a list of nodes.
[INFO] [stdout] 8  | |     #[derive(PartialEq, Eq, Copy, Clone)]
[INFO] [stdout] 9  | |     pub struct ListFormat: u32 {
[INFO] [stdout] ...  |
[INFO] [stdout] 12 | |     }
[INFO] [stdout] 13 | | }
[INFO] [stdout]    | |_- associated item `PreserveLines` not found for this struct
[INFO] [stdout] 
[INFO] [stdout] 
[INFO] [stdout] error[E0599]: no associated item named `PreferNewLine` found for struct `ListFormat` in the current scope
[INFO] [stdout]   --> /opt/rustwide/cargo-home/registry/src/index.crates.io-6f17d22bba15001f/swc_ecma_ast-0.104.5/src/source_map.rs:74:44
[INFO] [stdout]    |
[INFO] [stdout] 74 |               if format.contains(ListFormat::PreferNewLine) {
[INFO] [stdout]    |                                              ^^^^^^^^^^^^^ associated item not found in `ListFormat`
[INFO] [stdout]    |
[INFO] [stdout]   ::: /opt/rustwide/cargo-home/registry/src/index.crates.io-6f17d22bba15001f/swc_ecma_ast-0.104.5/src/list.rs:6:1
[INFO] [stdout]    |
[INFO] [stdout] 6  | / bitflags! {
[INFO] [stdout] 7  | |     /// Represents the formatting rule for a list of nodes.
[INFO] [stdout] 8  | |     #[derive(PartialEq, Eq, Copy, Clone)]
[INFO] [stdout] 9  | |     pub struct ListFormat: u32 {
[INFO] [stdout] ...  |
[INFO] [stdout] 12 | |     }
[INFO] [stdout] 13 | | }
[INFO] [stdout]    | |_- associated item `PreferNewLine` not found for this struct
[INFO] [stdout] 
[INFO] [stdout] 
[INFO] [stdout] error[E0599]: no associated item named `MultiLine` found for struct `ListFormat` in the current scope
[INFO] [stdout]   --> /opt/rustwide/cargo-home/registry/src/index.crates.io-6f17d22bba15001f/swc_ecma_ast-0.104.5/src/source_map.rs:99:40
[INFO] [stdout]    |
[INFO] [stdout] 99 |           if format.contains(ListFormat::MultiLine) {
[INFO] [stdout]    |                                          ^^^^^^^^^ associated item not found in `ListFormat`
[INFO] [stdout]    |
[INFO] [stdout]   ::: /opt/rustwide/cargo-home/registry/src/index.crates.io-6f17d22bba15001f/swc_ecma_ast-0.104.5/src/list.rs:6:1
[INFO] [stdout]    |
[INFO] [stdout] 6  | / bitflags! {
[INFO] [stdout] 7  | |     /// Represents the formatting rule for a list of nodes.
[INFO] [stdout] 8  | |     #[derive(PartialEq, Eq, Copy, Clone)]
[INFO] [stdout] 9  | |     pub struct ListFormat: u32 {
[INFO] [stdout] ...  |
[INFO] [stdout] 12 | |     }
[INFO] [stdout] 13 | | }
[INFO] [stdout]    | |_- associated item `MultiLine` not found for this struct
[INFO] [stdout] 
[INFO] [stdout] 
[INFO] [stdout] error[E0599]: no associated item named `NoTrailingNewLine` found for struct `ListFormat` in the current scope
[INFO] [stdout]    --> /opt/rustwide/cargo-home/registry/src/index.crates.io-6f17d22bba15001f/swc_ecma_ast-0.104.5/src/source_map.rs:100:42
[INFO] [stdout]     |
[INFO] [stdout] 100 |               return (format & ListFormat::NoTrailingNewLine) == ListFormat::None;
[INFO] [stdout]     |                                            ^^^^^^^^^^^^^^^^^ associated item not found in `ListFormat`
[INFO] [stdout]     |
[INFO] [stdout]    ::: /opt/rustwide/cargo-home/registry/src/index.crates.io-6f17d22bba15001f/swc_ecma_ast-0.104.5/src/list.rs:6:1
[INFO] [stdout]     |
[INFO] [stdout] 6   | / bitflags! {
[INFO] [stdout] 7   | |     /// Represents the formatting rule for a list of nodes.
[INFO] [stdout] 8   | |     #[derive(PartialEq, Eq, Copy, Clone)]
[INFO] [stdout] 9   | |     pub struct ListFormat: u32 {
[INFO] [stdout] ...   |
[INFO] [stdout] 12  | |     }
[INFO] [stdout] 13  | | }
[INFO] [stdout]     | |_- associated item `NoTrailingNewLine` not found for this struct
[INFO] [stdout] 
[INFO] [stdout] 
[INFO] [stdout] error[E0599]: no associated item named `PreserveLines` found for struct `ListFormat` in the current scope
[INFO] [stdout]    --> /opt/rustwide/cargo-home/registry/src/index.crates.io-6f17d22bba15001f/swc_ecma_ast-0.104.5/src/source_map.rs:103:40
[INFO] [stdout]     |
[INFO] [stdout] 103 |           if format.contains(ListFormat::PreserveLines) {
[INFO] [stdout]     |                                          ^^^^^^^^^^^^^ associated item not found in `ListFormat`
[INFO] [stdout]     |
[INFO] [stdout]    ::: /opt/rustwide/cargo-home/registry/src/index.crates.io-6f17d22bba15001f/swc_ecma_ast-0.104.5/src/list.rs:6:1
[INFO] [stdout]     |
[INFO] [stdout] 6   | / bitflags! {
[INFO] [stdout] 7   | |     /// Represents the formatting rule for a list of nodes.
[INFO] [stdout] 8   | |     #[derive(PartialEq, Eq, Copy, Clone)]
[INFO] [stdout] 9   | |     pub struct ListFormat: u32 {
[INFO] [stdout] ...   |
[INFO] [stdout] 12  | |     }
[INFO] [stdout] 13  | | }
[INFO] [stdout]     | |_- associated item `PreserveLines` not found for this struct
[INFO] [stdout] 
[INFO] [stdout] 
[INFO] [stdout] error[E0599]: no associated item named `PreferNewLine` found for struct `ListFormat` in the current scope
[INFO] [stdout]    --> /opt/rustwide/cargo-home/registry/src/index.crates.io-6f17d22bba15001f/swc_ecma_ast-0.104.5/src/source_map.rs:104:44
[INFO] [stdout]     |
[INFO] [stdout] 104 |               if format.contains(ListFormat::PreferNewLine) {
[INFO] [stdout]     |                                              ^^^^^^^^^^^^^ associated item not found in `ListFormat`
[INFO] [stdout]     |
[INFO] [stdout]    ::: /opt/rustwide/cargo-home/registry/src/index.crates.io-6f17d22bba15001f/swc_ecma_ast-0.104.5/src/list.rs:6:1
[INFO] [stdout]     |
[INFO] [stdout] 6   | / bitflags! {
[INFO] [stdout] 7   | |     /// Represents the formatting rule for a list of nodes.
[INFO] [stdout] 8   | |     #[derive(PartialEq, Eq, Copy, Clone)]
[INFO] [stdout] 9   | |     pub struct ListFormat: u32 {
[INFO] [stdout] ...   |
[INFO] [stdout] 12  | |     }
[INFO] [stdout] 13  | | }
[INFO] [stdout]     | |_- associated item `PreferNewLine` not found for this struct
[INFO] [stdout] 
[INFO] [stdout] 
[INFO] [stdout] Some errors have detailed explanations: E0432, E0599.
[INFO] [stdout] 
[INFO] [stdout] For more information about an error, try `rustc --explain E0432`.
[INFO] [stdout] 
[INFO] [stderr] error: could not compile `swc_ecma_ast` (lib) due to 21 previous errors
[INFO] running `Command { std: "docker" "inspect" "500de5e17fdc0e98e74565192b036579f6df501a43d16d5dd19a05fe72fcea7a", kill_on_drop: false }`
[INFO] running `Command { std: "docker" "rm" "-f" "500de5e17fdc0e98e74565192b036579f6df501a43d16d5dd19a05fe72fcea7a", kill_on_drop: false }`
[INFO] [stdout] 500de5e17fdc0e98e74565192b036579f6df501a43d16d5dd19a05fe72fcea7a
