[INFO] fetching crate parse-sap-odata 1.4.9...
[INFO] testing parse-sap-odata-1.4.9 against nightly-2024-10-28 for randomize-layout
[INFO] extracting crate parse-sap-odata 1.4.9 into /workspace/builds/worker-0-tc1/source
[INFO] validating manifest of crates.io crate parse-sap-odata 1.4.9 on toolchain nightly-2024-10-28
[INFO] running `Command { std: CARGO_HOME="/workspace/cargo-home" RUSTUP_HOME="/workspace/rustup-home" "/workspace/cargo-home/bin/cargo" "+nightly-2024-10-28" "metadata" "--manifest-path" "Cargo.toml" "--no-deps", kill_on_drop: false }`
[INFO] started tweaking crates.io crate parse-sap-odata 1.4.9
[INFO] finished tweaking crates.io crate parse-sap-odata 1.4.9
[INFO] tweaked toml for crates.io crate parse-sap-odata 1.4.9 written to /workspace/builds/worker-0-tc1/source/Cargo.toml
[INFO] running `Command { std: CARGO_HOME="/workspace/cargo-home" RUSTUP_HOME="/workspace/rustup-home" "/workspace/cargo-home/bin/cargo" "+nightly-2024-10-28" "generate-lockfile" "--manifest-path" "Cargo.toml", kill_on_drop: false }`
[INFO] [stderr]     Updating crates.io index
[INFO] [stderr]      Locking 111 packages to latest compatible versions
[INFO] [stderr]       Adding quick-xml v0.36.2 (available: v0.37.0)
[INFO] [stderr]       Adding which v6.0.3 (available: v7.0.0)
[INFO] running `Command { std: CARGO_HOME="/workspace/cargo-home" RUSTUP_HOME="/workspace/rustup-home" "/workspace/cargo-home/bin/cargo" "+nightly-2024-10-28" "fetch" "--manifest-path" "Cargo.toml", kill_on_drop: false }`
[INFO] [stderr]  Downloading crates ...
[INFO] [stderr]   Downloaded check_keyword v0.3.1
[INFO] [stderr]   Downloaded parse-sap-atom-feed v1.2.2
[INFO] running `Command { std: "docker" "create" "-v" "/var/lib/crater-agent-workspace/builds/worker-0-tc1/target:/opt/rustwide/target:rw,Z" "-v" "/var/lib/crater-agent-workspace/builds/worker-0-tc1/source:/opt/rustwide/workdir:ro,Z" "-v" "/var/lib/crater-agent-workspace/cargo-home:/opt/rustwide/cargo-home:ro,Z" "-v" "/var/lib/crater-agent-workspace/rustup-home:/opt/rustwide/rustup-home:ro,Z" "-e" "SOURCE_DIR=/opt/rustwide/workdir" "-e" "CARGO_TARGET_DIR=/opt/rustwide/target" "-e" "CARGO_HOME=/opt/rustwide/cargo-home" "-e" "RUSTUP_HOME=/opt/rustwide/rustup-home" "-w" "/opt/rustwide/workdir" "-m" "1610612736" "--user" "0:0" "--network" "none" "ghcr.io/rust-lang/crates-build-env/linux@sha256:4a844ea9eb2546a2d2c7022eacef16ef2e8229c7fbb2c7d4d55a9ceca922f72d" "/opt/rustwide/cargo-home/bin/cargo" "+nightly-2024-10-28" "metadata" "--no-deps" "--format-version=1", kill_on_drop: false }`
[INFO] [stdout] 3497f3ed92a093b02a635b9781d2c6d5e11612659031fcccd7b5d7dfb5e2488f
[INFO] running `Command { std: "docker" "start" "-a" "3497f3ed92a093b02a635b9781d2c6d5e11612659031fcccd7b5d7dfb5e2488f", kill_on_drop: false }`
[INFO] running `Command { std: "docker" "inspect" "3497f3ed92a093b02a635b9781d2c6d5e11612659031fcccd7b5d7dfb5e2488f", kill_on_drop: false }`
[INFO] running `Command { std: "docker" "rm" "-f" "3497f3ed92a093b02a635b9781d2c6d5e11612659031fcccd7b5d7dfb5e2488f", kill_on_drop: false }`
[INFO] [stdout] 3497f3ed92a093b02a635b9781d2c6d5e11612659031fcccd7b5d7dfb5e2488f
[INFO] running `Command { std: "docker" "create" "-v" "/var/lib/crater-agent-workspace/builds/worker-0-tc1/target:/opt/rustwide/target:rw,Z" "-v" "/var/lib/crater-agent-workspace/builds/worker-0-tc1/source:/opt/rustwide/workdir:ro,Z" "-v" "/var/lib/crater-agent-workspace/cargo-home:/opt/rustwide/cargo-home:ro,Z" "-v" "/var/lib/crater-agent-workspace/rustup-home:/opt/rustwide/rustup-home:ro,Z" "-e" "SOURCE_DIR=/opt/rustwide/workdir" "-e" "CARGO_TARGET_DIR=/opt/rustwide/target" "-e" "CARGO_INCREMENTAL=0" "-e" "RUST_BACKTRACE=full" "-e" "RUSTFLAGS=--cap-lints=forbid" "-e" "RUSTDOCFLAGS=--cap-lints=forbid" "-e" "CARGO_HOME=/opt/rustwide/cargo-home" "-e" "RUSTUP_HOME=/opt/rustwide/rustup-home" "-w" "/opt/rustwide/workdir" "-m" "1610612736" "--user" "0:0" "--network" "none" "ghcr.io/rust-lang/crates-build-env/linux@sha256:4a844ea9eb2546a2d2c7022eacef16ef2e8229c7fbb2c7d4d55a9ceca922f72d" "/opt/rustwide/cargo-home/bin/cargo" "+nightly-2024-10-28" "build" "--frozen" "--message-format=json", kill_on_drop: false }`
[INFO] [stdout] 1a93bbec172e63d4cbe3fb606c6d6c557d3b63f1e10ff81b8a93f3c596c21185
[INFO] running `Command { std: "docker" "start" "-a" "1a93bbec172e63d4cbe3fb606c6d6c557d3b63f1e10ff81b8a93f3c596c21185", kill_on_drop: false }`
[INFO] [stderr]    Compiling rand_core v0.6.4
[INFO] [stderr]    Compiling num-traits v0.2.19
[INFO] [stderr]    Compiling phf_shared v0.11.2
[INFO] [stderr]    Compiling rustix v0.38.38
[INFO] [stderr]    Compiling rust_decimal v1.36.0
[INFO] [stderr]    Compiling syn v2.0.86
[INFO] [stderr]    Compiling anyhow v1.0.92
[INFO] [stderr]    Compiling arrayvec v0.7.6
[INFO] [stderr]    Compiling rand v0.8.5
[INFO] [stderr]    Compiling linux-raw-sys v0.4.14
[INFO] [stderr]    Compiling bitflags v2.6.0
[INFO] [stderr]    Compiling home v0.5.9
[INFO] [stderr]    Compiling phf_generator v0.11.2
[INFO] [stderr]    Compiling which v6.0.3
[INFO] [stderr]    Compiling serde_derive v1.0.214
[INFO] [stderr]    Compiling phf_macros v0.11.2
[INFO] [stderr]    Compiling phf v0.11.2
[INFO] [stderr]    Compiling check_keyword v0.3.1
[INFO] [stderr]    Compiling serde v1.0.214
[INFO] [stderr]    Compiling chrono v0.4.38
[INFO] [stderr]    Compiling quick-xml v0.36.2
[INFO] [stderr]    Compiling parse-sap-atom-feed v1.2.2
[INFO] [stderr]    Compiling parse-sap-odata v1.4.9 (/opt/rustwide/workdir)
[INFO] [stderr]     Finished `dev` profile [unoptimized + debuginfo] target(s) in 12.51s
[INFO] running `Command { std: "docker" "inspect" "1a93bbec172e63d4cbe3fb606c6d6c557d3b63f1e10ff81b8a93f3c596c21185", kill_on_drop: false }`
[INFO] running `Command { std: "docker" "rm" "-f" "1a93bbec172e63d4cbe3fb606c6d6c557d3b63f1e10ff81b8a93f3c596c21185", kill_on_drop: false }`
[INFO] [stdout] 1a93bbec172e63d4cbe3fb606c6d6c557d3b63f1e10ff81b8a93f3c596c21185
[INFO] running `Command { std: "docker" "create" "-v" "/var/lib/crater-agent-workspace/builds/worker-0-tc1/target:/opt/rustwide/target:rw,Z" "-v" "/var/lib/crater-agent-workspace/builds/worker-0-tc1/source:/opt/rustwide/workdir:ro,Z" "-v" "/var/lib/crater-agent-workspace/cargo-home:/opt/rustwide/cargo-home:ro,Z" "-v" "/var/lib/crater-agent-workspace/rustup-home:/opt/rustwide/rustup-home:ro,Z" "-e" "SOURCE_DIR=/opt/rustwide/workdir" "-e" "CARGO_TARGET_DIR=/opt/rustwide/target" "-e" "CARGO_INCREMENTAL=0" "-e" "RUST_BACKTRACE=full" "-e" "RUSTFLAGS=--cap-lints=forbid" "-e" "RUSTDOCFLAGS=--cap-lints=forbid" "-e" "CARGO_HOME=/opt/rustwide/cargo-home" "-e" "RUSTUP_HOME=/opt/rustwide/rustup-home" "-w" "/opt/rustwide/workdir" "-m" "1610612736" "--user" "0:0" "--network" "none" "ghcr.io/rust-lang/crates-build-env/linux@sha256:4a844ea9eb2546a2d2c7022eacef16ef2e8229c7fbb2c7d4d55a9ceca922f72d" "/opt/rustwide/cargo-home/bin/cargo" "+nightly-2024-10-28" "test" "--frozen" "--no-run" "--message-format=json", kill_on_drop: false }`
[INFO] [stdout] 41bd1b7daad5795026eb060d367dca6181cd44f377d478b2e469c876b1963732
[INFO] running `Command { std: "docker" "start" "-a" "41bd1b7daad5795026eb060d367dca6181cd44f377d478b2e469c876b1963732", kill_on_drop: false }`
[INFO] [stderr]    Compiling rust_decimal v1.36.0
[INFO] [stderr]    Compiling parse-sap-atom-feed v1.2.2
[INFO] [stderr]    Compiling parse-sap-odata v1.4.9 (/opt/rustwide/workdir)
[INFO] [stdout] error[E0432]: unresolved import `crate::test_utils`
[INFO] [stdout]   --> src/edmx/data_services/schema/association/referential_constraint/unit_tests.rs:2:12
[INFO] [stdout]    |
[INFO] [stdout] 2  | use crate::test_utils::handle_test_comparison;
[INFO] [stdout]    |            ^^^^^^^^^^ could not find `test_utils` in the crate root
[INFO] [stdout]    |
[INFO] [stdout] note: found an item that was configured out
[INFO] [stdout]   --> src/lib.rs:14:5
[INFO] [stdout]    |
[INFO] [stdout] 14 | mod test_utils;
[INFO] [stdout]    |     ^^^^^^^^^^
[INFO] [stdout] note: the item is gated behind the `parser` feature
[INFO] [stdout]   --> src/lib.rs:12:7
[INFO] [stdout]    |
[INFO] [stdout] 12 | #[cfg(feature = "parser")]
[INFO] [stdout]    |       ^^^^^^^^^^^^^^^^^^
[INFO] [stdout] 
[INFO] [stdout] 
[INFO] [stdout] error[E0432]: unresolved import `crate::test_utils`
[INFO] [stdout]  --> src/edmx/data_services/schema/association/unit_tests.rs:9:12
[INFO] [stdout]   |
[INFO] [stdout] 9 | use crate::test_utils::*;
[INFO] [stdout]   |            ^^^^^^^^^^ could not find `test_utils` in the crate root
[INFO] [stdout] 
[INFO] [stdout] 
[INFO] [stdout] error[E0432]: unresolved import `crate::test_utils`
[INFO] [stdout]  --> src/edmx/data_services/schema/entity_container/unit_tests.rs:9:12
[INFO] [stdout]   |
[INFO] [stdout] 9 | use crate::test_utils::*;
[INFO] [stdout]   |            ^^^^^^^^^^ could not find `test_utils` in the crate root
[INFO] [stdout] 
[INFO] [stdout] 
[INFO] [stdout] error[E0432]: unresolved import `crate::test_utils`
[INFO] [stdout]  --> src/edmx/data_services/schema/entity_type/unit_tests.rs:9:12
[INFO] [stdout]   |
[INFO] [stdout] 9 | use crate::test_utils::*;
[INFO] [stdout]   |            ^^^^^^^^^^ could not find `test_utils` in the crate root
[INFO] [stdout] 
[INFO] [stdout] 
[INFO] [stdout] error[E0433]: failed to resolve: unresolved import
[INFO] [stdout]   --> src/property/unit_tests.rs:2:5
[INFO] [stdout]    |
[INFO] [stdout] 2  |     parser::{
[INFO] [stdout]    |     ^^^^^^
[INFO] [stdout]    |     |
[INFO] [stdout]    |     unresolved import
[INFO] [stdout]    |     help: a similar path exists: `quick_xml::parser`
[INFO] [stdout]    |
[INFO] [stdout] note: found an item that was configured out
[INFO] [stdout]   --> src/lib.rs:11:9
[INFO] [stdout]    |
[INFO] [stdout] 11 | pub mod parser;
[INFO] [stdout]    |         ^^^^^^
[INFO] [stdout] note: the item is gated behind the `parser` feature
[INFO] [stdout]   --> src/lib.rs:10:7
[INFO] [stdout]    |
[INFO] [stdout] 10 | #[cfg(feature = "parser")]
[INFO] [stdout]    |       ^^^^^^^^^^^^^^^^^^
[INFO] [stdout] 
[INFO] [stdout] 
[INFO] [stdout] error[E0432]: unresolved import `crate::test_utils`
[INFO] [stdout]  --> src/edmx/reference/unit_tests.rs:9:13
[INFO] [stdout]   |
[INFO] [stdout] 9 | use crate::{test_utils::*, xml::default_xml_namespace_oasis};
[INFO] [stdout]   |             ^^^^^^^^^^ could not find `test_utils` in the crate root
[INFO] [stdout] 
[INFO] [stdout] 
[INFO] [stdout] error[E0432]: unresolved imports `crate::parser`, `crate::test_utils`
[INFO] [stdout]   --> src/property/unit_tests.rs:2:5
[INFO] [stdout]    |
[INFO] [stdout] 2  |     parser::{
[INFO] [stdout]    |     ^^^^^^
[INFO] [stdout]    |     |
[INFO] [stdout]    |     unresolved import
[INFO] [stdout]    |     help: a similar path exists: `quick_xml::parser`
[INFO] [stdout] ...
[INFO] [stdout] 8  |     test_utils::*,
[INFO] [stdout]    |     ^^^^^^^^^^ could not find `test_utils` in the crate root
[INFO] [stdout]    |
[INFO] [stdout] note: found an item that was configured out
[INFO] [stdout]   --> src/lib.rs:11:9
[INFO] [stdout]    |
[INFO] [stdout] 11 | pub mod parser;
[INFO] [stdout]    |         ^^^^^^
[INFO] [stdout] note: the item is gated behind the `parser` feature
[INFO] [stdout]   --> src/lib.rs:10:7
[INFO] [stdout]    |
[INFO] [stdout] 10 | #[cfg(feature = "parser")]
[INFO] [stdout]    |       ^^^^^^^^^^^^^^^^^^
[INFO] [stdout] 
[INFO] [stdout] 
[INFO] [stdout] error[E0432]: unresolved import `super::metadata`
[INFO] [stdout]   --> src/edmx/data_services/schema/association/unit_tests.rs:8:13
[INFO] [stdout]    |
[INFO] [stdout] 8  | use super::{metadata::normalise_assoc_name, Association};
[INFO] [stdout]    |             ^^^^^^^^ could not find `metadata` in `super`
[INFO] [stdout]    |
[INFO] [stdout] note: found an item that was configured out
[INFO] [stdout]   --> src/edmx/data_services/schema/association/mod.rs:10:9
[INFO] [stdout]    |
[INFO] [stdout] 10 | pub mod metadata;
[INFO] [stdout]    |         ^^^^^^^^
[INFO] [stdout] note: the item is gated behind the `parser` feature
[INFO] [stdout]   --> src/edmx/data_services/schema/association/mod.rs:9:7
[INFO] [stdout]    |
[INFO] [stdout] 9  | #[cfg(feature = "parser")]
[INFO] [stdout]    |       ^^^^^^^^^^^^^^^^^^
[INFO] [stdout] 
[INFO] [stdout] 
[INFO] [stdout] error[E0599]: no method named `to_rust` found for struct `Property` in the current scope
[INFO] [stdout]    --> src/property/unit_tests.rs:190:25
[INFO] [stdout]     |
[INFO] [stdout] 190 |     let (src, _) = prop.to_rust();
[INFO] [stdout]     |                         ^^^^^^^ method not found in `Property`
[INFO] [stdout]     |
[INFO] [stdout]    ::: src/property/mod.rs:17:1
[INFO] [stdout]     |
[INFO] [stdout] 17  | pub struct Property {
[INFO] [stdout]     | ------------------- method `to_rust` not found for this struct
[INFO] [stdout] 
[INFO] [stdout] 
[INFO] [stdout] error[E0599]: no method named `to_rust` found for struct `Property` in the current scope
[INFO] [stdout]    --> src/property/unit_tests.rs:202:25
[INFO] [stdout]     |
[INFO] [stdout] 202 |     let (src, _) = prop.to_rust();
[INFO] [stdout]     |                         ^^^^^^^ method not found in `Property`
[INFO] [stdout]     |
[INFO] [stdout]    ::: src/property/mod.rs:17:1
[INFO] [stdout]     |
[INFO] [stdout] 17  | pub struct Property {
[INFO] [stdout]     | ------------------- method `to_rust` not found for this struct
[INFO] [stdout] 
[INFO] [stdout] 
[INFO] [stdout] error[E0599]: no method named `to_rust` found for struct `Property` in the current scope
[INFO] [stdout]    --> src/property/unit_tests.rs:210:25
[INFO] [stdout]     |
[INFO] [stdout] 210 |     let (src, _) = prop.to_rust();
[INFO] [stdout]     |                         ^^^^^^^ method not found in `Property`
[INFO] [stdout]     |
[INFO] [stdout]    ::: src/property/mod.rs:17:1
[INFO] [stdout]     |
[INFO] [stdout] 17  | pub struct Property {
[INFO] [stdout]     | ------------------- method `to_rust` not found for this struct
[INFO] [stdout] 
[INFO] [stdout] 
[INFO] [stdout] error[E0599]: no method named `to_rust` found for struct `Property` in the current scope
[INFO] [stdout]    --> src/property/unit_tests.rs:218:25
[INFO] [stdout]     |
[INFO] [stdout] 218 |     let (src, _) = prop.to_rust();
[INFO] [stdout]     |                         ^^^^^^^ method not found in `Property`
[INFO] [stdout]     |
[INFO] [stdout]    ::: src/property/mod.rs:17:1
[INFO] [stdout]     |
[INFO] [stdout] 17  | pub struct Property {
[INFO] [stdout]     | ------------------- method `to_rust` not found for this struct
[INFO] [stdout] 
[INFO] [stdout] 
[INFO] [stdout] error[E0599]: no method named `to_rust` found for struct `Property` in the current scope
[INFO] [stdout]    --> src/property/unit_tests.rs:226:26
[INFO] [stdout]     |
[INFO] [stdout] 226 |     let (src, cr) = prop.to_rust();
[INFO] [stdout]     |                          ^^^^^^^ method not found in `Property`
[INFO] [stdout]     |
[INFO] [stdout]    ::: src/property/mod.rs:17:1
[INFO] [stdout]     |
[INFO] [stdout] 17  | pub struct Property {
[INFO] [stdout]     | ------------------- method `to_rust` not found for this struct
[INFO] [stdout] 
[INFO] [stdout] 
[INFO] [stdout] error[E0599]: no method named `to_rust` found for struct `Property` in the current scope
[INFO] [stdout]    --> src/property/unit_tests.rs:238:26
[INFO] [stdout]     |
[INFO] [stdout] 238 |     let (src, cr) = prop.to_rust();
[INFO] [stdout]     |                          ^^^^^^^ method not found in `Property`
[INFO] [stdout]     |
[INFO] [stdout]    ::: src/property/mod.rs:17:1
[INFO] [stdout]     |
[INFO] [stdout] 17  | pub struct Property {
[INFO] [stdout]     | ------------------- method `to_rust` not found for this struct
[INFO] [stdout] 
[INFO] [stdout] 
[INFO] [stdout] error[E0599]: no method named `to_rust` found for struct `Property` in the current scope
[INFO] [stdout]    --> src/property/unit_tests.rs:250:26
[INFO] [stdout]     |
[INFO] [stdout] 250 |     let (src, cr) = prop.to_rust();
[INFO] [stdout]     |                          ^^^^^^^ method not found in `Property`
[INFO] [stdout]     |
[INFO] [stdout]    ::: src/property/mod.rs:17:1
[INFO] [stdout]     |
[INFO] [stdout] 17  | pub struct Property {
[INFO] [stdout]     | ------------------- method `to_rust` not found for this struct
[INFO] [stdout] 
[INFO] [stdout] 
[INFO] [stdout] error[E0599]: no method named `to_rust` found for struct `Property` in the current scope
[INFO] [stdout]    --> src/property/unit_tests.rs:262:25
[INFO] [stdout]     |
[INFO] [stdout] 262 |     let (src, _) = prop.to_rust();
[INFO] [stdout]     |                         ^^^^^^^ method not found in `Property`
[INFO] [stdout]     |
[INFO] [stdout]    ::: src/property/mod.rs:17:1
[INFO] [stdout]     |
[INFO] [stdout] 17  | pub struct Property {
[INFO] [stdout]     | ------------------- method `to_rust` not found for this struct
[INFO] [stdout] 
[INFO] [stdout] 
[INFO] [stdout] error[E0599]: no method named `to_rust` found for struct `Property` in the current scope
[INFO] [stdout]    --> src/property/unit_tests.rs:270:25
[INFO] [stdout]     |
[INFO] [stdout] 270 |     let (src, _) = prop.to_rust();
[INFO] [stdout]     |                         ^^^^^^^ method not found in `Property`
[INFO] [stdout]     |
[INFO] [stdout]    ::: src/property/mod.rs:17:1
[INFO] [stdout]     |
[INFO] [stdout] 17  | pub struct Property {
[INFO] [stdout]     | ------------------- method `to_rust` not found for this struct
[INFO] [stdout] 
[INFO] [stdout] 
[INFO] [stdout] error[E0599]: no method named `to_rust` found for struct `Property` in the current scope
[INFO] [stdout]    --> src/property/unit_tests.rs:278:25
[INFO] [stdout]     |
[INFO] [stdout] 278 |     let (src, _) = prop.to_rust();
[INFO] [stdout]     |                         ^^^^^^^ method not found in `Property`
[INFO] [stdout]     |
[INFO] [stdout]    ::: src/property/mod.rs:17:1
[INFO] [stdout]     |
[INFO] [stdout] 17  | pub struct Property {
[INFO] [stdout]     | ------------------- method `to_rust` not found for this struct
[INFO] [stdout] 
[INFO] [stdout] 
[INFO] [stdout] error[E0599]: no method named `to_rust` found for struct `Property` in the current scope
[INFO] [stdout]    --> src/property/unit_tests.rs:286:25
[INFO] [stdout]     |
[INFO] [stdout] 286 |     let (src, _) = prop.to_rust();
[INFO] [stdout]     |                         ^^^^^^^ method not found in `Property`
[INFO] [stdout]     |
[INFO] [stdout]    ::: src/property/mod.rs:17:1
[INFO] [stdout]     |
[INFO] [stdout] 17  | pub struct Property {
[INFO] [stdout]     | ------------------- method `to_rust` not found for this struct
[INFO] [stdout] 
[INFO] [stdout] 
[INFO] [stdout] error[E0599]: no method named `to_rust` found for struct `Property` in the current scope
[INFO] [stdout]    --> src/property/unit_tests.rs:294:25
[INFO] [stdout]     |
[INFO] [stdout] 294 |     let (src, _) = prop.to_rust();
[INFO] [stdout]     |                         ^^^^^^^ method not found in `Property`
[INFO] [stdout]     |
[INFO] [stdout]    ::: src/property/mod.rs:17:1
[INFO] [stdout]     |
[INFO] [stdout] 17  | pub struct Property {
[INFO] [stdout]     | ------------------- method `to_rust` not found for this struct
[INFO] [stdout] 
[INFO] [stdout] 
[INFO] [stdout] error[E0599]: no method named `to_rust` found for struct `Property` in the current scope
[INFO] [stdout]    --> src/property/unit_tests.rs:302:25
[INFO] [stdout]     |
[INFO] [stdout] 302 |     let (src, _) = prop.to_rust();
[INFO] [stdout]     |                         ^^^^^^^ method not found in `Property`
[INFO] [stdout]     |
[INFO] [stdout]    ::: src/property/mod.rs:17:1
[INFO] [stdout]     |
[INFO] [stdout] 17  | pub struct Property {
[INFO] [stdout]     | ------------------- method `to_rust` not found for this struct
[INFO] [stdout] 
[INFO] [stdout] 
[INFO] [stdout] error[E0599]: no method named `to_rust` found for struct `Property` in the current scope
[INFO] [stdout]    --> src/property/unit_tests.rs:310:25
[INFO] [stdout]     |
[INFO] [stdout] 310 |     let (src, _) = prop.to_rust();
[INFO] [stdout]     |                         ^^^^^^^ method not found in `Property`
[INFO] [stdout]     |
[INFO] [stdout]    ::: src/property/mod.rs:17:1
[INFO] [stdout]     |
[INFO] [stdout] 17  | pub struct Property {
[INFO] [stdout]     | ------------------- method `to_rust` not found for this struct
[INFO] [stdout] 
[INFO] [stdout] 
[INFO] [stdout] error[E0599]: no method named `to_rust` found for struct `Property` in the current scope
[INFO] [stdout]    --> src/property/unit_tests.rs:318:25
[INFO] [stdout]     |
[INFO] [stdout] 318 |     let (src, _) = prop.to_rust();
[INFO] [stdout]     |                         ^^^^^^^ method not found in `Property`
[INFO] [stdout]     |
[INFO] [stdout]    ::: src/property/mod.rs:17:1
[INFO] [stdout]     |
[INFO] [stdout] 17  | pub struct Property {
[INFO] [stdout]     | ------------------- method `to_rust` not found for this struct
[INFO] [stdout] 
[INFO] [stdout] 
[INFO] [stdout] error[E0599]: no method named `to_rust` found for struct `Property` in the current scope
[INFO] [stdout]    --> src/property/unit_tests.rs:326:25
[INFO] [stdout]     |
[INFO] [stdout] 326 |     let (src, _) = prop.to_rust();
[INFO] [stdout]     |                         ^^^^^^^ method not found in `Property`
[INFO] [stdout]     |
[INFO] [stdout]    ::: src/property/mod.rs:17:1
[INFO] [stdout]     |
[INFO] [stdout] 17  | pub struct Property {
[INFO] [stdout]     | ------------------- method `to_rust` not found for this struct
[INFO] [stdout] 
[INFO] [stdout] 
[INFO] [stdout] error[E0599]: no method named `to_rust` found for struct `Property` in the current scope
[INFO] [stdout]    --> src/property/unit_tests.rs:338:25
[INFO] [stdout]     |
[INFO] [stdout] 338 |     let (src, _) = prop.to_rust();
[INFO] [stdout]     |                         ^^^^^^^ method not found in `Property`
[INFO] [stdout]     |
[INFO] [stdout]    ::: src/property/mod.rs:17:1
[INFO] [stdout]     |
[INFO] [stdout] 17  | pub struct Property {
[INFO] [stdout]     | ------------------- method `to_rust` not found for this struct
[INFO] [stdout] 
[INFO] [stdout] 
[INFO] [stdout] error[E0599]: no method named `to_rust` found for struct `Property` in the current scope
[INFO] [stdout]    --> src/property/unit_tests.rs:347:25
[INFO] [stdout]     |
[INFO] [stdout] 347 |     let (src, _) = prop.to_rust();
[INFO] [stdout]     |                         ^^^^^^^ method not found in `Property`
[INFO] [stdout]     |
[INFO] [stdout]    ::: src/property/mod.rs:17:1
[INFO] [stdout]     |
[INFO] [stdout] 17  | pub struct Property {
[INFO] [stdout]     | ------------------- method `to_rust` not found for this struct
[INFO] [stdout] 
[INFO] [stdout] 
[INFO] [stdout] Some errors have detailed explanations: E0432, E0433, E0599.
[INFO] [stdout] 
[INFO] [stdout] For more information about an error, try `rustc --explain E0432`.
[INFO] [stdout] 
[INFO] [stderr] error: could not compile `parse-sap-odata` (lib test) due to 26 previous errors
[INFO] [stderr] warning: build failed, waiting for other jobs to finish...
[INFO] running `Command { std: "docker" "inspect" "41bd1b7daad5795026eb060d367dca6181cd44f377d478b2e469c876b1963732", kill_on_drop: false }`
[INFO] running `Command { std: "docker" "rm" "-f" "41bd1b7daad5795026eb060d367dca6181cd44f377d478b2e469c876b1963732", kill_on_drop: false }`
[INFO] [stdout] 41bd1b7daad5795026eb060d367dca6181cd44f377d478b2e469c876b1963732
