[INFO] fetching crate papyrus_common 0.4.0-rc.0...
[INFO] testing papyrus_common-0.4.0-rc.0 against nightly-2024-10-28 for randomize-layout
[INFO] extracting crate papyrus_common 0.4.0-rc.0 into /workspace/builds/worker-0-tc1/source
[INFO] validating manifest of crates.io crate papyrus_common 0.4.0-rc.0 on toolchain nightly-2024-10-28
[INFO] running `Command { std: CARGO_HOME="/workspace/cargo-home" RUSTUP_HOME="/workspace/rustup-home" "/workspace/cargo-home/bin/cargo" "+nightly-2024-10-28" "metadata" "--manifest-path" "Cargo.toml" "--no-deps", kill_on_drop: false }`
[INFO] started tweaking crates.io crate papyrus_common 0.4.0-rc.0
[INFO] finished tweaking crates.io crate papyrus_common 0.4.0-rc.0
[INFO] tweaked toml for crates.io crate papyrus_common 0.4.0-rc.0 written to /workspace/builds/worker-0-tc1/source/Cargo.toml
[INFO] running `Command { std: CARGO_HOME="/workspace/cargo-home" RUSTUP_HOME="/workspace/rustup-home" "/workspace/cargo-home/bin/cargo" "+nightly-2024-10-28" "generate-lockfile" "--manifest-path" "Cargo.toml", kill_on_drop: false }`
[INFO] [stderr]     Updating crates.io index
[INFO] [stderr]      Locking 203 packages to latest compatible versions
[INFO] [stderr]       Adding itertools v0.10.5 (available: v0.13.0)
[INFO] running `Command { std: CARGO_HOME="/workspace/cargo-home" RUSTUP_HOME="/workspace/rustup-home" "/workspace/cargo-home/bin/cargo" "+nightly-2024-10-28" "fetch" "--manifest-path" "Cargo.toml", kill_on_drop: false }`
[INFO] [stderr]  Downloading crates ...
[INFO] [stderr]   Downloaded starknet-ff v0.3.7
[INFO] [stderr]   Downloaded starknet_api v0.13.0-rc.1
[INFO] [stderr]   Downloaded starknet-curve v0.3.0
[INFO] [stderr]   Downloaded starknet-types-core v0.1.7
[INFO] [stderr]   Downloaded cairo-lang-eq-solver v2.8.4
[INFO] [stderr]   Downloaded cairo-lang-sierra-type-size v2.8.4
[INFO] [stderr]   Downloaded starknet-curve v0.4.2
[INFO] [stderr]   Downloaded starknet-crypto-codegen v0.3.3
[INFO] [stderr]   Downloaded rust-analyzer-salsa-macros v0.17.0-pre.6
[INFO] [stderr]   Downloaded cairo-lang-sierra-ap-change v2.8.4
[INFO] [stderr]   Downloaded starknet-crypto v0.5.2
[INFO] [stderr]   Downloaded good_lp v1.8.1
[INFO] [stderr]   Downloaded triomphe v0.1.14
[INFO] [stderr]   Downloaded cairo-lang-casm v2.8.4
[INFO] [stderr]   Downloaded sprs v0.7.1
[INFO] [stderr]   Downloaded cairo-lang-sierra-to-casm v2.8.4
[INFO] [stderr]   Downloaded cairo-lang-sierra v2.8.4
[INFO] [stderr]   Downloaded lambdaworks-math v0.10.0
[INFO] [stderr]   Downloaded minilp v0.2.2
[INFO] [stderr]   Downloaded lambdaworks-crypto v0.10.0
[INFO] [stderr]   Downloaded cairo-lang-sierra-gas v2.8.4
[INFO] [stderr]   Downloaded ndarray v0.13.1
[INFO] [stderr]   Downloaded cairo-lang-starknet-classes v2.8.4
[INFO] [stderr]   Downloaded cairo-lang-utils v2.8.4
[INFO] [stderr]   Downloaded rust-analyzer-salsa v0.17.0-pre.6
[INFO] running `Command { std: "docker" "create" "-v" "/var/lib/crater-agent-workspace/builds/worker-0-tc1/target:/opt/rustwide/target:rw,Z" "-v" "/var/lib/crater-agent-workspace/builds/worker-0-tc1/source:/opt/rustwide/workdir:ro,Z" "-v" "/var/lib/crater-agent-workspace/cargo-home:/opt/rustwide/cargo-home:ro,Z" "-v" "/var/lib/crater-agent-workspace/rustup-home:/opt/rustwide/rustup-home:ro,Z" "-e" "SOURCE_DIR=/opt/rustwide/workdir" "-e" "CARGO_TARGET_DIR=/opt/rustwide/target" "-e" "CARGO_HOME=/opt/rustwide/cargo-home" "-e" "RUSTUP_HOME=/opt/rustwide/rustup-home" "-w" "/opt/rustwide/workdir" "-m" "1610612736" "--user" "0:0" "--network" "none" "ghcr.io/rust-lang/crates-build-env/linux@sha256:4a844ea9eb2546a2d2c7022eacef16ef2e8229c7fbb2c7d4d55a9ceca922f72d" "/opt/rustwide/cargo-home/bin/cargo" "+nightly-2024-10-28" "metadata" "--no-deps" "--format-version=1", kill_on_drop: false }`
[INFO] [stdout] f5416ee94a1f4a11c1feb8bfb5f2095758ca27e66daf9dbfb880e676ff9f3c05
[INFO] running `Command { std: "docker" "start" "-a" "f5416ee94a1f4a11c1feb8bfb5f2095758ca27e66daf9dbfb880e676ff9f3c05", kill_on_drop: false }`
[INFO] running `Command { std: "docker" "inspect" "f5416ee94a1f4a11c1feb8bfb5f2095758ca27e66daf9dbfb880e676ff9f3c05", kill_on_drop: false }`
[INFO] running `Command { std: "docker" "rm" "-f" "f5416ee94a1f4a11c1feb8bfb5f2095758ca27e66daf9dbfb880e676ff9f3c05", kill_on_drop: false }`
[INFO] [stdout] f5416ee94a1f4a11c1feb8bfb5f2095758ca27e66daf9dbfb880e676ff9f3c05
[INFO] running `Command { std: "docker" "create" "-v" "/var/lib/crater-agent-workspace/builds/worker-0-tc1/target:/opt/rustwide/target:rw,Z" "-v" "/var/lib/crater-agent-workspace/builds/worker-0-tc1/source:/opt/rustwide/workdir:ro,Z" "-v" "/var/lib/crater-agent-workspace/cargo-home:/opt/rustwide/cargo-home:ro,Z" "-v" "/var/lib/crater-agent-workspace/rustup-home:/opt/rustwide/rustup-home:ro,Z" "-e" "SOURCE_DIR=/opt/rustwide/workdir" "-e" "CARGO_TARGET_DIR=/opt/rustwide/target" "-e" "CARGO_INCREMENTAL=0" "-e" "RUST_BACKTRACE=full" "-e" "RUSTFLAGS=--cap-lints=forbid" "-e" "RUSTDOCFLAGS=--cap-lints=forbid" "-e" "CARGO_HOME=/opt/rustwide/cargo-home" "-e" "RUSTUP_HOME=/opt/rustwide/rustup-home" "-w" "/opt/rustwide/workdir" "-m" "1610612736" "--user" "0:0" "--network" "none" "ghcr.io/rust-lang/crates-build-env/linux@sha256:4a844ea9eb2546a2d2c7022eacef16ef2e8229c7fbb2c7d4d55a9ceca922f72d" "/opt/rustwide/cargo-home/bin/cargo" "+nightly-2024-10-28" "build" "--frozen" "--message-format=json", kill_on_drop: false }`
[INFO] [stdout] 5dd70c84d7d656e4e0d421afc0aa2d9bbd4939c511d4833d980790c0bff3b622
[INFO] running `Command { std: "docker" "start" "-a" "5dd70c84d7d656e4e0d421afc0aa2d9bbd4939c511d4833d980790c0bff3b622", kill_on_drop: false }`
[INFO] [stderr]    Compiling serde v1.0.214
[INFO] [stderr]    Compiling num-traits v0.2.19
[INFO] [stderr]    Compiling subtle v2.6.1
[INFO] [stderr]    Compiling syn v1.0.109
[INFO] [stderr]    Compiling hashbrown v0.15.0
[INFO] [stderr]    Compiling equivalent v1.0.1
[INFO] [stderr]    Compiling generic-array v0.14.7
[INFO] [stderr]    Compiling aho-corasick v1.1.3
[INFO] [stderr]    Compiling log v0.4.22
[INFO] [stderr]    Compiling smallvec v1.13.2
[INFO] [stderr]    Compiling syn v2.0.86
[INFO] [stderr]    Compiling dirs-sys-next v0.1.2
[INFO] [stderr]    Compiling indexmap v1.9.3
[INFO] [stderr]    Compiling ahash v0.8.11
[INFO] [stderr]    Compiling regex-syntax v0.8.5
[INFO] [stderr]    Compiling num-complex v0.2.4
[INFO] [stderr]    Compiling siphasher v0.3.11
[INFO] [stderr]    Compiling parking_lot_core v0.9.10
[INFO] [stderr]    Compiling dirs-next v2.0.0
[INFO] [stderr]    Compiling schemars v0.8.21
[INFO] [stderr]    Compiling tiny-keccak v2.0.2
[INFO] [stderr]    Compiling byteorder v1.5.0
[INFO] [stderr]    Compiling term v0.7.0
[INFO] [stderr]    Compiling phf_shared v0.10.0
[INFO] [stderr]    Compiling new_debug_unreachable v1.0.6
[INFO] [stderr]    Compiling bit-vec v0.6.3
[INFO] [stderr]    Compiling precomputed-hash v0.1.1
[INFO] [stderr]    Compiling ndarray v0.13.1
[INFO] [stderr]    Compiling fixedbitset v0.4.2
[INFO] [stderr]    Compiling parking_lot v0.12.3
[INFO] [stderr]    Compiling matrixmultiply v0.2.4
[INFO] [stderr]    Compiling bit-set v0.5.3
[INFO] [stderr]    Compiling ena v0.14.3
[INFO] [stderr]    Compiling itertools v0.12.1
[INFO] [stderr]    Compiling ascii-canvas v3.0.0
[INFO] [stderr]    Compiling string_cache v0.8.7
[INFO] [stderr]    Compiling indexmap v2.6.0
[INFO] [stderr]    Compiling itertools v0.11.0
[INFO] [stderr]    Compiling crypto-common v0.1.6
[INFO] [stderr]    Compiling block-buffer v0.10.4
[INFO] [stderr]    Compiling rand_core v0.6.4
[INFO] [stderr]    Compiling digest v0.10.7
[INFO] [stderr]    Compiling unicode-xid v0.2.6
[INFO] [stderr]    Compiling pico-args v0.5.0
[INFO] [stderr]    Compiling tracing-core v0.1.32
[INFO] [stderr]    Compiling anyhow v1.0.92
[INFO] [stderr]    Compiling lambdaworks-math v0.10.0
[INFO] [stderr]    Compiling stable_deref_trait v1.2.0
[INFO] [stderr]    Compiling sha2 v0.10.8
[INFO] [stderr]    Compiling sha3 v0.10.8
[INFO] [stderr]    Compiling num-integer v0.1.46
[INFO] [stderr]    Compiling rustc-hash v1.1.0
[INFO] [stderr]    Compiling num-traits v0.1.43
[INFO] [stderr]    Compiling unicode-segmentation v1.12.0
[INFO] [stderr]    Compiling num-bigint v0.4.6
[INFO] [stderr]    Compiling petgraph v0.6.5
[INFO] [stderr]    Compiling const-fnv1a-hash v1.1.0
[INFO] [stderr]    Compiling itertools v0.10.5
[INFO] [stderr]    Compiling hex v0.4.3
[INFO] [stderr]    Compiling crypto-bigint v0.5.5
[INFO] [stderr]    Compiling convert_case v0.6.0
[INFO] [stderr]    Compiling crunchy v0.2.2
[INFO] [stderr]    Compiling indoc v2.0.5
[INFO] [stderr]    Compiling radium v0.7.0
[INFO] [stderr]    Compiling regex-automata v0.4.8
[INFO] [stderr]    Compiling hmac v0.12.1
[INFO] [stderr]    Compiling tap v1.0.1
[INFO] [stderr]    Compiling assert_matches v1.5.0
[INFO] [stderr]    Compiling wyz v0.5.1
[INFO] [stderr]    Compiling rfc6979 v0.4.0
[INFO] [stderr]    Compiling uint v0.9.5
[INFO] [stderr]    Compiling convert_case v0.4.0
[INFO] [stderr]    Compiling funty v2.0.0
[INFO] [stderr]    Compiling strum v0.24.1
[INFO] [stderr]    Compiling bitvec v1.0.1
[INFO] [stderr]    Compiling lambdaworks-crypto v0.10.0
[INFO] [stderr]    Compiling sprs v0.7.1
[INFO] [stderr]    Compiling serde_derive_internals v0.29.1
[INFO] [stderr]    Compiling regex v1.11.1
[INFO] [stderr]    Compiling lalrpop-util v0.20.2
[INFO] [stderr]    Compiling derivative v2.2.0
[INFO] [stderr]    Compiling ark-ff-macros v0.4.2
[INFO] [stderr]    Compiling ark-ff-asm v0.4.2
[INFO] [stderr]    Compiling strum_macros v0.24.3
[INFO] [stderr]    Compiling minilp v0.2.2
[INFO] [stderr]    Compiling zerocopy-derive v0.7.35
[INFO] [stderr]    Compiling serde_derive v1.0.214
[INFO] [stderr]    Compiling zeroize_derive v1.4.2
[INFO] [stderr]    Compiling tracing-attributes v0.1.27
[INFO] [stderr]    Compiling lalrpop v0.20.2
[INFO] [stderr]    Compiling rust-analyzer-salsa-macros v0.17.0-pre.6
[INFO] [stderr]    Compiling thiserror-impl v1.0.66
[INFO] [stderr]    Compiling good_lp v1.8.1
[INFO] [stderr]    Compiling schemars_derive v0.8.21
[INFO] [stderr]    Compiling derive_more v0.99.18
[INFO] [stderr]    Compiling zeroize v1.8.1
[INFO] [stderr]    Compiling zerocopy v0.7.35
[INFO] [stderr]    Compiling tracing v0.1.40
[INFO] [stderr]    Compiling thiserror v1.0.66
[INFO] [stderr]    Compiling ppv-lite86 v0.2.20
[INFO] [stderr]    Compiling rand_chacha v0.3.1
[INFO] [stderr]    Compiling rand v0.8.5
[INFO] [stderr]    Compiling ark-std v0.4.0
[INFO] [stderr]    Compiling fixed-hash v0.8.0
[INFO] [stderr]    Compiling ark-serialize v0.4.2
[INFO] [stderr]    Compiling ark-ff v0.4.2
[INFO] [stderr]    Compiling serde_json v1.0.132
[INFO] [stderr]    Compiling hashbrown v0.14.5
[INFO] [stderr]    Compiling triomphe v0.1.14
[INFO] [stderr]    Compiling smol_str v0.2.2
[INFO] [stderr]    Compiling impl-serde v0.4.0
[INFO] [stderr]    Compiling primitive-types v0.12.2
[INFO] [stderr]    Compiling rust-analyzer-salsa v0.17.0-pre.6
[INFO] [stderr]    Compiling starknet-types-core v0.1.7
[INFO] [stderr]    Compiling cairo-lang-utils v2.8.4
[INFO] [stderr]    Compiling cairo-lang-eq-solver v2.8.4
[INFO] [stderr]    Compiling cairo-lang-casm v2.8.4
[INFO] [stderr]    Compiling cairo-lang-sierra v2.8.4
[INFO] [stderr]    Compiling starknet-ff v0.3.7
[INFO] [stderr]    Compiling starknet-curve v0.4.2
[INFO] [stderr]    Compiling starknet-crypto-codegen v0.3.3
[INFO] [stderr]    Compiling starknet-curve v0.3.0
[INFO] [stderr]    Compiling starknet-crypto v0.5.2
[INFO] [stderr]    Compiling cairo-lang-sierra-type-size v2.8.4
[INFO] [stderr]    Compiling cairo-lang-sierra-ap-change v2.8.4
[INFO] [stderr]    Compiling cairo-lang-sierra-gas v2.8.4
[INFO] [stderr]    Compiling cairo-lang-sierra-to-casm v2.8.4
[INFO] [stderr]    Compiling cairo-lang-starknet-classes v2.8.4
[INFO] [stderr]    Compiling starknet_api v0.13.0-rc.1
[INFO] [stderr]    Compiling papyrus_common v0.4.0-rc.0 (/opt/rustwide/workdir)
[INFO] [stderr]     Finished `dev` profile [unoptimized + debuginfo] target(s) in 34.74s
[INFO] running `Command { std: "docker" "inspect" "5dd70c84d7d656e4e0d421afc0aa2d9bbd4939c511d4833d980790c0bff3b622", kill_on_drop: false }`
[INFO] running `Command { std: "docker" "rm" "-f" "5dd70c84d7d656e4e0d421afc0aa2d9bbd4939c511d4833d980790c0bff3b622", kill_on_drop: false }`
[INFO] [stdout] 5dd70c84d7d656e4e0d421afc0aa2d9bbd4939c511d4833d980790c0bff3b622
[INFO] running `Command { std: "docker" "create" "-v" "/var/lib/crater-agent-workspace/builds/worker-0-tc1/target:/opt/rustwide/target:rw,Z" "-v" "/var/lib/crater-agent-workspace/builds/worker-0-tc1/source:/opt/rustwide/workdir:ro,Z" "-v" "/var/lib/crater-agent-workspace/cargo-home:/opt/rustwide/cargo-home:ro,Z" "-v" "/var/lib/crater-agent-workspace/rustup-home:/opt/rustwide/rustup-home:ro,Z" "-e" "SOURCE_DIR=/opt/rustwide/workdir" "-e" "CARGO_TARGET_DIR=/opt/rustwide/target" "-e" "CARGO_INCREMENTAL=0" "-e" "RUST_BACKTRACE=full" "-e" "RUSTFLAGS=--cap-lints=forbid" "-e" "RUSTDOCFLAGS=--cap-lints=forbid" "-e" "CARGO_HOME=/opt/rustwide/cargo-home" "-e" "RUSTUP_HOME=/opt/rustwide/rustup-home" "-w" "/opt/rustwide/workdir" "-m" "1610612736" "--user" "0:0" "--network" "none" "ghcr.io/rust-lang/crates-build-env/linux@sha256:4a844ea9eb2546a2d2c7022eacef16ef2e8229c7fbb2c7d4d55a9ceca922f72d" "/opt/rustwide/cargo-home/bin/cargo" "+nightly-2024-10-28" "test" "--frozen" "--no-run" "--message-format=json", kill_on_drop: false }`
[INFO] [stdout] 0f13d3bbf0b15c88f44e189bc5a38266636443dc2e952a0c77f4e99556111fb1
[INFO] running `Command { std: "docker" "start" "-a" "0f13d3bbf0b15c88f44e189bc5a38266636443dc2e952a0c77f4e99556111fb1", kill_on_drop: false }`
[INFO] [stderr]    Compiling serde_json v1.0.132
[INFO] [stderr]    Compiling yansi v1.0.1
[INFO] [stderr]    Compiling diff v0.1.13
[INFO] [stderr]    Compiling pretty_assertions v1.4.1
[INFO] [stderr]    Compiling schemars v0.8.21
[INFO] [stderr]    Compiling cairo-lang-utils v2.8.4
[INFO] [stderr]    Compiling cairo-lang-sierra v2.8.4
[INFO] [stderr]    Compiling cairo-lang-eq-solver v2.8.4
[INFO] [stderr]    Compiling cairo-lang-casm v2.8.4
[INFO] [stderr]    Compiling cairo-lang-sierra-type-size v2.8.4
[INFO] [stderr]    Compiling cairo-lang-sierra-gas v2.8.4
[INFO] [stderr]    Compiling cairo-lang-sierra-ap-change v2.8.4
[INFO] [stderr]    Compiling cairo-lang-sierra-to-casm v2.8.4
[INFO] [stderr]    Compiling cairo-lang-starknet-classes v2.8.4
[INFO] [stderr]    Compiling starknet_api v0.13.0-rc.1
[INFO] [stderr]    Compiling papyrus_common v0.4.0-rc.0 (/opt/rustwide/workdir)
[INFO] [stdout] error[E0432]: unresolved imports `starknet_api::class_hash`, `starknet_api::felt`
[INFO] [stdout]  --> src/class_hash_test.rs:3:20
[INFO] [stdout]   |
[INFO] [stdout] 3 | use starknet_api::{class_hash, felt};
[INFO] [stdout]   |                    ^^^^^^^^^^  ^^^^ no `felt` in the root
[INFO] [stdout]   |                    |
[INFO] [stdout]   |                    no `class_hash` in the root
[INFO] [stdout]   |
[INFO] [stdout]   = help: consider importing this module instead:
[INFO] [stdout]           crate::class_hash
[INFO] [stdout]   = help: consider importing this module instead:
[INFO] [stdout]           starknet_types_core::felt
[INFO] [stdout] 
[INFO] [stdout] 
[INFO] [stdout] error[E0432]: unresolved imports `starknet_api::class_hash`, `starknet_api::contract_address`, `starknet_api::felt`, `starknet_api::patricia_key`
[INFO] [stdout]   --> src/state_diff_commitment_test.rs:12:20
[INFO] [stdout]    |
[INFO] [stdout] 12 | use starknet_api::{class_hash, contract_address, felt, patricia_key};
[INFO] [stdout]    |                    ^^^^^^^^^^  ^^^^^^^^^^^^^^^^  ^^^^  ^^^^^^^^^^^^ no `patricia_key` in the root
[INFO] [stdout]    |                    |           |                 |
[INFO] [stdout]    |                    |           |                 no `felt` in the root
[INFO] [stdout]    |                    |           no `contract_address` in the root
[INFO] [stdout]    |                    no `class_hash` in the root
[INFO] [stdout]    |
[INFO] [stdout]    = help: consider importing this module instead:
[INFO] [stdout]            crate::class_hash
[INFO] [stdout]    = help: consider importing this module instead:
[INFO] [stdout]            starknet_types_core::felt
[INFO] [stdout] 
[INFO] [stdout] 
[INFO] [stdout] error[E0432]: unresolved import `test_utils`
[INFO] [stdout]  --> src/block_hash_test.rs:4:5
[INFO] [stdout]   |
[INFO] [stdout] 4 | use test_utils::read_json_file;
[INFO] [stdout]   |     ^^^^^^^^^^ use of undeclared crate or module `test_utils`
[INFO] [stdout] 
[INFO] [stdout] 
[INFO] [stdout] error[E0432]: unresolved import `test_utils`
[INFO] [stdout]  --> src/class_hash_test.rs:4:5
[INFO] [stdout]   |
[INFO] [stdout] 4 | use test_utils::read_json_file;
[INFO] [stdout]   |     ^^^^^^^^^^ use of undeclared crate or module `test_utils`
[INFO] [stdout] 
[INFO] [stdout] 
[INFO] [stdout] error[E0432]: unresolved import `test_utils`
[INFO] [stdout]  --> src/transaction_hash_test.rs:8:5
[INFO] [stdout]   |
[INFO] [stdout] 8 | use test_utils::read_json_file;
[INFO] [stdout]   |     ^^^^^^^^^^ use of undeclared crate or module `test_utils`
[INFO] [stdout] 
[INFO] [stdout] 
[INFO] [stdout] warning: unused import: `starknet_api::core::ClassHash`
[INFO] [stdout]  --> src/class_hash_test.rs:1:5
[INFO] [stdout]   |
[INFO] [stdout] 1 | use starknet_api::core::ClassHash;
[INFO] [stdout]   |     ^^^^^^^^^^^^^^^^^^^^^^^^^^^^^
[INFO] [stdout]   |
[INFO] [stdout]   = note: `#[warn(unused_imports)]` on by default
[INFO] [stdout] 
[INFO] [stdout] 
[INFO] [stdout] warning: unused imports: `ClassHash` and `PatriciaKey`
[INFO] [stdout]  --> src/state_diff_commitment_test.rs:3:5
[INFO] [stdout]   |
[INFO] [stdout] 3 |     ClassHash,
[INFO] [stdout]   |     ^^^^^^^^^
[INFO] [stdout] ...
[INFO] [stdout] 7 |     PatriciaKey,
[INFO] [stdout]   |     ^^^^^^^^^^^
[INFO] [stdout] 
[INFO] [stdout] 
[INFO] [stdout] For more information about this error, try `rustc --explain E0432`.
[INFO] [stdout] 
[INFO] [stderr] error: could not compile `papyrus_common` (lib test) due to 5 previous errors; 2 warnings emitted
[INFO] running `Command { std: "docker" "inspect" "0f13d3bbf0b15c88f44e189bc5a38266636443dc2e952a0c77f4e99556111fb1", kill_on_drop: false }`
[INFO] running `Command { std: "docker" "rm" "-f" "0f13d3bbf0b15c88f44e189bc5a38266636443dc2e952a0c77f4e99556111fb1", kill_on_drop: false }`
[INFO] [stdout] 0f13d3bbf0b15c88f44e189bc5a38266636443dc2e952a0c77f4e99556111fb1
