[INFO] fetching crate pallet-whitelist 37.0.0...
[INFO] testing pallet-whitelist-37.0.0 against nightly-2024-10-28+rustflags=-Zrandomize-layout for randomize-layout
[INFO] extracting crate pallet-whitelist 37.0.0 into /workspace/builds/worker-5-tc2/source
[INFO] validating manifest of crates.io crate pallet-whitelist 37.0.0 on toolchain nightly-2024-10-28
[INFO] running `Command { std: CARGO_HOME="/workspace/cargo-home" RUSTUP_HOME="/workspace/rustup-home" "/workspace/cargo-home/bin/cargo" "+nightly-2024-10-28" "metadata" "--manifest-path" "Cargo.toml" "--no-deps", kill_on_drop: false }`
[INFO] started tweaking crates.io crate pallet-whitelist 37.0.0
[INFO] finished tweaking crates.io crate pallet-whitelist 37.0.0
[INFO] tweaked toml for crates.io crate pallet-whitelist 37.0.0 written to /workspace/builds/worker-5-tc2/source/Cargo.toml
[INFO] running `Command { std: CARGO_HOME="/workspace/cargo-home" RUSTUP_HOME="/workspace/rustup-home" "/workspace/cargo-home/bin/cargo" "+nightly-2024-10-28" "generate-lockfile" "--manifest-path" "Cargo.toml", kill_on_drop: false }`
[INFO] [stderr]     Updating crates.io index
[INFO] [stderr]      Locking 328 packages to latest compatible versions
[INFO] [stderr]       Adding unicode-normalization v0.1.22 (available: v0.1.24)
[INFO] running `Command { std: CARGO_HOME="/workspace/cargo-home" RUSTUP_HOME="/workspace/rustup-home" "/workspace/cargo-home/bin/cargo" "+nightly-2024-10-28" "fetch" "--manifest-path" "Cargo.toml", kill_on_drop: false }`
[INFO] running `Command { std: "docker" "create" "-v" "/var/lib/crater-agent-workspace/builds/worker-5-tc2/target:/opt/rustwide/target:rw,Z" "-v" "/var/lib/crater-agent-workspace/builds/worker-5-tc2/source:/opt/rustwide/workdir:ro,Z" "-v" "/var/lib/crater-agent-workspace/cargo-home:/opt/rustwide/cargo-home:ro,Z" "-v" "/var/lib/crater-agent-workspace/rustup-home:/opt/rustwide/rustup-home:ro,Z" "-e" "SOURCE_DIR=/opt/rustwide/workdir" "-e" "CARGO_TARGET_DIR=/opt/rustwide/target" "-e" "CARGO_HOME=/opt/rustwide/cargo-home" "-e" "RUSTUP_HOME=/opt/rustwide/rustup-home" "-w" "/opt/rustwide/workdir" "-m" "1610612736" "--user" "0:0" "--network" "none" "ghcr.io/rust-lang/crates-build-env/linux@sha256:4a844ea9eb2546a2d2c7022eacef16ef2e8229c7fbb2c7d4d55a9ceca922f72d" "/opt/rustwide/cargo-home/bin/cargo" "+nightly-2024-10-28" "metadata" "--no-deps" "--format-version=1", kill_on_drop: false }`
[INFO] [stdout] a5e61d327cde34ed10cdba959a13b68c198c44597a13d47f607e0501877bab61
[INFO] running `Command { std: "docker" "start" "-a" "a5e61d327cde34ed10cdba959a13b68c198c44597a13d47f607e0501877bab61", kill_on_drop: false }`
[INFO] running `Command { std: "docker" "inspect" "a5e61d327cde34ed10cdba959a13b68c198c44597a13d47f607e0501877bab61", kill_on_drop: false }`
[INFO] running `Command { std: "docker" "rm" "-f" "a5e61d327cde34ed10cdba959a13b68c198c44597a13d47f607e0501877bab61", kill_on_drop: false }`
[INFO] [stdout] a5e61d327cde34ed10cdba959a13b68c198c44597a13d47f607e0501877bab61
[INFO] running `Command { std: "docker" "create" "-v" "/var/lib/crater-agent-workspace/builds/worker-5-tc2/target:/opt/rustwide/target:rw,Z" "-v" "/var/lib/crater-agent-workspace/builds/worker-5-tc2/source:/opt/rustwide/workdir:ro,Z" "-v" "/var/lib/crater-agent-workspace/cargo-home:/opt/rustwide/cargo-home:ro,Z" "-v" "/var/lib/crater-agent-workspace/rustup-home:/opt/rustwide/rustup-home:ro,Z" "-e" "SOURCE_DIR=/opt/rustwide/workdir" "-e" "CARGO_TARGET_DIR=/opt/rustwide/target" "-e" "CARGO_INCREMENTAL=0" "-e" "RUST_BACKTRACE=full" "-e" "RUSTFLAGS=--cap-lints=forbid -Zrandomize-layout" "-e" "RUSTDOCFLAGS=--cap-lints=forbid" "-e" "CARGO_HOME=/opt/rustwide/cargo-home" "-e" "RUSTUP_HOME=/opt/rustwide/rustup-home" "-w" "/opt/rustwide/workdir" "-m" "1610612736" "--user" "0:0" "--network" "none" "ghcr.io/rust-lang/crates-build-env/linux@sha256:4a844ea9eb2546a2d2c7022eacef16ef2e8229c7fbb2c7d4d55a9ceca922f72d" "/opt/rustwide/cargo-home/bin/cargo" "+nightly-2024-10-28" "build" "--frozen" "--message-format=json", kill_on_drop: false }`
[INFO] [stdout] 2f5ce25eb06f08151cc09624a5a4883ffea373732462861fbe2b90f45e242f3a
[INFO] running `Command { std: "docker" "start" "-a" "2f5ce25eb06f08151cc09624a5a4883ffea373732462861fbe2b90f45e242f3a", kill_on_drop: false }`
[INFO] [stderr]    Compiling syn v1.0.109
[INFO] [stderr]    Compiling serde_derive v1.0.214
[INFO] [stderr]    Compiling zeroize_derive v1.4.2
[INFO] [stderr]    Compiling zerocopy-derive v0.7.35
[INFO] [stderr]    Compiling regex v1.11.1
[INFO] [stderr]    Compiling derive_more-impl v1.0.0
[INFO] [stderr]    Compiling curve25519-dalek-derive v0.1.1
[INFO] [stderr]    Compiling derive-syn-parse v0.2.0
[INFO] [stderr]    Compiling prettyplease v0.2.25
[INFO] [stderr]    Compiling ref-cast-impl v1.0.23
[INFO] [stderr]    Compiling tracing-attributes v0.1.27
[INFO] [stderr]    Compiling sp-debug-derive v14.0.0
[INFO] [stderr]    Compiling futures-macro v0.3.31
[INFO] [stderr]    Compiling secp256k1-sys v0.9.2
[INFO] [stderr]    Compiling thiserror-impl v1.0.66
[INFO] [stderr]    Compiling secp256k1 v0.28.2
[INFO] [stderr]    Compiling addr2line v0.24.2
[INFO] [stderr]    Compiling ref-cast v1.0.23
[INFO] [stderr]    Compiling Inflector v0.11.4
[INFO] [stderr]    Compiling expander v2.2.1
[INFO] [stderr]    Compiling integer-sqrt v0.1.5
[INFO] [stderr]    Compiling const-random v0.1.18
[INFO] [stderr]    Compiling macro_magic_core_macros v0.5.1
[INFO] [stderr]    Compiling frame-support-procedural-tools-derive v12.0.0
[INFO] [stderr]    Compiling zeroize v1.8.1
[INFO] [stderr]    Compiling backtrace v0.3.74
[INFO] [stderr]    Compiling smallvec v1.13.2
[INFO] [stderr]    Compiling include_dir v0.7.4
[INFO] [stderr]    Compiling itertools v0.10.5
[INFO] [stderr]    Compiling generic-array v0.14.7
[INFO] [stderr]    Compiling der v0.7.9
[INFO] [stderr]    Compiling merlin v3.0.0
[INFO] [stderr]    Compiling secrecy v0.8.0
[INFO] [stderr]    Compiling macro_magic_core v0.5.1
[INFO] [stderr]    Compiling zerocopy v0.7.35
[INFO] [stderr]    Compiling futures-util v0.3.31
[INFO] [stderr]    Compiling async-trait v0.1.83
[INFO] [stderr]    Compiling proc-macro-warning v1.0.2
[INFO] [stderr]    Compiling cfg-expr v0.15.8
[INFO] [stderr]    Compiling tt-call v1.0.9
[INFO] [stderr]    Compiling derive_more v1.0.0
[INFO] [stderr]    Compiling sp-panic-handler v13.0.0
[INFO] [stderr]    Compiling thiserror v1.0.66
[INFO] [stderr]    Compiling macro_magic_macros v0.5.1
[INFO] [stderr]    Compiling tracing v0.1.40
[INFO] [stderr]    Compiling tracing-subscriber v0.3.18
[INFO] [stderr]    Compiling ppv-lite86 v0.2.20
[INFO] [stderr]    Compiling ahash v0.8.11
[INFO] [stderr]    Compiling crypto-common v0.1.6
[INFO] [stderr]    Compiling block-buffer v0.10.4
[INFO] [stderr]    Compiling digest v0.9.0
[INFO] [stderr]    Compiling crypto-mac v0.8.0
[INFO] [stderr]    Compiling crypto-bigint v0.5.5
[INFO] [stderr]    Compiling hmac v0.8.1
[INFO] [stderr]    Compiling block-buffer v0.9.0
[INFO] [stderr]    Compiling libsecp256k1-core v0.3.0
[INFO] [stderr]    Compiling digest v0.10.7
[INFO] [stderr]    Compiling hmac-drbg v0.3.0
[INFO] [stderr]    Compiling spki v0.7.3
[INFO] [stderr]    Compiling sha2 v0.9.9
[INFO] [stderr]    Compiling hashbrown v0.14.5
[INFO] [stderr]    Compiling schnellru v0.2.3
[INFO] [stderr]    Compiling macro_magic v0.5.1
[INFO] [stderr]    Compiling sha2 v0.10.8
[INFO] [stderr]    Compiling signature v2.2.0
[INFO] [stderr]    Compiling rand_chacha v0.3.1
[INFO] [stderr]    Compiling curve25519-dalek v4.1.3
[INFO] [stderr]    Compiling hmac v0.12.1
[INFO] [stderr]    Compiling pkcs8 v0.10.2
[INFO] [stderr]    Compiling rand v0.8.5
[INFO] [stderr]    Compiling rfc6979 v0.4.0
[INFO] [stderr]    Compiling ed25519 v2.2.3
[INFO] [stderr]    Compiling sha3 v0.10.8
[INFO] [stderr]    Compiling pbkdf2 v0.12.2
[INFO] [stderr]    Compiling blake2 v0.10.6
[INFO] [stderr]    Compiling getrandom_or_panic v0.0.3
[INFO] [stderr]    Compiling fixed-hash v0.8.0
[INFO] [stderr]    Compiling twox-hash v1.6.3
[INFO] [stderr]    Compiling serde v1.0.214
[INFO] [stderr]    Compiling sp-crypto-hashing v0.1.0
[INFO] [stderr]    Compiling ed25519-zebra v4.0.3
[INFO] [stderr]    Compiling ed25519-dalek v2.1.1
[INFO] [stderr]    Compiling proc-macro-error v1.0.4
[INFO] [stderr]    Compiling futures-executor v0.3.31
[INFO] [stderr]    Compiling futures v0.3.31
[INFO] [stderr]    Compiling sp-crypto-hashing-proc-macro v0.1.0
[INFO] [stderr]    Compiling impl-trait-for-tuples v0.2.2
[INFO] [stderr]    Compiling dyn-clonable-impl v0.9.0
[INFO] [stderr]    Compiling aquamarine v0.5.0
[INFO] [stderr]    Compiling dyn-clonable v0.9.0
[INFO] [stderr]    Compiling impl-serde v0.4.0
[INFO] [stderr]    Compiling serdect v0.2.0
[INFO] [stderr]    Compiling serde_bytes v0.11.15
[INFO] [stderr]    Compiling parity-bip39 v2.0.1
[INFO] [stderr]    Compiling libsecp256k1 v0.7.1
[INFO] [stderr]    Compiling serde_json v1.0.132
[INFO] [stderr]    Compiling sec1 v0.7.3
[INFO] [stderr]    Compiling schnorrkel v0.11.4
[INFO] [stderr]    Compiling serde_spanned v0.6.8
[INFO] [stderr]    Compiling toml_datetime v0.6.8
[INFO] [stderr]    Compiling elliptic-curve v0.13.8
[INFO] [stderr]    Compiling toml_edit v0.22.22
[INFO] [stderr]    Compiling ecdsa v0.16.9
[INFO] [stderr]    Compiling substrate-bip39 v0.6.0
[INFO] [stderr]    Compiling k256 v0.13.4
[INFO] [stderr]    Compiling ss58-registry v1.51.0
[INFO] [stderr]    Compiling proc-macro-crate v3.2.0
[INFO] [stderr]    Compiling toml v0.8.19
[INFO] [stderr]    Compiling frame-support-procedural-tools v13.0.0
[INFO] [stderr]    Compiling parity-scale-codec-derive v3.6.12
[INFO] [stderr]    Compiling scale-info-derive v2.11.5
[INFO] [stderr]    Compiling sp-runtime-interface-proc-macro v18.0.0
[INFO] [stderr]    Compiling sp-api-proc-macro v20.0.0
[INFO] [stderr]    Compiling frame-support-procedural v30.0.4
[INFO] [stderr]    Compiling docify_macros v0.2.8
[INFO] [stderr]    Compiling docify v0.2.8
[INFO] [stderr]    Compiling parity-scale-codec v3.6.12
[INFO] [stderr]    Compiling scale-info v2.11.5
[INFO] [stderr]    Compiling sp-storage v21.0.0
[INFO] [stderr]    Compiling impl-codec v0.6.0
[INFO] [stderr]    Compiling sp-wasm-interface v21.0.1
[INFO] [stderr]    Compiling sp-tracing v17.0.1
[INFO] [stderr]    Compiling sp-externalities v0.29.0
[INFO] [stderr]    Compiling sp-version-proc-macro v14.0.0
[INFO] [stderr]    Compiling primitive-types v0.12.2
[INFO] [stderr]    Compiling bounded-collections v0.2.1
[INFO] [stderr]    Compiling sp-arithmetic v26.0.0
[INFO] [stderr]    Compiling frame-metadata v16.0.0
[INFO] [stderr]    Compiling sp-metadata-ir v0.7.0
[INFO] [stderr]    Compiling sp-weights v31.0.0
[INFO] [stderr]    Compiling sp-runtime-interface v28.0.0
[INFO] [stderr]    Compiling sp-core v34.0.0
[INFO] [stderr]    Compiling sp-trie v37.0.0
[INFO] [stderr]    Compiling sp-keystore v0.40.0
[INFO] [stderr]    Compiling sp-state-machine v0.43.0
[INFO] [stderr]    Compiling sp-io v38.0.0
[INFO] [stderr]    Compiling sp-application-crypto v38.0.0
[INFO] [stderr]    Compiling sp-runtime v39.0.2
[INFO] [stderr]    Compiling sp-version v37.0.0
[INFO] [stderr]    Compiling sp-inherents v34.0.0
[INFO] [stderr]    Compiling sp-staking v36.0.0
[INFO] [stderr]    Compiling sp-api v34.0.0
[INFO] [stderr]    Compiling sp-genesis-builder v0.15.1
[INFO] [stderr]    Compiling frame-support v38.0.0
[INFO] [stderr]    Compiling frame-system v38.0.0
[INFO] [stderr]    Compiling pallet-whitelist v37.0.0 (/opt/rustwide/workdir)
[INFO] [stderr]     Finished `dev` profile [unoptimized + debuginfo] target(s) in 49.89s
[INFO] running `Command { std: "docker" "inspect" "2f5ce25eb06f08151cc09624a5a4883ffea373732462861fbe2b90f45e242f3a", kill_on_drop: false }`
[INFO] running `Command { std: "docker" "rm" "-f" "2f5ce25eb06f08151cc09624a5a4883ffea373732462861fbe2b90f45e242f3a", kill_on_drop: false }`
[INFO] [stdout] 2f5ce25eb06f08151cc09624a5a4883ffea373732462861fbe2b90f45e242f3a
[INFO] running `Command { std: "docker" "create" "-v" "/var/lib/crater-agent-workspace/builds/worker-5-tc2/target:/opt/rustwide/target:rw,Z" "-v" "/var/lib/crater-agent-workspace/builds/worker-5-tc2/source:/opt/rustwide/workdir:ro,Z" "-v" "/var/lib/crater-agent-workspace/cargo-home:/opt/rustwide/cargo-home:ro,Z" "-v" "/var/lib/crater-agent-workspace/rustup-home:/opt/rustwide/rustup-home:ro,Z" "-e" "SOURCE_DIR=/opt/rustwide/workdir" "-e" "CARGO_TARGET_DIR=/opt/rustwide/target" "-e" "CARGO_INCREMENTAL=0" "-e" "RUST_BACKTRACE=full" "-e" "RUSTFLAGS=--cap-lints=forbid -Zrandomize-layout" "-e" "RUSTDOCFLAGS=--cap-lints=forbid" "-e" "CARGO_HOME=/opt/rustwide/cargo-home" "-e" "RUSTUP_HOME=/opt/rustwide/rustup-home" "-w" "/opt/rustwide/workdir" "-m" "1610612736" "--user" "0:0" "--network" "none" "ghcr.io/rust-lang/crates-build-env/linux@sha256:4a844ea9eb2546a2d2c7022eacef16ef2e8229c7fbb2c7d4d55a9ceca922f72d" "/opt/rustwide/cargo-home/bin/cargo" "+nightly-2024-10-28" "test" "--frozen" "--no-run" "--message-format=json", kill_on_drop: false }`
[INFO] [stdout] d1e4802ac042727e5bacead9b05bec41bd2fc85e9aed844336a4fceb0779d4f4
[INFO] running `Command { std: "docker" "start" "-a" "d1e4802ac042727e5bacead9b05bec41bd2fc85e9aed844336a4fceb0779d4f4", kill_on_drop: false }`
[INFO] [stderr]    Compiling pallet-whitelist v37.0.0 (/opt/rustwide/workdir)
[INFO] [stdout] error[E0433]: failed to resolve: use of undeclared crate or module `pallet_balances`
[INFO] [stdout]   --> src/mock.rs:46:15
[INFO] [stdout]    |
[INFO] [stdout] 46 | #[derive_impl(pallet_balances::config_preludes::TestDefaultConfig)]
[INFO] [stdout]    |               ^^^^^^^^^^^^^^^ use of undeclared crate or module `pallet_balances`
[INFO] [stdout] 
[INFO] [stdout] 
[INFO] [stdout] error[E0433]: failed to resolve: use of undeclared crate or module `pallet_preimage`
[INFO] [stdout]   --> src/mock.rs:36:13
[INFO] [stdout]    |
[INFO] [stdout] 36 |         Preimage: pallet_preimage,
[INFO] [stdout]    |                   ^^^^^^^^^^^^^^^ use of undeclared crate or module `pallet_preimage`
[INFO] [stdout] 
[INFO] [stdout] 
[INFO] [stdout] error[E0412]: cannot find type `Test` in this scope
[INFO] [stdout]   --> src/mock.rs:28:47
[INFO] [stdout]    |
[INFO] [stdout] 28 | type Block = frame_system::mocking::MockBlock<Test>;
[INFO] [stdout]    |                                               ^^^^ not found in this scope
[INFO] [stdout]    |
[INFO] [stdout] help: you might be missing a type parameter
[INFO] [stdout]    |
[INFO] [stdout] 28 | type Block<Test> = frame_system::mocking::MockBlock<Test>;
[INFO] [stdout]    |           ++++++
[INFO] [stdout] 
[INFO] [stdout] 
[INFO] [stdout] error[E0412]: cannot find type `Test` in this scope
[INFO] [stdout]   --> src/mock.rs:41:31
[INFO] [stdout]    |
[INFO] [stdout] 41 | impl frame_system::Config for Test {
[INFO] [stdout]    |                               ^^^^ not found in this scope
[INFO] [stdout] 
[INFO] [stdout] 
[INFO] [stdout] error[E0412]: cannot find type `RuntimeEvent` in this scope
[INFO] [stdout]   --> src/mock.rs:40:1
[INFO] [stdout]    |
[INFO] [stdout] 40 | #[derive_impl(frame_system::config_preludes::TestDefaultConfig)]
[INFO] [stdout]    | ^^^^^^^^^^^^^^^^^^^^^^^^^^^^^^^^^^^^^^^^^^^^^^^^^^^^^^^^^^^^^^^^
[INFO] [stdout]    |
[INFO] [stdout]    = note: this error originates in the macro `frame_system::config_preludes::TestDefaultConfig` which comes from the expansion of the macro `frame_support::macro_magic::forward_tokens_verbatim` (in Nightly builds, run with -Z macro-backtrace for more info)
[INFO] [stdout] help: you might have meant to use the associated type
[INFO] [stdout]   --> /opt/rustwide/cargo-home/registry/src/index.crates.io-6f17d22bba15001f/frame-system-38.0.0/src/lib.rs:308:9
[INFO] [stdout]    |
[INFO] [stdout] 308|             type Self::RuntimeEvent = ();
[INFO] [stdout]    |                  ++++++
[INFO] [stdout] 
[INFO] [stdout] 
[INFO] [stdout] error[E0412]: cannot find type `RuntimeOrigin` in this scope
[INFO] [stdout]   --> src/mock.rs:40:1
[INFO] [stdout]    |
[INFO] [stdout] 40 | #[derive_impl(frame_system::config_preludes::TestDefaultConfig)]
[INFO] [stdout]    | ^^^^^^^^^^^^^^^^^^^^^^^^^^^^^^^^^^^^^^^^^^^^^^^^^^^^^^^^^^^^^^^^
[INFO] [stdout]    |
[INFO] [stdout]    = note: this error originates in the macro `frame_system::config_preludes::TestDefaultConfig` which comes from the expansion of the macro `frame_support::macro_magic::forward_tokens_verbatim` (in Nightly builds, run with -Z macro-backtrace for more info)
[INFO] [stdout] help: you might have meant to use the associated type
[INFO] [stdout]   --> /opt/rustwide/cargo-home/registry/src/index.crates.io-6f17d22bba15001f/frame-system-38.0.0/src/lib.rs:310:9
[INFO] [stdout]    |
[INFO] [stdout] 310|             type Self::RuntimeOrigin = ();
[INFO] [stdout]    |                  ++++++
[INFO] [stdout] 
[INFO] [stdout] 
[INFO] [stdout] error[E0412]: cannot find type `RuntimeCall` in this scope
[INFO] [stdout]   --> src/mock.rs:40:1
[INFO] [stdout]    |
[INFO] [stdout] 40 | #[derive_impl(frame_system::config_preludes::TestDefaultConfig)]
[INFO] [stdout]    | ^^^^^^^^^^^^^^^^^^^^^^^^^^^^^^^^^^^^^^^^^^^^^^^^^^^^^^^^^^^^^^^^
[INFO] [stdout]    |
[INFO] [stdout]    = note: this error originates in the macro `frame_system::config_preludes::TestDefaultConfig` which comes from the expansion of the macro `frame_support::macro_magic::forward_tokens_verbatim` (in Nightly builds, run with -Z macro-backtrace for more info)
[INFO] [stdout] help: you might have meant to use the associated type
[INFO] [stdout]   --> /opt/rustwide/cargo-home/registry/src/index.crates.io-6f17d22bba15001f/frame-system-38.0.0/src/lib.rs:312:9
[INFO] [stdout]    |
[INFO] [stdout] 312|             type Self::RuntimeCall = ();
[INFO] [stdout]    |                  ++++++
[INFO] [stdout] 
[INFO] [stdout] 
[INFO] [stdout] error[E0412]: cannot find type `PalletInfo` in this scope
[INFO] [stdout]   --> src/mock.rs:40:1
[INFO] [stdout]    |
[INFO] [stdout] 40 | #[derive_impl(frame_system::config_preludes::TestDefaultConfig)]
[INFO] [stdout]    | ^^^^^^^^^^^^^^^^^^^^^^^^^^^^^^^^^^^^^^^^^^^^^^^^^^^^^^^^^^^^^^^^
[INFO] [stdout]    |
[INFO] [stdout]    = note: this error originates in the macro `frame_system::config_preludes::TestDefaultConfig` which comes from the expansion of the macro `frame_support::macro_magic::forward_tokens_verbatim` (in Nightly builds, run with -Z macro-backtrace for more info)
[INFO] [stdout] help: you might have meant to use the associated type
[INFO] [stdout]   --> /opt/rustwide/cargo-home/registry/src/index.crates.io-6f17d22bba15001f/frame-system-38.0.0/src/lib.rs:314:9
[INFO] [stdout]    |
[INFO] [stdout] 314|             type Self::PalletInfo = ();
[INFO] [stdout]    |                  ++++++
[INFO] [stdout] help: consider importing this trait
[INFO] [stdout]    |
[INFO] [stdout] 22 + use frame_support::traits::PalletInfo;
[INFO] [stdout]    |
[INFO] [stdout] 
[INFO] [stdout] 
[INFO] [stdout] error[E0412]: cannot find type `RuntimeTask` in this scope
[INFO] [stdout]   --> src/mock.rs:40:1
[INFO] [stdout]    |
[INFO] [stdout] 40 | #[derive_impl(frame_system::config_preludes::TestDefaultConfig)]
[INFO] [stdout]    | ^^^^^^^^^^^^^^^^^^^^^^^^^^^^^^^^^^^^^^^^^^^^^^^^^^^^^^^^^^^^^^^^
[INFO] [stdout]    |
[INFO] [stdout]    = note: this error originates in the macro `frame_system::config_preludes::TestDefaultConfig` which comes from the expansion of the macro `frame_support::macro_magic::forward_tokens_verbatim` (in Nightly builds, run with -Z macro-backtrace for more info)
[INFO] [stdout] help: you might have meant to use the associated type
[INFO] [stdout]   --> /opt/rustwide/cargo-home/registry/src/index.crates.io-6f17d22bba15001f/frame-system-38.0.0/src/lib.rs:316:9
[INFO] [stdout]    |
[INFO] [stdout] 316|             type Self::RuntimeTask = ();
[INFO] [stdout]    |                  ++++++
[INFO] [stdout] 
[INFO] [stdout] 
[INFO] [stdout] error[E0412]: cannot find type `Test` in this scope
[INFO] [stdout]   --> src/mock.rs:51:34
[INFO] [stdout]    |
[INFO] [stdout] 51 | impl pallet_preimage::Config for Test {
[INFO] [stdout]    |                                  ^^^^ not found in this scope
[INFO] [stdout] 
[INFO] [stdout] 
[INFO] [stdout] error[E0412]: cannot find type `RuntimeEvent` in this scope
[INFO] [stdout]   --> src/mock.rs:52:22
[INFO] [stdout]    |
[INFO] [stdout] 52 |     type RuntimeEvent = RuntimeEvent;
[INFO] [stdout]    |                         ^^^^^^^^^^^^ not found in this scope
[INFO] [stdout] 
[INFO] [stdout] 
[INFO] [stdout] error[E0412]: cannot find type `Balances` in this scope
[INFO] [stdout]   --> src/mock.rs:53:18
[INFO] [stdout]    |
[INFO] [stdout] 53 |     type Currency = Balances;
[INFO] [stdout]    |                     ^^^^^^^^ not found in this scope
[INFO] [stdout] 
[INFO] [stdout] 
[INFO] [stdout] error[E0412]: cannot find type `Test` in this scope
[INFO] [stdout]   --> src/mock.rs:59:35
[INFO] [stdout]    |
[INFO] [stdout] 59 | impl pallet_whitelist::Config for Test {
[INFO] [stdout]    |                                   ^^^^ not found in this scope
[INFO] [stdout] 
[INFO] [stdout] 
[INFO] [stdout] error[E0412]: cannot find type `RuntimeEvent` in this scope
[INFO] [stdout]   --> src/mock.rs:60:22
[INFO] [stdout]    |
[INFO] [stdout] 60 |     type RuntimeEvent = RuntimeEvent;
[INFO] [stdout]    |                         ^^^^^^^^^^^^
[INFO] [stdout]    |
[INFO] [stdout] help: you might have meant to use the associated type
[INFO] [stdout]    |
[INFO] [stdout] 60 |     type RuntimeEvent = Self::RuntimeEvent;
[INFO] [stdout]    |                         ++++++
[INFO] [stdout] 
[INFO] [stdout] 
[INFO] [stdout] error[E0412]: cannot find type `RuntimeCall` in this scope
[INFO] [stdout]   --> src/mock.rs:61:21
[INFO] [stdout]    |
[INFO] [stdout] 61 |     type RuntimeCall = RuntimeCall;
[INFO] [stdout]    |                        ^^^^^^^^^^^
[INFO] [stdout]    |
[INFO] [stdout] help: you might have meant to use the associated type
[INFO] [stdout]    |
[INFO] [stdout] 61 |     type RuntimeCall = Self::RuntimeCall;
[INFO] [stdout]    |                        ++++++
[INFO] [stdout] 
[INFO] [stdout] 
[INFO] [stdout] error[E0412]: cannot find type `Preimage` in this scope
[INFO] [stdout]   --> src/mock.rs:64:19
[INFO] [stdout]    |
[INFO] [stdout] 64 |     type Preimages = Preimage;
[INFO] [stdout]    |                      ^^^^^^^^ not found in this scope
[INFO] [stdout] 
[INFO] [stdout] 
[INFO] [stdout] error[E0433]: failed to resolve: use of undeclared crate or module `sp_io`
[INFO] [stdout]   --> src/mock.rs:68:26
[INFO] [stdout]    |
[INFO] [stdout] 68 | pub fn new_test_ext() -> sp_io::TestExternalities {
[INFO] [stdout]    |                          ^^^^^ use of undeclared crate or module `sp_io`
[INFO] [stdout] 
[INFO] [stdout] 
[INFO] [stdout] error[E0433]: failed to resolve: use of undeclared crate or module `sp_io`
[INFO] [stdout]   --> src/mock.rs:70:16
[INFO] [stdout]    |
[INFO] [stdout] 70 |     let mut ext = sp_io::TestExternalities::new(t);
[INFO] [stdout]    |                   ^^^^^ use of undeclared crate or module `sp_io`
[INFO] [stdout] 
[INFO] [stdout] 
[INFO] [stdout] error[E0433]: failed to resolve: use of undeclared type `System`
[INFO] [stdout]   --> src/mock.rs:71:22
[INFO] [stdout]    |
[INFO] [stdout] 71 |     ext.execute_with(|| System::set_block_number(1));
[INFO] [stdout]    |                         ^^^^^^ use of undeclared type `System`
[INFO] [stdout]    |
[INFO] [stdout] help: consider importing this struct
[INFO] [stdout]    |
[INFO] [stdout] 22 + use std::alloc::System;
[INFO] [stdout]    |
[INFO] [stdout] 
[INFO] [stdout] 
[INFO] [stdout] error[E0412]: cannot find type `Test` in this scope
[INFO] [stdout]   --> src/tests.rs:35:20
[INFO] [stdout]    |
[INFO] [stdout] 35 |         let call_hash = <Test as frame_system::Config>::Hashing::hash(&encoded_call[..]);
[INFO] [stdout]    |                          ^^^^ not found in this scope
[INFO] [stdout] 
[INFO] [stdout] 
[INFO] [stdout] error[E0412]: cannot find type `Test` in this scope
[INFO] [stdout]   --> src/tests.rs:39:19
[INFO] [stdout]    |
[INFO] [stdout] 39 |             crate::Error::<Test>::CallIsNotWhitelisted,
[INFO] [stdout]    |                            ^^^^ not found in this scope
[INFO] [stdout]    |
[INFO] [stdout] help: you might be missing a type parameter
[INFO] [stdout]    |
[INFO] [stdout] 31 | fn test_whitelist_call_and_remove<Test>() {
[INFO] [stdout]    |                                  ++++++
[INFO] [stdout] 
[INFO] [stdout] 
[INFO] [stdout] error[E0412]: cannot find type `Test` in this scope
[INFO] [stdout]   --> src/tests.rs:53:19
[INFO] [stdout]    |
[INFO] [stdout] 53 |             crate::Error::<Test>::CallAlreadyWhitelisted,
[INFO] [stdout]    |                            ^^^^ not found in this scope
[INFO] [stdout]    |
[INFO] [stdout] help: you might be missing a type parameter
[INFO] [stdout]    |
[INFO] [stdout] 31 | fn test_whitelist_call_and_remove<Test>() {
[INFO] [stdout]    |                                  ++++++
[INFO] [stdout] 
[INFO] [stdout] 
[INFO] [stdout] error[E0412]: cannot find type `Test` in this scope
[INFO] [stdout]   --> src/tests.rs:67:19
[INFO] [stdout]    |
[INFO] [stdout] 67 |             crate::Error::<Test>::CallIsNotWhitelisted,
[INFO] [stdout]    |                            ^^^^ not found in this scope
[INFO] [stdout]    |
[INFO] [stdout] help: you might be missing a type parameter
[INFO] [stdout]    |
[INFO] [stdout] 31 | fn test_whitelist_call_and_remove<Test>() {
[INFO] [stdout]    |                                  ++++++
[INFO] [stdout] 
[INFO] [stdout] 
[INFO] [stdout] error[E0412]: cannot find type `Test` in this scope
[INFO] [stdout]   --> src/tests.rs:79:20
[INFO] [stdout]    |
[INFO] [stdout] 79 |         let call_hash = <Test as frame_system::Config>::Hashing::hash(&encoded_call[..]);
[INFO] [stdout]    |                          ^^^^ not found in this scope
[INFO] [stdout] 
[INFO] [stdout] 
[INFO] [stdout] error[E0412]: cannot find type `Test` in this scope
[INFO] [stdout]   --> src/tests.rs:88:19
[INFO] [stdout]    |
[INFO] [stdout] 88 |             crate::Error::<Test>::CallIsNotWhitelisted,
[INFO] [stdout]    |                            ^^^^ not found in this scope
[INFO] [stdout]    |
[INFO] [stdout] help: you might be missing a type parameter
[INFO] [stdout]    |
[INFO] [stdout] 73 | fn test_whitelist_call_and_execute<Test>() {
[INFO] [stdout]    |                                   ++++++
[INFO] [stdout] 
[INFO] [stdout] 
[INFO] [stdout] error[E0412]: cannot find type `Test` in this scope
[INFO] [stdout]    --> src/tests.rs:110:19
[INFO] [stdout]     |
[INFO] [stdout] 110 |             crate::Error::<Test>::UnavailablePreImage,
[INFO] [stdout]     |                            ^^^^ not found in this scope
[INFO] [stdout]     |
[INFO] [stdout] help: you might be missing a type parameter
[INFO] [stdout]     |
[INFO] [stdout] 73  | fn test_whitelist_call_and_execute<Test>() {
[INFO] [stdout]     |                                   ++++++
[INFO] [stdout] 
[INFO] [stdout] 
[INFO] [stdout] error[E0412]: cannot find type `Test` in this scope
[INFO] [stdout]    --> src/tests.rs:124:19
[INFO] [stdout]     |
[INFO] [stdout] 124 |             crate::Error::<Test>::InvalidCallWeightWitness,
[INFO] [stdout]     |                            ^^^^ not found in this scope
[INFO] [stdout]     |
[INFO] [stdout] help: you might be missing a type parameter
[INFO] [stdout]     |
[INFO] [stdout] 73  | fn test_whitelist_call_and_execute<Test>() {
[INFO] [stdout]     |                                   ++++++
[INFO] [stdout] 
[INFO] [stdout] 
[INFO] [stdout] error[E0412]: cannot find type `Test` in this scope
[INFO] [stdout]    --> src/tests.rs:143:19
[INFO] [stdout]     |
[INFO] [stdout] 143 |             crate::Error::<Test>::CallIsNotWhitelisted,
[INFO] [stdout]     |                            ^^^^ not found in this scope
[INFO] [stdout]     |
[INFO] [stdout] help: you might be missing a type parameter
[INFO] [stdout]     |
[INFO] [stdout] 73  | fn test_whitelist_call_and_execute<Test>() {
[INFO] [stdout]     |                                   ++++++
[INFO] [stdout] 
[INFO] [stdout] 
[INFO] [stdout] error[E0412]: cannot find type `Test` in this scope
[INFO] [stdout]    --> src/tests.rs:159:20
[INFO] [stdout]     |
[INFO] [stdout] 159 |         let call_hash = <Test as frame_system::Config>::Hashing::hash(&encoded_call[..]);
[INFO] [stdout]     |                          ^^^^ not found in this scope
[INFO] [stdout] 
[INFO] [stdout] 
[INFO] [stdout] error[E0412]: cannot find type `Test` in this scope
[INFO] [stdout]    --> src/tests.rs:180:20
[INFO] [stdout]     |
[INFO] [stdout] 180 |         let call_hash = <Test as frame_system::Config>::Hashing::hash_of(&call);
[INFO] [stdout]     |                          ^^^^ not found in this scope
[INFO] [stdout] 
[INFO] [stdout] 
[INFO] [stdout] error[E0412]: cannot find type `Test` in this scope
[INFO] [stdout]    --> src/tests.rs:194:19
[INFO] [stdout]     |
[INFO] [stdout] 194 |             crate::Error::<Test>::CallIsNotWhitelisted,
[INFO] [stdout]     |                            ^^^^ not found in this scope
[INFO] [stdout]     |
[INFO] [stdout] help: you might be missing a type parameter
[INFO] [stdout]     |
[INFO] [stdout] 175 | fn test_whitelist_call_and_execute_without_note_preimage<Test>() {
[INFO] [stdout]     |                                                         ++++++
[INFO] [stdout] 
[INFO] [stdout] 
[INFO] [stdout] error[E0412]: cannot find type `Test` in this scope
[INFO] [stdout]    --> src/tests.rs:210:20
[INFO] [stdout]     |
[INFO] [stdout] 210 |         let call_hash = <Test as frame_system::Config>::Hashing::hash(&call[..]);
[INFO] [stdout]     |                          ^^^^ not found in this scope
[INFO] [stdout] 
[INFO] [stdout] 
[INFO] [stdout] error[E0412]: cannot find type `Test` in this scope
[INFO] [stdout]    --> src/tests.rs:222:19
[INFO] [stdout]     |
[INFO] [stdout] 222 |             crate::Error::<Test>::UndecodableCall,
[INFO] [stdout]     |                            ^^^^ not found in this scope
[INFO] [stdout]     |
[INFO] [stdout] help: you might be missing a type parameter
[INFO] [stdout]     |
[INFO] [stdout] 200 | fn test_whitelist_call_and_execute_decode_consumes_all<Test>() {
[INFO] [stdout]     |                                                       ++++++
[INFO] [stdout] 
[INFO] [stdout] 
[INFO] [stdout] warning: unused import: `StorePreimage`
[INFO] [stdout]   --> src/tests.rs:25:26
[INFO] [stdout]    |
[INFO] [stdout] 25 |     traits::{QueryPreimage, StorePreimage},
[INFO] [stdout]    |                             ^^^^^^^^^^^^^
[INFO] [stdout]    |
[INFO] [stdout]    = note: `#[warn(unused_imports)]` on by default
[INFO] [stdout] 
[INFO] [stdout] 
[INFO] [stdout] error[E0433]: failed to resolve: use of undeclared crate or module `pallet_balances`
[INFO] [stdout]   --> src/mock.rs:43:21
[INFO] [stdout]    |
[INFO] [stdout] 43 |     type AccountData = pallet_balances::AccountData<u64>;
[INFO] [stdout]    |                        ^^^^^^^^^^^^^^^ use of undeclared crate or module `pallet_balances`
[INFO] [stdout] 
[INFO] [stdout] 
[INFO] [stdout] error[E0433]: failed to resolve: use of undeclared crate or module `pallet_preimage`
[INFO] [stdout]   --> src/mock.rs:51:6
[INFO] [stdout]    |
[INFO] [stdout] 51 | impl pallet_preimage::Config for Test {
[INFO] [stdout]    |      ^^^^^^^^^^^^^^^ use of undeclared crate or module `pallet_preimage`
[INFO] [stdout] 
[INFO] [stdout] 
[INFO] [stdout] error[E0433]: failed to resolve: use of undeclared type `RuntimeGenesisConfig`
[INFO] [stdout]   --> src/mock.rs:69:10
[INFO] [stdout]    |
[INFO] [stdout] 69 |     let t = RuntimeGenesisConfig::default().build_storage().unwrap();
[INFO] [stdout]    |             ^^^^^^^^^^^^^^^^^^^^ use of undeclared type `RuntimeGenesisConfig`
[INFO] [stdout] 
[INFO] [stdout] 
[INFO] [stdout] error[E0433]: failed to resolve: use of undeclared type `RuntimeCall`
[INFO] [stdout]   --> src/tests.rs:33:14
[INFO] [stdout]    |
[INFO] [stdout] 33 |         let call = RuntimeCall::System(frame_system::Call::remark { remark: vec![] });
[INFO] [stdout]    |                    ^^^^^^^^^^^ use of undeclared type `RuntimeCall`
[INFO] [stdout] 
[INFO] [stdout] 
[INFO] [stdout] error[E0433]: failed to resolve: use of undeclared type `Whitelist`
[INFO] [stdout]   --> src/tests.rs:38:4
[INFO] [stdout]    |
[INFO] [stdout] 38 |             Whitelist::remove_whitelisted_call(RuntimeOrigin::root(), call_hash),
[INFO] [stdout]    |             ^^^^^^^^^ use of undeclared type `Whitelist`
[INFO] [stdout] 
[INFO] [stdout] 
[INFO] [stdout] error[E0433]: failed to resolve: use of undeclared type `RuntimeOrigin`
[INFO] [stdout]   --> src/tests.rs:38:39
[INFO] [stdout]    |
[INFO] [stdout] 38 |             Whitelist::remove_whitelisted_call(RuntimeOrigin::root(), call_hash),
[INFO] [stdout]    |                                                ^^^^^^^^^^^^^ use of undeclared type `RuntimeOrigin`
[INFO] [stdout] 
[INFO] [stdout] 
[INFO] [stdout] error[E0433]: failed to resolve: use of undeclared type `Whitelist`
[INFO] [stdout]   --> src/tests.rs:43:4
[INFO] [stdout]    |
[INFO] [stdout] 43 |             Whitelist::whitelist_call(RuntimeOrigin::signed(1), call_hash),
[INFO] [stdout]    |             ^^^^^^^^^ use of undeclared type `Whitelist`
[INFO] [stdout] 
[INFO] [stdout] 
[INFO] [stdout] error[E0433]: failed to resolve: use of undeclared type `RuntimeOrigin`
[INFO] [stdout]   --> src/tests.rs:43:30
[INFO] [stdout]    |
[INFO] [stdout] 43 |             Whitelist::whitelist_call(RuntimeOrigin::signed(1), call_hash),
[INFO] [stdout]    |                                       ^^^^^^^^^^^^^ use of undeclared type `RuntimeOrigin`
[INFO] [stdout] 
[INFO] [stdout] 
[INFO] [stdout] error[E0433]: failed to resolve: use of undeclared type `Whitelist`
[INFO] [stdout]   --> src/tests.rs:47:14
[INFO] [stdout]    |
[INFO] [stdout] 47 |         assert_ok!(Whitelist::whitelist_call(RuntimeOrigin::root(), call_hash));
[INFO] [stdout]    |                    ^^^^^^^^^ use of undeclared type `Whitelist`
[INFO] [stdout] 
[INFO] [stdout] 
[INFO] [stdout] error[E0433]: failed to resolve: use of undeclared type `RuntimeOrigin`
[INFO] [stdout]   --> src/tests.rs:47:40
[INFO] [stdout]    |
[INFO] [stdout] 47 |         assert_ok!(Whitelist::whitelist_call(RuntimeOrigin::root(), call_hash));
[INFO] [stdout]    |                                              ^^^^^^^^^^^^^ use of undeclared type `RuntimeOrigin`
[INFO] [stdout] 
[INFO] [stdout] 
[INFO] [stdout] error[E0433]: failed to resolve: use of undeclared type `Preimage`
[INFO] [stdout]   --> src/tests.rs:49:11
[INFO] [stdout]    |
[INFO] [stdout] 49 |         assert!(Preimage::is_requested(&call_hash));
[INFO] [stdout]    |                 ^^^^^^^^ use of undeclared type `Preimage`
[INFO] [stdout] 
[INFO] [stdout] 
[INFO] [stdout] error[E0433]: failed to resolve: use of undeclared type `Whitelist`
[INFO] [stdout]   --> src/tests.rs:52:4
[INFO] [stdout]    |
[INFO] [stdout] 52 |             Whitelist::whitelist_call(RuntimeOrigin::root(), call_hash),
[INFO] [stdout]    |             ^^^^^^^^^ use of undeclared type `Whitelist`
[INFO] [stdout] 
[INFO] [stdout] 
[INFO] [stdout] error[E0433]: failed to resolve: use of undeclared type `RuntimeOrigin`
[INFO] [stdout]   --> src/tests.rs:52:30
[INFO] [stdout]    |
[INFO] [stdout] 52 |             Whitelist::whitelist_call(RuntimeOrigin::root(), call_hash),
[INFO] [stdout]    |                                       ^^^^^^^^^^^^^ use of undeclared type `RuntimeOrigin`
[INFO] [stdout] 
[INFO] [stdout] 
[INFO] [stdout] error[E0433]: failed to resolve: use of undeclared type `Whitelist`
[INFO] [stdout]   --> src/tests.rs:57:4
[INFO] [stdout]    |
[INFO] [stdout] 57 |             Whitelist::remove_whitelisted_call(RuntimeOrigin::signed(1), call_hash),
[INFO] [stdout]    |             ^^^^^^^^^ use of undeclared type `Whitelist`
[INFO] [stdout] 
[INFO] [stdout] 
[INFO] [stdout] error[E0433]: failed to resolve: use of undeclared type `RuntimeOrigin`
[INFO] [stdout]   --> src/tests.rs:57:39
[INFO] [stdout]    |
[INFO] [stdout] 57 |             Whitelist::remove_whitelisted_call(RuntimeOrigin::signed(1), call_hash),
[INFO] [stdout]    |                                                ^^^^^^^^^^^^^ use of undeclared type `RuntimeOrigin`
[INFO] [stdout] 
[INFO] [stdout] 
[INFO] [stdout] error[E0433]: failed to resolve: use of undeclared type `Whitelist`
[INFO] [stdout]   --> src/tests.rs:61:14
[INFO] [stdout]    |
[INFO] [stdout] 61 |         assert_ok!(Whitelist::remove_whitelisted_call(RuntimeOrigin::root(), call_hash));
[INFO] [stdout]    |                    ^^^^^^^^^ use of undeclared type `Whitelist`
[INFO] [stdout] 
[INFO] [stdout] 
[INFO] [stdout] error[E0433]: failed to resolve: use of undeclared type `RuntimeOrigin`
[INFO] [stdout]   --> src/tests.rs:61:49
[INFO] [stdout]    |
[INFO] [stdout] 61 |         assert_ok!(Whitelist::remove_whitelisted_call(RuntimeOrigin::root(), call_hash));
[INFO] [stdout]    |                                                       ^^^^^^^^^^^^^ use of undeclared type `RuntimeOrigin`
[INFO] [stdout] 
[INFO] [stdout] 
[INFO] [stdout] error[E0433]: failed to resolve: use of undeclared type `Preimage`
[INFO] [stdout]   --> src/tests.rs:63:12
[INFO] [stdout]    |
[INFO] [stdout] 63 |         assert!(!Preimage::is_requested(&call_hash));
[INFO] [stdout]    |                  ^^^^^^^^ use of undeclared type `Preimage`
[INFO] [stdout] 
[INFO] [stdout] 
[INFO] [stdout] error[E0433]: failed to resolve: use of undeclared type `Whitelist`
[INFO] [stdout]   --> src/tests.rs:66:4
[INFO] [stdout]    |
[INFO] [stdout] 66 |             Whitelist::remove_whitelisted_call(RuntimeOrigin::root(), call_hash),
[INFO] [stdout]    |             ^^^^^^^^^ use of undeclared type `Whitelist`
[INFO] [stdout] 
[INFO] [stdout] 
[INFO] [stdout] error[E0433]: failed to resolve: use of undeclared type `RuntimeOrigin`
[INFO] [stdout]   --> src/tests.rs:66:39
[INFO] [stdout]    |
[INFO] [stdout] 66 |             Whitelist::remove_whitelisted_call(RuntimeOrigin::root(), call_hash),
[INFO] [stdout]    |                                                ^^^^^^^^^^^^^ use of undeclared type `RuntimeOrigin`
[INFO] [stdout] 
[INFO] [stdout] 
[INFO] [stdout] error[E0433]: failed to resolve: use of undeclared type `RuntimeCall`
[INFO] [stdout]   --> src/tests.rs:75:14
[INFO] [stdout]    |
[INFO] [stdout] 75 |         let call = RuntimeCall::System(frame_system::Call::remark_with_event { remark: vec![1] });
[INFO] [stdout]    |                    ^^^^^^^^^^^ use of undeclared type `RuntimeCall`
[INFO] [stdout] 
[INFO] [stdout] 
[INFO] [stdout] error[E0433]: failed to resolve: use of undeclared type `Whitelist`
[INFO] [stdout]   --> src/tests.rs:82:4
[INFO] [stdout]    |
[INFO] [stdout] 82 |             Whitelist::dispatch_whitelisted_call(
[INFO] [stdout]    |             ^^^^^^^^^ use of undeclared type `Whitelist`
[INFO] [stdout] 
[INFO] [stdout] 
[INFO] [stdout] error[E0433]: failed to resolve: use of undeclared type `RuntimeOrigin`
[INFO] [stdout]   --> src/tests.rs:83:5
[INFO] [stdout]    |
[INFO] [stdout] 83 |                 RuntimeOrigin::root(),
[INFO] [stdout]    |                 ^^^^^^^^^^^^^ use of undeclared type `RuntimeOrigin`
[INFO] [stdout] 
[INFO] [stdout] 
[INFO] [stdout] error[E0433]: failed to resolve: use of undeclared type `Whitelist`
[INFO] [stdout]   --> src/tests.rs:91:14
[INFO] [stdout]    |
[INFO] [stdout] 91 |         assert_ok!(Whitelist::whitelist_call(RuntimeOrigin::root(), call_hash));
[INFO] [stdout]    |                    ^^^^^^^^^ use of undeclared type `Whitelist`
[INFO] [stdout] 
[INFO] [stdout] 
[INFO] [stdout] error[E0433]: failed to resolve: use of undeclared type `RuntimeOrigin`
[INFO] [stdout]   --> src/tests.rs:91:40
[INFO] [stdout]    |
[INFO] [stdout] 91 |         assert_ok!(Whitelist::whitelist_call(RuntimeOrigin::root(), call_hash));
[INFO] [stdout]    |                                              ^^^^^^^^^^^^^ use of undeclared type `RuntimeOrigin`
[INFO] [stdout] 
[INFO] [stdout] 
[INFO] [stdout] error[E0433]: failed to resolve: use of undeclared type `Whitelist`
[INFO] [stdout]   --> src/tests.rs:94:4
[INFO] [stdout]    |
[INFO] [stdout] 94 |             Whitelist::dispatch_whitelisted_call(
[INFO] [stdout]    |             ^^^^^^^^^ use of undeclared type `Whitelist`
[INFO] [stdout] 
[INFO] [stdout] 
[INFO] [stdout] error[E0433]: failed to resolve: use of undeclared type `RuntimeOrigin`
[INFO] [stdout]   --> src/tests.rs:95:5
[INFO] [stdout]    |
[INFO] [stdout] 95 |                 RuntimeOrigin::signed(1),
[INFO] [stdout]    |                 ^^^^^^^^^^^^^ use of undeclared type `RuntimeOrigin`
[INFO] [stdout] 
[INFO] [stdout] 
[INFO] [stdout] error[E0433]: failed to resolve: use of undeclared type `Whitelist`
[INFO] [stdout]    --> src/tests.rs:104:4
[INFO] [stdout]     |
[INFO] [stdout] 104 |             Whitelist::dispatch_whitelisted_call(
[INFO] [stdout]     |             ^^^^^^^^^ use of undeclared type `Whitelist`
[INFO] [stdout] 
[INFO] [stdout] 
[INFO] [stdout] error[E0433]: failed to resolve: use of undeclared type `RuntimeOrigin`
[INFO] [stdout]    --> src/tests.rs:105:5
[INFO] [stdout]     |
[INFO] [stdout] 105 |                 RuntimeOrigin::root(),
[INFO] [stdout]     |                 ^^^^^^^^^^^^^ use of undeclared type `RuntimeOrigin`
[INFO] [stdout] 
[INFO] [stdout] 
[INFO] [stdout] error[E0433]: failed to resolve: use of undeclared type `Preimage`
[INFO] [stdout]    --> src/tests.rs:113:14
[INFO] [stdout]     |
[INFO] [stdout] 113 |         assert_ok!(Preimage::note(encoded_call.into()));
[INFO] [stdout]     |                    ^^^^^^^^ use of undeclared type `Preimage`
[INFO] [stdout] 
[INFO] [stdout] 
[INFO] [stdout] error[E0433]: failed to resolve: use of undeclared type `Preimage`
[INFO] [stdout]    --> src/tests.rs:115:11
[INFO] [stdout]     |
[INFO] [stdout] 115 |         assert!(Preimage::is_requested(&call_hash));
[INFO] [stdout]     |                 ^^^^^^^^ use of undeclared type `Preimage`
[INFO] [stdout] 
[INFO] [stdout] 
[INFO] [stdout] error[E0433]: failed to resolve: use of undeclared type `Whitelist`
[INFO] [stdout]    --> src/tests.rs:118:4
[INFO] [stdout]     |
[INFO] [stdout] 118 |             Whitelist::dispatch_whitelisted_call(
[INFO] [stdout]     |             ^^^^^^^^^ use of undeclared type `Whitelist`
[INFO] [stdout] 
[INFO] [stdout] 
[INFO] [stdout] error[E0433]: failed to resolve: use of undeclared type `RuntimeOrigin`
[INFO] [stdout]    --> src/tests.rs:119:5
[INFO] [stdout]     |
[INFO] [stdout] 119 |                 RuntimeOrigin::root(),
[INFO] [stdout]     |                 ^^^^^^^^^^^^^ use of undeclared type `RuntimeOrigin`
[INFO] [stdout] 
[INFO] [stdout] 
[INFO] [stdout] error[E0433]: failed to resolve: use of undeclared type `Whitelist`
[INFO] [stdout]    --> src/tests.rs:127:14
[INFO] [stdout]     |
[INFO] [stdout] 127 |         assert_ok!(Whitelist::dispatch_whitelisted_call(
[INFO] [stdout]     |                    ^^^^^^^^^ use of undeclared type `Whitelist`
[INFO] [stdout] 
[INFO] [stdout] 
[INFO] [stdout] error[E0433]: failed to resolve: use of undeclared type `RuntimeOrigin`
[INFO] [stdout]    --> src/tests.rs:128:4
[INFO] [stdout]     |
[INFO] [stdout] 128 |             RuntimeOrigin::root(),
[INFO] [stdout]     |             ^^^^^^^^^^^^^ use of undeclared type `RuntimeOrigin`
[INFO] [stdout] 
[INFO] [stdout] 
[INFO] [stdout] error[E0433]: failed to resolve: use of undeclared type `Preimage`
[INFO] [stdout]    --> src/tests.rs:134:12
[INFO] [stdout]     |
[INFO] [stdout] 134 |         assert!(!Preimage::is_requested(&call_hash));
[INFO] [stdout]     |                  ^^^^^^^^ use of undeclared type `Preimage`
[INFO] [stdout] 
[INFO] [stdout] 
[INFO] [stdout] error[E0433]: failed to resolve: use of undeclared type `Whitelist`
[INFO] [stdout]    --> src/tests.rs:137:4
[INFO] [stdout]     |
[INFO] [stdout] 137 |             Whitelist::dispatch_whitelisted_call(
[INFO] [stdout]     |             ^^^^^^^^^ use of undeclared type `Whitelist`
[INFO] [stdout] 
[INFO] [stdout] 
[INFO] [stdout] error[E0433]: failed to resolve: use of undeclared type `RuntimeOrigin`
[INFO] [stdout]    --> src/tests.rs:138:5
[INFO] [stdout]     |
[INFO] [stdout] 138 |                 RuntimeOrigin::root(),
[INFO] [stdout]     |                 ^^^^^^^^^^^^^ use of undeclared type `RuntimeOrigin`
[INFO] [stdout] 
[INFO] [stdout] 
[INFO] [stdout] error[E0433]: failed to resolve: use of undeclared type `RuntimeCall`
[INFO] [stdout]    --> src/tests.rs:151:14
[INFO] [stdout]     |
[INFO] [stdout] 151 |         let call = RuntimeCall::Whitelist(crate::Call::dispatch_whitelisted_call {
[INFO] [stdout]     |                    ^^^^^^^^^^^ use of undeclared type `RuntimeCall`
[INFO] [stdout] 
[INFO] [stdout] 
[INFO] [stdout] error[E0433]: failed to resolve: use of undeclared type `Whitelist`
[INFO] [stdout]    --> src/tests.rs:161:14
[INFO] [stdout]     |
[INFO] [stdout] 161 |         assert_ok!(Whitelist::whitelist_call(RuntimeOrigin::root(), call_hash));
[INFO] [stdout]     |                    ^^^^^^^^^ use of undeclared type `Whitelist`
[INFO] [stdout] 
[INFO] [stdout] 
[INFO] [stdout] error[E0433]: failed to resolve: use of undeclared type `RuntimeOrigin`
[INFO] [stdout]    --> src/tests.rs:161:40
[INFO] [stdout]     |
[INFO] [stdout] 161 |         assert_ok!(Whitelist::whitelist_call(RuntimeOrigin::root(), call_hash));
[INFO] [stdout]     |                                              ^^^^^^^^^^^^^ use of undeclared type `RuntimeOrigin`
[INFO] [stdout] 
[INFO] [stdout] 
[INFO] [stdout] error[E0433]: failed to resolve: use of undeclared type `Preimage`
[INFO] [stdout]    --> src/tests.rs:162:14
[INFO] [stdout]     |
[INFO] [stdout] 162 |         assert_ok!(Preimage::note(encoded_call.into()));
[INFO] [stdout]     |                    ^^^^^^^^ use of undeclared type `Preimage`
[INFO] [stdout] 
[INFO] [stdout] 
[INFO] [stdout] error[E0433]: failed to resolve: use of undeclared type `Preimage`
[INFO] [stdout]    --> src/tests.rs:163:11
[INFO] [stdout]     |
[INFO] [stdout] 163 |         assert!(Preimage::is_requested(&call_hash));
[INFO] [stdout]     |                 ^^^^^^^^ use of undeclared type `Preimage`
[INFO] [stdout] 
[INFO] [stdout] 
[INFO] [stdout] error[E0433]: failed to resolve: use of undeclared type `Whitelist`
[INFO] [stdout]    --> src/tests.rs:164:14
[INFO] [stdout]     |
[INFO] [stdout] 164 |         assert_ok!(Whitelist::dispatch_whitelisted_call(
[INFO] [stdout]     |                    ^^^^^^^^^ use of undeclared type `Whitelist`
[INFO] [stdout] 
[INFO] [stdout] 
[INFO] [stdout] error[E0433]: failed to resolve: use of undeclared type `RuntimeOrigin`
[INFO] [stdout]    --> src/tests.rs:165:4
[INFO] [stdout]     |
[INFO] [stdout] 165 |             RuntimeOrigin::root(),
[INFO] [stdout]     |             ^^^^^^^^^^^^^ use of undeclared type `RuntimeOrigin`
[INFO] [stdout] 
[INFO] [stdout] 
[INFO] [stdout] error[E0433]: failed to resolve: use of undeclared type `Preimage`
[INFO] [stdout]    --> src/tests.rs:170:12
[INFO] [stdout]     |
[INFO] [stdout] 170 |         assert!(!Preimage::is_requested(&call_hash));
[INFO] [stdout]     |                  ^^^^^^^^ use of undeclared type `Preimage`
[INFO] [stdout] 
[INFO] [stdout] 
[INFO] [stderr] error: could not compile `pallet-whitelist` (lib test) due to 94 previous errors; 1 warning emitted
[INFO] [stdout] error[E0433]: failed to resolve: use of undeclared type `RuntimeCall`
[INFO] [stdout]    --> src/tests.rs:177:23
[INFO] [stdout]     |
[INFO] [stdout] 177 |         let call = Box::new(RuntimeCall::System(frame_system::Call::remark_with_event {
[INFO] [stdout]     |                             ^^^^^^^^^^^ use of undeclared type `RuntimeCall`
[INFO] [stdout] 
[INFO] [stdout] 
[INFO] [stdout] error[E0433]: failed to resolve: use of undeclared type `Whitelist`
[INFO] [stdout]    --> src/tests.rs:182:14
[INFO] [stdout]     |
[INFO] [stdout] 182 |         assert_ok!(Whitelist::whitelist_call(RuntimeOrigin::root(), call_hash));
[INFO] [stdout]     |                    ^^^^^^^^^ use of undeclared type `Whitelist`
[INFO] [stdout] 
[INFO] [stdout] 
[INFO] [stdout] error[E0433]: failed to resolve: use of undeclared type `RuntimeOrigin`
[INFO] [stdout]    --> src/tests.rs:182:40
[INFO] [stdout]     |
[INFO] [stdout] 182 |         assert_ok!(Whitelist::whitelist_call(RuntimeOrigin::root(), call_hash));
[INFO] [stdout]     |                                              ^^^^^^^^^^^^^ use of undeclared type `RuntimeOrigin`
[INFO] [stdout] 
[INFO] [stdout] 
[INFO] [stdout] error[E0433]: failed to resolve: use of undeclared type `Preimage`
[INFO] [stdout]    --> src/tests.rs:183:11
[INFO] [stdout]     |
[INFO] [stdout] 183 |         assert!(Preimage::is_requested(&call_hash));
[INFO] [stdout]     |                 ^^^^^^^^ use of undeclared type `Preimage`
[INFO] [stdout] 
[INFO] [stdout] 
[INFO] [stdout] error[E0433]: failed to resolve: use of undeclared type `Whitelist`
[INFO] [stdout]    --> src/tests.rs:185:14
[INFO] [stdout]     |
[INFO] [stdout] 185 |         assert_ok!(Whitelist::dispatch_whitelisted_call_with_preimage(
[INFO] [stdout]     |                    ^^^^^^^^^ use of undeclared type `Whitelist`
[INFO] [stdout] 
[INFO] [stdout] 
[INFO] [stdout] error[E0433]: failed to resolve: use of undeclared type `RuntimeOrigin`
[INFO] [stdout]    --> src/tests.rs:186:4
[INFO] [stdout]     |
[INFO] [stdout] 186 |             RuntimeOrigin::root(),
[INFO] [stdout]     |             ^^^^^^^^^^^^^ use of undeclared type `RuntimeOrigin`
[INFO] [stdout] 
[INFO] [stdout] 
[INFO] [stdout] error[E0433]: failed to resolve: use of undeclared type `Preimage`
[INFO] [stdout]    --> src/tests.rs:190:12
[INFO] [stdout]     |
[INFO] [stdout] 190 |         assert!(!Preimage::is_requested(&call_hash));
[INFO] [stdout]     |                  ^^^^^^^^ use of undeclared type `Preimage`
[INFO] [stdout] 
[INFO] [stdout] 
[INFO] [stdout] error[E0433]: failed to resolve: use of undeclared type `Whitelist`
[INFO] [stdout]    --> src/tests.rs:193:4
[INFO] [stdout]     |
[INFO] [stdout] 193 |             Whitelist::dispatch_whitelisted_call_with_preimage(RuntimeOrigin::root(), call),
[INFO] [stdout]     |             ^^^^^^^^^ use of undeclared type `Whitelist`
[INFO] [stdout] 
[INFO] [stdout] 
[INFO] [stdout] error[E0433]: failed to resolve: use of undeclared type `RuntimeOrigin`
[INFO] [stdout]    --> src/tests.rs:193:55
[INFO] [stdout]     |
[INFO] [stdout] 193 |             Whitelist::dispatch_whitelisted_call_with_preimage(RuntimeOrigin::root(), call),
[INFO] [stdout]     |                                                                ^^^^^^^^^^^^^ use of undeclared type `RuntimeOrigin`
[INFO] [stdout] 
[INFO] [stdout] 
[INFO] [stdout] error[E0433]: failed to resolve: use of undeclared type `RuntimeCall`
[INFO] [stdout]    --> src/tests.rs:202:14
[INFO] [stdout]     |
[INFO] [stdout] 202 |         let call = RuntimeCall::System(frame_system::Call::remark_with_event { remark: vec![1] });
[INFO] [stdout]     |                    ^^^^^^^^^^^ use of undeclared type `RuntimeCall`
[INFO] [stdout] 
[INFO] [stdout] 
[INFO] [stdout] error[E0433]: failed to resolve: use of undeclared type `Preimage`
[INFO] [stdout]    --> src/tests.rs:212:14
[INFO] [stdout]     |
[INFO] [stdout] 212 |         assert_ok!(Preimage::note(call.into()));
[INFO] [stdout]     |                    ^^^^^^^^ use of undeclared type `Preimage`
[INFO] [stdout] 
[INFO] [stdout] 
[INFO] [stdout] error[E0433]: failed to resolve: use of undeclared type `Whitelist`
[INFO] [stdout]    --> src/tests.rs:213:14
[INFO] [stdout]     |
[INFO] [stdout] 213 |         assert_ok!(Whitelist::whitelist_call(RuntimeOrigin::root(), call_hash));
[INFO] [stdout]     |                    ^^^^^^^^^ use of undeclared type `Whitelist`
[INFO] [stdout] 
[INFO] [stdout] 
[INFO] [stdout] error[E0433]: failed to resolve: use of undeclared type `RuntimeOrigin`
[INFO] [stdout]    --> src/tests.rs:213:40
[INFO] [stdout]     |
[INFO] [stdout] 213 |         assert_ok!(Whitelist::whitelist_call(RuntimeOrigin::root(), call_hash));
[INFO] [stdout]     |                                              ^^^^^^^^^^^^^ use of undeclared type `RuntimeOrigin`
[INFO] [stdout] 
[INFO] [stdout] 
[INFO] [stdout] error[E0433]: failed to resolve: use of undeclared type `Whitelist`
[INFO] [stdout]    --> src/tests.rs:216:4
[INFO] [stdout]     |
[INFO] [stdout] 216 |             Whitelist::dispatch_whitelisted_call(
[INFO] [stdout]     |             ^^^^^^^^^ use of undeclared type `Whitelist`
[INFO] [stdout] 
[INFO] [stdout] 
[INFO] [stdout] error[E0433]: failed to resolve: use of undeclared type `RuntimeOrigin`
[INFO] [stdout]    --> src/tests.rs:217:5
[INFO] [stdout]     |
[INFO] [stdout] 217 |                 RuntimeOrigin::root(),
[INFO] [stdout]     |                 ^^^^^^^^^^^^^ use of undeclared type `RuntimeOrigin`
[INFO] [stdout] 
[INFO] [stdout] 
[INFO] [stdout] Some errors have detailed explanations: E0412, E0433.
[INFO] [stdout] 
[INFO] [stdout] For more information about an error, try `rustc --explain E0412`.
[INFO] [stdout] 
[INFO] running `Command { std: "docker" "inspect" "d1e4802ac042727e5bacead9b05bec41bd2fc85e9aed844336a4fceb0779d4f4", kill_on_drop: false }`
[INFO] running `Command { std: "docker" "rm" "-f" "d1e4802ac042727e5bacead9b05bec41bd2fc85e9aed844336a4fceb0779d4f4", kill_on_drop: false }`
[INFO] [stdout] d1e4802ac042727e5bacead9b05bec41bd2fc85e9aed844336a4fceb0779d4f4
