[INFO] fetching crate pallet-transaction-payment 38.0.0...
[INFO] testing pallet-transaction-payment-38.0.0 against nightly-2024-10-28+rustflags=-Zrandomize-layout for randomize-layout
[INFO] extracting crate pallet-transaction-payment 38.0.0 into /workspace/builds/worker-0-tc2/source
[INFO] validating manifest of crates.io crate pallet-transaction-payment 38.0.0 on toolchain nightly-2024-10-28
[INFO] running `Command { std: CARGO_HOME="/workspace/cargo-home" RUSTUP_HOME="/workspace/rustup-home" "/workspace/cargo-home/bin/cargo" "+nightly-2024-10-28" "metadata" "--manifest-path" "Cargo.toml" "--no-deps", kill_on_drop: false }`
[INFO] started tweaking crates.io crate pallet-transaction-payment 38.0.0
[INFO] finished tweaking crates.io crate pallet-transaction-payment 38.0.0
[INFO] tweaked toml for crates.io crate pallet-transaction-payment 38.0.0 written to /workspace/builds/worker-0-tc2/source/Cargo.toml
[INFO] running `Command { std: CARGO_HOME="/workspace/cargo-home" RUSTUP_HOME="/workspace/rustup-home" "/workspace/cargo-home/bin/cargo" "+nightly-2024-10-28" "generate-lockfile" "--manifest-path" "Cargo.toml", kill_on_drop: false }`
[INFO] [stderr]     Updating crates.io index
[INFO] [stderr]      Locking 316 packages to latest compatible versions
[INFO] [stderr]       Adding unicode-normalization v0.1.22 (available: v0.1.24)
[INFO] running `Command { std: CARGO_HOME="/workspace/cargo-home" RUSTUP_HOME="/workspace/rustup-home" "/workspace/cargo-home/bin/cargo" "+nightly-2024-10-28" "fetch" "--manifest-path" "Cargo.toml", kill_on_drop: false }`
[INFO] running `Command { std: "docker" "create" "-v" "/var/lib/crater-agent-workspace/builds/worker-0-tc2/target:/opt/rustwide/target:rw,Z" "-v" "/var/lib/crater-agent-workspace/builds/worker-0-tc2/source:/opt/rustwide/workdir:ro,Z" "-v" "/var/lib/crater-agent-workspace/cargo-home:/opt/rustwide/cargo-home:ro,Z" "-v" "/var/lib/crater-agent-workspace/rustup-home:/opt/rustwide/rustup-home:ro,Z" "-e" "SOURCE_DIR=/opt/rustwide/workdir" "-e" "CARGO_TARGET_DIR=/opt/rustwide/target" "-e" "CARGO_HOME=/opt/rustwide/cargo-home" "-e" "RUSTUP_HOME=/opt/rustwide/rustup-home" "-w" "/opt/rustwide/workdir" "-m" "1610612736" "--user" "0:0" "--network" "none" "ghcr.io/rust-lang/crates-build-env/linux@sha256:4a844ea9eb2546a2d2c7022eacef16ef2e8229c7fbb2c7d4d55a9ceca922f72d" "/opt/rustwide/cargo-home/bin/cargo" "+nightly-2024-10-28" "metadata" "--no-deps" "--format-version=1", kill_on_drop: false }`
[INFO] [stdout] 6b68a7655ee3f0bbc64509e7c3d2af9bb11b93a845cb4d1f0f1d6b98c8593c32
[INFO] running `Command { std: "docker" "start" "-a" "6b68a7655ee3f0bbc64509e7c3d2af9bb11b93a845cb4d1f0f1d6b98c8593c32", kill_on_drop: false }`
[INFO] running `Command { std: "docker" "inspect" "6b68a7655ee3f0bbc64509e7c3d2af9bb11b93a845cb4d1f0f1d6b98c8593c32", kill_on_drop: false }`
[INFO] running `Command { std: "docker" "rm" "-f" "6b68a7655ee3f0bbc64509e7c3d2af9bb11b93a845cb4d1f0f1d6b98c8593c32", kill_on_drop: false }`
[INFO] [stdout] 6b68a7655ee3f0bbc64509e7c3d2af9bb11b93a845cb4d1f0f1d6b98c8593c32
[INFO] running `Command { std: "docker" "create" "-v" "/var/lib/crater-agent-workspace/builds/worker-0-tc2/target:/opt/rustwide/target:rw,Z" "-v" "/var/lib/crater-agent-workspace/builds/worker-0-tc2/source:/opt/rustwide/workdir:ro,Z" "-v" "/var/lib/crater-agent-workspace/cargo-home:/opt/rustwide/cargo-home:ro,Z" "-v" "/var/lib/crater-agent-workspace/rustup-home:/opt/rustwide/rustup-home:ro,Z" "-e" "SOURCE_DIR=/opt/rustwide/workdir" "-e" "CARGO_TARGET_DIR=/opt/rustwide/target" "-e" "CARGO_INCREMENTAL=0" "-e" "RUST_BACKTRACE=full" "-e" "RUSTFLAGS=--cap-lints=forbid -Zrandomize-layout" "-e" "RUSTDOCFLAGS=--cap-lints=forbid" "-e" "CARGO_HOME=/opt/rustwide/cargo-home" "-e" "RUSTUP_HOME=/opt/rustwide/rustup-home" "-w" "/opt/rustwide/workdir" "-m" "1610612736" "--user" "0:0" "--network" "none" "ghcr.io/rust-lang/crates-build-env/linux@sha256:4a844ea9eb2546a2d2c7022eacef16ef2e8229c7fbb2c7d4d55a9ceca922f72d" "/opt/rustwide/cargo-home/bin/cargo" "+nightly-2024-10-28" "build" "--frozen" "--message-format=json", kill_on_drop: false }`
[INFO] [stdout] 48cb3b2bc5bd4689f0f3f35cb5d1113af5dfe39ea2c4f9d51940864b34b21eee
[INFO] running `Command { std: "docker" "start" "-a" "48cb3b2bc5bd4689f0f3f35cb5d1113af5dfe39ea2c4f9d51940864b34b21eee", kill_on_drop: false }`
[INFO] [stderr]    Compiling proc-macro2 v1.0.89
[INFO] [stderr]    Compiling unicode-ident v1.0.13
[INFO] [stderr]    Compiling version_check v0.9.5
[INFO] [stderr]    Compiling cfg-if v1.0.0
[INFO] [stderr]    Compiling typenum v1.17.0
[INFO] [stderr]    Compiling libc v0.2.161
[INFO] [stderr]    Compiling serde v1.0.214
[INFO] [stderr]    Compiling subtle v2.6.1
[INFO] [stderr]    Compiling hashbrown v0.15.0
[INFO] [stderr]    Compiling generic-array v0.14.7
[INFO] [stderr]    Compiling equivalent v1.0.1
[INFO] [stderr]    Compiling winnow v0.6.20
[INFO] [stderr]    Compiling byteorder v1.5.0
[INFO] [stderr]    Compiling syn v1.0.109
[INFO] [stderr]    Compiling autocfg v1.4.0
[INFO] [stderr]    Compiling indexmap v2.6.0
[INFO] [stderr]    Compiling const-oid v0.9.6
[INFO] [stderr]    Compiling quote v1.0.37
[INFO] [stderr]    Compiling once_cell v1.20.2
[INFO] [stderr]    Compiling arrayvec v0.7.6
[INFO] [stderr]    Compiling regex-syntax v0.8.5
[INFO] [stderr]    Compiling syn v2.0.86
[INFO] [stderr]    Compiling getrandom v0.2.15
[INFO] [stderr]    Compiling byte-slice-cast v1.2.2
[INFO] [stderr]    Compiling memchr v2.7.4
[INFO] [stderr]    Compiling rand_core v0.6.4
[INFO] [stderr]    Compiling crunchy v0.2.2
[INFO] [stderr]    Compiling bytes v1.8.0
[INFO] [stderr]    Compiling cpufeatures v0.2.14
[INFO] [stderr]    Compiling aho-corasick v1.1.3
[INFO] [stderr]    Compiling block-buffer v0.10.4
[INFO] [stderr]    Compiling crypto-common v0.1.6
[INFO] [stderr]    Compiling lazy_static v1.5.0
[INFO] [stderr]    Compiling static_assertions v1.1.0
[INFO] [stderr]    Compiling digest v0.10.7
[INFO] [stderr]    Compiling itoa v1.0.11
[INFO] [stderr]    Compiling semver v1.0.23
[INFO] [stderr]    Compiling log v0.4.22
[INFO] [stderr]    Compiling keccak v0.1.5
[INFO] [stderr]    Compiling arrayref v0.3.9
[INFO] [stderr]    Compiling prettyplease v0.2.25
[INFO] [stderr]    Compiling rustc_version v0.4.1
[INFO] [stderr]    Compiling fs-err v2.11.0
[INFO] [stderr]    Compiling smallvec v1.13.2
[INFO] [stderr]    Compiling pin-project-lite v0.2.15
[INFO] [stderr]    Compiling digest v0.9.0
[INFO] [stderr]    Compiling expander v2.2.1
[INFO] [stderr]    Compiling regex-automata v0.4.8
[INFO] [stderr]    Compiling curve25519-dalek v4.1.3
[INFO] [stderr]    Compiling constant_time_eq v0.3.1
[INFO] [stderr]    Compiling libsecp256k1-core v0.3.0
[INFO] [stderr]    Compiling blake2 v0.10.6
[INFO] [stderr]    Compiling file-guard v0.2.0
[INFO] [stderr]    Compiling tracing-core v0.1.32
[INFO] [stderr]    Compiling slab v0.4.9
[INFO] [stderr]    Compiling ahash v0.8.11
[INFO] [stderr]    Compiling shlex v1.3.0
[INFO] [stderr]    Compiling serde_json v1.0.132
[INFO] [stderr]    Compiling regex-syntax v0.6.29
[INFO] [stderr]    Compiling powerfmt v0.2.0
[INFO] [stderr]    Compiling ref-cast v1.0.23
[INFO] [stderr]    Compiling base16ct v0.2.0
[INFO] [stderr]    Compiling regex v1.11.1
[INFO] [stderr]    Compiling Inflector v0.11.4
[INFO] [stderr]    Compiling ryu v1.0.18
[INFO] [stderr]    Compiling deranged v0.3.11
[INFO] [stderr]    Compiling cc v1.1.31
[INFO] [stderr]    Compiling regex-automata v0.1.10
[INFO] [stderr]    Compiling impl-trait-for-tuples v0.2.2
[INFO] [stderr]    Compiling ff v0.13.0
[INFO] [stderr]    Compiling time-core v0.1.2
[INFO] [stderr]    Compiling hex v0.4.3
[INFO] [stderr]    Compiling rustc-hex v2.1.0
[INFO] [stderr]    Compiling serde_derive v1.0.214
[INFO] [stderr]    Compiling zeroize_derive v1.4.2
[INFO] [stderr]    Compiling zerocopy-derive v0.7.35
[INFO] [stderr]    Compiling derive_more-impl v1.0.0
[INFO] [stderr]    Compiling derive-syn-parse v0.2.0
[INFO] [stderr]    Compiling zeroize v1.8.1
[INFO] [stderr]    Compiling curve25519-dalek-derive v0.1.1
[INFO] [stderr]    Compiling zerocopy v0.7.35
[INFO] [stderr]    Compiling der v0.7.9
[INFO] [stderr]    Compiling tracing-attributes v0.1.27
[INFO] [stderr]    Compiling derive_more v1.0.0
[INFO] [stderr]    Compiling sp-debug-derive v14.0.0
[INFO] [stderr]    Compiling ppv-lite86 v0.2.20
[INFO] [stderr]    Compiling sha2 v0.10.8
[INFO] [stderr]    Compiling signature v2.2.0
[INFO] [stderr]    Compiling hmac v0.12.1
[INFO] [stderr]    Compiling ref-cast-impl v1.0.23
[INFO] [stderr]    Compiling either v1.13.0
[INFO] [stderr]    Compiling rand_chacha v0.3.1
[INFO] [stderr]    Compiling num-conv v0.1.0
[INFO] [stderr]    Compiling futures-core v0.3.31
[INFO] [stderr]    Compiling bitcoin-internals v0.2.0
[INFO] [stderr]    Compiling overload v0.1.1
[INFO] [stderr]    Compiling futures-sink v0.3.31
[INFO] [stderr]    Compiling rand v0.8.5
[INFO] [stderr]    Compiling spki v0.7.3
[INFO] [stderr]    Compiling futures-channel v0.3.31
[INFO] [stderr]    Compiling nu-ansi-term v0.46.0
[INFO] [stderr]    Compiling pkcs8 v0.10.2
[INFO] [stderr]    Compiling time v0.3.36
[INFO] [stderr]    Compiling tracing v0.1.40
[INFO] [stderr]    Compiling crypto-mac v0.8.0
[INFO] [stderr]    Compiling crypto-bigint v0.5.5
[INFO] [stderr]    Compiling futures-macro v0.3.31
[INFO] [stderr]    Compiling secp256k1-sys v0.9.2
[INFO] [stderr]    Compiling group v0.13.0
[INFO] [stderr]    Compiling matchers v0.1.0
[INFO] [stderr]    Compiling tracing-log v0.2.0
[INFO] [stderr]    Compiling libsecp256k1-gen-genmult v0.3.0
[INFO] [stderr]    Compiling libsecp256k1-gen-ecmult v0.3.0
[INFO] [stderr]    Compiling sharded-slab v0.1.7
[INFO] [stderr]    Compiling thread_local v1.1.8
[INFO] [stderr]    Compiling lock_api v0.4.12
[INFO] [stderr]    Compiling futures-io v0.3.31
[INFO] [stderr]    Compiling sp-std v14.0.0
[INFO] [stderr]    Compiling futures-task v0.3.31
[INFO] [stderr]    Compiling tinyvec_macros v0.1.1
[INFO] [stderr]    Compiling unicode-xid v0.2.6
[INFO] [stderr]    Compiling base64ct v1.6.0
[INFO] [stderr]    Compiling hash-db v0.16.0
[INFO] [stderr]    Compiling parking_lot_core v0.9.10
[INFO] [stderr]    Compiling pin-utils v0.1.0
[INFO] [stderr]    Compiling futures-util v0.3.31
[INFO] [stderr]    Compiling tracing-subscriber v0.3.18
[INFO] [stderr]    Compiling tinyvec v1.8.0
[INFO] [stderr]    Compiling password-hash v0.5.0
[INFO] [stderr]    Compiling libsecp256k1 v0.7.1
[INFO] [stderr]    Compiling hmac v0.8.1
[INFO] [stderr]    Compiling getrandom_or_panic v0.0.3
[INFO] [stderr]    Compiling fixed-hash v0.8.0
[INFO] [stderr]    Compiling rfc6979 v0.4.0
[INFO] [stderr]    Compiling ed25519 v2.2.3
[INFO] [stderr]    Compiling block-buffer v0.9.0
[INFO] [stderr]    Compiling merlin v3.0.0
[INFO] [stderr]    Compiling uint v0.9.5
[INFO] [stderr]    Compiling num_cpus v1.16.0
[INFO] [stderr]    Compiling paste v1.0.15
[INFO] [stderr]    Compiling allocator-api2 v0.2.18
[INFO] [stderr]    Compiling opaque-debug v0.3.1
[INFO] [stderr]    Compiling scopeguard v1.2.0
[INFO] [stderr]    Compiling environmental v1.1.4
[INFO] [stderr]    Compiling hex-conservative v0.1.2
[INFO] [stderr]    Compiling thiserror v1.0.66
[INFO] [stderr]    Compiling hashbrown v0.14.5
[INFO] [stderr]    Compiling bitcoin_hashes v0.13.0
[INFO] [stderr]    Compiling sha2 v0.9.9
[INFO] [stderr]    Compiling serde_spanned v0.6.8
[INFO] [stderr]    Compiling toml_datetime v0.6.8
[INFO] [stderr]    Compiling impl-serde v0.4.0
[INFO] [stderr]    Compiling serdect v0.2.0
[INFO] [stderr]    Compiling toml_edit v0.22.22
[INFO] [stderr]    Compiling sec1 v0.7.3
[INFO] [stderr]    Compiling elliptic-curve v0.13.8
[INFO] [stderr]    Compiling serde_bytes v0.11.15
[INFO] [stderr]    Compiling futures-executor v0.3.31
[INFO] [stderr]    Compiling hmac-drbg v0.3.0
[INFO] [stderr]    Compiling unicode-normalization v0.1.22
[INFO] [stderr]    Compiling pbkdf2 v0.12.2
[INFO] [stderr]    Compiling schnorrkel v0.11.4
[INFO] [stderr]    Compiling ecdsa v0.16.9
[INFO] [stderr]    Compiling twox-hash v1.6.3
[INFO] [stderr]    Compiling itertools v0.11.0
[INFO] [stderr]    Compiling sha3 v0.10.8
[INFO] [stderr]    Compiling ss58-registry v1.51.0
[INFO] [stderr]    Compiling thiserror-impl v1.0.66
[INFO] [stderr]    Compiling dyn-clonable-impl v0.9.0
[INFO] [stderr]    Compiling blake2b_simd v1.0.2
[INFO] [stderr]    Compiling num-format v0.4.4
[INFO] [stderr]    Compiling same-file v1.0.6
[INFO] [stderr]    Compiling base64 v0.13.1
[INFO] [stderr]    Compiling dyn-clone v1.0.17
[INFO] [stderr]    Compiling proc-macro-crate v3.2.0
[INFO] [stderr]    Compiling dyn-clonable v0.9.0
[INFO] [stderr]    Compiling toml v0.8.19
[INFO] [stderr]    Compiling walkdir v2.5.0
[INFO] [stderr]    Compiling sp-crypto-hashing v0.1.0
[INFO] [stderr]    Compiling secp256k1 v0.28.2
[INFO] [stderr]    Compiling substrate-bip39 v0.6.0
[INFO] [stderr]    Compiling k256 v0.13.4
[INFO] [stderr]    Compiling parity-bip39 v2.0.1
[INFO] [stderr]    Compiling parking_lot v0.12.3
[INFO] [stderr]    Compiling futures v0.3.31
[INFO] [stderr]    Compiling ed25519-zebra v4.0.3
[INFO] [stderr]    Compiling secrecy v0.8.0
[INFO] [stderr]    Compiling hash256-std-hasher v0.15.2
[INFO] [stderr]    Compiling bitflags v1.3.2
[INFO] [stderr]    Compiling common-path v1.0.0
[INFO] [stderr]    Compiling rustversion v1.0.18
[INFO] [stderr]    Compiling array-bytes v6.2.3
[INFO] [stderr]    Compiling adler2 v2.0.0
[INFO] [stderr]    Compiling bs58 v0.5.1
[INFO] [stderr]    Compiling termcolor v1.4.1
[INFO] [stderr]    Compiling gimli v0.31.1
[INFO] [stderr]    Compiling miniz_oxide v0.8.0
[INFO] [stderr]    Compiling object v0.36.5
[INFO] [stderr]    Compiling parity-scale-codec-derive v3.6.12
[INFO] [stderr]    Compiling scale-info-derive v2.11.5
[INFO] [stderr]    Compiling sp-runtime-interface-proc-macro v18.0.0
[INFO] [stderr]    Compiling docify_macros v0.2.8
[INFO] [stderr]    Compiling num-traits v0.2.19
[INFO] [stderr]    Compiling hashbrown v0.13.2
[INFO] [stderr]    Compiling rustc-demangle v0.1.24
[INFO] [stderr]    Compiling schnellru v0.2.3
[INFO] [stderr]    Compiling docify v0.2.8
[INFO] [stderr]    Compiling trie-root v0.18.0
[INFO] [stderr]    Compiling memory-db v0.32.0
[INFO] [stderr]    Compiling trie-db v0.29.1
[INFO] [stderr]    Compiling nohash-hasher v0.2.0
[INFO] [stderr]    Compiling parity-scale-codec v3.6.12
[INFO] [stderr]    Compiling addr2line v0.24.2
[INFO] [stderr]    Compiling sp-io v38.0.0
[INFO] [stderr]    Compiling tiny-keccak v2.0.2
[INFO] [stderr]    Compiling ed25519-dalek v2.1.1
[INFO] [stderr]    Compiling integer-sqrt v0.1.5
[INFO] [stderr]    Compiling scale-info v2.11.5
[INFO] [stderr]    Compiling sp-storage v21.0.0
[INFO] [stderr]    Compiling impl-codec v0.6.0
[INFO] [stderr]    Compiling sp-wasm-interface v21.0.1
[INFO] [stderr]    Compiling sp-tracing v17.0.1
[INFO] [stderr]    Compiling sp-externalities v0.29.0
[INFO] [stderr]    Compiling backtrace v0.3.74
[INFO] [stderr]    Compiling const-random-macro v0.1.16
[INFO] [stderr]    Compiling primitive-types v0.12.2
[INFO] [stderr]    Compiling bounded-collections v0.2.1
[INFO] [stderr]    Compiling sp-panic-handler v13.0.0
[INFO] [stderr]    Compiling sp-arithmetic v26.0.0
[INFO] [stderr]    Compiling simple-mermaid v0.1.1
[INFO] [stderr]    Compiling const-random v0.1.18
[INFO] [stderr]    Compiling macro_magic_core_macros v0.5.1
[INFO] [stderr]    Compiling proc-macro-error-attr v1.0.4
[INFO] [stderr]    Compiling macro_magic_core v0.5.1
[INFO] [stderr]    Compiling sp-crypto-hashing-proc-macro v0.1.0
[INFO] [stderr]    Compiling frame-metadata v16.0.0
[INFO] [stderr]    Compiling proc-macro-error v1.0.4
[INFO] [stderr]    Compiling parity-wasm v0.45.0
[INFO] [stderr]    Compiling macro_magic_macros v0.5.1
[INFO] [stderr]    Compiling sp-version-proc-macro v14.0.0
[INFO] [stderr]    Compiling sp-api-proc-macro v20.0.0
[INFO] [stderr]    Compiling sp-runtime-interface v28.0.0
[INFO] [stderr]    Compiling sp-weights v31.0.0
[INFO] [stderr]    Compiling sp-metadata-ir v0.7.0
[INFO] [stderr]    Compiling sp-core v34.0.0
[INFO] [stderr]    Compiling frame-support-procedural-tools-derive v12.0.0
[INFO] [stderr]    Compiling include_dir_macros v0.7.4
[INFO] [stderr]    Compiling frame-support-procedural-tools v13.0.0
[INFO] [stderr]    Compiling include_dir v0.7.4
[INFO] [stderr]    Compiling macro_magic v0.5.1
[INFO] [stderr]    Compiling cfg-expr v0.15.8
[INFO] [stderr]    Compiling itertools v0.10.5
[INFO] [stderr]    Compiling async-trait v0.1.83
[INFO] [stderr]    Compiling proc-macro-warning v1.0.2
[INFO] [stderr]    Compiling tt-call v1.0.9
[INFO] [stderr]    Compiling frame-support-procedural v30.0.4
[INFO] [stderr]    Compiling sp-trie v37.0.0
[INFO] [stderr]    Compiling sp-keystore v0.40.0
[INFO] [stderr]    Compiling aquamarine v0.5.0
[INFO] [stderr]    Compiling sp-state-machine v0.43.0
[INFO] [stderr]    Compiling sp-application-crypto v38.0.0
[INFO] [stderr]    Compiling sp-runtime v39.0.2
[INFO] [stderr]    Compiling sp-version v37.0.0
[INFO] [stderr]    Compiling sp-inherents v34.0.0
[INFO] [stderr]    Compiling sp-staking v36.0.0
[INFO] [stderr]    Compiling sp-api v34.0.0
[INFO] [stderr]    Compiling sp-genesis-builder v0.15.1
[INFO] [stderr]    Compiling frame-support v38.0.0
[INFO] [stderr]    Compiling frame-system v38.0.0
[INFO] [stderr]    Compiling pallet-transaction-payment v38.0.0 (/opt/rustwide/workdir)
[INFO] [stderr]     Finished `dev` profile [unoptimized + debuginfo] target(s) in 3m 42s
[INFO] running `Command { std: "docker" "inspect" "48cb3b2bc5bd4689f0f3f35cb5d1113af5dfe39ea2c4f9d51940864b34b21eee", kill_on_drop: false }`
[INFO] running `Command { std: "docker" "rm" "-f" "48cb3b2bc5bd4689f0f3f35cb5d1113af5dfe39ea2c4f9d51940864b34b21eee", kill_on_drop: false }`
[INFO] [stdout] 48cb3b2bc5bd4689f0f3f35cb5d1113af5dfe39ea2c4f9d51940864b34b21eee
[INFO] running `Command { std: "docker" "create" "-v" "/var/lib/crater-agent-workspace/builds/worker-0-tc2/target:/opt/rustwide/target:rw,Z" "-v" "/var/lib/crater-agent-workspace/builds/worker-0-tc2/source:/opt/rustwide/workdir:ro,Z" "-v" "/var/lib/crater-agent-workspace/cargo-home:/opt/rustwide/cargo-home:ro,Z" "-v" "/var/lib/crater-agent-workspace/rustup-home:/opt/rustwide/rustup-home:ro,Z" "-e" "SOURCE_DIR=/opt/rustwide/workdir" "-e" "CARGO_TARGET_DIR=/opt/rustwide/target" "-e" "CARGO_INCREMENTAL=0" "-e" "RUST_BACKTRACE=full" "-e" "RUSTFLAGS=--cap-lints=forbid -Zrandomize-layout" "-e" "RUSTDOCFLAGS=--cap-lints=forbid" "-e" "CARGO_HOME=/opt/rustwide/cargo-home" "-e" "RUSTUP_HOME=/opt/rustwide/rustup-home" "-w" "/opt/rustwide/workdir" "-m" "1610612736" "--user" "0:0" "--network" "none" "ghcr.io/rust-lang/crates-build-env/linux@sha256:4a844ea9eb2546a2d2c7022eacef16ef2e8229c7fbb2c7d4d55a9ceca922f72d" "/opt/rustwide/cargo-home/bin/cargo" "+nightly-2024-10-28" "test" "--frozen" "--no-run" "--message-format=json", kill_on_drop: false }`
[INFO] [stdout] 5bc643bbe951667bab163e0c134e3601cd6a924e3d6b1a56299032001d1e0a15
[INFO] running `Command { std: "docker" "start" "-a" "5bc643bbe951667bab163e0c134e3601cd6a924e3d6b1a56299032001d1e0a15", kill_on_drop: false }`
[INFO] [stderr]    Compiling serde_json v1.0.132
[INFO] [stderr]    Compiling sp-genesis-builder v0.15.1
[INFO] [stderr]    Compiling frame-support v38.0.0
[INFO] [stderr]    Compiling frame-system v38.0.0
[INFO] [stderr]    Compiling pallet-transaction-payment v38.0.0 (/opt/rustwide/workdir)
[INFO] [stdout] error[E0432]: unresolved import `pallet_balances`
[INFO] [stdout]   --> src/mock.rs:28:5
[INFO] [stdout]    |
[INFO] [stdout] 28 | use pallet_balances::Call as BalancesCall;
[INFO] [stdout]    |     ^^^^^^^^^^^^^^^ use of undeclared crate or module `pallet_balances`
[INFO] [stdout] 
[INFO] [stdout] 
[INFO] [stdout] error[E0432]: unresolved import `pallet_balances`
[INFO] [stdout]   --> src/tests.rs:35:5
[INFO] [stdout]    |
[INFO] [stdout] 35 | use pallet_balances::Call as BalancesCall;
[INFO] [stdout]    |     ^^^^^^^^^^^^^^^ use of undeclared crate or module `pallet_balances`
[INFO] [stdout] 
[INFO] [stdout] 
[INFO] [stdout] error[E0433]: failed to resolve: use of undeclared crate or module `pallet_balances`
[INFO] [stdout]   --> src/mock.rs:76:15
[INFO] [stdout]    |
[INFO] [stdout] 76 | #[derive_impl(pallet_balances::config_preludes::TestDefaultConfig)]
[INFO] [stdout]    |               ^^^^^^^^^^^^^^^ use of undeclared crate or module `pallet_balances`
[INFO] [stdout] 
[INFO] [stdout] 
[INFO] [stdout] error[E0433]: failed to resolve: use of undeclared crate or module `pallet_balances`
[INFO] [stdout]   --> src/mock.rs:36:13
[INFO] [stdout]    |
[INFO] [stdout] 36 |         Balances: pallet_balances,
[INFO] [stdout]    |                   ^^^^^^^^^^^^^^^ use of undeclared crate or module `pallet_balances`
[INFO] [stdout] 
[INFO] [stdout] 
[INFO] [stdout] error[E0412]: cannot find type `Runtime` in this scope
[INFO] [stdout]   --> src/mock.rs:30:47
[INFO] [stdout]    |
[INFO] [stdout] 30 | type Block = frame_system::mocking::MockBlock<Runtime>;
[INFO] [stdout]    |                                               ^^^^^^^ not found in this scope
[INFO] [stdout]    |
[INFO] [stdout] help: you might be missing a type parameter
[INFO] [stdout]    |
[INFO] [stdout] 30 | type Block<Runtime> = frame_system::mocking::MockBlock<Runtime>;
[INFO] [stdout]    |           +++++++++
[INFO] [stdout] 
[INFO] [stdout] 
[INFO] [stdout] error[E0412]: cannot find type `Runtime` in this scope
[INFO] [stdout]   --> src/mock.rs:41:26
[INFO] [stdout]    |
[INFO] [stdout] 41 | pub(crate) const CALL: &<Runtime as frame_system::Config>::RuntimeCall =
[INFO] [stdout]    |                          ^^^^^^^ not found in this scope
[INFO] [stdout] 
[INFO] [stdout] 
[INFO] [stdout] error[E0412]: cannot find type `Runtime` in this scope
[INFO] [stdout]   --> src/mock.rs:70:31
[INFO] [stdout]    |
[INFO] [stdout] 70 | impl frame_system::Config for Runtime {
[INFO] [stdout]    |                               ^^^^^^^ not found in this scope
[INFO] [stdout] 
[INFO] [stdout] 
[INFO] [stdout] error[E0412]: cannot find type `RuntimeEvent` in this scope
[INFO] [stdout]   --> src/mock.rs:69:1
[INFO] [stdout]    |
[INFO] [stdout] 69 | #[derive_impl(frame_system::config_preludes::TestDefaultConfig)]
[INFO] [stdout]    | ^^^^^^^^^^^^^^^^^^^^^^^^^^^^^^^^^^^^^^^^^^^^^^^^^^^^^^^^^^^^^^^^
[INFO] [stdout]    |
[INFO] [stdout]    = note: this error originates in the macro `frame_system::config_preludes::TestDefaultConfig` which comes from the expansion of the macro `frame_support::macro_magic::forward_tokens_verbatim` (in Nightly builds, run with -Z macro-backtrace for more info)
[INFO] [stdout] help: you might have meant to use the associated type
[INFO] [stdout]   --> /opt/rustwide/cargo-home/registry/src/index.crates.io-6f17d22bba15001f/frame-system-38.0.0/src/lib.rs:308:9
[INFO] [stdout]    |
[INFO] [stdout] 308|             type Self::RuntimeEvent = ();
[INFO] [stdout]    |                  ++++++
[INFO] [stdout] 
[INFO] [stdout] 
[INFO] [stdout] error[E0412]: cannot find type `RuntimeOrigin` in this scope
[INFO] [stdout]   --> src/mock.rs:69:1
[INFO] [stdout]    |
[INFO] [stdout] 69 | #[derive_impl(frame_system::config_preludes::TestDefaultConfig)]
[INFO] [stdout]    | ^^^^^^^^^^^^^^^^^^^^^^^^^^^^^^^^^^^^^^^^^^^^^^^^^^^^^^^^^^^^^^^^
[INFO] [stdout]    |
[INFO] [stdout]    = note: this error originates in the macro `frame_system::config_preludes::TestDefaultConfig` which comes from the expansion of the macro `frame_support::macro_magic::forward_tokens_verbatim` (in Nightly builds, run with -Z macro-backtrace for more info)
[INFO] [stdout] help: you might have meant to use the associated type
[INFO] [stdout]   --> /opt/rustwide/cargo-home/registry/src/index.crates.io-6f17d22bba15001f/frame-system-38.0.0/src/lib.rs:310:9
[INFO] [stdout]    |
[INFO] [stdout] 310|             type Self::RuntimeOrigin = ();
[INFO] [stdout]    |                  ++++++
[INFO] [stdout] 
[INFO] [stdout] 
[INFO] [stdout] error[E0412]: cannot find type `RuntimeCall` in this scope
[INFO] [stdout]   --> src/mock.rs:69:1
[INFO] [stdout]    |
[INFO] [stdout] 69 | #[derive_impl(frame_system::config_preludes::TestDefaultConfig)]
[INFO] [stdout]    | ^^^^^^^^^^^^^^^^^^^^^^^^^^^^^^^^^^^^^^^^^^^^^^^^^^^^^^^^^^^^^^^^
[INFO] [stdout]    |
[INFO] [stdout]    = note: this error originates in the macro `frame_system::config_preludes::TestDefaultConfig` which comes from the expansion of the macro `frame_support::macro_magic::forward_tokens_verbatim` (in Nightly builds, run with -Z macro-backtrace for more info)
[INFO] [stdout] help: you might have meant to use the associated type
[INFO] [stdout]   --> /opt/rustwide/cargo-home/registry/src/index.crates.io-6f17d22bba15001f/frame-system-38.0.0/src/lib.rs:312:9
[INFO] [stdout]    |
[INFO] [stdout] 312|             type Self::RuntimeCall = ();
[INFO] [stdout]    |                  ++++++
[INFO] [stdout] 
[INFO] [stdout] 
[INFO] [stdout] error[E0412]: cannot find type `PalletInfo` in this scope
[INFO] [stdout]   --> src/mock.rs:69:1
[INFO] [stdout]    |
[INFO] [stdout] 69 | #[derive_impl(frame_system::config_preludes::TestDefaultConfig)]
[INFO] [stdout]    | ^^^^^^^^^^^^^^^^^^^^^^^^^^^^^^^^^^^^^^^^^^^^^^^^^^^^^^^^^^^^^^^^
[INFO] [stdout]    |
[INFO] [stdout]    = note: this error originates in the macro `frame_system::config_preludes::TestDefaultConfig` which comes from the expansion of the macro `frame_support::macro_magic::forward_tokens_verbatim` (in Nightly builds, run with -Z macro-backtrace for more info)
[INFO] [stdout] help: you might have meant to use the associated type
[INFO] [stdout]   --> /opt/rustwide/cargo-home/registry/src/index.crates.io-6f17d22bba15001f/frame-system-38.0.0/src/lib.rs:314:9
[INFO] [stdout]    |
[INFO] [stdout] 314|             type Self::PalletInfo = ();
[INFO] [stdout]    |                  ++++++
[INFO] [stdout] help: consider importing this trait
[INFO] [stdout]    |
[INFO] [stdout] 18 + use frame_support::traits::PalletInfo;
[INFO] [stdout]    |
[INFO] [stdout] 
[INFO] [stdout] 
[INFO] [stdout] error[E0412]: cannot find type `RuntimeTask` in this scope
[INFO] [stdout]   --> src/mock.rs:69:1
[INFO] [stdout]    |
[INFO] [stdout] 69 | #[derive_impl(frame_system::config_preludes::TestDefaultConfig)]
[INFO] [stdout]    | ^^^^^^^^^^^^^^^^^^^^^^^^^^^^^^^^^^^^^^^^^^^^^^^^^^^^^^^^^^^^^^^^
[INFO] [stdout]    |
[INFO] [stdout]    = note: this error originates in the macro `frame_system::config_preludes::TestDefaultConfig` which comes from the expansion of the macro `frame_support::macro_magic::forward_tokens_verbatim` (in Nightly builds, run with -Z macro-backtrace for more info)
[INFO] [stdout] help: you might have meant to use the associated type
[INFO] [stdout]   --> /opt/rustwide/cargo-home/registry/src/index.crates.io-6f17d22bba15001f/frame-system-38.0.0/src/lib.rs:316:9
[INFO] [stdout]    |
[INFO] [stdout] 316|             type Self::RuntimeTask = ();
[INFO] [stdout]    |                  ++++++
[INFO] [stdout] 
[INFO] [stdout] 
[INFO] [stdout] error[E0412]: cannot find type `Runtime` in this scope
[INFO] [stdout]    --> src/mock.rs:105:37
[INFO] [stdout]     |
[INFO] [stdout] 105 | impl OnUnbalanced<fungible::Credit<<Runtime as frame_system::Config>::AccountId, Balances>>
[INFO] [stdout]     |                                     ^^^^^^^ not found in this scope
[INFO] [stdout]     |
[INFO] [stdout] help: you might be missing a type parameter
[INFO] [stdout]     |
[INFO] [stdout] 105 | impl<Runtime> OnUnbalanced<fungible::Credit<<Runtime as frame_system::Config>::AccountId, Balances>>
[INFO] [stdout]     |     +++++++++
[INFO] [stdout] 
[INFO] [stdout] 
[INFO] [stdout] error[E0412]: cannot find type `Balances` in this scope
[INFO] [stdout]    --> src/mock.rs:105:82
[INFO] [stdout]     |
[INFO] [stdout] 105 | impl OnUnbalanced<fungible::Credit<<Runtime as frame_system::Config>::AccountId, Balances>>
[INFO] [stdout]     |                                                                                  ^^^^^^^^
[INFO] [stdout]     |
[INFO] [stdout]    ::: src/lib.rs:85:1
[INFO] [stdout]     |
[INFO] [stdout] 85  | type BalanceOf<T> = <<T as Config>::OnChargeTransaction as OnChargeTransaction<T>>::Balance;
[INFO] [stdout]     | -------------------------------------------------------------------------------------------- similarly named type alias `BalanceOf` defined here
[INFO] [stdout]     |
[INFO] [stdout] help: a type alias with a similar name exists
[INFO] [stdout]     |
[INFO] [stdout] 105 | impl OnUnbalanced<fungible::Credit<<Runtime as frame_system::Config>::AccountId, BalanceOf>>
[INFO] [stdout]     |                                                                                  ~~~~~~~~~
[INFO] [stdout] help: you might be missing a type parameter
[INFO] [stdout]     |
[INFO] [stdout] 105 | impl<Balances> OnUnbalanced<fungible::Credit<<Runtime as frame_system::Config>::AccountId, Balances>>
[INFO] [stdout]     |     ++++++++++
[INFO] [stdout] 
[INFO] [stdout] 
[INFO] [stdout] error[E0412]: cannot find type `Runtime` in this scope
[INFO] [stdout]    --> src/mock.rs:110:29
[INFO] [stdout]     |
[INFO] [stdout] 110 |             Item = fungible::Credit<<Runtime as frame_system::Config>::AccountId, Balances>,
[INFO] [stdout]     |                                      ^^^^^^^ not found in this scope
[INFO] [stdout]     |
[INFO] [stdout] help: you might be missing a type parameter
[INFO] [stdout]     |
[INFO] [stdout] 105 | impl<Runtime> OnUnbalanced<fungible::Credit<<Runtime as frame_system::Config>::AccountId, Balances>>
[INFO] [stdout]     |     +++++++++
[INFO] [stdout] 
[INFO] [stdout] 
[INFO] [stdout] error[E0412]: cannot find type `Balances` in this scope
[INFO] [stdout]    --> src/mock.rs:110:74
[INFO] [stdout]     |
[INFO] [stdout] 110 |             Item = fungible::Credit<<Runtime as frame_system::Config>::AccountId, Balances>,
[INFO] [stdout]     |                                                                                   ^^^^^^^^
[INFO] [stdout]     |
[INFO] [stdout]    ::: src/lib.rs:85:1
[INFO] [stdout]     |
[INFO] [stdout] 85  | type BalanceOf<T> = <<T as Config>::OnChargeTransaction as OnChargeTransaction<T>>::Balance;
[INFO] [stdout]     | -------------------------------------------------------------------------------------------- similarly named type alias `BalanceOf` defined here
[INFO] [stdout]     |
[INFO] [stdout] help: a type alias with a similar name exists
[INFO] [stdout]     |
[INFO] [stdout] 110 |             Item = fungible::Credit<<Runtime as frame_system::Config>::AccountId, BalanceOf>,
[INFO] [stdout]     |                                                                                   ~~~~~~~~~
[INFO] [stdout] help: you might be missing a type parameter
[INFO] [stdout]     |
[INFO] [stdout] 105 | impl<Balances> OnUnbalanced<fungible::Credit<<Runtime as frame_system::Config>::AccountId, Balances>>
[INFO] [stdout]     |     ++++++++++
[INFO] [stdout] 
[INFO] [stdout] 
[INFO] [stdout] error[E0412]: cannot find type `Runtime` in this scope
[INFO] [stdout]    --> src/mock.rs:122:17
[INFO] [stdout]     |
[INFO] [stdout] 122 | impl Config for Runtime {
[INFO] [stdout]     |                 ^^^^^^^ not found in this scope
[INFO] [stdout] 
[INFO] [stdout] 
[INFO] [stdout] error[E0412]: cannot find type `RuntimeEvent` in this scope
[INFO] [stdout]    --> src/mock.rs:123:22
[INFO] [stdout]     |
[INFO] [stdout] 123 |     type RuntimeEvent = RuntimeEvent;
[INFO] [stdout]     |                         ^^^^^^^^^^^^
[INFO] [stdout]     |
[INFO] [stdout] help: you might have meant to use the associated type
[INFO] [stdout]     |
[INFO] [stdout] 123 |     type RuntimeEvent = Self::RuntimeEvent;
[INFO] [stdout]     |                         ++++++
[INFO] [stdout] 
[INFO] [stdout] 
[INFO] [stdout] error[E0412]: cannot find type `Balances` in this scope
[INFO] [stdout]    --> src/mock.rs:124:45
[INFO] [stdout]     |
[INFO] [stdout] 124 |     type OnChargeTransaction = FungibleAdapter<Balances, DealWithFees>;
[INFO] [stdout]     |                                                ^^^^^^^^
[INFO] [stdout]     |
[INFO] [stdout]    ::: src/lib.rs:85:1
[INFO] [stdout]     |
[INFO] [stdout] 85  | type BalanceOf<T> = <<T as Config>::OnChargeTransaction as OnChargeTransaction<T>>::Balance;
[INFO] [stdout]     | -------------------------------------------------------------------------------------------- similarly named type alias `BalanceOf` defined here
[INFO] [stdout]     |
[INFO] [stdout] help: a type alias with a similar name exists
[INFO] [stdout]     |
[INFO] [stdout] 124 |     type OnChargeTransaction = FungibleAdapter<BalanceOf, DealWithFees>;
[INFO] [stdout]     |                                                ~~~~~~~~~
[INFO] [stdout] help: you might be missing a type parameter
[INFO] [stdout]     |
[INFO] [stdout] 122 | impl<Balances> Config for Runtime {
[INFO] [stdout]     |     ++++++++++
[INFO] [stdout] 
[INFO] [stdout] 
[INFO] [stdout] error[E0412]: cannot find type `Runtime` in this scope
[INFO] [stdout]   --> src/tests.rs:85:45
[INFO] [stdout]    |
[INFO] [stdout] 85 |         let mut t = frame_system::GenesisConfig::<Runtime>::default().build_storage().unwrap();
[INFO] [stdout]    |                                                   ^^^^^^^ not found in this scope
[INFO] [stdout]    |
[INFO] [stdout] help: you might be missing a type parameter
[INFO] [stdout]    |
[INFO] [stdout] 57 | impl<Runtime> ExtBuilder {
[INFO] [stdout]    |     +++++++++
[INFO] [stdout] 
[INFO] [stdout] 
[INFO] [stdout] error[E0412]: cannot find type `Runtime` in this scope
[INFO] [stdout]   --> src/tests.rs:86:36
[INFO] [stdout]    |
[INFO] [stdout] 86 |         pallet_balances::GenesisConfig::<Runtime> {
[INFO] [stdout]    |                                          ^^^^^^^ not found in this scope
[INFO] [stdout]    |
[INFO] [stdout] help: you might be missing a type parameter
[INFO] [stdout]    |
[INFO] [stdout] 57 | impl<Runtime> ExtBuilder {
[INFO] [stdout]    |     +++++++++
[INFO] [stdout] 
[INFO] [stdout] 
[INFO] [stdout] error[E0412]: cannot find type `Runtime` in this scope
[INFO] [stdout]    --> src/tests.rs:104:28
[INFO] [stdout]     |
[INFO] [stdout] 104 |             pallet::GenesisConfig::<Runtime> { multiplier, ..Default::default() }
[INFO] [stdout]     |                                     ^^^^^^^ not found in this scope
[INFO] [stdout]     |
[INFO] [stdout] help: you might be missing a type parameter
[INFO] [stdout]     |
[INFO] [stdout] 57  | impl<Runtime> ExtBuilder {
[INFO] [stdout]     |     +++++++++
[INFO] [stdout] 
[INFO] [stdout] 
[INFO] [stdout] error[E0412]: cannot find type `Runtime` in this scope
[INFO] [stdout]    --> src/tests.rs:139:41
[INFO] [stdout]     |
[INFO] [stdout] 139 |             let pre = ChargeTransactionPayment::<Runtime>::from(0)
[INFO] [stdout]     |                                                  ^^^^^^^ not found in this scope
[INFO] [stdout]     |
[INFO] [stdout] help: you might be missing a type parameter
[INFO] [stdout]     |
[INFO] [stdout] 132 | fn signed_extension_transaction_payment_work<Runtime>() {
[INFO] [stdout]     |                                             +++++++++
[INFO] [stdout] 
[INFO] [stdout] 
[INFO] [stdout] error[E0412]: cannot find type `Runtime` in this scope
[INFO] [stdout]    --> src/tests.rs:144:42
[INFO] [stdout]     |
[INFO] [stdout] 144 |             assert_ok!(ChargeTransactionPayment::<Runtime>::post_dispatch(
[INFO] [stdout]     |                                                   ^^^^^^^ not found in this scope
[INFO] [stdout]     |
[INFO] [stdout] help: you might be missing a type parameter
[INFO] [stdout]     |
[INFO] [stdout] 132 | fn signed_extension_transaction_payment_work<Runtime>() {
[INFO] [stdout]     |                                             +++++++++
[INFO] [stdout] 
[INFO] [stdout] 
[INFO] [stdout] error[E0412]: cannot find type `Runtime` in this scope
[INFO] [stdout]    --> src/tests.rs:157:41
[INFO] [stdout]     |
[INFO] [stdout] 157 |             let pre = ChargeTransactionPayment::<Runtime>::from(5 /* tipped */)
[INFO] [stdout]     |                                                  ^^^^^^^ not found in this scope
[INFO] [stdout]     |
[INFO] [stdout] help: you might be missing a type parameter
[INFO] [stdout]     |
[INFO] [stdout] 132 | fn signed_extension_transaction_payment_work<Runtime>() {
[INFO] [stdout]     |                                             +++++++++
[INFO] [stdout] 
[INFO] [stdout] 
[INFO] [stdout] error[E0412]: cannot find type `Runtime` in this scope
[INFO] [stdout]    --> src/tests.rs:162:42
[INFO] [stdout]     |
[INFO] [stdout] 162 |             assert_ok!(ChargeTransactionPayment::<Runtime>::post_dispatch(
[INFO] [stdout]     |                                                   ^^^^^^^ not found in this scope
[INFO] [stdout]     |
[INFO] [stdout] help: you might be missing a type parameter
[INFO] [stdout]     |
[INFO] [stdout] 132 | fn signed_extension_transaction_payment_work<Runtime>() {
[INFO] [stdout]     |                                             +++++++++
[INFO] [stdout] 
[INFO] [stdout] 
[INFO] [stdout] error[E0412]: cannot find type `Runtime` in this scope
[INFO] [stdout]    --> src/tests.rs:183:24
[INFO] [stdout]     |
[INFO] [stdout] 183 |             NextFeeMultiplier::<Runtime>::put(Multiplier::saturating_from_rational(3, 2));
[INFO] [stdout]     |                                 ^^^^^^^ not found in this scope
[INFO] [stdout]     |
[INFO] [stdout] help: you might be missing a type parameter
[INFO] [stdout]     |
[INFO] [stdout] 176 | fn signed_extension_transaction_payment_multiplied_refund_works<Runtime>() {
[INFO] [stdout]     |                                                                +++++++++
[INFO] [stdout] 
[INFO] [stdout] 
[INFO] [stdout] error[E0412]: cannot find type `Runtime` in this scope
[INFO] [stdout]    --> src/tests.rs:185:41
[INFO] [stdout]     |
[INFO] [stdout] 185 |             let pre = ChargeTransactionPayment::<Runtime>::from(5 /* tipped */)
[INFO] [stdout]     |                                                  ^^^^^^^ not found in this scope
[INFO] [stdout]     |
[INFO] [stdout] help: you might be missing a type parameter
[INFO] [stdout]     |
[INFO] [stdout] 176 | fn signed_extension_transaction_payment_multiplied_refund_works<Runtime>() {
[INFO] [stdout]     |                                                                +++++++++
[INFO] [stdout] 
[INFO] [stdout] 
[INFO] [stdout] error[E0412]: cannot find type `Runtime` in this scope
[INFO] [stdout]    --> src/tests.rs:191:42
[INFO] [stdout]     |
[INFO] [stdout] 191 |             assert_ok!(ChargeTransactionPayment::<Runtime>::post_dispatch(
[INFO] [stdout]     |                                                   ^^^^^^^ not found in this scope
[INFO] [stdout]     |
[INFO] [stdout] help: you might be missing a type parameter
[INFO] [stdout]     |
[INFO] [stdout] 176 | fn signed_extension_transaction_payment_multiplied_refund_works<Runtime>() {
[INFO] [stdout]     |                                                                +++++++++
[INFO] [stdout] 
[INFO] [stdout] 
[INFO] [stdout] error[E0412]: cannot find type `Runtime` in this scope
[INFO] [stdout]    --> src/tests.rs:207:41
[INFO] [stdout]     |
[INFO] [stdout] 207 |         assert_ok!(ChargeTransactionPayment::<Runtime>::from(0).pre_dispatch(
[INFO] [stdout]     |                                               ^^^^^^^ not found in this scope
[INFO] [stdout]     |
[INFO] [stdout] help: you might be missing a type parameter
[INFO] [stdout]     |
[INFO] [stdout] 204 | fn signed_extension_transaction_payment_is_bounded<Runtime>() {
[INFO] [stdout]     |                                                   +++++++++
[INFO] [stdout] 
[INFO] [stdout] 
[INFO] [stdout] error[E0412]: cannot find type `Runtime` in this scope
[INFO] [stdout]    --> src/tests.rs:216:14
[INFO] [stdout]     |
[INFO] [stdout] 216 |             (10000 - <Runtime as frame_system::Config>::BlockWeights::get().max_block.ref_time())
[INFO] [stdout]     |                       ^^^^^^^ not found in this scope
[INFO] [stdout] 
[INFO] [stdout] 
[INFO] [stdout] error[E0412]: cannot find type `Runtime` in this scope
[INFO] [stdout]    --> src/tests.rs:240:42
[INFO] [stdout]     |
[INFO] [stdout] 240 |             assert_ok!(ChargeTransactionPayment::<Runtime>::from(0).validate(
[INFO] [stdout]     |                                                   ^^^^^^^ not found in this scope
[INFO] [stdout]     |
[INFO] [stdout] help: you might be missing a type parameter
[INFO] [stdout]     |
[INFO] [stdout] 223 | fn signed_extension_allows_free_transactions<Runtime>() {
[INFO] [stdout]     |                                             +++++++++
[INFO] [stdout] 
[INFO] [stdout] 
[INFO] [stdout] error[E0412]: cannot find type `Runtime` in this scope
[INFO] [stdout]    --> src/tests.rs:254:32
[INFO] [stdout]     |
[INFO] [stdout] 254 |                 ChargeTransactionPayment::<Runtime>::from(0).validate(
[INFO] [stdout]     |                                            ^^^^^^^ not found in this scope
[INFO] [stdout]     |
[INFO] [stdout] help: you might be missing a type parameter
[INFO] [stdout]     |
[INFO] [stdout] 223 | fn signed_extension_allows_free_transactions<Runtime>() {
[INFO] [stdout]     |                                             +++++++++
[INFO] [stdout] 
[INFO] [stdout] 
[INFO] [stdout] error[E0412]: cannot find type `Runtime` in this scope
[INFO] [stdout]    --> src/tests.rs:273:24
[INFO] [stdout]     |
[INFO] [stdout] 273 |             NextFeeMultiplier::<Runtime>::put(Multiplier::saturating_from_rational(3, 2));
[INFO] [stdout]     |                                 ^^^^^^^ not found in this scope
[INFO] [stdout]     |
[INFO] [stdout] help: you might be missing a type parameter
[INFO] [stdout]     |
[INFO] [stdout] 266 | fn signed_ext_length_fee_is_also_updated_per_congestion<Runtime>() {
[INFO] [stdout]     |                                                        +++++++++
[INFO] [stdout] 
[INFO] [stdout] 
[INFO] [stdout] error[E0412]: cannot find type `Runtime` in this scope
[INFO] [stdout]    --> src/tests.rs:276:42
[INFO] [stdout]     |
[INFO] [stdout] 276 |             assert_ok!(ChargeTransactionPayment::<Runtime>::from(10) // tipped
[INFO] [stdout]     |                                                   ^^^^^^^ not found in this scope
[INFO] [stdout]     |
[INFO] [stdout] help: you might be missing a type parameter
[INFO] [stdout]     |
[INFO] [stdout] 266 | fn signed_ext_length_fee_is_also_updated_per_congestion<Runtime>() {
[INFO] [stdout]     |                                                        +++++++++
[INFO] [stdout] 
[INFO] [stdout] 
[INFO] [stdout] error[E0412]: cannot find type `Runtime` in this scope
[INFO] [stdout]    --> src/tests.rs:308:33
[INFO] [stdout]     |
[INFO] [stdout] 308 |             NextFeeMultiplier::<Runtime>::put(Multiplier::saturating_from_rational(3, 2));
[INFO] [stdout]     |                                 ^^^^^^^ not found in this scope
[INFO] [stdout]     |
[INFO] [stdout] help: you might be missing a type parameter
[INFO] [stdout]     |
[INFO] [stdout] 290 | fn query_info_and_fee_details_works<Runtime>() {
[INFO] [stdout]     |                                    +++++++++
[INFO] [stdout] 
[INFO] [stdout] 
[INFO] [stdout] error[E0412]: cannot find type `Runtime` in this scope
[INFO] [stdout]    --> src/tests.rs:365:33
[INFO] [stdout]     |
[INFO] [stdout] 365 |             NextFeeMultiplier::<Runtime>::put(Multiplier::saturating_from_rational(3, 2));
[INFO] [stdout]     |                                 ^^^^^^^ not found in this scope
[INFO] [stdout]     |
[INFO] [stdout] help: you might be missing a type parameter
[INFO] [stdout]     |
[INFO] [stdout] 353 | fn query_call_info_and_fee_details_works<Runtime>() {
[INFO] [stdout]     |                                         +++++++++
[INFO] [stdout] 
[INFO] [stdout] 
[INFO] [stdout] error[E0412]: cannot find type `Runtime` in this scope
[INFO] [stdout]    --> src/tests.rs:404:35
[INFO] [stdout]     |
[INFO] [stdout] 404 |             assert_eq!(NextFeeMultiplier::<Runtime>::get(), Multiplier::one());
[INFO] [stdout]     |                                            ^^^^^^^ not found in this scope
[INFO] [stdout]     |
[INFO] [stdout] help: you might be missing a type parameter
[INFO] [stdout]     |
[INFO] [stdout] 396 | fn compute_fee_works_without_multiplier<Runtime>() {
[INFO] [stdout]     |                                        +++++++++
[INFO] [stdout] 
[INFO] [stdout] 
[INFO] [stdout] error[E0412]: cannot find type `Runtime` in this scope
[INFO] [stdout]    --> src/tests.rs:412:24
[INFO] [stdout]     |
[INFO] [stdout] 412 |             assert_eq!(Pallet::<Runtime>::compute_fee(0, &dispatch_info, 10), 10);
[INFO] [stdout]     |                                 ^^^^^^^ not found in this scope
[INFO] [stdout]     |
[INFO] [stdout] help: you might be missing a type parameter
[INFO] [stdout]     |
[INFO] [stdout] 396 | fn compute_fee_works_without_multiplier<Runtime>() {
[INFO] [stdout]     |                                        +++++++++
[INFO] [stdout] 
[INFO] [stdout] 
[INFO] [stdout] error[E0412]: cannot find type `Runtime` in this scope
[INFO] [stdout]    --> src/tests.rs:419:24
[INFO] [stdout]     |
[INFO] [stdout] 419 |             assert_eq!(Pallet::<Runtime>::compute_fee(0, &dispatch_info, 0), 100);
[INFO] [stdout]     |                                 ^^^^^^^ not found in this scope
[INFO] [stdout]     |
[INFO] [stdout] help: you might be missing a type parameter
[INFO] [stdout]     |
[INFO] [stdout] 396 | fn compute_fee_works_without_multiplier<Runtime>() {
[INFO] [stdout]     |                                        +++++++++
[INFO] [stdout] 
[INFO] [stdout] 
[INFO] [stdout] error[E0412]: cannot find type `Runtime` in this scope
[INFO] [stdout]    --> src/tests.rs:421:24
[INFO] [stdout]     |
[INFO] [stdout] 421 |             assert_eq!(Pallet::<Runtime>::compute_fee(0, &dispatch_info, 69), 169);
[INFO] [stdout]     |                                 ^^^^^^^ not found in this scope
[INFO] [stdout]     |
[INFO] [stdout] help: you might be missing a type parameter
[INFO] [stdout]     |
[INFO] [stdout] 396 | fn compute_fee_works_without_multiplier<Runtime>() {
[INFO] [stdout]     |                                        +++++++++
[INFO] [stdout] 
[INFO] [stdout] 
[INFO] [stdout] error[E0412]: cannot find type `Runtime` in this scope
[INFO] [stdout]    --> src/tests.rs:423:24
[INFO] [stdout]     |
[INFO] [stdout] 423 |             assert_eq!(Pallet::<Runtime>::compute_fee(42, &dispatch_info, 0), 520);
[INFO] [stdout]     |                                 ^^^^^^^ not found in this scope
[INFO] [stdout]     |
[INFO] [stdout] help: you might be missing a type parameter
[INFO] [stdout]     |
[INFO] [stdout] 396 | fn compute_fee_works_without_multiplier<Runtime>() {
[INFO] [stdout]     |                                        +++++++++
[INFO] [stdout] 
[INFO] [stdout] 
[INFO] [stdout] error[E0412]: cannot find type `Runtime` in this scope
[INFO] [stdout]    --> src/tests.rs:430:24
[INFO] [stdout]     |
[INFO] [stdout] 430 |             assert_eq!(Pallet::<Runtime>::compute_fee(0, &dispatch_info, 0), 1100);
[INFO] [stdout]     |                                 ^^^^^^^ not found in this scope
[INFO] [stdout]     |
[INFO] [stdout] help: you might be missing a type parameter
[INFO] [stdout]     |
[INFO] [stdout] 396 | fn compute_fee_works_without_multiplier<Runtime>() {
[INFO] [stdout]     |                                        +++++++++
[INFO] [stdout] 
[INFO] [stdout] 
[INFO] [stdout] error[E0412]: cannot find type `Runtime` in this scope
[INFO] [stdout]    --> src/tests.rs:443:24
[INFO] [stdout]     |
[INFO] [stdout] 443 |             NextFeeMultiplier::<Runtime>::put(Multiplier::saturating_from_rational(3, 2));
[INFO] [stdout]     |                                 ^^^^^^^ not found in this scope
[INFO] [stdout]     |
[INFO] [stdout] help: you might be missing a type parameter
[INFO] [stdout]     |
[INFO] [stdout] 435 | fn compute_fee_works_with_multiplier<Runtime>() {
[INFO] [stdout]     |                                     +++++++++
[INFO] [stdout] 
[INFO] [stdout] 
[INFO] [stdout] error[E0412]: cannot find type `Runtime` in this scope
[INFO] [stdout]    --> src/tests.rs:450:24
[INFO] [stdout]     |
[INFO] [stdout] 450 |             assert_eq!(Pallet::<Runtime>::compute_fee(0, &dispatch_info, 0), 100);
[INFO] [stdout]     |                                 ^^^^^^^ not found in this scope
[INFO] [stdout]     |
[INFO] [stdout] help: you might be missing a type parameter
[INFO] [stdout]     |
[INFO] [stdout] 435 | fn compute_fee_works_with_multiplier<Runtime>() {
[INFO] [stdout]     |                                     +++++++++
[INFO] [stdout] 
[INFO] [stdout] 
[INFO] [stdout] error[E0412]: cannot find type `Runtime` in this scope
[INFO] [stdout]    --> src/tests.rs:460:14
[INFO] [stdout]     |
[INFO] [stdout] 460 |                 Pallet::<Runtime>::compute_fee(456, &dispatch_info, 789),
[INFO] [stdout]     |                          ^^^^^^^ not found in this scope
[INFO] [stdout]     |
[INFO] [stdout] help: you might be missing a type parameter
[INFO] [stdout]     |
[INFO] [stdout] 435 | fn compute_fee_works_with_multiplier<Runtime>() {
[INFO] [stdout]     |                                     +++++++++
[INFO] [stdout] 
[INFO] [stdout] 
[INFO] [stdout] error[E0412]: cannot find type `Runtime` in this scope
[INFO] [stdout]    --> src/tests.rs:475:24
[INFO] [stdout]     |
[INFO] [stdout] 475 |             NextFeeMultiplier::<Runtime>::put(Multiplier::saturating_from_rational(1, 2));
[INFO] [stdout]     |                                 ^^^^^^^ not found in this scope
[INFO] [stdout]     |
[INFO] [stdout] help: you might be missing a type parameter
[INFO] [stdout]     |
[INFO] [stdout] 467 | fn compute_fee_works_with_negative_multiplier<Runtime>() {
[INFO] [stdout]     |                                              +++++++++
[INFO] [stdout] 
[INFO] [stdout] 
[INFO] [stdout] error[E0412]: cannot find type `Runtime` in this scope
[INFO] [stdout]    --> src/tests.rs:483:24
[INFO] [stdout]     |
[INFO] [stdout] 483 |             assert_eq!(Pallet::<Runtime>::compute_fee(0, &dispatch_info, 0), 100);
[INFO] [stdout]     |                                 ^^^^^^^ not found in this scope
[INFO] [stdout]     |
[INFO] [stdout] help: you might be missing a type parameter
[INFO] [stdout]     |
[INFO] [stdout] 467 | fn compute_fee_works_with_negative_multiplier<Runtime>() {
[INFO] [stdout]     |                                              +++++++++
[INFO] [stdout] 
[INFO] [stdout] 
[INFO] [stdout] error[E0412]: cannot find type `Runtime` in this scope
[INFO] [stdout]    --> src/tests.rs:493:14
[INFO] [stdout]     |
[INFO] [stdout] 493 |                 Pallet::<Runtime>::compute_fee(456, &dispatch_info, 789),
[INFO] [stdout]     |                          ^^^^^^^ not found in this scope
[INFO] [stdout]     |
[INFO] [stdout] help: you might be missing a type parameter
[INFO] [stdout]     |
[INFO] [stdout] 467 | fn compute_fee_works_with_negative_multiplier<Runtime>() {
[INFO] [stdout]     |                                              +++++++++
[INFO] [stdout] 
[INFO] [stdout] 
[INFO] [stdout] error[E0412]: cannot find type `Runtime` in this scope
[INFO] [stdout]    --> src/tests.rs:514:14
[INFO] [stdout]     |
[INFO] [stdout] 514 |                 Pallet::<Runtime>::compute_fee(u32::MAX, &dispatch_info, u64::MAX),
[INFO] [stdout]     |                          ^^^^^^^ not found in this scope
[INFO] [stdout]     |
[INFO] [stdout] help: you might be missing a type parameter
[INFO] [stdout]     |
[INFO] [stdout] 500 | fn compute_fee_does_not_overflow<Runtime>() {
[INFO] [stdout]     |                                 +++++++++
[INFO] [stdout] 
[INFO] [stdout] 
[INFO] [stdout] error[E0433]: failed to resolve: use of undeclared type `System`
[INFO] [stdout]    --> src/tests.rs:528:4
[INFO] [stdout]     |
[INFO] [stdout] 528 |             System::set_block_number(10);
[INFO] [stdout]     |             ^^^^^^ use of undeclared type `System`
[INFO] [stdout]     |
[INFO] [stdout] help: consider importing this struct
[INFO] [stdout]     |
[INFO] [stdout] 18  + use std::alloc::System;
[INFO] [stdout]     |
[INFO] [stdout] 
[INFO] [stdout] 
[INFO] [stdout] error[E0412]: cannot find type `Runtime` in this scope
[INFO] [stdout]    --> src/tests.rs:530:41
[INFO] [stdout]     |
[INFO] [stdout] 530 |             let pre = ChargeTransactionPayment::<Runtime>::from(5 /* tipped */)
[INFO] [stdout]     |                                                  ^^^^^^^ not found in this scope
[INFO] [stdout]     |
[INFO] [stdout] help: you might be missing a type parameter
[INFO] [stdout]     |
[INFO] [stdout] 521 | fn refund_does_not_recreate_account<Runtime>() {
[INFO] [stdout]     |                                    +++++++++
[INFO] [stdout] 
[INFO] [stdout] 
[INFO] [stdout] error[E0412]: cannot find type `Runtime` in this scope
[INFO] [stdout]    --> src/tests.rs:543:42
[INFO] [stdout]     |
[INFO] [stdout] 543 |             assert_ok!(ChargeTransactionPayment::<Runtime>::post_dispatch(
[INFO] [stdout]     |                                                   ^^^^^^^ not found in this scope
[INFO] [stdout]     |
[INFO] [stdout] help: you might be missing a type parameter
[INFO] [stdout]     |
[INFO] [stdout] 521 | fn refund_does_not_recreate_account<Runtime>() {
[INFO] [stdout]     |                                    +++++++++
[INFO] [stdout] 
[INFO] [stdout] 
[INFO] [stdout] error[E0433]: failed to resolve: use of undeclared type `System`
[INFO] [stdout]    --> src/tests.rs:552:4
[INFO] [stdout]     |
[INFO] [stdout] 552 |             System::assert_has_event(RuntimeEvent::Balances(pallet_balances::Event::Transfer {
[INFO] [stdout]     |             ^^^^^^ use of undeclared type `System`
[INFO] [stdout]     |
[INFO] [stdout] help: consider importing this struct
[INFO] [stdout]     |
[INFO] [stdout] 18  + use std::alloc::System;
[INFO] [stdout]     |
[INFO] [stdout] 
[INFO] [stdout] 
[INFO] [stdout] error[E0433]: failed to resolve: use of undeclared crate or module `pallet_balances`
[INFO] [stdout]    --> src/tests.rs:552:52
[INFO] [stdout]     |
[INFO] [stdout] 552 |             System::assert_has_event(RuntimeEvent::Balances(pallet_balances::Event::Transfer {
[INFO] [stdout]     |                                                             ^^^^^^^^^^^^^^^ use of undeclared crate or module `pallet_balances`
[INFO] [stdout]     |
[INFO] [stdout] help: consider importing one of these enums
[INFO] [stdout]     |
[INFO] [stdout] 18  + use crate::Event;
[INFO] [stdout]     |
[INFO] [stdout] 18  + use crate::tests::system::Event;
[INFO] [stdout]     |
[INFO] [stdout] 18  + use frame_system::Event;
[INFO] [stdout]     |
[INFO] [stdout] help: if you import `Event`, refer to it directly
[INFO] [stdout]     |
[INFO] [stdout] 552 -             System::assert_has_event(RuntimeEvent::Balances(pallet_balances::Event::Transfer {
[INFO] [stdout] 552 +             System::assert_has_event(RuntimeEvent::Balances(Event::Transfer {
[INFO] [stdout]     |
[INFO] [stdout] 
[INFO] [stdout] 
[INFO] [stdout] error[E0433]: failed to resolve: use of undeclared type `System`
[INFO] [stdout]    --> src/tests.rs:558:4
[INFO] [stdout]     |
[INFO] [stdout] 558 |             System::assert_has_event(RuntimeEvent::System(system::Event::KilledAccount {
[INFO] [stdout]     |             ^^^^^^ use of undeclared type `System`
[INFO] [stdout]     |
[INFO] [stdout] help: consider importing this struct
[INFO] [stdout]     |
[INFO] [stdout] 18  + use std::alloc::System;
[INFO] [stdout]     |
[INFO] [stdout] 
[INFO] [stdout] 
[INFO] [stdout] error[E0412]: cannot find type `Runtime` in this scope
[INFO] [stdout]    --> src/tests.rs:572:41
[INFO] [stdout]     |
[INFO] [stdout] 572 |             let pre = ChargeTransactionPayment::<Runtime>::from(5 /* tipped */)
[INFO] [stdout]     |                                                  ^^^^^^^ not found in this scope
[INFO] [stdout]     |
[INFO] [stdout] help: you might be missing a type parameter
[INFO] [stdout]     |
[INFO] [stdout] 565 | fn actual_weight_higher_than_max_refunds_nothing<Runtime>() {
[INFO] [stdout]     |                                                 +++++++++
[INFO] [stdout] 
[INFO] [stdout] 
[INFO] [stdout] error[E0412]: cannot find type `Runtime` in this scope
[INFO] [stdout]    --> src/tests.rs:577:42
[INFO] [stdout]     |
[INFO] [stdout] 577 |             assert_ok!(ChargeTransactionPayment::<Runtime>::post_dispatch(
[INFO] [stdout]     |                                                   ^^^^^^^ not found in this scope
[INFO] [stdout]     |
[INFO] [stdout] help: you might be missing a type parameter
[INFO] [stdout]     |
[INFO] [stdout] 565 | fn actual_weight_higher_than_max_refunds_nothing<Runtime>() {
[INFO] [stdout]     |                                                 +++++++++
[INFO] [stdout] 
[INFO] [stdout] 
[INFO] [stdout] error[E0433]: failed to resolve: use of undeclared type `System`
[INFO] [stdout]    --> src/tests.rs:596:4
[INFO] [stdout]     |
[INFO] [stdout] 596 |             System::set_block_number(10);
[INFO] [stdout]     |             ^^^^^^ use of undeclared type `System`
[INFO] [stdout]     |
[INFO] [stdout] help: consider importing this struct
[INFO] [stdout]     |
[INFO] [stdout] 18  + use std::alloc::System;
[INFO] [stdout]     |
[INFO] [stdout] 
[INFO] [stdout] 
[INFO] [stdout] error[E0412]: cannot find type `Runtime` in this scope
[INFO] [stdout]    --> src/tests.rs:604:41
[INFO] [stdout]     |
[INFO] [stdout] 604 |             let pre = ChargeTransactionPayment::<Runtime>::from(0)
[INFO] [stdout]     |                                                  ^^^^^^^ not found in this scope
[INFO] [stdout]     |
[INFO] [stdout] help: you might be missing a type parameter
[INFO] [stdout]     |
[INFO] [stdout] 589 | fn zero_transfer_on_free_transaction<Runtime>() {
[INFO] [stdout]     |                                     +++++++++
[INFO] [stdout] 
[INFO] [stdout] 
[INFO] [stdout] error[E0412]: cannot find type `Runtime` in this scope
[INFO] [stdout]    --> src/tests.rs:608:42
[INFO] [stdout]     |
[INFO] [stdout] 608 |             assert_ok!(ChargeTransactionPayment::<Runtime>::post_dispatch(
[INFO] [stdout]     |                                                   ^^^^^^^ not found in this scope
[INFO] [stdout]     |
[INFO] [stdout] help: you might be missing a type parameter
[INFO] [stdout]     |
[INFO] [stdout] 589 | fn zero_transfer_on_free_transaction<Runtime>() {
[INFO] [stdout]     |                                     +++++++++
[INFO] [stdout] 
[INFO] [stdout] 
[INFO] [stdout] error[E0433]: failed to resolve: use of undeclared type `System`
[INFO] [stdout]    --> src/tests.rs:617:4
[INFO] [stdout]     |
[INFO] [stdout] 617 |             System::assert_has_event(RuntimeEvent::TransactionPayment(
[INFO] [stdout]     |             ^^^^^^ use of undeclared type `System`
[INFO] [stdout]     |
[INFO] [stdout] help: consider importing this struct
[INFO] [stdout]     |
[INFO] [stdout] 18  + use std::alloc::System;
[INFO] [stdout]     |
[INFO] [stdout] 
[INFO] [stdout] 
[INFO] [stdout] error[E0412]: cannot find type `Runtime` in this scope
[INFO] [stdout]    --> src/tests.rs:640:24
[INFO] [stdout]     |
[INFO] [stdout] 640 |             NextFeeMultiplier::<Runtime>::put(Multiplier::saturating_from_rational(5, 4));
[INFO] [stdout]     |                                 ^^^^^^^ not found in this scope
[INFO] [stdout]     |
[INFO] [stdout] help: you might be missing a type parameter
[INFO] [stdout]     |
[INFO] [stdout] 628 | fn refund_consistent_with_actual_weight<Runtime>() {
[INFO] [stdout]     |                                        +++++++++
[INFO] [stdout] 
[INFO] [stdout] 
[INFO] [stdout] error[E0412]: cannot find type `Runtime` in this scope
[INFO] [stdout]    --> src/tests.rs:642:41
[INFO] [stdout]     |
[INFO] [stdout] 642 |             let pre = ChargeTransactionPayment::<Runtime>::from(tip)
[INFO] [stdout]     |                                                  ^^^^^^^ not found in this scope
[INFO] [stdout]     |
[INFO] [stdout] help: you might be missing a type parameter
[INFO] [stdout]     |
[INFO] [stdout] 628 | fn refund_consistent_with_actual_weight<Runtime>() {
[INFO] [stdout]     |                                        +++++++++
[INFO] [stdout] 
[INFO] [stdout] 
[INFO] [stdout] error[E0412]: cannot find type `Runtime` in this scope
[INFO] [stdout]    --> src/tests.rs:646:31
[INFO] [stdout]     |
[INFO] [stdout] 646 |             ChargeTransactionPayment::<Runtime>::post_dispatch(
[INFO] [stdout]     |                                        ^^^^^^^ not found in this scope
[INFO] [stdout]     |
[INFO] [stdout] help: you might be missing a type parameter
[INFO] [stdout]     |
[INFO] [stdout] 628 | fn refund_consistent_with_actual_weight<Runtime>() {
[INFO] [stdout]     |                                        +++++++++
[INFO] [stdout] 
[INFO] [stdout] 
[INFO] [stdout] error[E0412]: cannot find type `Runtime` in this scope
[INFO] [stdout]    --> src/tests.rs:657:14
[INFO] [stdout]     |
[INFO] [stdout] 657 |                 Pallet::<Runtime>::compute_actual_fee(len as u32, &info, &post_info, tip);
[INFO] [stdout]     |                          ^^^^^^^ not found in this scope
[INFO] [stdout]     |
[INFO] [stdout] help: you might be missing a type parameter
[INFO] [stdout]     |
[INFO] [stdout] 628 | fn refund_consistent_with_actual_weight<Runtime>() {
[INFO] [stdout]     |                                        +++++++++
[INFO] [stdout] 
[INFO] [stdout] 
[INFO] [stdout] error[E0412]: cannot find type `Runtime` in this scope
[INFO] [stdout]    --> src/tests.rs:676:45
[INFO] [stdout]     |
[INFO] [stdout] 676 |         let priority = ChargeTransactionPayment::<Runtime>(tip)
[INFO] [stdout]     |                                                   ^^^^^^^ not found in this scope
[INFO] [stdout]     |
[INFO] [stdout] help: you might be missing a type parameter
[INFO] [stdout]     |
[INFO] [stdout] 666 | fn should_alter_operational_priority<Runtime>() {
[INFO] [stdout]     |                                     +++++++++
[INFO] [stdout] 
[INFO] [stdout] 
[INFO] [stdout] error[E0412]: cannot find type `Runtime` in this scope
[INFO] [stdout]    --> src/tests.rs:683:45
[INFO] [stdout]     |
[INFO] [stdout] 683 |         let priority = ChargeTransactionPayment::<Runtime>(2 * tip)
[INFO] [stdout]     |                                                   ^^^^^^^ not found in this scope
[INFO] [stdout]     |
[INFO] [stdout] help: you might be missing a type parameter
[INFO] [stdout]     |
[INFO] [stdout] 666 | fn should_alter_operational_priority<Runtime>() {
[INFO] [stdout]     |                                     +++++++++
[INFO] [stdout] 
[INFO] [stdout] 
[INFO] [stdout] error[E0412]: cannot find type `Runtime` in this scope
[INFO] [stdout]    --> src/tests.rs:697:45
[INFO] [stdout]     |
[INFO] [stdout] 697 |         let priority = ChargeTransactionPayment::<Runtime>(tip)
[INFO] [stdout]     |                                                   ^^^^^^^ not found in this scope
[INFO] [stdout]     |
[INFO] [stdout] help: you might be missing a type parameter
[INFO] [stdout]     |
[INFO] [stdout] 666 | fn should_alter_operational_priority<Runtime>() {
[INFO] [stdout]     |                                     +++++++++
[INFO] [stdout] 
[INFO] [stdout] 
[INFO] [stdout] error[E0412]: cannot find type `Runtime` in this scope
[INFO] [stdout]    --> src/tests.rs:703:45
[INFO] [stdout]     |
[INFO] [stdout] 703 |         let priority = ChargeTransactionPayment::<Runtime>(2 * tip)
[INFO] [stdout]     |                                                   ^^^^^^^ not found in this scope
[INFO] [stdout]     |
[INFO] [stdout] help: you might be missing a type parameter
[INFO] [stdout]     |
[INFO] [stdout] 666 | fn should_alter_operational_priority<Runtime>() {
[INFO] [stdout]     |                                     +++++++++
[INFO] [stdout] 
[INFO] [stdout] 
[INFO] [stdout] error[E0412]: cannot find type `Runtime` in this scope
[INFO] [stdout]    --> src/tests.rs:722:45
[INFO] [stdout]     |
[INFO] [stdout] 722 |         let priority = ChargeTransactionPayment::<Runtime>(tip)
[INFO] [stdout]     |                                                   ^^^^^^^ not found in this scope
[INFO] [stdout]     |
[INFO] [stdout] help: you might be missing a type parameter
[INFO] [stdout]     |
[INFO] [stdout] 712 | fn no_tip_has_some_priority<Runtime>() {
[INFO] [stdout]     |                            +++++++++
[INFO] [stdout] 
[INFO] [stdout] 
[INFO] [stdout] error[E0412]: cannot find type `Runtime` in this scope
[INFO] [stdout]    --> src/tests.rs:736:45
[INFO] [stdout]     |
[INFO] [stdout] 736 |         let priority = ChargeTransactionPayment::<Runtime>(tip)
[INFO] [stdout]     |                                                   ^^^^^^^ not found in this scope
[INFO] [stdout]     |
[INFO] [stdout] help: you might be missing a type parameter
[INFO] [stdout]     |
[INFO] [stdout] 712 | fn no_tip_has_some_priority<Runtime>() {
[INFO] [stdout]     |                            +++++++++
[INFO] [stdout] 
[INFO] [stdout] 
[INFO] [stdout] error[E0412]: cannot find type `Runtime` in this scope
[INFO] [stdout]    --> src/tests.rs:756:43
[INFO] [stdout]     |
[INFO] [stdout] 756 |             priority1 = ChargeTransactionPayment::<Runtime>(tip)
[INFO] [stdout]     |                                                    ^^^^^^^ not found in this scope
[INFO] [stdout]     |
[INFO] [stdout] help: you might be missing a type parameter
[INFO] [stdout]     |
[INFO] [stdout] 745 | fn higher_tip_have_higher_priority<Runtime>() {
[INFO] [stdout]     |                                   +++++++++
[INFO] [stdout] 
[INFO] [stdout] 
[INFO] [stdout] error[E0412]: cannot find type `Runtime` in this scope
[INFO] [stdout]    --> src/tests.rs:768:43
[INFO] [stdout]     |
[INFO] [stdout] 768 |             priority2 = ChargeTransactionPayment::<Runtime>(tip)
[INFO] [stdout]     |                                                    ^^^^^^^ not found in this scope
[INFO] [stdout]     |
[INFO] [stdout] help: you might be missing a type parameter
[INFO] [stdout]     |
[INFO] [stdout] 745 | fn higher_tip_have_higher_priority<Runtime>() {
[INFO] [stdout]     |                                   +++++++++
[INFO] [stdout] 
[INFO] [stdout] 
[INFO] [stdout] error[E0412]: cannot find type `Runtime` in this scope
[INFO] [stdout]    --> src/tests.rs:800:24
[INFO] [stdout]     |
[INFO] [stdout] 800 |             NextFeeMultiplier::<Runtime>::put(Multiplier::saturating_from_rational(5, 4));
[INFO] [stdout]     |                                 ^^^^^^^ not found in this scope
[INFO] [stdout]     |
[INFO] [stdout] help: you might be missing a type parameter
[INFO] [stdout]     |
[INFO] [stdout] 788 | fn post_info_can_change_pays_fee<Runtime>() {
[INFO] [stdout]     |                                 +++++++++
[INFO] [stdout] 
[INFO] [stdout] 
[INFO] [stdout] error[E0412]: cannot find type `Runtime` in this scope
[INFO] [stdout]    --> src/tests.rs:802:41
[INFO] [stdout]     |
[INFO] [stdout] 802 |             let pre = ChargeTransactionPayment::<Runtime>::from(tip)
[INFO] [stdout]     |                                                  ^^^^^^^ not found in this scope
[INFO] [stdout]     |
[INFO] [stdout] help: you might be missing a type parameter
[INFO] [stdout]     |
[INFO] [stdout] 788 | fn post_info_can_change_pays_fee<Runtime>() {
[INFO] [stdout]     |                                 +++++++++
[INFO] [stdout] 
[INFO] [stdout] 
[INFO] [stdout] error[E0412]: cannot find type `Runtime` in this scope
[INFO] [stdout]    --> src/tests.rs:806:31
[INFO] [stdout]     |
[INFO] [stdout] 806 |             ChargeTransactionPayment::<Runtime>::post_dispatch(
[INFO] [stdout]     |                                        ^^^^^^^ not found in this scope
[INFO] [stdout]     |
[INFO] [stdout] help: you might be missing a type parameter
[INFO] [stdout]     |
[INFO] [stdout] 788 | fn post_info_can_change_pays_fee<Runtime>() {
[INFO] [stdout]     |                                 +++++++++
[INFO] [stdout] 
[INFO] [stdout] 
[INFO] [stdout] error[E0412]: cannot find type `Runtime` in this scope
[INFO] [stdout]    --> src/tests.rs:817:14
[INFO] [stdout]     |
[INFO] [stdout] 817 |                 Pallet::<Runtime>::compute_actual_fee(len as u32, &info, &post_info, tip);
[INFO] [stdout]     |                          ^^^^^^^ not found in this scope
[INFO] [stdout]     |
[INFO] [stdout] help: you might be missing a type parameter
[INFO] [stdout]     |
[INFO] [stdout] 788 | fn post_info_can_change_pays_fee<Runtime>() {
[INFO] [stdout]     |                                 +++++++++
[INFO] [stdout] 
[INFO] [stdout] 
[INFO] [stdout] error[E0412]: cannot find type `Runtime` in this scope
[INFO] [stdout]    --> src/tests.rs:832:25
[INFO] [stdout]     |
[INFO] [stdout] 832 |                 NextFeeMultiplier::<Runtime>::get(),
[INFO] [stdout]     |                                     ^^^^^^^ not found in this scope
[INFO] [stdout]     |
[INFO] [stdout] help: you might be missing a type parameter
[INFO] [stdout]     |
[INFO] [stdout] 826 | fn genesis_config_works<Runtime>() {
[INFO] [stdout]     |                        +++++++++
[INFO] [stdout] 
[INFO] [stdout] 
[INFO] [stdout] error[E0412]: cannot find type `Runtime` in this scope
[INFO] [stdout]    --> src/tests.rs:841:34
[INFO] [stdout]     |
[INFO] [stdout] 841 |         assert_eq!(NextFeeMultiplier::<Runtime>::get(), Multiplier::saturating_from_integer(1));
[INFO] [stdout]     |                                        ^^^^^^^ not found in this scope
[INFO] [stdout]     |
[INFO] [stdout] help: you might be missing a type parameter
[INFO] [stdout]     |
[INFO] [stdout] 839 | fn genesis_default_works<Runtime>() {
[INFO] [stdout]     |                         +++++++++
[INFO] [stdout] 
[INFO] [stdout] 
[INFO] [stdout] warning: unused import: `crate as pallet_transaction_payment`
[INFO] [stdout]   --> src/mock.rs:19:5
[INFO] [stdout]    |
[INFO] [stdout] 19 | use crate as pallet_transaction_payment;
[INFO] [stdout]    |     ^^^^^^^^^^^^^^^^^^^^^^^^^^^^^^^^^^^
[INFO] [stdout]    |
[INFO] [stdout]    = note: `#[warn(unused_imports)]` on by default
[INFO] [stdout] 
[INFO] [stdout] 
[INFO] [stdout] warning: unused import: `frame_system as system`
[INFO] [stdout]   --> src/mock.rs:27:5
[INFO] [stdout]    |
[INFO] [stdout] 27 | use frame_system as system;
[INFO] [stdout]    |     ^^^^^^^^^^^^^^^^^^^^^^
[INFO] [stdout] 
[INFO] [stdout] 
[INFO] [stdout] warning: unused import: `traits::Currency`
[INFO] [stdout]   --> src/tests.rs:30:2
[INFO] [stdout]    |
[INFO] [stdout] 30 |     traits::Currency,
[INFO] [stdout]    |     ^^^^^^^^^^^^^^^^
[INFO] [stdout] 
[INFO] [stdout] 
[INFO] [stdout] error[E0433]: failed to resolve: use of undeclared type `RuntimeCall`
[INFO] [stdout]   --> src/mock.rs:42:3
[INFO] [stdout]    |
[INFO] [stdout] 42 |     &RuntimeCall::Balances(BalancesCall::transfer_allow_death { dest: 2, value: 69 });
[INFO] [stdout]    |      ^^^^^^^^^^^ use of undeclared type `RuntimeCall`
[INFO] [stdout] 
[INFO] [stdout] 
[INFO] [stdout] error[E0433]: failed to resolve: use of undeclared type `Balances`
[INFO] [stdout]    --> src/tests.rs:142:15
[INFO] [stdout]     |
[INFO] [stdout] 142 |             assert_eq!(Balances::free_balance(1), 100 - 5 - 5 - 10);
[INFO] [stdout]     |                        ^^^^^^^^
[INFO] [stdout]     |                        |
[INFO] [stdout]     |                        use of undeclared type `Balances`
[INFO] [stdout]     |                        help: a type alias with a similar name exists: `BalanceOf`
[INFO] [stdout] 
[INFO] [stdout] 
[INFO] [stdout] error[E0433]: failed to resolve: use of undeclared type `Balances`
[INFO] [stdout]    --> src/tests.rs:151:15
[INFO] [stdout]     |
[INFO] [stdout] 151 |             assert_eq!(Balances::free_balance(1), 100 - 5 - 5 - 10);
[INFO] [stdout]     |                        ^^^^^^^^
[INFO] [stdout]     |                        |
[INFO] [stdout]     |                        use of undeclared type `Balances`
[INFO] [stdout]     |                        help: a type alias with a similar name exists: `BalanceOf`
[INFO] [stdout] 
[INFO] [stdout] 
[INFO] [stdout] error[E0433]: failed to resolve: use of undeclared type `Balances`
[INFO] [stdout]    --> src/tests.rs:160:15
[INFO] [stdout]     |
[INFO] [stdout] 160 |             assert_eq!(Balances::free_balance(2), 200 - 5 - 10 - 100 - 5);
[INFO] [stdout]     |                        ^^^^^^^^
[INFO] [stdout]     |                        |
[INFO] [stdout]     |                        use of undeclared type `Balances`
[INFO] [stdout]     |                        help: a type alias with a similar name exists: `BalanceOf`
[INFO] [stdout] 
[INFO] [stdout] 
[INFO] [stdout] error[E0433]: failed to resolve: use of undeclared type `Balances`
[INFO] [stdout]    --> src/tests.rs:169:15
[INFO] [stdout]     |
[INFO] [stdout] 169 |             assert_eq!(Balances::free_balance(2), 200 - 5 - 10 - 50 - 5);
[INFO] [stdout]     |                        ^^^^^^^^
[INFO] [stdout]     |                        |
[INFO] [stdout]     |                        use of undeclared type `Balances`
[INFO] [stdout]     |                        help: a type alias with a similar name exists: `BalanceOf`
[INFO] [stdout] 
[INFO] [stdout] 
[INFO] [stdout] error[E0433]: failed to resolve: use of undeclared type `Balances`
[INFO] [stdout]    --> src/tests.rs:189:15
[INFO] [stdout]     |
[INFO] [stdout] 189 |             assert_eq!(Balances::free_balance(2), 200 - 5 - 10 - 150 - 5);
[INFO] [stdout]     |                        ^^^^^^^^
[INFO] [stdout]     |                        |
[INFO] [stdout]     |                        use of undeclared type `Balances`
[INFO] [stdout]     |                        help: a type alias with a similar name exists: `BalanceOf`
[INFO] [stdout] 
[INFO] [stdout] 
[INFO] [stdout] error[E0433]: failed to resolve: use of undeclared type `Balances`
[INFO] [stdout]    --> src/tests.rs:199:15
[INFO] [stdout]     |
[INFO] [stdout] 199 |             assert_eq!(Balances::free_balance(2), 200 - 5 - 10 - 75 - 5);
[INFO] [stdout]     |                        ^^^^^^^^
[INFO] [stdout]     |                        |
[INFO] [stdout]     |                        use of undeclared type `Balances`
[INFO] [stdout]     |                        help: a type alias with a similar name exists: `BalanceOf`
[INFO] [stdout] 
[INFO] [stdout] 
[INFO] [stdout] error[E0433]: failed to resolve: use of undeclared type `Balances`
[INFO] [stdout]    --> src/tests.rs:215:4
[INFO] [stdout]     |
[INFO] [stdout] 215 |             Balances::free_balance(&1),
[INFO] [stdout]     |             ^^^^^^^^
[INFO] [stdout]     |             |
[INFO] [stdout]     |             use of undeclared type `Balances`
[INFO] [stdout]     |             help: a type alias with a similar name exists: `BalanceOf`
[INFO] [stdout] 
[INFO] [stdout] 
[INFO] [stdout] error[E0433]: failed to resolve: use of undeclared type `Balances`
[INFO] [stdout]    --> src/tests.rs:230:15
[INFO] [stdout]     |
[INFO] [stdout] 230 |             assert_eq!(Balances::free_balance(1), 0);
[INFO] [stdout]     |                        ^^^^^^^^
[INFO] [stdout]     |                        |
[INFO] [stdout]     |                        use of undeclared type `Balances`
[INFO] [stdout]     |                        help: a type alias with a similar name exists: `BalanceOf`
[INFO] [stdout] 
[INFO] [stdout] 
[INFO] [stdout] error[E0433]: failed to resolve: use of undeclared type `Balances`
[INFO] [stdout]    --> src/tests.rs:279:5
[INFO] [stdout]     |
[INFO] [stdout] 279 |                 Balances::free_balance(1),
[INFO] [stdout]     |                 ^^^^^^^^
[INFO] [stdout]     |                 |
[INFO] [stdout]     |                 use of undeclared type `Balances`
[INFO] [stdout]     |                 help: a type alias with a similar name exists: `BalanceOf`
[INFO] [stdout] 
[INFO] [stdout] 
[INFO] [stdout] error[E0433]: failed to resolve: use of undeclared type `RuntimeCall`
[INFO] [stdout]    --> src/tests.rs:291:13
[INFO] [stdout]     |
[INFO] [stdout] 291 |     let call = RuntimeCall::Balances(BalancesCall::transfer_allow_death { dest: 2, value: 69 });
[INFO] [stdout]     |                ^^^^^^^^^^^ use of undeclared type `RuntimeCall`
[INFO] [stdout] 
[INFO] [stdout] 
[INFO] [stdout] error[E0433]: failed to resolve: use of undeclared type `TransactionPayment`
[INFO] [stdout]    --> src/tests.rs:311:17
[INFO] [stdout]     |
[INFO] [stdout] 311 |                 TransactionPayment::query_info(xt.clone(), len),
[INFO] [stdout]     |                 ^^^^^^^^^^^^^^^^^^
[INFO] [stdout]     |                 |
[INFO] [stdout]     |                 use of undeclared type `TransactionPayment`
[INFO] [stdout]     |                 help: a struct with a similar name exists: `ChargeTransactionPayment`
[INFO] [stdout] 
[INFO] [stdout] 
[INFO] [stdout] error[E0433]: failed to resolve: use of undeclared type `TransactionPayment`
[INFO] [stdout]    --> src/tests.rs:322:17
[INFO] [stdout]     |
[INFO] [stdout] 322 |                 TransactionPayment::query_info(unsigned_xt.clone(), len),
[INFO] [stdout]     |                 ^^^^^^^^^^^^^^^^^^
[INFO] [stdout]     |                 |
[INFO] [stdout]     |                 use of undeclared type `TransactionPayment`
[INFO] [stdout]     |                 help: a struct with a similar name exists: `ChargeTransactionPayment`
[INFO] [stdout] 
[INFO] [stdout] 
[INFO] [stdout] error[E0433]: failed to resolve: use of undeclared type `TransactionPayment`
[INFO] [stdout]    --> src/tests.rs:331:17
[INFO] [stdout]     |
[INFO] [stdout] 331 |                 TransactionPayment::query_fee_details(xt, len),
[INFO] [stdout]     |                 ^^^^^^^^^^^^^^^^^^
[INFO] [stdout]     |                 |
[INFO] [stdout]     |                 use of undeclared type `TransactionPayment`
[INFO] [stdout]     |                 help: a struct with a similar name exists: `ChargeTransactionPayment`
[INFO] [stdout] 
[INFO] [stdout] 
[INFO] [stdout] error[E0433]: failed to resolve: use of undeclared type `TransactionPayment`
[INFO] [stdout]    --> src/tests.rs:346:17
[INFO] [stdout]     |
[INFO] [stdout] 346 |                 TransactionPayment::query_fee_details(unsigned_xt, len),
[INFO] [stdout]     |                 ^^^^^^^^^^^^^^^^^^
[INFO] [stdout]     |                 |
[INFO] [stdout]     |                 use of undeclared type `TransactionPayment`
[INFO] [stdout]     |                 help: a struct with a similar name exists: `ChargeTransactionPayment`
[INFO] [stdout] 
[INFO] [stdout] 
[INFO] [stdout] error[E0433]: failed to resolve: use of undeclared type `RuntimeCall`
[INFO] [stdout]    --> src/tests.rs:354:13
[INFO] [stdout]     |
[INFO] [stdout] 354 |     let call = RuntimeCall::Balances(BalancesCall::transfer_allow_death { dest: 2, value: 69 });
[INFO] [stdout]     |                ^^^^^^^^^^^ use of undeclared type `RuntimeCall`
[INFO] [stdout] 
[INFO] [stdout] 
[INFO] [stdout] error[E0433]: failed to resolve: use of undeclared type `TransactionPayment`
[INFO] [stdout]    --> src/tests.rs:368:17
[INFO] [stdout]     |
[INFO] [stdout] 368 |                 TransactionPayment::query_call_info(call.clone(), len),
[INFO] [stdout]     |                 ^^^^^^^^^^^^^^^^^^
[INFO] [stdout]     |                 |
[INFO] [stdout]     |                 use of undeclared type `TransactionPayment`
[INFO] [stdout]     |                 help: a struct with a similar name exists: `ChargeTransactionPayment`
[INFO] [stdout] 
[INFO] [stdout] 
[INFO] [stdout] error[E0433]: failed to resolve: use of undeclared type `TransactionPayment`
[INFO] [stdout]    --> src/tests.rs:379:17
[INFO] [stdout]     |
[INFO] [stdout] 379 |                 TransactionPayment::query_call_fee_details(call, len),
[INFO] [stdout]     |                 ^^^^^^^^^^^^^^^^^^
[INFO] [stdout]     |                 |
[INFO] [stdout]     |                 use of undeclared type `TransactionPayment`
[INFO] [stdout]     |                 help: a struct with a similar name exists: `ChargeTransactionPayment`
[INFO] [stdout] 
[INFO] [stdout] 
[INFO] [stdout] error[E0433]: failed to resolve: use of undeclared type `Balances`
[INFO] [stdout]    --> src/tests.rs:533:15
[INFO] [stdout]     |
[INFO] [stdout] 533 |             assert_eq!(Balances::free_balance(2), 200 - 5 - 10 - 100 - 5);
[INFO] [stdout]     |                        ^^^^^^^^
[INFO] [stdout]     |                        |
[INFO] [stdout]     |                        use of undeclared type `Balances`
[INFO] [stdout]     |                        help: a type alias with a similar name exists: `BalanceOf`
[INFO] [stdout] 
[INFO] [stdout] 
[INFO] [stdout] error[E0433]: failed to resolve: use of undeclared type `Balances`
[INFO] [stdout]    --> src/tests.rs:536:15
[INFO] [stdout]     |
[INFO] [stdout] 536 |             assert_ok!(Balances::transfer_allow_death(
[INFO] [stdout]     |                        ^^^^^^^^
[INFO] [stdout]     |                        |
[INFO] [stdout]     |                        use of undeclared type `Balances`
[INFO] [stdout]     |                        help: a type alias with a similar name exists: `BalanceOf`
[INFO] [stdout] 
[INFO] [stdout] 
[INFO] [stdout] error[E0433]: failed to resolve: use of undeclared type `Balances`
[INFO] [stdout]    --> src/tests.rs:539:5
[INFO] [stdout]     |
[INFO] [stdout] 539 |                 Balances::free_balance(2)
[INFO] [stdout]     |                 ^^^^^^^^
[INFO] [stdout]     |                 |
[INFO] [stdout]     |                 use of undeclared type `Balances`
[INFO] [stdout]     |                 help: a type alias with a similar name exists: `BalanceOf`
[INFO] [stdout] 
[INFO] [stdout] 
[INFO] [stdout] error[E0433]: failed to resolve: use of undeclared type `Balances`
[INFO] [stdout]    --> src/tests.rs:541:15
[INFO] [stdout]     |
[INFO] [stdout] 541 |             assert_eq!(Balances::free_balance(2), 0);
[INFO] [stdout]     |                        ^^^^^^^^
[INFO] [stdout]     |                        |
[INFO] [stdout]     |                        use of undeclared type `Balances`
[INFO] [stdout]     |                        help: a type alias with a similar name exists: `BalanceOf`
[INFO] [stdout] 
[INFO] [stdout] 
[INFO] [stdout] error[E0433]: failed to resolve: use of undeclared type `Balances`
[INFO] [stdout]    --> src/tests.rs:550:15
[INFO] [stdout]     |
[INFO] [stdout] 550 |             assert_eq!(Balances::free_balance(2), 0);
[INFO] [stdout]     |                        ^^^^^^^^
[INFO] [stdout]     |                        |
[INFO] [stdout]     |                        use of undeclared type `Balances`
[INFO] [stdout]     |                        help: a type alias with a similar name exists: `BalanceOf`
[INFO] [stdout] 
[INFO] [stdout] 
[INFO] [stdout] error[E0433]: failed to resolve: use of undeclared type `RuntimeEvent`
[INFO] [stdout]    --> src/tests.rs:552:29
[INFO] [stdout]     |
[INFO] [stdout] 552 |             System::assert_has_event(RuntimeEvent::Balances(pallet_balances::Event::Transfer {
[INFO] [stdout]     |                                      ^^^^^^^^^^^^ use of undeclared type `RuntimeEvent`
[INFO] [stdout] 
[INFO] [stdout] 
[INFO] [stdout] error[E0433]: failed to resolve: use of undeclared type `RuntimeEvent`
[INFO] [stdout]    --> src/tests.rs:558:29
[INFO] [stdout]     |
[INFO] [stdout] 558 |             System::assert_has_event(RuntimeEvent::System(system::Event::KilledAccount {
[INFO] [stdout]     |                                      ^^^^^^^^^^^^ use of undeclared type `RuntimeEvent`
[INFO] [stdout] 
[INFO] [stdout] 
[INFO] [stdout] error[E0433]: failed to resolve: use of undeclared type `Balances`
[INFO] [stdout]    --> src/tests.rs:575:15
[INFO] [stdout]     |
[INFO] [stdout] 575 |             assert_eq!(Balances::free_balance(2), 200 - 5 - 10 - 100 - 5);
[INFO] [stdout]     |                        ^^^^^^^^
[INFO] [stdout]     |                        |
[INFO] [stdout]     |                        use of undeclared type `Balances`
[INFO] [stdout]     |                        help: a type alias with a similar name exists: `BalanceOf`
[INFO] [stdout] 
[INFO] [stdout] 
[INFO] [stdout] error[E0433]: failed to resolve: use of undeclared type `Balances`
[INFO] [stdout]    --> src/tests.rs:584:15
[INFO] [stdout]     |
[INFO] [stdout] 584 |             assert_eq!(Balances::free_balance(2), 200 - 5 - 10 - 100 - 5);
[INFO] [stdout]     |                        ^^^^^^^^
[INFO] [stdout]     |                        |
[INFO] [stdout]     |                        use of undeclared type `Balances`
[INFO] [stdout]     |                        help: a type alias with a similar name exists: `BalanceOf`
[INFO] [stdout] 
[INFO] [stdout] 
[INFO] [stdout] error[E0433]: failed to resolve: use of undeclared type `Balances`
[INFO] [stdout]    --> src/tests.rs:607:15
[INFO] [stdout]     |
[INFO] [stdout] 607 |             assert_eq!(Balances::total_balance(&user), 0);
[INFO] [stdout]     |                        ^^^^^^^^
[INFO] [stdout]     |                        |
[INFO] [stdout]     |                        use of undeclared type `Balances`
[INFO] [stdout]     |                        help: a type alias with a similar name exists: `BalanceOf`
[INFO] [stdout] 
[INFO] [stdout] 
[INFO] [stdout] error[E0433]: failed to resolve: use of undeclared type `Balances`
[INFO] [stdout]    --> src/tests.rs:615:15
[INFO] [stdout]     |
[INFO] [stdout] 615 |             assert_eq!(Balances::total_balance(&user), 0);
[INFO] [stdout]     |                        ^^^^^^^^
[INFO] [stdout]     |                        |
[INFO] [stdout]     |                        use of undeclared type `Balances`
[INFO] [stdout]     |                        help: a type alias with a similar name exists: `BalanceOf`
[INFO] [stdout] 
[INFO] [stdout] 
[INFO] [stdout] error[E0433]: failed to resolve: use of undeclared type `RuntimeEvent`
[INFO] [stdout]    --> src/tests.rs:617:29
[INFO] [stdout]     |
[INFO] [stdout] 617 |             System::assert_has_event(RuntimeEvent::TransactionPayment(
[INFO] [stdout]     |                                      ^^^^^^^^^^^^ use of undeclared type `RuntimeEvent`
[INFO] [stdout] 
[INFO] [stdout] 
[INFO] [stdout] error[E0433]: failed to resolve: use of undeclared type `Balances`
[INFO] [stdout]    --> src/tests.rs:636:23
[INFO] [stdout]     |
[INFO] [stdout] 636 |             let prev_balance = Balances::free_balance(2);
[INFO] [stdout]     |                                ^^^^^^^^
[INFO] [stdout]     |                                |
[INFO] [stdout]     |                                use of undeclared type `Balances`
[INFO] [stdout]     |                                help: a type alias with a similar name exists: `BalanceOf`
[INFO] [stdout] 
[INFO] [stdout] 
[INFO] [stdout] error[E0433]: failed to resolve: use of undeclared type `Balances`
[INFO] [stdout]    --> src/tests.rs:655:42
[INFO] [stdout]     |
[INFO] [stdout] 655 |             let refund_based_fee = prev_balance - Balances::free_balance(2);
[INFO] [stdout]     |                                                   ^^^^^^^^
[INFO] [stdout]     |                                                   |
[INFO] [stdout]     |                                                   use of undeclared type `Balances`
[INFO] [stdout]     |                                                   help: a type alias with a similar name exists: `BalanceOf`
[INFO] [stdout] 
[INFO] [stdout] 
[INFO] [stdout] error[E0433]: failed to resolve: use of undeclared type `Balances`
[INFO] [stdout]    --> src/tests.rs:796:23
[INFO] [stdout]     |
[INFO] [stdout] 796 |             let prev_balance = Balances::free_balance(2);
[INFO] [stdout]     |                                ^^^^^^^^
[INFO] [stdout]     |                                |
[INFO] [stdout]     |                                use of undeclared type `Balances`
[INFO] [stdout]     |                                help: a type alias with a similar name exists: `BalanceOf`
[INFO] [stdout] 
[INFO] [stdout] 
[INFO] [stdout] error[E0433]: failed to resolve: use of undeclared type `Balances`
[INFO] [stdout]    --> src/tests.rs:815:42
[INFO] [stdout]     |
[INFO] [stdout] 815 |             let refund_based_fee = prev_balance - Balances::free_balance(2);
[INFO] [stdout]     |                                                   ^^^^^^^^
[INFO] [stdout]     |                                                   |
[INFO] [stdout]     |                                                   use of undeclared type `Balances`
[INFO] [stdout]     |                                                   help: a type alias with a similar name exists: `BalanceOf`
[INFO] [stdout] 
[INFO] [stdout] 
[INFO] [stdout] error[E0433]: failed to resolve: use of undeclared crate or module `pallet_balances`
[INFO] [stdout]   --> src/mock.rs:73:21
[INFO] [stdout]    |
[INFO] [stdout] 73 |     type AccountData = pallet_balances::AccountData<Self::AccountId>;
[INFO] [stdout]    |                        ^^^^^^^^^^^^^^^ use of undeclared crate or module `pallet_balances`
[INFO] [stdout] 
[INFO] [stdout] 
[INFO] [stdout] error[E0433]: failed to resolve: use of undeclared crate or module `pallet_balances`
[INFO] [stdout]   --> src/tests.rs:86:3
[INFO] [stdout]    |
[INFO] [stdout] 86 |         pallet_balances::GenesisConfig::<Runtime> {
[INFO] [stdout]    |         ^^^^^^^^^^^^^^^ use of undeclared crate or module `pallet_balances`
[INFO] [stdout] 
[INFO] [stdout] 
[INFO] [stdout] Some errors have detailed explanations: E0412, E0432, E0433.
[INFO] [stdout] 
[INFO] [stdout] For more information about an error, try `rustc --explain E0412`.
[INFO] [stdout] 
[INFO] [stderr] error: could not compile `pallet-transaction-payment` (lib test) due to 116 previous errors; 3 warnings emitted
[INFO] running `Command { std: "docker" "inspect" "5bc643bbe951667bab163e0c134e3601cd6a924e3d6b1a56299032001d1e0a15", kill_on_drop: false }`
[INFO] running `Command { std: "docker" "rm" "-f" "5bc643bbe951667bab163e0c134e3601cd6a924e3d6b1a56299032001d1e0a15", kill_on_drop: false }`
[INFO] [stdout] 5bc643bbe951667bab163e0c134e3601cd6a924e3d6b1a56299032001d1e0a15
