[INFO] fetching crate pallet-parameters 0.9.0...
[INFO] testing pallet-parameters-0.9.0 against nightly-2024-10-28 for randomize-layout
[INFO] extracting crate pallet-parameters 0.9.0 into /workspace/builds/worker-2-tc1/source
[INFO] validating manifest of crates.io crate pallet-parameters 0.9.0 on toolchain nightly-2024-10-28
[INFO] running `Command { std: CARGO_HOME="/workspace/cargo-home" RUSTUP_HOME="/workspace/rustup-home" "/workspace/cargo-home/bin/cargo" "+nightly-2024-10-28" "metadata" "--manifest-path" "Cargo.toml" "--no-deps", kill_on_drop: false }`
[INFO] started tweaking crates.io crate pallet-parameters 0.9.0
[INFO] finished tweaking crates.io crate pallet-parameters 0.9.0
[INFO] tweaked toml for crates.io crate pallet-parameters 0.9.0 written to /workspace/builds/worker-2-tc1/source/Cargo.toml
[INFO] running `Command { std: CARGO_HOME="/workspace/cargo-home" RUSTUP_HOME="/workspace/rustup-home" "/workspace/cargo-home/bin/cargo" "+nightly-2024-10-28" "generate-lockfile" "--manifest-path" "Cargo.toml", kill_on_drop: false }`
[INFO] [stderr]     Updating crates.io index
[INFO] [stderr]      Locking 328 packages to latest compatible versions
[INFO] [stderr]       Adding unicode-normalization v0.1.22 (available: v0.1.24)
[INFO] running `Command { std: CARGO_HOME="/workspace/cargo-home" RUSTUP_HOME="/workspace/rustup-home" "/workspace/cargo-home/bin/cargo" "+nightly-2024-10-28" "fetch" "--manifest-path" "Cargo.toml", kill_on_drop: false }`
[INFO] running `Command { std: "docker" "create" "-v" "/var/lib/crater-agent-workspace/builds/worker-2-tc1/target:/opt/rustwide/target:rw,Z" "-v" "/var/lib/crater-agent-workspace/builds/worker-2-tc1/source:/opt/rustwide/workdir:ro,Z" "-v" "/var/lib/crater-agent-workspace/cargo-home:/opt/rustwide/cargo-home:ro,Z" "-v" "/var/lib/crater-agent-workspace/rustup-home:/opt/rustwide/rustup-home:ro,Z" "-e" "SOURCE_DIR=/opt/rustwide/workdir" "-e" "CARGO_TARGET_DIR=/opt/rustwide/target" "-e" "CARGO_HOME=/opt/rustwide/cargo-home" "-e" "RUSTUP_HOME=/opt/rustwide/rustup-home" "-w" "/opt/rustwide/workdir" "-m" "1610612736" "--user" "0:0" "--network" "none" "ghcr.io/rust-lang/crates-build-env/linux@sha256:4a844ea9eb2546a2d2c7022eacef16ef2e8229c7fbb2c7d4d55a9ceca922f72d" "/opt/rustwide/cargo-home/bin/cargo" "+nightly-2024-10-28" "metadata" "--no-deps" "--format-version=1", kill_on_drop: false }`
[INFO] [stdout] 9e265ed3b0a90c4b387209803fcaf5bb9257e62195c039749c18119a1e70fbf2
[INFO] running `Command { std: "docker" "start" "-a" "9e265ed3b0a90c4b387209803fcaf5bb9257e62195c039749c18119a1e70fbf2", kill_on_drop: false }`
[INFO] running `Command { std: "docker" "inspect" "9e265ed3b0a90c4b387209803fcaf5bb9257e62195c039749c18119a1e70fbf2", kill_on_drop: false }`
[INFO] running `Command { std: "docker" "rm" "-f" "9e265ed3b0a90c4b387209803fcaf5bb9257e62195c039749c18119a1e70fbf2", kill_on_drop: false }`
[INFO] [stdout] 9e265ed3b0a90c4b387209803fcaf5bb9257e62195c039749c18119a1e70fbf2
[INFO] running `Command { std: "docker" "create" "-v" "/var/lib/crater-agent-workspace/builds/worker-2-tc1/target:/opt/rustwide/target:rw,Z" "-v" "/var/lib/crater-agent-workspace/builds/worker-2-tc1/source:/opt/rustwide/workdir:ro,Z" "-v" "/var/lib/crater-agent-workspace/cargo-home:/opt/rustwide/cargo-home:ro,Z" "-v" "/var/lib/crater-agent-workspace/rustup-home:/opt/rustwide/rustup-home:ro,Z" "-e" "SOURCE_DIR=/opt/rustwide/workdir" "-e" "CARGO_TARGET_DIR=/opt/rustwide/target" "-e" "CARGO_INCREMENTAL=0" "-e" "RUST_BACKTRACE=full" "-e" "RUSTFLAGS=--cap-lints=forbid" "-e" "RUSTDOCFLAGS=--cap-lints=forbid" "-e" "CARGO_HOME=/opt/rustwide/cargo-home" "-e" "RUSTUP_HOME=/opt/rustwide/rustup-home" "-w" "/opt/rustwide/workdir" "-m" "1610612736" "--user" "0:0" "--network" "none" "ghcr.io/rust-lang/crates-build-env/linux@sha256:4a844ea9eb2546a2d2c7022eacef16ef2e8229c7fbb2c7d4d55a9ceca922f72d" "/opt/rustwide/cargo-home/bin/cargo" "+nightly-2024-10-28" "build" "--frozen" "--message-format=json", kill_on_drop: false }`
[INFO] [stdout] 5dbcd046b108783c698e6546d4224e468a3bce45d24be7ba4cbc5204eb97bea6
[INFO] running `Command { std: "docker" "start" "-a" "5dbcd046b108783c698e6546d4224e468a3bce45d24be7ba4cbc5204eb97bea6", kill_on_drop: false }`
[INFO] [stderr]    Compiling regex-syntax v0.8.5
[INFO] [stderr]    Compiling syn v2.0.86
[INFO] [stderr]    Compiling impl-trait-for-tuples v0.2.2
[INFO] [stderr]    Compiling matchers v0.1.0
[INFO] [stderr]    Compiling secp256k1-sys v0.9.2
[INFO] [stderr]    Compiling dyn-clonable-impl v0.9.0
[INFO] [stderr]    Compiling base64 v0.13.1
[INFO] [stderr]    Compiling dyn-clone v1.0.17
[INFO] [stderr]    Compiling same-file v1.0.6
[INFO] [stderr]    Compiling parking_lot v0.12.3
[INFO] [stderr]    Compiling hash256-std-hasher v0.15.2
[INFO] [stderr]    Compiling bs58 v0.5.1
[INFO] [stderr]    Compiling common-path v1.0.0
[INFO] [stderr]    Compiling termcolor v1.4.1
[INFO] [stderr]    Compiling array-bytes v6.2.3
[INFO] [stderr]    Compiling num-traits v0.2.19
[INFO] [stderr]    Compiling hashbrown v0.13.2
[INFO] [stderr]    Compiling memory-db v0.32.0
[INFO] [stderr]    Compiling walkdir v2.5.0
[INFO] [stderr]    Compiling secp256k1 v0.28.2
[INFO] [stderr]    Compiling trie-db v0.29.1
[INFO] [stderr]    Compiling trie-root v0.18.0
[INFO] [stderr]    Compiling nohash-hasher v0.2.0
[INFO] [stderr]    Compiling sp-io v38.0.0
[INFO] [stderr]    Compiling tiny-keccak v2.0.2
[INFO] [stderr]    Compiling arrayvec v0.7.6
[INFO] [stderr]    Compiling dyn-clonable v0.9.0
[INFO] [stderr]    Compiling sha2 v0.10.8
[INFO] [stderr]    Compiling sha3 v0.10.8
[INFO] [stderr]    Compiling simple-mermaid v0.1.1
[INFO] [stderr]    Compiling parity-wasm v0.45.0
[INFO] [stderr]    Compiling serde_json v1.0.132
[INFO] [stderr]    Compiling blake2b_simd v1.0.2
[INFO] [stderr]    Compiling include_dir_macros v0.7.4
[INFO] [stderr]    Compiling smallvec v1.13.2
[INFO] [stderr]    Compiling proc-macro-error v1.0.4
[INFO] [stderr]    Compiling itertools v0.10.5
[INFO] [stderr]    Compiling tt-call v1.0.9
[INFO] [stderr]    Compiling const-random-macro v0.1.16
[INFO] [stderr]    Compiling cfg-expr v0.15.8
[INFO] [stderr]    Compiling include_dir v0.7.4
[INFO] [stderr]    Compiling integer-sqrt v0.1.5
[INFO] [stderr]    Compiling const-random v0.1.18
[INFO] [stderr]    Compiling regex-automata v0.4.8
[INFO] [stderr]    Compiling prettyplease v0.2.25
[INFO] [stderr]    Compiling proc-macro-warning v1.0.2
[INFO] [stderr]    Compiling regex v1.11.1
[INFO] [stderr]    Compiling expander v2.2.1
[INFO] [stderr]    Compiling Inflector v0.11.4
[INFO] [stderr]    Compiling serde_derive v1.0.214
[INFO] [stderr]    Compiling zeroize_derive v1.4.2
[INFO] [stderr]    Compiling zerocopy-derive v0.7.35
[INFO] [stderr]    Compiling derive_more-impl v1.0.0
[INFO] [stderr]    Compiling curve25519-dalek-derive v0.1.1
[INFO] [stderr]    Compiling derive-syn-parse v0.2.0
[INFO] [stderr]    Compiling ref-cast-impl v1.0.23
[INFO] [stderr]    Compiling sp-debug-derive v14.0.0
[INFO] [stderr]    Compiling tracing-attributes v0.1.27
[INFO] [stderr]    Compiling futures-macro v0.3.31
[INFO] [stderr]    Compiling thiserror-impl v1.0.66
[INFO] [stderr]    Compiling sp-panic-handler v13.0.0
[INFO] [stderr]    Compiling ref-cast v1.0.23
[INFO] [stderr]    Compiling zeroize v1.8.1
[INFO] [stderr]    Compiling macro_magic_core_macros v0.5.1
[INFO] [stderr]    Compiling frame-support-procedural-tools-derive v12.0.0
[INFO] [stderr]    Compiling generic-array v0.14.7
[INFO] [stderr]    Compiling der v0.7.9
[INFO] [stderr]    Compiling merlin v3.0.0
[INFO] [stderr]    Compiling secrecy v0.8.0
[INFO] [stderr]    Compiling macro_magic_core v0.5.1
[INFO] [stderr]    Compiling zerocopy v0.7.35
[INFO] [stderr]    Compiling async-trait v0.1.83
[INFO] [stderr]    Compiling aquamarine v0.5.0
[INFO] [stderr]    Compiling futures-util v0.3.31
[INFO] [stderr]    Compiling derive_more v1.0.0
[INFO] [stderr]    Compiling block-buffer v0.10.4
[INFO] [stderr]    Compiling crypto-common v0.1.6
[INFO] [stderr]    Compiling digest v0.9.0
[INFO] [stderr]    Compiling crypto-mac v0.8.0
[INFO] [stderr]    Compiling crypto-bigint v0.5.5
[INFO] [stderr]    Compiling block-buffer v0.9.0
[INFO] [stderr]    Compiling digest v0.10.7
[INFO] [stderr]    Compiling hmac v0.8.1
[INFO] [stderr]    Compiling sha2 v0.9.9
[INFO] [stderr]    Compiling tracing v0.1.40
[INFO] [stderr]    Compiling libsecp256k1-core v0.3.0
[INFO] [stderr]    Compiling thiserror v1.0.66
[INFO] [stderr]    Compiling hmac-drbg v0.3.0
[INFO] [stderr]    Compiling macro_magic_macros v0.5.1
[INFO] [stderr]    Compiling signature v2.2.0
[INFO] [stderr]    Compiling hmac v0.12.1
[INFO] [stderr]    Compiling curve25519-dalek v4.1.3
[INFO] [stderr]    Compiling pbkdf2 v0.12.2
[INFO] [stderr]    Compiling ed25519 v2.2.3
[INFO] [stderr]    Compiling tracing-subscriber v0.3.18
[INFO] [stderr]    Compiling blake2 v0.10.6
[INFO] [stderr]    Compiling rfc6979 v0.4.0
[INFO] [stderr]    Compiling ppv-lite86 v0.2.20
[INFO] [stderr]    Compiling ahash v0.8.11
[INFO] [stderr]    Compiling macro_magic v0.5.1
[INFO] [stderr]    Compiling hashbrown v0.14.5
[INFO] [stderr]    Compiling schnellru v0.2.3
[INFO] [stderr]    Compiling rand_chacha v0.3.1
[INFO] [stderr]    Compiling spki v0.7.3
[INFO] [stderr]    Compiling rand v0.8.5
[INFO] [stderr]    Compiling pkcs8 v0.10.2
[INFO] [stderr]    Compiling ed25519-dalek v2.1.1
[INFO] [stderr]    Compiling ed25519-zebra v4.0.3
[INFO] [stderr]    Compiling twox-hash v1.6.3
[INFO] [stderr]    Compiling getrandom_or_panic v0.0.3
[INFO] [stderr]    Compiling fixed-hash v0.8.0
[INFO] [stderr]    Compiling serde v1.0.214
[INFO] [stderr]    Compiling sp-crypto-hashing v0.1.0
[INFO] [stderr]    Compiling futures-executor v0.3.31
[INFO] [stderr]    Compiling sp-crypto-hashing-proc-macro v0.1.0
[INFO] [stderr]    Compiling futures v0.3.31
[INFO] [stderr]    Compiling serdect v0.2.0
[INFO] [stderr]    Compiling impl-serde v0.4.0
[INFO] [stderr]    Compiling serde_bytes v0.11.15
[INFO] [stderr]    Compiling libsecp256k1 v0.7.1
[INFO] [stderr]    Compiling parity-bip39 v2.0.1
[INFO] [stderr]    Compiling serde_spanned v0.6.8
[INFO] [stderr]    Compiling toml_datetime v0.6.8
[INFO] [stderr]    Compiling sec1 v0.7.3
[INFO] [stderr]    Compiling schnorrkel v0.11.4
[INFO] [stderr]    Compiling toml_edit v0.22.22
[INFO] [stderr]    Compiling elliptic-curve v0.13.8
[INFO] [stderr]    Compiling ecdsa v0.16.9
[INFO] [stderr]    Compiling substrate-bip39 v0.6.0
[INFO] [stderr]    Compiling k256 v0.13.4
[INFO] [stderr]    Compiling ss58-registry v1.51.0
[INFO] [stderr]    Compiling proc-macro-crate v3.2.0
[INFO] [stderr]    Compiling toml v0.8.19
[INFO] [stderr]    Compiling frame-support-procedural-tools v13.0.0
[INFO] [stderr]    Compiling parity-scale-codec-derive v3.6.12
[INFO] [stderr]    Compiling scale-info-derive v2.11.5
[INFO] [stderr]    Compiling sp-runtime-interface-proc-macro v18.0.0
[INFO] [stderr]    Compiling sp-api-proc-macro v20.0.0
[INFO] [stderr]    Compiling frame-support-procedural v30.0.4
[INFO] [stderr]    Compiling docify_macros v0.2.8
[INFO] [stderr]    Compiling parity-scale-codec v3.6.12
[INFO] [stderr]    Compiling docify v0.2.8
[INFO] [stderr]    Compiling sp-version-proc-macro v14.0.0
[INFO] [stderr]    Compiling scale-info v2.11.5
[INFO] [stderr]    Compiling sp-storage v21.0.0
[INFO] [stderr]    Compiling impl-codec v0.6.0
[INFO] [stderr]    Compiling sp-tracing v17.0.1
[INFO] [stderr]    Compiling sp-wasm-interface v21.0.1
[INFO] [stderr]    Compiling sp-externalities v0.29.0
[INFO] [stderr]    Compiling bounded-collections v0.2.1
[INFO] [stderr]    Compiling primitive-types v0.12.2
[INFO] [stderr]    Compiling sp-arithmetic v26.0.0
[INFO] [stderr]    Compiling frame-metadata v16.0.0
[INFO] [stderr]    Compiling sp-metadata-ir v0.7.0
[INFO] [stderr]    Compiling sp-weights v31.0.0
[INFO] [stderr]    Compiling sp-runtime-interface v28.0.0
[INFO] [stderr]    Compiling sp-core v34.0.0
[INFO] [stderr]    Compiling sp-trie v37.0.0
[INFO] [stderr]    Compiling sp-keystore v0.40.0
[INFO] [stderr]    Compiling sp-state-machine v0.43.0
[INFO] [stderr]    Compiling sp-application-crypto v38.0.0
[INFO] [stderr]    Compiling sp-runtime v39.0.2
[INFO] [stderr]    Compiling sp-version v37.0.0
[INFO] [stderr]    Compiling sp-inherents v34.0.0
[INFO] [stderr]    Compiling sp-staking v36.0.0
[INFO] [stderr]    Compiling sp-api v34.0.0
[INFO] [stderr]    Compiling sp-genesis-builder v0.15.1
[INFO] [stderr]    Compiling frame-support v38.0.0
[INFO] [stderr]    Compiling frame-system v38.0.0
[INFO] [stderr]    Compiling pallet-parameters v0.9.0 (/opt/rustwide/workdir)
[INFO] [stderr]     Finished `dev` profile [unoptimized + debuginfo] target(s) in 51.85s
[INFO] running `Command { std: "docker" "inspect" "5dbcd046b108783c698e6546d4224e468a3bce45d24be7ba4cbc5204eb97bea6", kill_on_drop: false }`
[INFO] running `Command { std: "docker" "rm" "-f" "5dbcd046b108783c698e6546d4224e468a3bce45d24be7ba4cbc5204eb97bea6", kill_on_drop: false }`
[INFO] [stdout] 5dbcd046b108783c698e6546d4224e468a3bce45d24be7ba4cbc5204eb97bea6
[INFO] running `Command { std: "docker" "create" "-v" "/var/lib/crater-agent-workspace/builds/worker-2-tc1/target:/opt/rustwide/target:rw,Z" "-v" "/var/lib/crater-agent-workspace/builds/worker-2-tc1/source:/opt/rustwide/workdir:ro,Z" "-v" "/var/lib/crater-agent-workspace/cargo-home:/opt/rustwide/cargo-home:ro,Z" "-v" "/var/lib/crater-agent-workspace/rustup-home:/opt/rustwide/rustup-home:ro,Z" "-e" "SOURCE_DIR=/opt/rustwide/workdir" "-e" "CARGO_TARGET_DIR=/opt/rustwide/target" "-e" "CARGO_INCREMENTAL=0" "-e" "RUST_BACKTRACE=full" "-e" "RUSTFLAGS=--cap-lints=forbid" "-e" "RUSTDOCFLAGS=--cap-lints=forbid" "-e" "CARGO_HOME=/opt/rustwide/cargo-home" "-e" "RUSTUP_HOME=/opt/rustwide/rustup-home" "-w" "/opt/rustwide/workdir" "-m" "1610612736" "--user" "0:0" "--network" "none" "ghcr.io/rust-lang/crates-build-env/linux@sha256:4a844ea9eb2546a2d2c7022eacef16ef2e8229c7fbb2c7d4d55a9ceca922f72d" "/opt/rustwide/cargo-home/bin/cargo" "+nightly-2024-10-28" "test" "--frozen" "--no-run" "--message-format=json", kill_on_drop: false }`
[INFO] [stdout] 106ec0ca9bef4e52c958a75ad27120f07a65f9239788ab672931a9846c23e0c9
[INFO] running `Command { std: "docker" "start" "-a" "106ec0ca9bef4e52c958a75ad27120f07a65f9239788ab672931a9846c23e0c9", kill_on_drop: false }`
[INFO] [stderr]    Compiling pallet-parameters v0.9.0 (/opt/rustwide/workdir)
[INFO] [stdout] error[E0432]: unresolved imports `crate::tests::mock::PalletParameters`, `crate::tests::mock::Runtime`, `crate::tests::mock::RuntimeOrigin`
[INFO] [stdout]   --> src/tests/unit.rs:23:54
[INFO] [stdout]    |
[INFO] [stdout] 23 |     assert_last_event, dynamic_params::*, new_test_ext, PalletParameters, Runtime,
[INFO] [stdout]    |                                                         ^^^^^^^^^^^^^^^^  ^^^^^^^ no `Runtime` in `tests::mock`
[INFO] [stdout]    |                                                         |
[INFO] [stdout]    |                                                         no `PalletParameters` in `tests::mock`
[INFO] [stdout]    |                                                         help: a similar name exists in the module: `pallet_parameters`
[INFO] [stdout] 24 |     RuntimeOrigin as Origin, RuntimeParameters, RuntimeParameters::*, RuntimeParametersKey,
[INFO] [stdout]    |     ^^^^^^^^^^^^^^^^^^^^^^^ no `RuntimeOrigin` in `tests::mock`
[INFO] [stdout] 
[INFO] [stdout] 
[INFO] [stdout] error[E0433]: failed to resolve: use of undeclared crate or module `pallet_balances`
[INFO] [stdout]    --> src/tests/test_renamed.rs:103:13
[INFO] [stdout]     |
[INFO] [stdout] 103 |         Balances: pallet_balances,
[INFO] [stdout]     |                   ^^^^^^^^^^^^^^^ use of undeclared crate or module `pallet_balances`
[INFO] [stdout] 
[INFO] [stdout] 
[INFO] [stdout] error[E0433]: failed to resolve: use of undeclared crate or module `pallet_balances`
[INFO] [stdout]   --> src/tests/test_renamed.rs:40:15
[INFO] [stdout]    |
[INFO] [stdout] 40 | #[derive_impl(pallet_balances::config_preludes::TestDefaultConfig)]
[INFO] [stdout]    |               ^^^^^^^^^^^^^^^ use of undeclared crate or module `pallet_balances`
[INFO] [stdout] 
[INFO] [stdout] 
[INFO] [stdout] error[E0433]: failed to resolve: use of undeclared crate or module `pallet_balances`
[INFO] [stdout]    --> src/tests/mock.rs:153:13
[INFO] [stdout]     |
[INFO] [stdout] 153 |         Balances: pallet_balances,
[INFO] [stdout]     |                   ^^^^^^^^^^^^^^^ use of undeclared crate or module `pallet_balances`
[INFO] [stdout] 
[INFO] [stdout] 
[INFO] [stdout] error[E0433]: failed to resolve: use of undeclared crate or module `pallet_balances`
[INFO] [stdout]   --> src/tests/mock.rs:38:15
[INFO] [stdout]    |
[INFO] [stdout] 38 | #[derive_impl(pallet_balances::config_preludes::TestDefaultConfig)]
[INFO] [stdout]    |               ^^^^^^^^^^^^^^^ use of undeclared crate or module `pallet_balances`
[INFO] [stdout] 
[INFO] [stdout] 
[INFO] [stdout] error[E0412]: cannot find type `Runtime` in this scope
[INFO] [stdout]   --> src/tests/mock.rs:33:31
[INFO] [stdout]    |
[INFO] [stdout] 33 | impl frame_system::Config for Runtime {
[INFO] [stdout]    |                               ^^^^^^^ not found in this scope
[INFO] [stdout] 
[INFO] [stdout] 
[INFO] [stdout] error[E0412]: cannot find type `Runtime` in this scope
[INFO] [stdout]   --> src/tests/mock.rs:34:48
[INFO] [stdout]    |
[INFO] [stdout] 34 |     type Block = frame_system::mocking::MockBlock<Runtime>;
[INFO] [stdout]    |                                                   ^^^^^^^ not found in this scope
[INFO] [stdout]    |
[INFO] [stdout] help: you might be missing a type parameter
[INFO] [stdout]    |
[INFO] [stdout] 33 | impl<Runtime> frame_system::Config for Runtime {
[INFO] [stdout]    |     +++++++++
[INFO] [stdout] 
[INFO] [stdout] 
[INFO] [stdout] error[E0412]: cannot find type `RuntimeEvent` in this scope
[INFO] [stdout]   --> src/tests/mock.rs:32:1
[INFO] [stdout]    |
[INFO] [stdout] 32 | #[derive_impl(frame_system::config_preludes::TestDefaultConfig)]
[INFO] [stdout]    | ^^^^^^^^^^^^^^^^^^^^^^^^^^^^^^^^^^^^^^^^^^^^^^^^^^^^^^^^^^^^^^^^
[INFO] [stdout]    |
[INFO] [stdout]    = note: this error originates in the macro `frame_system::config_preludes::TestDefaultConfig` which comes from the expansion of the macro `frame_support::macro_magic::forward_tokens_verbatim` (in Nightly builds, run with -Z macro-backtrace for more info)
[INFO] [stdout] help: you might have meant to use the associated type
[INFO] [stdout]   --> /opt/rustwide/cargo-home/registry/src/index.crates.io-6f17d22bba15001f/frame-system-38.0.0/src/lib.rs:308:9
[INFO] [stdout]    |
[INFO] [stdout] 308|             type Self::RuntimeEvent = ();
[INFO] [stdout]    |                  ++++++
[INFO] [stdout] 
[INFO] [stdout] 
[INFO] [stdout] error[E0412]: cannot find type `RuntimeOrigin` in this scope
[INFO] [stdout]   --> src/tests/mock.rs:32:1
[INFO] [stdout]    |
[INFO] [stdout] 32 | #[derive_impl(frame_system::config_preludes::TestDefaultConfig)]
[INFO] [stdout]    | ^^^^^^^^^^^^^^^^^^^^^^^^^^^^^^^^^^^^^^^^^^^^^^^^^^^^^^^^^^^^^^^^
[INFO] [stdout]    |
[INFO] [stdout]    = note: this error originates in the macro `frame_system::config_preludes::TestDefaultConfig` which comes from the expansion of the macro `frame_support::macro_magic::forward_tokens_verbatim` (in Nightly builds, run with -Z macro-backtrace for more info)
[INFO] [stdout] help: you might have meant to use the associated type
[INFO] [stdout]   --> /opt/rustwide/cargo-home/registry/src/index.crates.io-6f17d22bba15001f/frame-system-38.0.0/src/lib.rs:310:9
[INFO] [stdout]    |
[INFO] [stdout] 310|             type Self::RuntimeOrigin = ();
[INFO] [stdout]    |                  ++++++
[INFO] [stdout] 
[INFO] [stdout] 
[INFO] [stdout] error[E0412]: cannot find type `RuntimeCall` in this scope
[INFO] [stdout]   --> src/tests/mock.rs:32:1
[INFO] [stdout]    |
[INFO] [stdout] 32 | #[derive_impl(frame_system::config_preludes::TestDefaultConfig)]
[INFO] [stdout]    | ^^^^^^^^^^^^^^^^^^^^^^^^^^^^^^^^^^^^^^^^^^^^^^^^^^^^^^^^^^^^^^^^
[INFO] [stdout]    |
[INFO] [stdout]    = note: this error originates in the macro `frame_system::config_preludes::TestDefaultConfig` which comes from the expansion of the macro `frame_support::macro_magic::forward_tokens_verbatim` (in Nightly builds, run with -Z macro-backtrace for more info)
[INFO] [stdout] help: you might have meant to use the associated type
[INFO] [stdout]   --> /opt/rustwide/cargo-home/registry/src/index.crates.io-6f17d22bba15001f/frame-system-38.0.0/src/lib.rs:312:9
[INFO] [stdout]    |
[INFO] [stdout] 312|             type Self::RuntimeCall = ();
[INFO] [stdout]    |                  ++++++
[INFO] [stdout] 
[INFO] [stdout] 
[INFO] [stdout] error[E0412]: cannot find type `PalletInfo` in this scope
[INFO] [stdout]   --> src/tests/mock.rs:32:1
[INFO] [stdout]    |
[INFO] [stdout] 32 | #[derive_impl(frame_system::config_preludes::TestDefaultConfig)]
[INFO] [stdout]    | ^^^^^^^^^^^^^^^^^^^^^^^^^^^^^^^^^^^^^^^^^^^^^^^^^^^^^^^^^^^^^^^^
[INFO] [stdout]    |
[INFO] [stdout]    = note: this error originates in the macro `frame_system::config_preludes::TestDefaultConfig` which comes from the expansion of the macro `frame_support::macro_magic::forward_tokens_verbatim` (in Nightly builds, run with -Z macro-backtrace for more info)
[INFO] [stdout] help: you might have meant to use the associated type
[INFO] [stdout]   --> /opt/rustwide/cargo-home/registry/src/index.crates.io-6f17d22bba15001f/frame-system-38.0.0/src/lib.rs:314:9
[INFO] [stdout]    |
[INFO] [stdout] 314|             type Self::PalletInfo = ();
[INFO] [stdout]    |                  ++++++
[INFO] [stdout] help: consider importing this trait
[INFO] [stdout]    |
[INFO] [stdout] 23 + use frame_support::traits::PalletInfo;
[INFO] [stdout]    |
[INFO] [stdout] 
[INFO] [stdout] 
[INFO] [stdout] error[E0412]: cannot find type `RuntimeTask` in this scope
[INFO] [stdout]   --> src/tests/mock.rs:32:1
[INFO] [stdout]    |
[INFO] [stdout] 32 | #[derive_impl(frame_system::config_preludes::TestDefaultConfig)]
[INFO] [stdout]    | ^^^^^^^^^^^^^^^^^^^^^^^^^^^^^^^^^^^^^^^^^^^^^^^^^^^^^^^^^^^^^^^^
[INFO] [stdout]    |
[INFO] [stdout]    = note: this error originates in the macro `frame_system::config_preludes::TestDefaultConfig` which comes from the expansion of the macro `frame_support::macro_magic::forward_tokens_verbatim` (in Nightly builds, run with -Z macro-backtrace for more info)
[INFO] [stdout] help: you might have meant to use the associated type
[INFO] [stdout]   --> /opt/rustwide/cargo-home/registry/src/index.crates.io-6f17d22bba15001f/frame-system-38.0.0/src/lib.rs:316:9
[INFO] [stdout]    |
[INFO] [stdout] 316|             type Self::RuntimeTask = ();
[INFO] [stdout]    |                  ++++++
[INFO] [stdout] 
[INFO] [stdout] 
[INFO] [stdout] error[E0412]: cannot find type `Runtime` in this scope
[INFO] [stdout]   --> src/tests/mock.rs:44:69
[INFO] [stdout]    |
[INFO] [stdout] 44 | #[dynamic_params(RuntimeParameters, pallet_parameters::Parameters::<Runtime>)]
[INFO] [stdout]    |                                                                     ^^^^^^^ not found in this scope
[INFO] [stdout] 
[INFO] [stdout] 
[INFO] [stdout] error[E0412]: cannot find type `RuntimeOrigin` in this scope
[INFO] [stdout]    --> src/tests/mock.rs:101:27
[INFO] [stdout]     |
[INFO] [stdout] 101 |     impl EnsureOriginWithArg<RuntimeOrigin, RuntimeParametersKey> for ParamsManager {
[INFO] [stdout]     |                              ^^^^^^^^^^^^^ not found in this scope
[INFO] [stdout]     |
[INFO] [stdout] help: you might be missing a type parameter
[INFO] [stdout]     |
[INFO] [stdout] 101 |     impl<RuntimeOrigin> EnsureOriginWithArg<RuntimeOrigin, RuntimeParametersKey> for ParamsManager {
[INFO] [stdout]     |         +++++++++++++++
[INFO] [stdout] 
[INFO] [stdout] 
[INFO] [stdout] error[E0412]: cannot find type `RuntimeOrigin` in this scope
[INFO] [stdout]    --> src/tests/mock.rs:105:12
[INFO] [stdout]     |
[INFO] [stdout] 105 |             origin: RuntimeOrigin,
[INFO] [stdout]     |                     ^^^^^^^^^^^^^ not found in this scope
[INFO] [stdout] 
[INFO] [stdout] 
[INFO] [stdout] error[E0412]: cannot find type `RuntimeOrigin` in this scope
[INFO] [stdout]    --> src/tests/mock.rs:107:30
[INFO] [stdout]     |
[INFO] [stdout] 107 |         ) -> Result<Self::Success, RuntimeOrigin> {
[INFO] [stdout]     |                                    ^^^^^^^^^^^^^ not found in this scope
[INFO] [stdout]     |
[INFO] [stdout] help: you might be missing a type parameter
[INFO] [stdout]     |
[INFO] [stdout] 101 |     impl<RuntimeOrigin> EnsureOriginWithArg<RuntimeOrigin, RuntimeParametersKey> for ParamsManager {
[INFO] [stdout]     |         +++++++++++++++
[INFO] [stdout] 
[INFO] [stdout] 
[INFO] [stdout] error[E0412]: cannot find type `Runtime` in this scope
[INFO] [stdout]    --> src/tests/mock.rs:132:17
[INFO] [stdout]     |
[INFO] [stdout] 132 | impl Config for Runtime {
[INFO] [stdout]     |                 ^^^^^^^ not found in this scope
[INFO] [stdout] 
[INFO] [stdout] 
[INFO] [stdout] error[E0412]: cannot find type `RuntimeEvent` in this scope
[INFO] [stdout]    --> src/lib.rs:234:9
[INFO] [stdout]     |
[INFO] [stdout] 234 |             type RuntimeEvent = ();
[INFO] [stdout]     |                  ^^^^^^^^^^^^
[INFO] [stdout]     |
[INFO] [stdout]    ::: src/tests/mock.rs:131:1
[INFO] [stdout]     |
[INFO] [stdout] 131 | #[derive_impl(pallet_parameters::config_preludes::TestDefaultConfig)]
[INFO] [stdout]     | --------------------------------------------------------------------- in this macro invocation
[INFO] [stdout]     |
[INFO] [stdout]     = note: this error originates in the macro `pallet_parameters::config_preludes::TestDefaultConfig` which comes from the expansion of the macro `frame_support::macro_magic::forward_tokens_verbatim` (in Nightly builds, run with -Z macro-backtrace for more info)
[INFO] [stdout] help: you might have meant to use the associated type
[INFO] [stdout]     |
[INFO] [stdout] 234 |             type Self::RuntimeEvent = ();
[INFO] [stdout]     |                  ++++++
[INFO] [stdout] 
[INFO] [stdout] 
[INFO] [stdout] error[E0412]: cannot find type `Runtime` in this scope
[INFO] [stdout]    --> src/tests/mock.rs:140:39
[INFO] [stdout]     |
[INFO] [stdout] 140 | impl pallet_example_basic::Config for Runtime {
[INFO] [stdout]     |                                       ^^^^^^^ not found in this scope
[INFO] [stdout] 
[INFO] [stdout] 
[INFO] [stdout] error[E0412]: cannot find type `RuntimeEvent` in this scope
[INFO] [stdout]    --> src/tests/mock.rs:144:22
[INFO] [stdout]     |
[INFO] [stdout] 144 |     type RuntimeEvent = RuntimeEvent;
[INFO] [stdout]     |                         ^^^^^^^^^^^^ not found in this scope
[INFO] [stdout] 
[INFO] [stdout] 
[INFO] [stdout] error[E0433]: failed to resolve: use of undeclared crate or module `sp_io`
[INFO] [stdout]    --> src/tests/mock.rs:157:26
[INFO] [stdout]     |
[INFO] [stdout] 157 | pub fn new_test_ext() -> sp_io::TestExternalities {
[INFO] [stdout]     |                          ^^^^^ use of undeclared crate or module `sp_io`
[INFO] [stdout] 
[INFO] [stdout] 
[INFO] [stdout] error[E0433]: failed to resolve: use of undeclared crate or module `sp_io`
[INFO] [stdout]    --> src/tests/mock.rs:158:16
[INFO] [stdout]     |
[INFO] [stdout] 158 |     let mut ext = sp_io::TestExternalities::new(Default::default());
[INFO] [stdout]     |                   ^^^^^ use of undeclared crate or module `sp_io`
[INFO] [stdout] 
[INFO] [stdout] 
[INFO] [stdout] error[E0433]: failed to resolve: use of undeclared type `System`
[INFO] [stdout]    --> src/tests/mock.rs:159:22
[INFO] [stdout]     |
[INFO] [stdout] 159 |     ext.execute_with(|| System::set_block_number(1));
[INFO] [stdout]     |                         ^^^^^^ use of undeclared type `System`
[INFO] [stdout]     |
[INFO] [stdout] help: consider importing this struct
[INFO] [stdout]     |
[INFO] [stdout] 23  + use std::alloc::System;
[INFO] [stdout]     |
[INFO] [stdout] 
[INFO] [stdout] 
[INFO] [stdout] error[E0412]: cannot find type `RuntimeEvent` in this scope
[INFO] [stdout]    --> src/tests/mock.rs:163:48
[INFO] [stdout]     |
[INFO] [stdout] 163 | pub(crate) fn assert_last_event(generic_event: RuntimeEvent) {
[INFO] [stdout]     |                                                ^^^^^^^^^^^^ not found in this scope
[INFO] [stdout] 
[INFO] [stdout] 
[INFO] [stdout] error[E0412]: cannot find type `Runtime` in this scope
[INFO] [stdout]    --> src/tests/mock.rs:164:38
[INFO] [stdout]     |
[INFO] [stdout] 164 |     let events = frame_system::Pallet::<Runtime>::events();
[INFO] [stdout]     |                                         ^^^^^^^ not found in this scope
[INFO] [stdout]     |
[INFO] [stdout] help: you might be missing a type parameter
[INFO] [stdout]     |
[INFO] [stdout] 163 | pub(crate) fn assert_last_event<Runtime>(generic_event: RuntimeEvent) {
[INFO] [stdout]     |                                +++++++++
[INFO] [stdout] 
[INFO] [stdout] 
[INFO] [stdout] error[E0412]: cannot find type `Runtime` in this scope
[INFO] [stdout]   --> src/tests/test_renamed.rs:35:31
[INFO] [stdout]    |
[INFO] [stdout] 35 | impl frame_system::Config for Runtime {
[INFO] [stdout]    |                               ^^^^^^^ not found in this scope
[INFO] [stdout] 
[INFO] [stdout] 
[INFO] [stdout] error[E0412]: cannot find type `Runtime` in this scope
[INFO] [stdout]   --> src/tests/test_renamed.rs:36:48
[INFO] [stdout]    |
[INFO] [stdout] 36 |     type Block = frame_system::mocking::MockBlock<Runtime>;
[INFO] [stdout]    |                                                   ^^^^^^^ not found in this scope
[INFO] [stdout]    |
[INFO] [stdout] help: you might be missing a type parameter
[INFO] [stdout]    |
[INFO] [stdout] 35 | impl<Runtime> frame_system::Config for Runtime {
[INFO] [stdout]    |     +++++++++
[INFO] [stdout] 
[INFO] [stdout] 
[INFO] [stdout] error[E0412]: cannot find type `RuntimeEvent` in this scope
[INFO] [stdout]   --> src/tests/test_renamed.rs:34:1
[INFO] [stdout]    |
[INFO] [stdout] 34 | #[derive_impl(frame_system::config_preludes::TestDefaultConfig)]
[INFO] [stdout]    | ^^^^^^^^^^^^^^^^^^^^^^^^^^^^^^^^^^^^^^^^^^^^^^^^^^^^^^^^^^^^^^^^
[INFO] [stdout]    |
[INFO] [stdout]    = note: this error originates in the macro `frame_system::config_preludes::TestDefaultConfig` which comes from the expansion of the macro `frame_support::macro_magic::forward_tokens_verbatim` (in Nightly builds, run with -Z macro-backtrace for more info)
[INFO] [stdout] help: you might have meant to use the associated type
[INFO] [stdout]   --> /opt/rustwide/cargo-home/registry/src/index.crates.io-6f17d22bba15001f/frame-system-38.0.0/src/lib.rs:308:9
[INFO] [stdout]    |
[INFO] [stdout] 308|             type Self::RuntimeEvent = ();
[INFO] [stdout]    |                  ++++++
[INFO] [stdout] 
[INFO] [stdout] 
[INFO] [stdout] error[E0412]: cannot find type `RuntimeOrigin` in this scope
[INFO] [stdout]   --> src/tests/test_renamed.rs:34:1
[INFO] [stdout]    |
[INFO] [stdout] 34 | #[derive_impl(frame_system::config_preludes::TestDefaultConfig)]
[INFO] [stdout]    | ^^^^^^^^^^^^^^^^^^^^^^^^^^^^^^^^^^^^^^^^^^^^^^^^^^^^^^^^^^^^^^^^
[INFO] [stdout]    |
[INFO] [stdout]    = note: this error originates in the macro `frame_system::config_preludes::TestDefaultConfig` which comes from the expansion of the macro `frame_support::macro_magic::forward_tokens_verbatim` (in Nightly builds, run with -Z macro-backtrace for more info)
[INFO] [stdout] help: you might have meant to use the associated type
[INFO] [stdout]   --> /opt/rustwide/cargo-home/registry/src/index.crates.io-6f17d22bba15001f/frame-system-38.0.0/src/lib.rs:310:9
[INFO] [stdout]    |
[INFO] [stdout] 310|             type Self::RuntimeOrigin = ();
[INFO] [stdout]    |                  ++++++
[INFO] [stdout] 
[INFO] [stdout] 
[INFO] [stdout] error[E0412]: cannot find type `RuntimeCall` in this scope
[INFO] [stdout]   --> src/tests/test_renamed.rs:34:1
[INFO] [stdout]    |
[INFO] [stdout] 34 | #[derive_impl(frame_system::config_preludes::TestDefaultConfig)]
[INFO] [stdout]    | ^^^^^^^^^^^^^^^^^^^^^^^^^^^^^^^^^^^^^^^^^^^^^^^^^^^^^^^^^^^^^^^^
[INFO] [stdout]    |
[INFO] [stdout]    = note: this error originates in the macro `frame_system::config_preludes::TestDefaultConfig` which comes from the expansion of the macro `frame_support::macro_magic::forward_tokens_verbatim` (in Nightly builds, run with -Z macro-backtrace for more info)
[INFO] [stdout] help: you might have meant to use the associated type
[INFO] [stdout]   --> /opt/rustwide/cargo-home/registry/src/index.crates.io-6f17d22bba15001f/frame-system-38.0.0/src/lib.rs:312:9
[INFO] [stdout]    |
[INFO] [stdout] 312|             type Self::RuntimeCall = ();
[INFO] [stdout]    |                  ++++++
[INFO] [stdout] 
[INFO] [stdout] 
[INFO] [stdout] error[E0412]: cannot find type `PalletInfo` in this scope
[INFO] [stdout]   --> src/tests/test_renamed.rs:34:1
[INFO] [stdout]    |
[INFO] [stdout] 34 | #[derive_impl(frame_system::config_preludes::TestDefaultConfig)]
[INFO] [stdout]    | ^^^^^^^^^^^^^^^^^^^^^^^^^^^^^^^^^^^^^^^^^^^^^^^^^^^^^^^^^^^^^^^^
[INFO] [stdout]    |
[INFO] [stdout]    = note: this error originates in the macro `frame_system::config_preludes::TestDefaultConfig` which comes from the expansion of the macro `frame_support::macro_magic::forward_tokens_verbatim` (in Nightly builds, run with -Z macro-backtrace for more info)
[INFO] [stdout] help: you might have meant to use the associated type
[INFO] [stdout]   --> /opt/rustwide/cargo-home/registry/src/index.crates.io-6f17d22bba15001f/frame-system-38.0.0/src/lib.rs:314:9
[INFO] [stdout]    |
[INFO] [stdout] 314|             type Self::PalletInfo = ();
[INFO] [stdout]    |                  ++++++
[INFO] [stdout] help: consider importing this trait
[INFO] [stdout]    |
[INFO] [stdout] 22 + use frame_support::traits::PalletInfo;
[INFO] [stdout]    |
[INFO] [stdout] 
[INFO] [stdout] 
[INFO] [stdout] error[E0412]: cannot find type `RuntimeTask` in this scope
[INFO] [stdout]   --> src/tests/test_renamed.rs:34:1
[INFO] [stdout]    |
[INFO] [stdout] 34 | #[derive_impl(frame_system::config_preludes::TestDefaultConfig)]
[INFO] [stdout]    | ^^^^^^^^^^^^^^^^^^^^^^^^^^^^^^^^^^^^^^^^^^^^^^^^^^^^^^^^^^^^^^^^
[INFO] [stdout]    |
[INFO] [stdout]    = note: this error originates in the macro `frame_system::config_preludes::TestDefaultConfig` which comes from the expansion of the macro `frame_support::macro_magic::forward_tokens_verbatim` (in Nightly builds, run with -Z macro-backtrace for more info)
[INFO] [stdout] help: you might have meant to use the associated type
[INFO] [stdout]   --> /opt/rustwide/cargo-home/registry/src/index.crates.io-6f17d22bba15001f/frame-system-38.0.0/src/lib.rs:316:9
[INFO] [stdout]    |
[INFO] [stdout] 316|             type Self::RuntimeTask = ();
[INFO] [stdout]    |                  ++++++
[INFO] [stdout] 
[INFO] [stdout] 
[INFO] [stdout] error[E0412]: cannot find type `Runtime` in this scope
[INFO] [stdout]   --> src/tests/test_renamed.rs:45:76
[INFO] [stdout]    |
[INFO] [stdout] 45 | #[dynamic_params(RuntimeParametersRenamed, pallet_parameters::Parameters::<Runtime>)]
[INFO] [stdout]    |                                                                            ^^^^^^^ not found in this scope
[INFO] [stdout] 
[INFO] [stdout] 
[INFO] [stdout] error[E0412]: cannot find type `Runtime` in this scope
[INFO] [stdout]   --> src/tests/test_renamed.rs:83:17
[INFO] [stdout]    |
[INFO] [stdout] 83 | impl Config for Runtime {
[INFO] [stdout]    |                 ^^^^^^^ not found in this scope
[INFO] [stdout] 
[INFO] [stdout] 
[INFO] [stdout] error[E0412]: cannot find type `RuntimeEvent` in this scope
[INFO] [stdout]    --> src/lib.rs:234:9
[INFO] [stdout]     |
[INFO] [stdout] 234 |             type RuntimeEvent = ();
[INFO] [stdout]     |                  ^^^^^^^^^^^^
[INFO] [stdout]     |
[INFO] [stdout]    ::: src/tests/test_renamed.rs:82:1
[INFO] [stdout]     |
[INFO] [stdout] 82  | #[derive_impl(pallet_parameters::config_preludes::TestDefaultConfig)]
[INFO] [stdout]     | --------------------------------------------------------------------- in this macro invocation
[INFO] [stdout]     |
[INFO] [stdout]     = note: this error originates in the macro `pallet_parameters::config_preludes::TestDefaultConfig` which comes from the expansion of the macro `frame_support::macro_magic::forward_tokens_verbatim` (in Nightly builds, run with -Z macro-backtrace for more info)
[INFO] [stdout] help: you might have meant to use the associated type
[INFO] [stdout]     |
[INFO] [stdout] 234 |             type Self::RuntimeEvent = ();
[INFO] [stdout]     |                  ++++++
[INFO] [stdout] 
[INFO] [stdout] 
[INFO] [stdout] error[E0412]: cannot find type `Runtime` in this scope
[INFO] [stdout]   --> src/tests/test_renamed.rs:90:39
[INFO] [stdout]    |
[INFO] [stdout] 90 | impl pallet_example_basic::Config for Runtime {
[INFO] [stdout]    |                                       ^^^^^^^ not found in this scope
[INFO] [stdout] 
[INFO] [stdout] 
[INFO] [stdout] error[E0412]: cannot find type `RuntimeEvent` in this scope
[INFO] [stdout]   --> src/tests/test_renamed.rs:94:22
[INFO] [stdout]    |
[INFO] [stdout] 94 |     type RuntimeEvent = RuntimeEvent;
[INFO] [stdout]    |                         ^^^^^^^^^^^^ not found in this scope
[INFO] [stdout] 
[INFO] [stdout] 
[INFO] [stdout] error[E0433]: failed to resolve: use of undeclared crate or module `sp_io`
[INFO] [stdout]    --> src/tests/test_renamed.rs:107:26
[INFO] [stdout]     |
[INFO] [stdout] 107 | pub fn new_test_ext() -> sp_io::TestExternalities {
[INFO] [stdout]     |                          ^^^^^ use of undeclared crate or module `sp_io`
[INFO] [stdout] 
[INFO] [stdout] 
[INFO] [stdout] error[E0433]: failed to resolve: use of undeclared crate or module `sp_io`
[INFO] [stdout]    --> src/tests/test_renamed.rs:108:16
[INFO] [stdout]     |
[INFO] [stdout] 108 |     let mut ext = sp_io::TestExternalities::new(Default::default());
[INFO] [stdout]     |                   ^^^^^ use of undeclared crate or module `sp_io`
[INFO] [stdout] 
[INFO] [stdout] 
[INFO] [stdout] error[E0433]: failed to resolve: use of undeclared type `System`
[INFO] [stdout]    --> src/tests/test_renamed.rs:109:22
[INFO] [stdout]     |
[INFO] [stdout] 109 |     ext.execute_with(|| System::set_block_number(1));
[INFO] [stdout]     |                         ^^^^^^ use of undeclared type `System`
[INFO] [stdout]     |
[INFO] [stdout] help: consider importing this struct
[INFO] [stdout]     |
[INFO] [stdout] 22  + use std::alloc::System;
[INFO] [stdout]     |
[INFO] [stdout] 
[INFO] [stdout] 
[INFO] [stdout] error[E0412]: cannot find type `RuntimeEvent` in this scope
[INFO] [stdout]    --> src/tests/test_renamed.rs:113:48
[INFO] [stdout]     |
[INFO] [stdout] 113 | pub(crate) fn assert_last_event(generic_event: RuntimeEvent) {
[INFO] [stdout]     |                                                ^^^^^^^^^^^^ not found in this scope
[INFO] [stdout] 
[INFO] [stdout] 
[INFO] [stdout] error[E0412]: cannot find type `Runtime` in this scope
[INFO] [stdout]    --> src/tests/test_renamed.rs:114:38
[INFO] [stdout]     |
[INFO] [stdout] 114 |     let events = frame_system::Pallet::<Runtime>::events();
[INFO] [stdout]     |                                         ^^^^^^^ not found in this scope
[INFO] [stdout]     |
[INFO] [stdout] help: you might be missing a type parameter
[INFO] [stdout]     |
[INFO] [stdout] 113 | pub(crate) fn assert_last_event<Runtime>(generic_event: RuntimeEvent) {
[INFO] [stdout]     |                                +++++++++
[INFO] [stdout] 
[INFO] [stdout] 
[INFO] [stdout] error[E0412]: cannot find type `Runtime` in this scope
[INFO] [stdout]    --> src/tests/test_renamed.rs:158:15
[INFO] [stdout]     |
[INFO] [stdout] 158 |         assert_eq!(<Runtime as pallet_example_basic::Config>::MagicNumber::get(), 0);
[INFO] [stdout]     |                     ^^^^^^^ not found in this scope
[INFO] [stdout] 
[INFO] [stdout] 
[INFO] [stdout] error[E0412]: cannot find type `Runtime` in this scope
[INFO] [stdout]    --> src/tests/test_renamed.rs:165:15
[INFO] [stdout]     |
[INFO] [stdout] 165 |         assert_eq!(<Runtime as pallet_example_basic::Config>::MagicNumber::get(), 123);
[INFO] [stdout]     |                     ^^^^^^^ not found in this scope
[INFO] [stdout] 
[INFO] [stdout] 
[INFO] [stdout] error[E0433]: failed to resolve: use of undeclared crate or module `pallet_balances`
[INFO] [stdout]   --> src/tests/mock.rs:35:21
[INFO] [stdout]    |
[INFO] [stdout] 35 |     type AccountData = pallet_balances::AccountData<<Self as pallet_balances::Config>::Balance>;
[INFO] [stdout]    |                        ^^^^^^^^^^^^^^^ use of undeclared crate or module `pallet_balances`
[INFO] [stdout] 
[INFO] [stdout] 
[INFO] [stdout] error[E0433]: failed to resolve: use of undeclared crate or module `pallet_balances`
[INFO] [stdout]   --> src/tests/mock.rs:35:59
[INFO] [stdout]    |
[INFO] [stdout] 35 |     type AccountData = pallet_balances::AccountData<<Self as pallet_balances::Config>::Balance>;
[INFO] [stdout]    |                                                              ^^^^^^^^^^^^^^^ use of undeclared crate or module `pallet_balances`
[INFO] [stdout] 
[INFO] [stdout] 
[INFO] [stdout] error[E0433]: failed to resolve: use of undeclared crate or module `pallet_example_basic`
[INFO] [stdout]    --> src/tests/mock.rs:140:6
[INFO] [stdout]     |
[INFO] [stdout] 140 | impl pallet_example_basic::Config for Runtime {
[INFO] [stdout]     |      ^^^^^^^^^^^^^^^^^^^^ use of undeclared crate or module `pallet_example_basic`
[INFO] [stdout] 
[INFO] [stdout] 
[INFO] [stdout] error[E0433]: failed to resolve: use of undeclared crate or module `pallet_balances`
[INFO] [stdout]   --> src/tests/test_renamed.rs:37:21
[INFO] [stdout]    |
[INFO] [stdout] 37 |     type AccountData = pallet_balances::AccountData<<Self as pallet_balances::Config>::Balance>;
[INFO] [stdout]    |                        ^^^^^^^^^^^^^^^ use of undeclared crate or module `pallet_balances`
[INFO] [stdout] 
[INFO] [stdout] 
[INFO] [stdout] error[E0433]: failed to resolve: use of undeclared crate or module `pallet_balances`
[INFO] [stdout]   --> src/tests/test_renamed.rs:37:59
[INFO] [stdout]    |
[INFO] [stdout] 37 |     type AccountData = pallet_balances::AccountData<<Self as pallet_balances::Config>::Balance>;
[INFO] [stdout]    |                                                              ^^^^^^^^^^^^^^^ use of undeclared crate or module `pallet_balances`
[INFO] [stdout] 
[INFO] [stdout] 
[INFO] [stdout] error[E0433]: failed to resolve: use of undeclared crate or module `pallet_example_basic`
[INFO] [stdout]   --> src/tests/test_renamed.rs:90:6
[INFO] [stdout]    |
[INFO] [stdout] 90 | impl pallet_example_basic::Config for Runtime {
[INFO] [stdout]    |      ^^^^^^^^^^^^^^^^^^^^ use of undeclared crate or module `pallet_example_basic`
[INFO] [stdout] 
[INFO] [stdout] 
[INFO] [stdout] error[E0433]: failed to resolve: use of undeclared type `PalletParameters`
[INFO] [stdout]    --> src/tests/test_renamed.rs:127:4
[INFO] [stdout]     |
[INFO] [stdout] 127 |             PalletParameters::set_parameter(
[INFO] [stdout]     |             ^^^^^^^^^^^^^^^^ use of undeclared type `PalletParameters`
[INFO] [stdout] 
[INFO] [stdout] 
[INFO] [stdout] error[E0433]: failed to resolve: use of undeclared type `RuntimeOrigin`
[INFO] [stdout]    --> src/tests/test_renamed.rs:128:5
[INFO] [stdout]     |
[INFO] [stdout] 128 |                 RuntimeOrigin::signed(1),
[INFO] [stdout]     |                 ^^^^^^^^^^^^^ use of undeclared type `RuntimeOrigin`
[INFO] [stdout] 
[INFO] [stdout] 
[INFO] [stdout] error[E0433]: failed to resolve: use of undeclared type `PalletParameters`
[INFO] [stdout]    --> src/tests/test_renamed.rs:134:14
[INFO] [stdout]     |
[INFO] [stdout] 134 |         assert_ok!(PalletParameters::set_parameter(
[INFO] [stdout]     |                    ^^^^^^^^^^^^^^^^ use of undeclared type `PalletParameters`
[INFO] [stdout] 
[INFO] [stdout] 
[INFO] [stdout] error[E0433]: failed to resolve: use of undeclared type `RuntimeOrigin`
[INFO] [stdout]    --> src/tests/test_renamed.rs:135:4
[INFO] [stdout]     |
[INFO] [stdout] 135 |             RuntimeOrigin::root(),
[INFO] [stdout]     |             ^^^^^^^^^^^^^ use of undeclared type `RuntimeOrigin`
[INFO] [stdout] 
[INFO] [stdout] 
[INFO] [stdout] error[E0433]: failed to resolve: use of undeclared crate or module `pallet_example_basic`
[INFO] [stdout]    --> src/tests/test_renamed.rs:158:26
[INFO] [stdout]     |
[INFO] [stdout] 158 |         assert_eq!(<Runtime as pallet_example_basic::Config>::MagicNumber::get(), 0);
[INFO] [stdout]     |                                ^^^^^^^^^^^^^^^^^^^^ use of undeclared crate or module `pallet_example_basic`
[INFO] [stdout] 
[INFO] [stdout] 
[INFO] [stdout] error[E0433]: failed to resolve: use of undeclared type `PalletParameters`
[INFO] [stdout]    --> src/tests/test_renamed.rs:160:14
[INFO] [stdout]     |
[INFO] [stdout] 160 |         assert_ok!(PalletParameters::set_parameter(
[INFO] [stdout]     |                    ^^^^^^^^^^^^^^^^ use of undeclared type `PalletParameters`
[INFO] [stdout] 
[INFO] [stdout] 
[INFO] [stdout] error[E0433]: failed to resolve: use of undeclared type `RuntimeOrigin`
[INFO] [stdout]    --> src/tests/test_renamed.rs:161:4
[INFO] [stdout]     |
[INFO] [stdout] 161 |             RuntimeOrigin::root(),
[INFO] [stdout]     |             ^^^^^^^^^^^^^ use of undeclared type `RuntimeOrigin`
[INFO] [stdout] 
[INFO] [stdout] 
[INFO] [stdout] error[E0433]: failed to resolve: use of undeclared crate or module `pallet_example_basic`
[INFO] [stdout]    --> src/tests/test_renamed.rs:165:26
[INFO] [stdout]     |
[INFO] [stdout] 165 |         assert_eq!(<Runtime as pallet_example_basic::Config>::MagicNumber::get(), 123);
[INFO] [stdout]     |                                ^^^^^^^^^^^^^^^^^^^^ use of undeclared crate or module `pallet_example_basic`
[INFO] [stdout] 
[INFO] [stdout] 
[INFO] [stdout] error[E0433]: failed to resolve: use of undeclared crate or module `pallet_example_basic`
[INFO] [stdout]    --> src/tests/unit.rs:202:26
[INFO] [stdout]     |
[INFO] [stdout] 202 |         assert_eq!(<Runtime as pallet_example_basic::Config>::MagicNumber::get(), 0);
[INFO] [stdout]     |                                ^^^^^^^^^^^^^^^^^^^^ use of undeclared crate or module `pallet_example_basic`
[INFO] [stdout] 
[INFO] [stdout] 
[INFO] [stdout] error[E0433]: failed to resolve: use of undeclared crate or module `pallet_example_basic`
[INFO] [stdout]    --> src/tests/unit.rs:209:26
[INFO] [stdout]     |
[INFO] [stdout] 209 |         assert_eq!(<Runtime as pallet_example_basic::Config>::MagicNumber::get(), 123);
[INFO] [stdout]     |                                ^^^^^^^^^^^^^^^^^^^^ use of undeclared crate or module `pallet_example_basic`
[INFO] [stdout] 
[INFO] [stdout] 
[INFO] [stdout] Some errors have detailed explanations: E0412, E0432, E0433.
[INFO] [stdout] 
[INFO] [stdout] For more information about an error, try `rustc --explain E0412`.
[INFO] [stdout] 
[INFO] [stderr] error: could not compile `pallet-parameters` (lib test) due to 60 previous errors
[INFO] running `Command { std: "docker" "inspect" "106ec0ca9bef4e52c958a75ad27120f07a65f9239788ab672931a9846c23e0c9", kill_on_drop: false }`
[INFO] running `Command { std: "docker" "rm" "-f" "106ec0ca9bef4e52c958a75ad27120f07a65f9239788ab672931a9846c23e0c9", kill_on_drop: false }`
[INFO] [stdout] 106ec0ca9bef4e52c958a75ad27120f07a65f9239788ab672931a9846c23e0c9
