[INFO] fetching crate pallet-im-online 37.0.0...
[INFO] testing pallet-im-online-37.0.0 against nightly-2024-10-28 for randomize-layout
[INFO] extracting crate pallet-im-online 37.0.0 into /workspace/builds/worker-1-tc1/source
[INFO] validating manifest of crates.io crate pallet-im-online 37.0.0 on toolchain nightly-2024-10-28
[INFO] running `Command { std: CARGO_HOME="/workspace/cargo-home" RUSTUP_HOME="/workspace/rustup-home" "/workspace/cargo-home/bin/cargo" "+nightly-2024-10-28" "metadata" "--manifest-path" "Cargo.toml" "--no-deps", kill_on_drop: false }`
[INFO] started tweaking crates.io crate pallet-im-online 37.0.0
[INFO] finished tweaking crates.io crate pallet-im-online 37.0.0
[INFO] tweaked toml for crates.io crate pallet-im-online 37.0.0 written to /workspace/builds/worker-1-tc1/source/Cargo.toml
[INFO] running `Command { std: CARGO_HOME="/workspace/cargo-home" RUSTUP_HOME="/workspace/rustup-home" "/workspace/cargo-home/bin/cargo" "+nightly-2024-10-28" "generate-lockfile" "--manifest-path" "Cargo.toml", kill_on_drop: false }`
[INFO] [stderr]     Updating crates.io index
[INFO] [stderr]      Locking 329 packages to latest compatible versions
[INFO] [stderr]       Adding unicode-normalization v0.1.22 (available: v0.1.24)
[INFO] running `Command { std: CARGO_HOME="/workspace/cargo-home" RUSTUP_HOME="/workspace/rustup-home" "/workspace/cargo-home/bin/cargo" "+nightly-2024-10-28" "fetch" "--manifest-path" "Cargo.toml", kill_on_drop: false }`
[INFO] [stderr]  Downloading crates ...
[INFO] [stderr]   Downloaded scale-info v2.11.5
[INFO] [stderr]   Downloaded scale-info-derive v2.11.5
[INFO] [stderr]   Downloaded sp-keystore v0.40.0
[INFO] [stderr]   Downloaded docify_macros v0.2.8
[INFO] [stderr]   Downloaded macro_magic_macros v0.5.1
[INFO] [stderr]   Downloaded frame-support-procedural-tools v13.0.0
[INFO] [stderr]   Downloaded pallet-authorship v38.0.0
[INFO] [stderr]   Downloaded sp-externalities v0.29.0
[INFO] [stderr]   Downloaded sp-genesis-builder v0.15.1
[INFO] [stderr]   Downloaded sp-wasm-interface v21.0.1
[INFO] [stderr]   Downloaded frame-support-procedural-tools-derive v12.0.0
[INFO] [stderr]   Downloaded proc-macro-warning v1.0.2
[INFO] [stderr]   Downloaded substrate-bip39 v0.6.0
[INFO] [stderr]   Downloaded polkavm-derive-impl v0.9.0
[INFO] [stderr]   Downloaded linregress v0.5.4
[INFO] [stderr]   Downloaded sp-api-proc-macro v20.0.0
[INFO] [stderr]   Downloaded frame-system v38.0.0
[INFO] [stderr]   Downloaded sp-state-machine v0.43.0
[INFO] [stderr]   Downloaded sp-core v34.0.0
[INFO] [stderr]   Downloaded trie-db v0.29.1
[INFO] [stderr]   Downloaded parity-bip39 v2.0.1
[INFO] [stderr]   Downloaded frame-support-procedural v30.0.4
[INFO] [stderr]   Downloaded w3f-bls v0.1.8
[INFO] [stderr]   Downloaded sp-trie v37.0.0
[INFO] [stderr]   Downloaded tt-call v1.0.9
[INFO] [stderr]   Downloaded sp-application-crypto v38.0.0
[INFO] [stderr]   Downloaded array-bytes v6.2.3
[INFO] [stderr]   Downloaded ss58-registry v1.51.0
[INFO] [stderr]   Downloaded frame-support v38.0.0
[INFO] [stderr]   Downloaded sp-io v38.0.0
[INFO] [stderr]   Downloaded sp-runtime v39.0.2
[INFO] [stderr]   Downloaded frame-benchmarking v38.0.0
[INFO] [stderr]   Downloaded macro_magic_core v0.5.1
[INFO] [stderr]   Downloaded sp-inherents v34.0.0
[INFO] [stderr]   Downloaded sp-version v37.0.0
[INFO] [stderr]   Downloaded schnellru v0.2.3
[INFO] [stderr]   Downloaded polkavm-common v0.9.0
[INFO] [stderr]   Downloaded file-guard v0.2.0
[INFO] [stderr]   Downloaded expander v2.2.1
[INFO] [stderr]   Downloaded sp-arithmetic v26.0.0
[INFO] [stderr]   Downloaded derive-syn-parse v0.2.0
[INFO] [stderr]   Downloaded macro_magic v0.5.1
[INFO] [stderr]   Downloaded sp-version-proc-macro v14.0.0
[INFO] [stderr]   Downloaded polkavm-derive v0.9.1
[INFO] [stderr]   Downloaded sp-tracing v17.0.1
[INFO] [stderr]   Downloaded sp-runtime-interface v28.0.0
[INFO] [stderr]   Downloaded bounded-collections v0.2.1
[INFO] [stderr]   Downloaded macro_magic_core_macros v0.5.1
[INFO] [stderr]   Downloaded polkavm-derive-impl-macro v0.9.0
[INFO] [stderr]   Downloaded sp-staking v36.0.0
[INFO] [stderr]   Downloaded sp-api v34.0.0
[INFO] [stderr]   Downloaded docify v0.2.8
[INFO] [stderr]   Downloaded sp-metadata-ir v0.7.0
[INFO] [stderr]   Downloaded sp-crypto-hashing-proc-macro v0.1.0
[INFO] [stderr]   Downloaded sp-storage v21.0.0
[INFO] [stderr]   Downloaded sp-weights v31.0.0
[INFO] [stderr]   Downloaded aquamarine v0.5.0
[INFO] running `Command { std: "docker" "create" "-v" "/var/lib/crater-agent-workspace/builds/worker-1-tc1/target:/opt/rustwide/target:rw,Z" "-v" "/var/lib/crater-agent-workspace/builds/worker-1-tc1/source:/opt/rustwide/workdir:ro,Z" "-v" "/var/lib/crater-agent-workspace/cargo-home:/opt/rustwide/cargo-home:ro,Z" "-v" "/var/lib/crater-agent-workspace/rustup-home:/opt/rustwide/rustup-home:ro,Z" "-e" "SOURCE_DIR=/opt/rustwide/workdir" "-e" "CARGO_TARGET_DIR=/opt/rustwide/target" "-e" "CARGO_HOME=/opt/rustwide/cargo-home" "-e" "RUSTUP_HOME=/opt/rustwide/rustup-home" "-w" "/opt/rustwide/workdir" "-m" "1610612736" "--user" "0:0" "--network" "none" "ghcr.io/rust-lang/crates-build-env/linux@sha256:4a844ea9eb2546a2d2c7022eacef16ef2e8229c7fbb2c7d4d55a9ceca922f72d" "/opt/rustwide/cargo-home/bin/cargo" "+nightly-2024-10-28" "metadata" "--no-deps" "--format-version=1", kill_on_drop: false }`
[INFO] [stdout] 8aca62e80dfb2760ec0ea5191bb312d7acfb07fbd08a701b4ecc237faa1df9e4
[INFO] running `Command { std: "docker" "start" "-a" "8aca62e80dfb2760ec0ea5191bb312d7acfb07fbd08a701b4ecc237faa1df9e4", kill_on_drop: false }`
[INFO] running `Command { std: "docker" "inspect" "8aca62e80dfb2760ec0ea5191bb312d7acfb07fbd08a701b4ecc237faa1df9e4", kill_on_drop: false }`
[INFO] running `Command { std: "docker" "rm" "-f" "8aca62e80dfb2760ec0ea5191bb312d7acfb07fbd08a701b4ecc237faa1df9e4", kill_on_drop: false }`
[INFO] [stdout] 8aca62e80dfb2760ec0ea5191bb312d7acfb07fbd08a701b4ecc237faa1df9e4
[INFO] running `Command { std: "docker" "create" "-v" "/var/lib/crater-agent-workspace/builds/worker-1-tc1/target:/opt/rustwide/target:rw,Z" "-v" "/var/lib/crater-agent-workspace/builds/worker-1-tc1/source:/opt/rustwide/workdir:ro,Z" "-v" "/var/lib/crater-agent-workspace/cargo-home:/opt/rustwide/cargo-home:ro,Z" "-v" "/var/lib/crater-agent-workspace/rustup-home:/opt/rustwide/rustup-home:ro,Z" "-e" "SOURCE_DIR=/opt/rustwide/workdir" "-e" "CARGO_TARGET_DIR=/opt/rustwide/target" "-e" "CARGO_INCREMENTAL=0" "-e" "RUST_BACKTRACE=full" "-e" "RUSTFLAGS=--cap-lints=forbid" "-e" "RUSTDOCFLAGS=--cap-lints=forbid" "-e" "CARGO_HOME=/opt/rustwide/cargo-home" "-e" "RUSTUP_HOME=/opt/rustwide/rustup-home" "-w" "/opt/rustwide/workdir" "-m" "1610612736" "--user" "0:0" "--network" "none" "ghcr.io/rust-lang/crates-build-env/linux@sha256:4a844ea9eb2546a2d2c7022eacef16ef2e8229c7fbb2c7d4d55a9ceca922f72d" "/opt/rustwide/cargo-home/bin/cargo" "+nightly-2024-10-28" "build" "--frozen" "--message-format=json", kill_on_drop: false }`
[INFO] [stdout] b9385c6e23016f495b3531dd5071f447b07a1df1792f43b391a4141e5932f5af
[INFO] running `Command { std: "docker" "start" "-a" "b9385c6e23016f495b3531dd5071f447b07a1df1792f43b391a4141e5932f5af", kill_on_drop: false }`
[INFO] [stderr]    Compiling libc v0.2.161
[INFO] [stderr]    Compiling serde v1.0.214
[INFO] [stderr]    Compiling generic-array v0.14.7
[INFO] [stderr]    Compiling subtle v2.6.1
[INFO] [stderr]    Compiling zeroize v1.8.1
[INFO] [stderr]    Compiling byteorder v1.5.0
[INFO] [stderr]    Compiling arrayvec v0.7.6
[INFO] [stderr]    Compiling zerocopy v0.7.35
[INFO] [stderr]    Compiling impl-trait-for-tuples v0.2.2
[INFO] [stderr]    Compiling memchr v2.7.4
[INFO] [stderr]    Compiling getrandom v0.2.15
[INFO] [stderr]    Compiling byte-slice-cast v1.2.2
[INFO] [stderr]    Compiling rand_core v0.6.4
[INFO] [stderr]    Compiling crypto-common v0.1.6
[INFO] [stderr]    Compiling block-buffer v0.10.4
[INFO] [stderr]    Compiling ppv-lite86 v0.2.20
[INFO] [stderr]    Compiling crunchy v0.2.2
[INFO] [stderr]    Compiling digest v0.10.7
[INFO] [stderr]    Compiling aho-corasick v1.1.3
[INFO] [stderr]    Compiling bytes v1.8.0
[INFO] [stderr]    Compiling static_assertions v1.1.0
[INFO] [stderr]    Compiling rand_chacha v0.3.1
[INFO] [stderr]    Compiling derive_more-impl v1.0.0
[INFO] [stderr]    Compiling rand v0.8.5
[INFO] [stderr]    Compiling regex-automata v0.4.8
[INFO] [stderr]    Compiling prettyplease v0.2.25
[INFO] [stderr]    Compiling fs-err v2.11.0
[INFO] [stderr]    Compiling pin-project-lite v0.2.15
[INFO] [stderr]    Compiling smallvec v1.13.2
[INFO] [stderr]    Compiling curve25519-dalek v4.1.3
[INFO] [stderr]    Compiling derive_more v1.0.0
[INFO] [stderr]    Compiling sha2 v0.10.8
[INFO] [stderr]    Compiling digest v0.9.0
[INFO] [stderr]    Compiling der v0.7.9
[INFO] [stderr]    Compiling expander v2.2.1
[INFO] [stderr]    Compiling libsecp256k1-core v0.3.0
[INFO] [stderr]    Compiling blake2 v0.10.6
[INFO] [stderr]    Compiling serde_spanned v0.6.8
[INFO] [stderr]    Compiling toml_datetime v0.6.8
[INFO] [stderr]    Compiling toml_edit v0.22.22
[INFO] [stderr]    Compiling signature v2.2.0
[INFO] [stderr]    Compiling regex v1.11.1
[INFO] [stderr]    Compiling Inflector v0.11.4
[INFO] [stderr]    Compiling file-guard v0.2.0
[INFO] [stderr]    Compiling tracing-core v0.1.32
[INFO] [stderr]    Compiling slab v0.4.9
[INFO] [stderr]    Compiling ahash v0.8.11
[INFO] [stderr]    Compiling derive-syn-parse v0.2.0
[INFO] [stderr]    Compiling curve25519-dalek-derive v0.1.1
[INFO] [stderr]    Compiling base16ct v0.2.0
[INFO] [stderr]    Compiling powerfmt v0.2.0
[INFO] [stderr]    Compiling ref-cast v1.0.23
[INFO] [stderr]    Compiling serde_json v1.0.132
[INFO] [stderr]    Compiling deranged v0.3.11
[INFO] [stderr]    Compiling serdect v0.2.0
[INFO] [stderr]    Compiling spki v0.7.3
[INFO] [stderr]    Compiling impl-serde v0.4.0
[INFO] [stderr]    Compiling hmac v0.12.1
[INFO] [stderr]    Compiling ff v0.13.0
[INFO] [stderr]    Compiling tracing-attributes v0.1.27
[INFO] [stderr]    Compiling ref-cast-impl v1.0.23
[INFO] [stderr]    Compiling sp-debug-derive v14.0.0
[INFO] [stderr]    Compiling time-core v0.1.2
[INFO] [stderr]    Compiling hex v0.4.3
[INFO] [stderr]    Compiling futures-sink v0.3.31
[INFO] [stderr]    Compiling num-conv v0.1.0
[INFO] [stderr]    Compiling proc-macro-crate v3.2.0
[INFO] [stderr]    Compiling bitcoin-internals v0.2.0
[INFO] [stderr]    Compiling either v1.13.0
[INFO] [stderr]    Compiling futures-core v0.3.31
[INFO] [stderr]    Compiling rustc-hex v2.1.0
[INFO] [stderr]    Compiling futures-channel v0.3.31
[INFO] [stderr]    Compiling time v0.3.36
[INFO] [stderr]    Compiling group v0.13.0
[INFO] [stderr]    Compiling pkcs8 v0.10.2
[INFO] [stderr]    Compiling tracing v0.1.40
[INFO] [stderr]    Compiling sec1 v0.7.3
[INFO] [stderr]    Compiling secp256k1-sys v0.9.2
[INFO] [stderr]    Compiling tracing-log v0.2.0
[INFO] [stderr]    Compiling libsecp256k1-gen-ecmult v0.3.0
[INFO] [stderr]    Compiling libsecp256k1-gen-genmult v0.3.0
[INFO] [stderr]    Compiling sharded-slab v0.1.7
[INFO] [stderr]    Compiling crypto-bigint v0.5.5
[INFO] [stderr]    Compiling crypto-mac v0.8.0
[INFO] [stderr]    Compiling thread_local v1.1.8
[INFO] [stderr]    Compiling lock_api v0.4.12
[INFO] [stderr]    Compiling futures-macro v0.3.31
[INFO] [stderr]    Compiling base64ct v1.6.0
[INFO] [stderr]    Compiling parity-scale-codec-derive v3.6.12
[INFO] [stderr]    Compiling scale-info-derive v2.11.5
[INFO] [stderr]    Compiling futures-task v0.3.31
[INFO] [stderr]    Compiling unicode-xid v0.2.6
[INFO] [stderr]    Compiling sp-std v14.0.0
[INFO] [stderr]    Compiling parking_lot_core v0.9.10
[INFO] [stderr]    Compiling futures-io v0.3.31
[INFO] [stderr]    Compiling hash-db v0.16.0
[INFO] [stderr]    Compiling futures-util v0.3.31
[INFO] [stderr]    Compiling ss58-registry v1.51.0
[INFO] [stderr]    Compiling tracing-subscriber v0.3.18
[INFO] [stderr]    Compiling password-hash v0.5.0
[INFO] [stderr]    Compiling hmac v0.8.1
[INFO] [stderr]    Compiling elliptic-curve v0.13.8
[INFO] [stderr]    Compiling parity-scale-codec v3.6.12
[INFO] [stderr]    Compiling libsecp256k1 v0.7.1
[INFO] [stderr]    Compiling fixed-hash v0.8.0
[INFO] [stderr]    Compiling uint v0.9.5
[INFO] [stderr]    Compiling rfc6979 v0.4.0
[INFO] [stderr]    Compiling ed25519 v2.2.3
[INFO] [stderr]    Compiling serde_bytes v0.11.15
[INFO] [stderr]    Compiling getrandom_or_panic v0.0.3
[INFO] [stderr]    Compiling merlin v3.0.0
[INFO] [stderr]    Compiling block-buffer v0.9.0
[INFO] [stderr]    Compiling num_cpus v1.16.0
[INFO] [stderr]    Compiling environmental v1.1.4
[INFO] [stderr]    Compiling allocator-api2 v0.2.18
[INFO] [stderr]    Compiling hex-conservative v0.1.2
[INFO] [stderr]    Compiling scopeguard v1.2.0
[INFO] [stderr]    Compiling sha2 v0.9.9
[INFO] [stderr]    Compiling scale-info v2.11.5
[INFO] [stderr]    Compiling sp-storage v21.0.0
[INFO] [stderr]    Compiling impl-codec v0.6.0
[INFO] [stderr]    Compiling hashbrown v0.14.5
[INFO] [stderr]    Compiling bitcoin_hashes v0.13.0
[INFO] [stderr]    Compiling sp-externalities v0.29.0
[INFO] [stderr]    Compiling sp-tracing v17.0.1
[INFO] [stderr]    Compiling sp-wasm-interface v21.0.1
[INFO] [stderr]    Compiling schnorrkel v0.11.4
[INFO] [stderr]    Compiling ecdsa v0.16.9
[INFO] [stderr]    Compiling futures-executor v0.3.31
[INFO] [stderr]    Compiling bounded-collections v0.2.1
[INFO] [stderr]    Compiling primitive-types v0.12.2
[INFO] [stderr]    Compiling hmac-drbg v0.3.0
[INFO] [stderr]    Compiling pbkdf2 v0.12.2
[INFO] [stderr]    Compiling unicode-normalization v0.1.22
[INFO] [stderr]    Compiling sp-runtime-interface-proc-macro v18.0.0
[INFO] [stderr]    Compiling itertools v0.11.0
[INFO] [stderr]    Compiling blake2b_simd v1.0.2
[INFO] [stderr]    Compiling twox-hash v1.6.3
[INFO] [stderr]    Compiling sha3 v0.10.8
[INFO] [stderr]    Compiling num-format v0.4.4
[INFO] [stderr]    Compiling dyn-clonable-impl v0.9.0
[INFO] [stderr]    Compiling base64 v0.13.1
[INFO] [stderr]    Compiling same-file v1.0.6
[INFO] [stderr]    Compiling dyn-clone v1.0.17
[INFO] [stderr]    Compiling walkdir v2.5.0
[INFO] [stderr]    Compiling dyn-clonable v0.9.0
[INFO] [stderr]    Compiling sp-crypto-hashing v0.1.0
[INFO] [stderr]    Compiling secp256k1 v0.28.2
[INFO] [stderr]    Compiling parking_lot v0.12.3
[INFO] [stderr]    Compiling parity-bip39 v2.0.1
[INFO] [stderr]    Compiling substrate-bip39 v0.6.0
[INFO] [stderr]    Compiling sp-runtime-interface v28.0.0
[INFO] [stderr]    Compiling k256 v0.13.4
[INFO] [stderr]    Compiling futures v0.3.31
[INFO] [stderr]    Compiling ed25519-zebra v4.0.3
[INFO] [stderr]    Compiling toml v0.8.19
[INFO] [stderr]    Compiling hash256-std-hasher v0.15.2
[INFO] [stderr]    Compiling secrecy v0.8.0
[INFO] [stderr]    Compiling termcolor v1.4.1
[INFO] [stderr]    Compiling adler2 v2.0.0
[INFO] [stderr]    Compiling common-path v1.0.0
[INFO] [stderr]    Compiling bs58 v0.5.1
[INFO] [stderr]    Compiling array-bytes v6.2.3
[INFO] [stderr]    Compiling gimli v0.31.1
[INFO] [stderr]    Compiling miniz_oxide v0.8.0
[INFO] [stderr]    Compiling object v0.36.5
[INFO] [stderr]    Compiling num-traits v0.2.19
[INFO] [stderr]    Compiling rustc-demangle v0.1.24
[INFO] [stderr]    Compiling hashbrown v0.13.2
[INFO] [stderr]    Compiling docify_macros v0.2.8
[INFO] [stderr]    Compiling trie-root v0.18.0
[INFO] [stderr]    Compiling memory-db v0.32.0
[INFO] [stderr]    Compiling trie-db v0.29.1
[INFO] [stderr]    Compiling nohash-hasher v0.2.0
[INFO] [stderr]    Compiling schnellru v0.2.3
[INFO] [stderr]    Compiling sp-io v38.0.0
[INFO] [stderr]    Compiling tiny-keccak v2.0.2
[INFO] [stderr]    Compiling ed25519-dalek v2.1.1
[INFO] [stderr]    Compiling const-random-macro v0.1.16
[INFO] [stderr]    Compiling docify v0.2.8
[INFO] [stderr]    Compiling sp-core v34.0.0
[INFO] [stderr]    Compiling integer-sqrt v0.1.5
[INFO] [stderr]    Compiling sp-arithmetic v26.0.0
[INFO] [stderr]    Compiling addr2line v0.24.2
[INFO] [stderr]    Compiling simple-mermaid v0.1.1
[INFO] [stderr]    Compiling const-random v0.1.18
[INFO] [stderr]    Compiling macro_magic_core_macros v0.5.1
[INFO] [stderr]    Compiling macro_magic_core v0.5.1
[INFO] [stderr]    Compiling sp-weights v31.0.0
[INFO] [stderr]    Compiling frame-metadata v16.0.0
[INFO] [stderr]    Compiling sp-crypto-hashing-proc-macro v0.1.0
[INFO] [stderr]    Compiling proc-macro-error v1.0.4
[INFO] [stderr]    Compiling macro_magic_macros v0.5.1
[INFO] [stderr]    Compiling backtrace v0.3.74
[INFO] [stderr]    Compiling sp-trie v37.0.0
[INFO] [stderr]    Compiling sp-keystore v0.40.0
[INFO] [stderr]    Compiling sp-version-proc-macro v14.0.0
[INFO] [stderr]    Compiling parity-wasm v0.45.0
[INFO] [stderr]    Compiling sp-panic-handler v13.0.0
[INFO] [stderr]    Compiling sp-metadata-ir v0.7.0
[INFO] [stderr]    Compiling sp-state-machine v0.43.0
[INFO] [stderr]    Compiling sp-api-proc-macro v20.0.0
[INFO] [stderr]    Compiling frame-support-procedural-tools-derive v12.0.0
[INFO] [stderr]    Compiling include_dir_macros v0.7.4
[INFO] [stderr]    Compiling frame-support-procedural-tools v13.0.0
[INFO] [stderr]    Compiling include_dir v0.7.4
[INFO] [stderr]    Compiling cfg-expr v0.15.8
[INFO] [stderr]    Compiling macro_magic v0.5.1
[INFO] [stderr]    Compiling itertools v0.10.5
[INFO] [stderr]    Compiling proc-macro-warning v1.0.2
[INFO] [stderr]    Compiling async-trait v0.1.83
[INFO] [stderr]    Compiling frame-support-procedural v30.0.4
[INFO] [stderr]    Compiling tt-call v1.0.9
[INFO] [stderr]    Compiling aquamarine v0.5.0
[INFO] [stderr]    Compiling sp-application-crypto v38.0.0
[INFO] [stderr]    Compiling sp-runtime v39.0.2
[INFO] [stderr]    Compiling sp-version v37.0.0
[INFO] [stderr]    Compiling sp-staking v36.0.0
[INFO] [stderr]    Compiling sp-inherents v34.0.0
[INFO] [stderr]    Compiling sp-api v34.0.0
[INFO] [stderr]    Compiling sp-genesis-builder v0.15.1
[INFO] [stderr]    Compiling frame-support v38.0.0
[INFO] [stderr]    Compiling frame-system v38.0.0
[INFO] [stderr]    Compiling pallet-authorship v38.0.0
[INFO] [stderr]    Compiling pallet-im-online v37.0.0 (/opt/rustwide/workdir)
[INFO] [stderr]     Finished `dev` profile [unoptimized + debuginfo] target(s) in 2m 23s
[INFO] running `Command { std: "docker" "inspect" "b9385c6e23016f495b3531dd5071f447b07a1df1792f43b391a4141e5932f5af", kill_on_drop: false }`
[INFO] running `Command { std: "docker" "rm" "-f" "b9385c6e23016f495b3531dd5071f447b07a1df1792f43b391a4141e5932f5af", kill_on_drop: false }`
[INFO] [stdout] b9385c6e23016f495b3531dd5071f447b07a1df1792f43b391a4141e5932f5af
[INFO] running `Command { std: "docker" "create" "-v" "/var/lib/crater-agent-workspace/builds/worker-1-tc1/target:/opt/rustwide/target:rw,Z" "-v" "/var/lib/crater-agent-workspace/builds/worker-1-tc1/source:/opt/rustwide/workdir:ro,Z" "-v" "/var/lib/crater-agent-workspace/cargo-home:/opt/rustwide/cargo-home:ro,Z" "-v" "/var/lib/crater-agent-workspace/rustup-home:/opt/rustwide/rustup-home:ro,Z" "-e" "SOURCE_DIR=/opt/rustwide/workdir" "-e" "CARGO_TARGET_DIR=/opt/rustwide/target" "-e" "CARGO_INCREMENTAL=0" "-e" "RUST_BACKTRACE=full" "-e" "RUSTFLAGS=--cap-lints=forbid" "-e" "RUSTDOCFLAGS=--cap-lints=forbid" "-e" "CARGO_HOME=/opt/rustwide/cargo-home" "-e" "RUSTUP_HOME=/opt/rustwide/rustup-home" "-w" "/opt/rustwide/workdir" "-m" "1610612736" "--user" "0:0" "--network" "none" "ghcr.io/rust-lang/crates-build-env/linux@sha256:4a844ea9eb2546a2d2c7022eacef16ef2e8229c7fbb2c7d4d55a9ceca922f72d" "/opt/rustwide/cargo-home/bin/cargo" "+nightly-2024-10-28" "test" "--frozen" "--no-run" "--message-format=json", kill_on_drop: false }`
[INFO] [stdout] 47e1ad77c997b0ee6244239d990015e1ec294459d5da54afe59957f63bf5a404
[INFO] running `Command { std: "docker" "start" "-a" "47e1ad77c997b0ee6244239d990015e1ec294459d5da54afe59957f63bf5a404", kill_on_drop: false }`
[INFO] [stderr]    Compiling pallet-im-online v37.0.0 (/opt/rustwide/workdir)
[INFO] [stdout] error[E0432]: unresolved import `pallet_session`
[INFO] [stdout]   --> src/mock.rs:27:5
[INFO] [stdout]    |
[INFO] [stdout] 27 | use pallet_session::historical as pallet_session_historical;
[INFO] [stdout]    |     ^^^^^^^^^^^^^^ use of undeclared crate or module `pallet_session`
[INFO] [stdout] 
[INFO] [stdout] 
[INFO] [stdout] error[E0433]: failed to resolve: use of undeclared crate or module `pallet_session`
[INFO] [stdout]   --> src/mock.rs:69:6
[INFO] [stdout]    |
[INFO] [stdout] 69 | impl pallet_session::historical::SessionManager<u64, u64> for TestSessionManager {
[INFO] [stdout]    |      ^^^^^^^^^^^^^^ use of undeclared crate or module `pallet_session`
[INFO] [stdout] 
[INFO] [stdout] 
[INFO] [stdout] error[E0433]: failed to resolve: use of undeclared crate or module `pallet_session`
[INFO] [stdout]    --> src/mock.rs:127:3
[INFO] [stdout]     |
[INFO] [stdout] 127 |         pallet_session::historical::NoteHistoricalRoot<Runtime, TestSessionManager>;
[INFO] [stdout]     |         ^^^^^^^^^^^^^^ use of undeclared crate or module `pallet_session`
[INFO] [stdout] 
[INFO] [stdout] 
[INFO] [stdout] error[E0433]: failed to resolve: use of undeclared crate or module `pallet_session`
[INFO] [stdout]    --> src/mock.rs:137:6
[INFO] [stdout]     |
[INFO] [stdout] 137 | impl pallet_session::historical::Config for Runtime {
[INFO] [stdout]     |      ^^^^^^^^^^^^^^ use of undeclared crate or module `pallet_session`
[INFO] [stdout] 
[INFO] [stdout] 
[INFO] [stdout] error[E0433]: failed to resolve: use of undeclared crate or module `pallet_session`
[INFO] [stdout]    --> src/mock.rs:162:18
[INFO] [stdout]     |
[INFO] [stdout] 162 |         mock.unwrap_or(pallet_session::PeriodicSessions::<Period, Offset>::average_session_length())
[INFO] [stdout]     |                        ^^^^^^^^^^^^^^ use of undeclared crate or module `pallet_session`
[INFO] [stdout] 
[INFO] [stdout] 
[INFO] [stdout] error[E0433]: failed to resolve: use of undeclared crate or module `pallet_session`
[INFO] [stdout]    --> src/mock.rs:167:4
[INFO] [stdout]     |
[INFO] [stdout] 167 |             pallet_session::PeriodicSessions::<Period, Offset>::estimate_current_session_progress(
[INFO] [stdout]     |             ^^^^^^^^^^^^^^ use of undeclared crate or module `pallet_session`
[INFO] [stdout] 
[INFO] [stdout] 
[INFO] [stdout] error[E0433]: failed to resolve: use of undeclared crate or module `pallet_session`
[INFO] [stdout]    --> src/mock.rs:178:3
[INFO] [stdout]     |
[INFO] [stdout] 178 |         pallet_session::PeriodicSessions::<Period, Offset>::estimate_next_session_rotation(now)
[INFO] [stdout]     |         ^^^^^^^^^^^^^^ use of undeclared crate or module `pallet_session`
[INFO] [stdout] 
[INFO] [stdout] 
[INFO] [stdout] error[E0433]: failed to resolve: could not find `RuntimeCall` in `mock`
[INFO] [stdout]    --> src/tests.rs:229:17
[INFO] [stdout]     |
[INFO] [stdout] 229 |             crate::mock::RuntimeCall::ImOnline(crate::Call::heartbeat { heartbeat, .. }) =>
[INFO] [stdout]     |                          ^^^^^^^^^^^ could not find `RuntimeCall` in `mock`
[INFO] [stdout] 
[INFO] [stdout] 
[INFO] [stdout] error[E0433]: failed to resolve: could not find `RuntimeCall` in `mock`
[INFO] [stdout]    --> src/tests.rs:343:17
[INFO] [stdout]     |
[INFO] [stdout] 343 |             crate::mock::RuntimeCall::ImOnline(crate::Call::heartbeat { heartbeat, .. }) =>
[INFO] [stdout]     |                          ^^^^^^^^^^^ could not find `RuntimeCall` in `mock`
[INFO] [stdout] 
[INFO] [stdout] 
[INFO] [stdout] error[E0412]: cannot find type `Runtime` in this scope
[INFO] [stdout]   --> src/mock.rs:41:47
[INFO] [stdout]    |
[INFO] [stdout] 41 | type Block = frame_system::mocking::MockBlock<Runtime>;
[INFO] [stdout]    |                                               ^^^^^^^ not found in this scope
[INFO] [stdout]    |
[INFO] [stdout] help: you might be missing a type parameter
[INFO] [stdout]    |
[INFO] [stdout] 41 | type Block<Runtime> = frame_system::mocking::MockBlock<Runtime>;
[INFO] [stdout]    |           +++++++++
[INFO] [stdout] 
[INFO] [stdout] 
[INFO] [stdout] error[E0412]: cannot find type `RuntimeCall` in this scope
[INFO] [stdout]   --> src/mock.rs:80:29
[INFO] [stdout]    |
[INFO] [stdout] 80 | pub type Extrinsic = TestXt<RuntimeCall, ()>;
[INFO] [stdout]    |                             ^^^^^^^^^^^ not found in this scope
[INFO] [stdout]    |
[INFO] [stdout] help: you might be missing a type parameter
[INFO] [stdout]    |
[INFO] [stdout] 80 | pub type Extrinsic<RuntimeCall> = TestXt<RuntimeCall, ()>;
[INFO] [stdout]    |                   +++++++++++++
[INFO] [stdout] 
[INFO] [stdout] 
[INFO] [stdout] error[E0412]: cannot find type `Runtime` in this scope
[INFO] [stdout]    --> src/mock.rs:102:40
[INFO] [stdout]     |
[INFO] [stdout] 102 |     let t = frame_system::GenesisConfig::<Runtime>::default().build_storage().unwrap();
[INFO] [stdout]     |                                           ^^^^^^^ not found in this scope
[INFO] [stdout]     |
[INFO] [stdout] help: you might be missing a type parameter
[INFO] [stdout]     |
[INFO] [stdout] 101 | pub fn new_test_ext<Runtime>() -> sp_io::TestExternalities {
[INFO] [stdout]     |                    +++++++++
[INFO] [stdout] 
[INFO] [stdout] 
[INFO] [stdout] error[E0433]: failed to resolve: use of undeclared type `System`
[INFO] [stdout]    --> src/mock.rs:107:4
[INFO] [stdout]     |
[INFO] [stdout] 107 |             System::inc_providers(&i);
[INFO] [stdout]     |             ^^^^^^ use of undeclared type `System`
[INFO] [stdout]     |
[INFO] [stdout] help: consider importing this struct
[INFO] [stdout]     |
[INFO] [stdout] 22  + use std::alloc::System;
[INFO] [stdout]     |
[INFO] [stdout] 
[INFO] [stdout] 
[INFO] [stdout] error[E0412]: cannot find type `Runtime` in this scope
[INFO] [stdout]    --> src/mock.rs:115:31
[INFO] [stdout]     |
[INFO] [stdout] 115 | impl frame_system::Config for Runtime {
[INFO] [stdout]     |                               ^^^^^^^ not found in this scope
[INFO] [stdout] 
[INFO] [stdout] 
[INFO] [stdout] error[E0412]: cannot find type `RuntimeEvent` in this scope
[INFO] [stdout]    --> src/mock.rs:114:1
[INFO] [stdout]     |
[INFO] [stdout] 114 | #[derive_impl(frame_system::config_preludes::TestDefaultConfig)]
[INFO] [stdout]     | ^^^^^^^^^^^^^^^^^^^^^^^^^^^^^^^^^^^^^^^^^^^^^^^^^^^^^^^^^^^^^^^^
[INFO] [stdout]     |
[INFO] [stdout]     = note: this error originates in the macro `frame_system::config_preludes::TestDefaultConfig` which comes from the expansion of the macro `frame_support::macro_magic::forward_tokens_verbatim` (in Nightly builds, run with -Z macro-backtrace for more info)
[INFO] [stdout] help: you might have meant to use the associated type
[INFO] [stdout]    --> /opt/rustwide/cargo-home/registry/src/index.crates.io-6f17d22bba15001f/frame-system-38.0.0/src/lib.rs:308:9
[INFO] [stdout]     |
[INFO] [stdout] 308 |             type Self::RuntimeEvent = ();
[INFO] [stdout]     |                  ++++++
[INFO] [stdout] 
[INFO] [stdout] 
[INFO] [stdout] error[E0412]: cannot find type `RuntimeOrigin` in this scope
[INFO] [stdout]    --> src/mock.rs:114:1
[INFO] [stdout]     |
[INFO] [stdout] 114 | #[derive_impl(frame_system::config_preludes::TestDefaultConfig)]
[INFO] [stdout]     | ^^^^^^^^^^^^^^^^^^^^^^^^^^^^^^^^^^^^^^^^^^^^^^^^^^^^^^^^^^^^^^^^
[INFO] [stdout]     |
[INFO] [stdout]     = note: this error originates in the macro `frame_system::config_preludes::TestDefaultConfig` which comes from the expansion of the macro `frame_support::macro_magic::forward_tokens_verbatim` (in Nightly builds, run with -Z macro-backtrace for more info)
[INFO] [stdout] help: you might have meant to use the associated type
[INFO] [stdout]    --> /opt/rustwide/cargo-home/registry/src/index.crates.io-6f17d22bba15001f/frame-system-38.0.0/src/lib.rs:310:9
[INFO] [stdout]     |
[INFO] [stdout] 310 |             type Self::RuntimeOrigin = ();
[INFO] [stdout]     |                  ++++++
[INFO] [stdout] 
[INFO] [stdout] 
[INFO] [stdout] error[E0412]: cannot find type `RuntimeCall` in this scope
[INFO] [stdout]    --> src/mock.rs:114:1
[INFO] [stdout]     |
[INFO] [stdout] 114 | #[derive_impl(frame_system::config_preludes::TestDefaultConfig)]
[INFO] [stdout]     | ^^^^^^^^^^^^^^^^^^^^^^^^^^^^^^^^^^^^^^^^^^^^^^^^^^^^^^^^^^^^^^^^
[INFO] [stdout]     |
[INFO] [stdout]     = note: this error originates in the macro `frame_system::config_preludes::TestDefaultConfig` which comes from the expansion of the macro `frame_support::macro_magic::forward_tokens_verbatim` (in Nightly builds, run with -Z macro-backtrace for more info)
[INFO] [stdout] help: you might have meant to use the associated type
[INFO] [stdout]    --> /opt/rustwide/cargo-home/registry/src/index.crates.io-6f17d22bba15001f/frame-system-38.0.0/src/lib.rs:312:9
[INFO] [stdout]     |
[INFO] [stdout] 312 |             type Self::RuntimeCall = ();
[INFO] [stdout]     |                  ++++++
[INFO] [stdout] 
[INFO] [stdout] 
[INFO] [stdout] error[E0412]: cannot find type `PalletInfo` in this scope
[INFO] [stdout]    --> src/mock.rs:114:1
[INFO] [stdout]     |
[INFO] [stdout] 114 | #[derive_impl(frame_system::config_preludes::TestDefaultConfig)]
[INFO] [stdout]     | ^^^^^^^^^^^^^^^^^^^^^^^^^^^^^^^^^^^^^^^^^^^^^^^^^^^^^^^^^^^^^^^^
[INFO] [stdout]     |
[INFO] [stdout]     = note: this error originates in the macro `frame_system::config_preludes::TestDefaultConfig` which comes from the expansion of the macro `frame_support::macro_magic::forward_tokens_verbatim` (in Nightly builds, run with -Z macro-backtrace for more info)
[INFO] [stdout] help: you might have meant to use the associated type
[INFO] [stdout]    --> /opt/rustwide/cargo-home/registry/src/index.crates.io-6f17d22bba15001f/frame-system-38.0.0/src/lib.rs:314:9
[INFO] [stdout]     |
[INFO] [stdout] 314 |             type Self::PalletInfo = ();
[INFO] [stdout]     |                  ++++++
[INFO] [stdout] help: consider importing this trait
[INFO] [stdout]     |
[INFO] [stdout] 22  + use frame_support::traits::PalletInfo;
[INFO] [stdout]     |
[INFO] [stdout] 
[INFO] [stdout] 
[INFO] [stdout] error[E0412]: cannot find type `RuntimeTask` in this scope
[INFO] [stdout]    --> src/mock.rs:114:1
[INFO] [stdout]     |
[INFO] [stdout] 114 | #[derive_impl(frame_system::config_preludes::TestDefaultConfig)]
[INFO] [stdout]     | ^^^^^^^^^^^^^^^^^^^^^^^^^^^^^^^^^^^^^^^^^^^^^^^^^^^^^^^^^^^^^^^^
[INFO] [stdout]     |
[INFO] [stdout]     = note: this error originates in the macro `frame_system::config_preludes::TestDefaultConfig` which comes from the expansion of the macro `frame_support::macro_magic::forward_tokens_verbatim` (in Nightly builds, run with -Z macro-backtrace for more info)
[INFO] [stdout] help: you might have meant to use the associated type
[INFO] [stdout]    --> /opt/rustwide/cargo-home/registry/src/index.crates.io-6f17d22bba15001f/frame-system-38.0.0/src/lib.rs:316:9
[INFO] [stdout]     |
[INFO] [stdout] 316 |             type Self::RuntimeTask = ();
[INFO] [stdout]     |                  ++++++
[INFO] [stdout] 
[INFO] [stdout] 
[INFO] [stdout] error[E0412]: cannot find type `Runtime` in this scope
[INFO] [stdout]    --> src/mock.rs:124:33
[INFO] [stdout]     |
[INFO] [stdout] 124 | impl pallet_session::Config for Runtime {
[INFO] [stdout]     |                                 ^^^^^^^ not found in this scope
[INFO] [stdout] 
[INFO] [stdout] 
[INFO] [stdout] error[E0412]: cannot find type `Runtime` in this scope
[INFO] [stdout]    --> src/mock.rs:127:50
[INFO] [stdout]     |
[INFO] [stdout] 127 |         pallet_session::historical::NoteHistoricalRoot<Runtime, TestSessionManager>;
[INFO] [stdout]     |                                                        ^^^^^^^ not found in this scope
[INFO] [stdout]     |
[INFO] [stdout] help: you might be missing a type parameter
[INFO] [stdout]     |
[INFO] [stdout] 124 | impl<Runtime> pallet_session::Config for Runtime {
[INFO] [stdout]     |     +++++++++
[INFO] [stdout] 
[INFO] [stdout] 
[INFO] [stdout] error[E0412]: cannot find type `ImOnline` in this scope
[INFO] [stdout]    --> src/mock.rs:128:25
[INFO] [stdout]     |
[INFO] [stdout] 128 |     type SessionHandler = (ImOnline,);
[INFO] [stdout]     |                            ^^^^^^^^ not found in this scope
[INFO] [stdout] 
[INFO] [stdout] 
[INFO] [stdout] error[E0412]: cannot find type `RuntimeEvent` in this scope
[INFO] [stdout]    --> src/mock.rs:132:22
[INFO] [stdout]     |
[INFO] [stdout] 132 |     type RuntimeEvent = RuntimeEvent;
[INFO] [stdout]     |                         ^^^^^^^^^^^^ not found in this scope
[INFO] [stdout] 
[INFO] [stdout] 
[INFO] [stdout] error[E0412]: cannot find type `Runtime` in this scope
[INFO] [stdout]    --> src/mock.rs:137:45
[INFO] [stdout]     |
[INFO] [stdout] 137 | impl pallet_session::historical::Config for Runtime {
[INFO] [stdout]     |                                             ^^^^^^^ not found in this scope
[INFO] [stdout] 
[INFO] [stdout] 
[INFO] [stdout] error[E0412]: cannot find type `Runtime` in this scope
[INFO] [stdout]    --> src/mock.rs:142:36
[INFO] [stdout]     |
[INFO] [stdout] 142 | impl pallet_authorship::Config for Runtime {
[INFO] [stdout]     |                                    ^^^^^^^ not found in this scope
[INFO] [stdout] 
[INFO] [stdout] 
[INFO] [stdout] error[E0412]: cannot find type `ImOnline` in this scope
[INFO] [stdout]    --> src/mock.rs:144:22
[INFO] [stdout]     |
[INFO] [stdout] 144 |     type EventHandler = ImOnline;
[INFO] [stdout]     |                         ^^^^^^^^ not found in this scope
[INFO] [stdout] 
[INFO] [stdout] 
[INFO] [stdout] error[E0412]: cannot find type `Runtime` in this scope
[INFO] [stdout]    --> src/mock.rs:182:17
[INFO] [stdout]     |
[INFO] [stdout] 182 | impl Config for Runtime {
[INFO] [stdout]     |                 ^^^^^^^ not found in this scope
[INFO] [stdout] 
[INFO] [stdout] 
[INFO] [stdout] error[E0412]: cannot find type `RuntimeEvent` in this scope
[INFO] [stdout]    --> src/mock.rs:184:22
[INFO] [stdout]     |
[INFO] [stdout] 184 |     type RuntimeEvent = RuntimeEvent;
[INFO] [stdout]     |                         ^^^^^^^^^^^^
[INFO] [stdout]     |
[INFO] [stdout] help: you might have meant to use the associated type
[INFO] [stdout]     |
[INFO] [stdout] 184 |     type RuntimeEvent = Self::RuntimeEvent;
[INFO] [stdout]     |                         ++++++
[INFO] [stdout] 
[INFO] [stdout] 
[INFO] [stdout] error[E0412]: cannot find type `Historical` in this scope
[INFO] [stdout]    --> src/mock.rs:185:22
[INFO] [stdout]     |
[INFO] [stdout] 185 |     type ValidatorSet = Historical;
[INFO] [stdout]     |                         ^^^^^^^^^^ not found in this scope
[INFO] [stdout] 
[INFO] [stdout] 
[INFO] [stdout] error[E0412]: cannot find type `Runtime` in this scope
[INFO] [stdout]    --> src/mock.rs:194:77
[INFO] [stdout]     |
[INFO] [stdout] 194 | impl<LocalCall> frame_system::offchain::SendTransactionTypes<LocalCall> for Runtime
[INFO] [stdout]     |                                                                             ^^^^^^^ not found in this scope
[INFO] [stdout] 
[INFO] [stdout] 
[INFO] [stdout] error[E0412]: cannot find type `RuntimeCall` in this scope
[INFO] [stdout]    --> src/mock.rs:196:2
[INFO] [stdout]     |
[INFO] [stdout] 196 |     RuntimeCall: From<LocalCall>,
[INFO] [stdout]     |     ^^^^^^^^^^^ not found in this scope
[INFO] [stdout] 
[INFO] [stdout] 
[INFO] [stdout] error[E0412]: cannot find type `RuntimeCall` in this scope
[INFO] [stdout]    --> src/mock.rs:198:25
[INFO] [stdout]     |
[INFO] [stdout] 198 |     type OverarchingCall = RuntimeCall;
[INFO] [stdout]     |                            ^^^^^^^^^^^ not found in this scope
[INFO] [stdout] 
[INFO] [stdout] 
[INFO] [stdout] error[E0433]: failed to resolve: use of undeclared type `System`
[INFO] [stdout]    --> src/mock.rs:203:12
[INFO] [stdout]     |
[INFO] [stdout] 203 |     let now = System::block_number().max(1);
[INFO] [stdout]     |               ^^^^^^ use of undeclared type `System`
[INFO] [stdout]     |
[INFO] [stdout] help: consider importing this struct
[INFO] [stdout]     |
[INFO] [stdout] 22  + use std::alloc::System;
[INFO] [stdout]     |
[INFO] [stdout] 
[INFO] [stdout] 
[INFO] [stdout] error[E0433]: failed to resolve: use of undeclared type `System`
[INFO] [stdout]    --> src/mock.rs:204:2
[INFO] [stdout]     |
[INFO] [stdout] 204 |     System::set_block_number(now + 1);
[INFO] [stdout]     |     ^^^^^^ use of undeclared type `System`
[INFO] [stdout]     |
[INFO] [stdout] help: consider importing this struct
[INFO] [stdout]     |
[INFO] [stdout] 22  + use std::alloc::System;
[INFO] [stdout]     |
[INFO] [stdout] 
[INFO] [stdout] 
[INFO] [stdout] error[E0433]: failed to resolve: use of undeclared type `System`
[INFO] [stdout]   --> src/tests.rs:60:3
[INFO] [stdout]    |
[INFO] [stdout] 60 |         System::set_block_number(block);
[INFO] [stdout]    |         ^^^^^^ use of undeclared type `System`
[INFO] [stdout]    |
[INFO] [stdout] help: consider importing this struct
[INFO] [stdout]    |
[INFO] [stdout] 22 + use std::alloc::System;
[INFO] [stdout]    |
[INFO] [stdout] 
[INFO] [stdout] 
[INFO] [stdout] error[E0433]: failed to resolve: use of undeclared type `System`
[INFO] [stdout]    --> src/tests.rs:210:3
[INFO] [stdout]     |
[INFO] [stdout] 210 |         System::set_block_number(block);
[INFO] [stdout]     |         ^^^^^^ use of undeclared type `System`
[INFO] [stdout]     |
[INFO] [stdout] help: consider importing this struct
[INFO] [stdout]     |
[INFO] [stdout] 22  + use std::alloc::System;
[INFO] [stdout]     |
[INFO] [stdout] 
[INFO] [stdout] 
[INFO] [stdout] error[E0412]: cannot find type `Runtime` in this scope
[INFO] [stdout]    --> src/tests.rs:264:48
[INFO] [stdout]     |
[INFO] [stdout] 264 |         assert!(!super::pallet::ReceivedHeartbeats::<Runtime>::get(2, 0).is_none());
[INFO] [stdout]     |                                                      ^^^^^^^ not found in this scope
[INFO] [stdout]     |
[INFO] [stdout] help: you might be missing a type parameter
[INFO] [stdout]     |
[INFO] [stdout] 247 | fn should_cleanup_received_heartbeats_on_session_end<Runtime>() {
[INFO] [stdout]     |                                                     +++++++++
[INFO] [stdout] 
[INFO] [stdout] 
[INFO] [stdout] error[E0412]: cannot find type `Runtime` in this scope
[INFO] [stdout]    --> src/tests.rs:271:47
[INFO] [stdout]     |
[INFO] [stdout] 271 |         assert!(super::pallet::ReceivedHeartbeats::<Runtime>::get(2, 0).is_none());
[INFO] [stdout]     |                                                     ^^^^^^^ not found in this scope
[INFO] [stdout]     |
[INFO] [stdout] help: you might be missing a type parameter
[INFO] [stdout]     |
[INFO] [stdout] 247 | fn should_cleanup_received_heartbeats_on_session_end<Runtime>() {
[INFO] [stdout]     |                                                     +++++++++
[INFO] [stdout] 
[INFO] [stdout] 
[INFO] [stdout] error[E0433]: failed to resolve: use of undeclared type `System`
[INFO] [stdout]    --> src/tests.rs:367:3
[INFO] [stdout]     |
[INFO] [stdout] 367 |         System::set_block_number(block);
[INFO] [stdout]     |         ^^^^^^ use of undeclared type `System`
[INFO] [stdout]     |
[INFO] [stdout] help: consider importing this struct
[INFO] [stdout]     |
[INFO] [stdout] 22  + use std::alloc::System;
[INFO] [stdout]     |
[INFO] [stdout] 
[INFO] [stdout] 
[INFO] [stdout] warning: unused import: `crate as imonline`
[INFO] [stdout]   --> src/mock.rs:38:5
[INFO] [stdout]    |
[INFO] [stdout] 38 | use crate as imonline;
[INFO] [stdout]    |     ^^^^^^^^^^^^^^^^^
[INFO] [stdout]    |
[INFO] [stdout]    = note: `#[warn(unused_imports)]` on by default
[INFO] [stdout] 
[INFO] [stdout] 
[INFO] [stdout] warning: unused import: `pallet_authorship::EventHandler`
[INFO] [stdout]    --> src/tests.rs:277:6
[INFO] [stdout]     |
[INFO] [stdout] 277 |     use pallet_authorship::EventHandler;
[INFO] [stdout]     |         ^^^^^^^^^^^^^^^^^^^^^^^^^^^^^^^
[INFO] [stdout] 
[INFO] [stdout] 
[INFO] [stdout] warning: unused import: `pallet_authorship::EventHandler`
[INFO] [stdout]    --> src/tests.rs:306:6
[INFO] [stdout]     |
[INFO] [stdout] 306 |     use pallet_authorship::EventHandler;
[INFO] [stdout]     |         ^^^^^^^^^^^^^^^^^^^^^^^^^^^^^^^
[INFO] [stdout] 
[INFO] [stdout] 
[INFO] [stdout] error[E0433]: failed to resolve: use of undeclared crate or module `pallet_session`
[INFO] [stdout]   --> src/mock.rs:61:6
[INFO] [stdout]    |
[INFO] [stdout] 61 | impl pallet_session::SessionManager<u64> for TestSessionManager {
[INFO] [stdout]    |      ^^^^^^^^^^^^^^ use of undeclared crate or module `pallet_session`
[INFO] [stdout] 
[INFO] [stdout] 
[INFO] [stdout] error[E0433]: failed to resolve: use of undeclared type `Session`
[INFO] [stdout]    --> src/mock.rs:108:15
[INFO] [stdout]     |
[INFO] [stdout] 108 |             assert_eq!(Session::set_keys(RuntimeOrigin::signed(i), (i - 1).into(), vec![]), Ok(()));
[INFO] [stdout]     |                        ^^^^^^^ use of undeclared type `Session`
[INFO] [stdout] 
[INFO] [stdout] 
[INFO] [stdout] error[E0433]: failed to resolve: use of undeclared type `RuntimeOrigin`
[INFO] [stdout]    --> src/mock.rs:108:33
[INFO] [stdout]     |
[INFO] [stdout] 108 |             assert_eq!(Session::set_keys(RuntimeOrigin::signed(i), (i - 1).into(), vec![]), Ok(()));
[INFO] [stdout]     |                                          ^^^^^^^^^^^^^ use of undeclared type `RuntimeOrigin`
[INFO] [stdout] 
[INFO] [stdout] 
[INFO] [stdout] error[E0433]: failed to resolve: use of undeclared crate or module `pallet_session`
[INFO] [stdout]    --> src/mock.rs:124:6
[INFO] [stdout]     |
[INFO] [stdout] 124 | impl pallet_session::Config for Runtime {
[INFO] [stdout]     |      ^^^^^^^^^^^^^^ use of undeclared crate or module `pallet_session`
[INFO] [stdout] 
[INFO] [stdout] 
[INFO] [stdout] error[E0433]: failed to resolve: use of undeclared crate or module `pallet_session`
[INFO] [stdout]    --> src/mock.rs:125:26
[INFO] [stdout]     |
[INFO] [stdout] 125 |     type ShouldEndSession = pallet_session::PeriodicSessions<Period, Offset>;
[INFO] [stdout]     |                             ^^^^^^^^^^^^^^ use of undeclared crate or module `pallet_session`
[INFO] [stdout] 
[INFO] [stdout] 
[INFO] [stdout] error[E0433]: failed to resolve: use of undeclared crate or module `pallet_session`
[INFO] [stdout]    --> src/mock.rs:133:29
[INFO] [stdout]     |
[INFO] [stdout] 133 |     type NextSessionRotation = pallet_session::PeriodicSessions<Period, Offset>;
[INFO] [stdout]     |                                ^^^^^^^^^^^^^^ use of undeclared crate or module `pallet_session`
[INFO] [stdout] 
[INFO] [stdout] 
[INFO] [stdout] error[E0433]: failed to resolve: use of undeclared type `Session`
[INFO] [stdout]    --> src/mock.rs:205:2
[INFO] [stdout]     |
[INFO] [stdout] 205 |     Session::rotate_session();
[INFO] [stdout]     |     ^^^^^^^ use of undeclared type `Session`
[INFO] [stdout] 
[INFO] [stdout] 
[INFO] [stdout] error[E0433]: failed to resolve: use of undeclared type `Session`
[INFO] [stdout]    --> src/mock.rs:206:13
[INFO] [stdout]     |
[INFO] [stdout] 206 |     let keys = Session::validators().into_iter().map(UintAuthorityId).collect();
[INFO] [stdout]     |                ^^^^^^^ use of undeclared type `Session`
[INFO] [stdout] 
[INFO] [stdout] 
[INFO] [stdout] error[E0433]: failed to resolve: use of undeclared type `ImOnline`
[INFO] [stdout]    --> src/mock.rs:207:2
[INFO] [stdout]     |
[INFO] [stdout] 207 |     ImOnline::set_keys(keys);
[INFO] [stdout]     |     ^^^^^^^^ use of undeclared type `ImOnline`
[INFO] [stdout] 
[INFO] [stdout] 
[INFO] [stdout] error[E0433]: failed to resolve: use of undeclared type `Session`
[INFO] [stdout]    --> src/mock.rs:208:13
[INFO] [stdout]     |
[INFO] [stdout] 208 |     assert_eq!(Session::current_index(), (now / Period::get()) as u32);
[INFO] [stdout]     |                ^^^^^^^ use of undeclared type `Session`
[INFO] [stdout] 
[INFO] [stdout] 
[INFO] [stdout] error[E0433]: failed to resolve: use of undeclared type `Session`
[INFO] [stdout]   --> src/tests.rs:88:54
[INFO] [stdout]    |
[INFO] [stdout] 88 |             let _ = heartbeat(block, 3, idx as u32, v.into(), Session::validators()).unwrap();
[INFO] [stdout]    |                                                               ^^^^^^^ use of undeclared type `Session`
[INFO] [stdout] 
[INFO] [stdout] 
[INFO] [stdout] error[E0433]: failed to resolve: use of undeclared type `ImOnline`
[INFO] [stdout]    --> src/tests.rs:123:2
[INFO] [stdout]     |
[INFO] [stdout] 123 |     ImOnline::pre_dispatch(&crate::Call::heartbeat {
[INFO] [stdout]     |     ^^^^^^^^ use of undeclared type `ImOnline`
[INFO] [stdout] 
[INFO] [stdout] 
[INFO] [stdout] error[E0433]: failed to resolve: use of undeclared type `ImOnline`
[INFO] [stdout]    --> src/tests.rs:132:2
[INFO] [stdout]     |
[INFO] [stdout] 132 |     ImOnline::heartbeat(RuntimeOrigin::none(), heartbeat, signature)
[INFO] [stdout]     |     ^^^^^^^^ use of undeclared type `ImOnline`
[INFO] [stdout] 
[INFO] [stdout] 
[INFO] [stdout] error[E0433]: failed to resolve: use of undeclared type `RuntimeOrigin`
[INFO] [stdout]    --> src/tests.rs:132:22
[INFO] [stdout]     |
[INFO] [stdout] 132 |     ImOnline::heartbeat(RuntimeOrigin::none(), heartbeat, signature)
[INFO] [stdout]     |                         ^^^^^^^^^^^^^ use of undeclared type `RuntimeOrigin`
[INFO] [stdout] 
[INFO] [stdout] 
[INFO] [stdout] error[E0433]: failed to resolve: use of undeclared type `Session`
[INFO] [stdout]    --> src/tests.rs:141:14
[INFO] [stdout]     |
[INFO] [stdout] 141 |         assert_eq!(Session::validators(), Vec::<u64>::new());
[INFO] [stdout]     |                    ^^^^^^^ use of undeclared type `Session`
[INFO] [stdout] 
[INFO] [stdout] 
[INFO] [stdout] error[E0433]: failed to resolve: use of undeclared type `Session`
[INFO] [stdout]    --> src/tests.rs:145:14
[INFO] [stdout]     |
[INFO] [stdout] 145 |         assert_eq!(Session::current_index(), 2);
[INFO] [stdout]     |                    ^^^^^^^ use of undeclared type `Session`
[INFO] [stdout] 
[INFO] [stdout] 
[INFO] [stdout] error[E0433]: failed to resolve: use of undeclared type `Session`
[INFO] [stdout]    --> src/tests.rs:146:14
[INFO] [stdout]     |
[INFO] [stdout] 146 |         assert_eq!(Session::validators(), vec![1, 2, 3]);
[INFO] [stdout]     |                    ^^^^^^^ use of undeclared type `Session`
[INFO] [stdout] 
[INFO] [stdout] 
[INFO] [stdout] error[E0433]: failed to resolve: use of undeclared type `ImOnline`
[INFO] [stdout]    --> src/tests.rs:148:12
[INFO] [stdout]     |
[INFO] [stdout] 148 |         assert!(!ImOnline::is_online(0));
[INFO] [stdout]     |                  ^^^^^^^^ use of undeclared type `ImOnline`
[INFO] [stdout] 
[INFO] [stdout] 
[INFO] [stdout] error[E0433]: failed to resolve: use of undeclared type `ImOnline`
[INFO] [stdout]    --> src/tests.rs:149:12
[INFO] [stdout]     |
[INFO] [stdout] 149 |         assert!(!ImOnline::is_online(1));
[INFO] [stdout]     |                  ^^^^^^^^ use of undeclared type `ImOnline`
[INFO] [stdout] 
[INFO] [stdout] 
[INFO] [stdout] error[E0433]: failed to resolve: use of undeclared type `ImOnline`
[INFO] [stdout]    --> src/tests.rs:150:12
[INFO] [stdout]     |
[INFO] [stdout] 150 |         assert!(!ImOnline::is_online(2));
[INFO] [stdout]     |                  ^^^^^^^^ use of undeclared type `ImOnline`
[INFO] [stdout] 
[INFO] [stdout] 
[INFO] [stdout] error[E0433]: failed to resolve: use of undeclared type `Session`
[INFO] [stdout]    --> src/tests.rs:153:40
[INFO] [stdout]     |
[INFO] [stdout] 153 |         let _ = heartbeat(1, 2, 0, 1.into(), Session::validators()).unwrap();
[INFO] [stdout]     |                                              ^^^^^^^ use of undeclared type `Session`
[INFO] [stdout] 
[INFO] [stdout] 
[INFO] [stdout] error[E0433]: failed to resolve: use of undeclared type `ImOnline`
[INFO] [stdout]    --> src/tests.rs:156:11
[INFO] [stdout]     |
[INFO] [stdout] 156 |         assert!(ImOnline::is_online(0));
[INFO] [stdout]     |                 ^^^^^^^^ use of undeclared type `ImOnline`
[INFO] [stdout] 
[INFO] [stdout] 
[INFO] [stdout] error[E0433]: failed to resolve: use of undeclared type `ImOnline`
[INFO] [stdout]    --> src/tests.rs:157:12
[INFO] [stdout]     |
[INFO] [stdout] 157 |         assert!(!ImOnline::is_online(1));
[INFO] [stdout]     |                  ^^^^^^^^ use of undeclared type `ImOnline`
[INFO] [stdout] 
[INFO] [stdout] 
[INFO] [stdout] error[E0433]: failed to resolve: use of undeclared type `ImOnline`
[INFO] [stdout]    --> src/tests.rs:158:12
[INFO] [stdout]     |
[INFO] [stdout] 158 |         assert!(!ImOnline::is_online(2));
[INFO] [stdout]     |                  ^^^^^^^^ use of undeclared type `ImOnline`
[INFO] [stdout] 
[INFO] [stdout] 
[INFO] [stdout] error[E0433]: failed to resolve: use of undeclared type `Session`
[INFO] [stdout]    --> src/tests.rs:161:40
[INFO] [stdout]     |
[INFO] [stdout] 161 |         let _ = heartbeat(1, 2, 2, 3.into(), Session::validators()).unwrap();
[INFO] [stdout]     |                                              ^^^^^^^ use of undeclared type `Session`
[INFO] [stdout] 
[INFO] [stdout] 
[INFO] [stdout] error[E0433]: failed to resolve: use of undeclared type `ImOnline`
[INFO] [stdout]    --> src/tests.rs:164:11
[INFO] [stdout]     |
[INFO] [stdout] 164 |         assert!(ImOnline::is_online(0));
[INFO] [stdout]     |                 ^^^^^^^^ use of undeclared type `ImOnline`
[INFO] [stdout] 
[INFO] [stdout] 
[INFO] [stdout] error[E0433]: failed to resolve: use of undeclared type `ImOnline`
[INFO] [stdout]    --> src/tests.rs:165:12
[INFO] [stdout]     |
[INFO] [stdout] 165 |         assert!(!ImOnline::is_online(1));
[INFO] [stdout]     |                  ^^^^^^^^ use of undeclared type `ImOnline`
[INFO] [stdout] 
[INFO] [stdout] 
[INFO] [stdout] error[E0433]: failed to resolve: use of undeclared type `ImOnline`
[INFO] [stdout]    --> src/tests.rs:166:11
[INFO] [stdout]     |
[INFO] [stdout] 166 |         assert!(ImOnline::is_online(2));
[INFO] [stdout]     |                 ^^^^^^^^ use of undeclared type `ImOnline`
[INFO] [stdout] 
[INFO] [stdout] 
[INFO] [stdout] error[E0433]: failed to resolve: use of undeclared type `Session`
[INFO] [stdout]    --> src/tests.rs:176:14
[INFO] [stdout]     |
[INFO] [stdout] 176 |         assert_eq!(Session::validators(), Vec::<u64>::new());
[INFO] [stdout]     |                    ^^^^^^^ use of undeclared type `Session`
[INFO] [stdout] 
[INFO] [stdout] 
[INFO] [stdout] error[E0433]: failed to resolve: use of undeclared type `Session`
[INFO] [stdout]    --> src/tests.rs:180:14
[INFO] [stdout]     |
[INFO] [stdout] 180 |         assert_eq!(Session::current_index(), 2);
[INFO] [stdout]     |                    ^^^^^^^ use of undeclared type `Session`
[INFO] [stdout] 
[INFO] [stdout] 
[INFO] [stdout] error[E0433]: failed to resolve: use of undeclared type `Session`
[INFO] [stdout]    --> src/tests.rs:181:14
[INFO] [stdout]     |
[INFO] [stdout] 181 |         assert_eq!(Session::validators(), vec![1, 2, 3]);
[INFO] [stdout]     |                    ^^^^^^^ use of undeclared type `Session`
[INFO] [stdout] 
[INFO] [stdout] 
[INFO] [stdout] error[E0433]: failed to resolve: use of undeclared type `Session`
[INFO] [stdout]    --> src/tests.rs:185:33
[INFO] [stdout]     |
[INFO] [stdout] 185 |             heartbeat(1, 3, 0, 1.into(), Session::validators()),
[INFO] [stdout]     |                                          ^^^^^^^ use of undeclared type `Session`
[INFO] [stdout] 
[INFO] [stdout] 
[INFO] [stdout] error[E0433]: failed to resolve: use of undeclared type `Session`
[INFO] [stdout]    --> src/tests.rs:189:33
[INFO] [stdout]     |
[INFO] [stdout] 189 |             heartbeat(1, 1, 0, 1.into(), Session::validators()),
[INFO] [stdout]     |                                          ^^^^^^^ use of undeclared type `Session`
[INFO] [stdout] 
[INFO] [stdout] 
[INFO] [stdout] error[E0433]: failed to resolve: use of undeclared type `Session`
[INFO] [stdout]    --> src/tests.rs:213:3
[INFO] [stdout]     |
[INFO] [stdout] 213 |         Session::rotate_session();
[INFO] [stdout]     |         ^^^^^^^ use of undeclared type `Session`
[INFO] [stdout] 
[INFO] [stdout] 
[INFO] [stdout] error[E0433]: failed to resolve: use of undeclared type `Session`
[INFO] [stdout]    --> src/tests.rs:216:3
[INFO] [stdout]     |
[INFO] [stdout] 216 |         Session::rotate_session();
[INFO] [stdout]     |         ^^^^^^^ use of undeclared type `Session`
[INFO] [stdout] 
[INFO] [stdout] 
[INFO] [stdout] error[E0433]: failed to resolve: use of undeclared type `ImOnline`
[INFO] [stdout]    --> src/tests.rs:219:3
[INFO] [stdout]     |
[INFO] [stdout] 219 |         ImOnline::offchain_worker(block);
[INFO] [stdout]     |         ^^^^^^^^ use of undeclared type `ImOnline`
[INFO] [stdout] 
[INFO] [stdout] 
[INFO] [stdout] error[E0433]: failed to resolve: use of undeclared type `Session`
[INFO] [stdout]    --> src/tests.rs:252:14
[INFO] [stdout]     |
[INFO] [stdout] 252 |         assert_eq!(Session::validators(), Vec::<u64>::new());
[INFO] [stdout]     |                    ^^^^^^^ use of undeclared type `Session`
[INFO] [stdout] 
[INFO] [stdout] 
[INFO] [stdout] error[E0433]: failed to resolve: use of undeclared type `Session`
[INFO] [stdout]    --> src/tests.rs:257:14
[INFO] [stdout]     |
[INFO] [stdout] 257 |         assert_eq!(Session::current_index(), 2);
[INFO] [stdout]     |                    ^^^^^^^ use of undeclared type `Session`
[INFO] [stdout] 
[INFO] [stdout] 
[INFO] [stdout] error[E0433]: failed to resolve: use of undeclared type `Session`
[INFO] [stdout]    --> src/tests.rs:258:14
[INFO] [stdout]     |
[INFO] [stdout] 258 |         assert_eq!(Session::validators(), vec![1, 2, 3]);
[INFO] [stdout]     |                    ^^^^^^^ use of undeclared type `Session`
[INFO] [stdout] 
[INFO] [stdout] 
[INFO] [stdout] error[E0433]: failed to resolve: use of undeclared type `Session`
[INFO] [stdout]    --> src/tests.rs:261:40
[INFO] [stdout]     |
[INFO] [stdout] 261 |         let _ = heartbeat(1, 2, 0, 1.into(), Session::validators()).unwrap();
[INFO] [stdout]     |                                              ^^^^^^^ use of undeclared type `Session`
[INFO] [stdout] 
[INFO] [stdout] 
[INFO] [stdout] error[E0433]: failed to resolve: use of undeclared type `Session`
[INFO] [stdout]    --> src/tests.rs:283:14
[INFO] [stdout]     |
[INFO] [stdout] 283 |         assert_eq!(Session::validators(), Vec::<u64>::new());
[INFO] [stdout]     |                    ^^^^^^^ use of undeclared type `Session`
[INFO] [stdout] 
[INFO] [stdout] 
[INFO] [stdout] error[E0433]: failed to resolve: use of undeclared type `Session`
[INFO] [stdout]    --> src/tests.rs:287:14
[INFO] [stdout]     |
[INFO] [stdout] 287 |         assert_eq!(Session::current_index(), 2);
[INFO] [stdout]     |                    ^^^^^^^ use of undeclared type `Session`
[INFO] [stdout] 
[INFO] [stdout] 
[INFO] [stdout] error[E0433]: failed to resolve: use of undeclared type `Session`
[INFO] [stdout]    --> src/tests.rs:288:14
[INFO] [stdout]     |
[INFO] [stdout] 288 |         assert_eq!(Session::validators(), vec![1, 2, 3]);
[INFO] [stdout]     |                    ^^^^^^^ use of undeclared type `Session`
[INFO] [stdout] 
[INFO] [stdout] 
[INFO] [stdout] error[E0433]: failed to resolve: use of undeclared type `ImOnline`
[INFO] [stdout]    --> src/tests.rs:291:13
[INFO] [stdout]     |
[INFO] [stdout] 291 |             assert!(!ImOnline::is_online(i));
[INFO] [stdout]     |                      ^^^^^^^^ use of undeclared type `ImOnline`
[INFO] [stdout] 
[INFO] [stdout] 
[INFO] [stdout] error[E0433]: failed to resolve: use of undeclared type `ImOnline`
[INFO] [stdout]    --> src/tests.rs:295:3
[INFO] [stdout]     |
[INFO] [stdout] 295 |         ImOnline::note_author(1);
[INFO] [stdout]     |         ^^^^^^^^ use of undeclared type `ImOnline`
[INFO] [stdout] 
[INFO] [stdout] 
[INFO] [stdout] error[E0433]: failed to resolve: use of undeclared type `ImOnline`
[INFO] [stdout]    --> src/tests.rs:298:11
[INFO] [stdout]     |
[INFO] [stdout] 298 |         assert!(ImOnline::is_online(0));
[INFO] [stdout]     |                 ^^^^^^^^ use of undeclared type `ImOnline`
[INFO] [stdout] 
[INFO] [stdout] 
[INFO] [stdout] error[E0433]: failed to resolve: use of undeclared type `ImOnline`
[INFO] [stdout]    --> src/tests.rs:299:12
[INFO] [stdout]     |
[INFO] [stdout] 299 |         assert!(!ImOnline::is_online(1));
[INFO] [stdout]     |                  ^^^^^^^^ use of undeclared type `ImOnline`
[INFO] [stdout] 
[INFO] [stdout] 
[INFO] [stdout] error[E0433]: failed to resolve: use of undeclared type `ImOnline`
[INFO] [stdout]    --> src/tests.rs:300:12
[INFO] [stdout]     |
[INFO] [stdout] 300 |         assert!(!ImOnline::is_online(2));
[INFO] [stdout]     |                  ^^^^^^^^ use of undeclared type `ImOnline`
[INFO] [stdout] 
[INFO] [stdout] 
[INFO] [stdout] error[E0433]: failed to resolve: use of undeclared type `Session`
[INFO] [stdout]    --> src/tests.rs:319:14
[INFO] [stdout]     |
[INFO] [stdout] 319 |         assert_eq!(Session::validators(), Vec::<u64>::new());
[INFO] [stdout]     |                    ^^^^^^^ use of undeclared type `Session`
[INFO] [stdout] 
[INFO] [stdout] 
[INFO] [stdout] error[E0433]: failed to resolve: use of undeclared type `Session`
[INFO] [stdout]    --> src/tests.rs:322:14
[INFO] [stdout]     |
[INFO] [stdout] 322 |         assert_eq!(Session::current_index(), 2);
[INFO] [stdout]     |                    ^^^^^^^ use of undeclared type `Session`
[INFO] [stdout] 
[INFO] [stdout] 
[INFO] [stdout] error[E0433]: failed to resolve: use of undeclared type `Session`
[INFO] [stdout]    --> src/tests.rs:323:14
[INFO] [stdout]     |
[INFO] [stdout] 323 |         assert_eq!(Session::validators(), vec![1, 2, 3]);
[INFO] [stdout]     |                    ^^^^^^^ use of undeclared type `Session`
[INFO] [stdout] 
[INFO] [stdout] 
[INFO] [stdout] error[E0433]: failed to resolve: use of undeclared type `ImOnline`
[INFO] [stdout]    --> src/tests.rs:324:3
[INFO] [stdout]     |
[INFO] [stdout] 324 |         ImOnline::note_author(2);
[INFO] [stdout]     |         ^^^^^^^^ use of undeclared type `ImOnline`
[INFO] [stdout] 
[INFO] [stdout] 
[INFO] [stdout] error[E0433]: failed to resolve: use of undeclared type `ImOnline`
[INFO] [stdout]    --> src/tests.rs:325:3
[INFO] [stdout]     |
[INFO] [stdout] 325 |         ImOnline::note_author(3);
[INFO] [stdout]     |         ^^^^^^^^ use of undeclared type `ImOnline`
[INFO] [stdout] 
[INFO] [stdout] 
[INFO] [stdout] error[E0433]: failed to resolve: use of undeclared type `ImOnline`
[INFO] [stdout]    --> src/tests.rs:330:17
[INFO] [stdout]     |
[INFO] [stdout] 330 |         let mut res = ImOnline::send_heartbeats(4).unwrap();
[INFO] [stdout]     |                       ^^^^^^^^ use of undeclared type `ImOnline`
[INFO] [stdout] 
[INFO] [stdout] 
[INFO] [stdout] error[E0433]: failed to resolve: use of undeclared type `Session`
[INFO] [stdout]    --> src/tests.rs:371:3
[INFO] [stdout]     |
[INFO] [stdout] 371 |         Session::rotate_session();
[INFO] [stdout]     |         ^^^^^^^ use of undeclared type `Session`
[INFO] [stdout] 
[INFO] [stdout] 
[INFO] [stdout] error[E0433]: failed to resolve: use of undeclared type `Session`
[INFO] [stdout]    --> src/tests.rs:375:3
[INFO] [stdout]     |
[INFO] [stdout] 375 |         Session::rotate_session();
[INFO] [stdout]     |         ^^^^^^^ use of undeclared type `Session`
[INFO] [stdout] 
[INFO] [stdout] 
[INFO] [stdout] error[E0433]: failed to resolve: use of undeclared type `ImOnline`
[INFO] [stdout]    --> src/tests.rs:380:3
[INFO] [stdout]     |
[INFO] [stdout] 380 |         ImOnline::offchain_worker(block);
[INFO] [stdout]     |         ^^^^^^^^ use of undeclared type `ImOnline`
[INFO] [stdout] 
[INFO] [stdout] 
[INFO] [stdout] error[E0433]: failed to resolve: use of undeclared type `Session`
[INFO] [stdout]    --> src/tests.rs:404:3
[INFO] [stdout]     |
[INFO] [stdout] 404 |         Session::rotate_session();
[INFO] [stdout]     |         ^^^^^^^ use of undeclared type `Session`
[INFO] [stdout] 
[INFO] [stdout] 
[INFO] [stdout] error[E0433]: failed to resolve: use of undeclared type `Session`
[INFO] [stdout]    --> src/tests.rs:414:3
[INFO] [stdout]     |
[INFO] [stdout] 414 |         Session::rotate_session();
[INFO] [stdout]     |         ^^^^^^^ use of undeclared type `Session`
[INFO] [stdout] 
[INFO] [stdout] 
[INFO] [stdout] error[E0433]: failed to resolve: use of undeclared type `ImOnline`
[INFO] [stdout]    --> src/tests.rs:419:14
[INFO] [stdout]     |
[INFO] [stdout] 419 |         assert_eq!(ImOnline::send_heartbeats(2).err(), Some(OffchainErr::TooEarly));
[INFO] [stdout]     |                    ^^^^^^^^ use of undeclared type `ImOnline`
[INFO] [stdout] 
[INFO] [stdout] 
[INFO] [stdout] error[E0433]: failed to resolve: use of undeclared type `ImOnline`
[INFO] [stdout]    --> src/tests.rs:422:11
[INFO] [stdout]     |
[INFO] [stdout] 422 |         assert!(ImOnline::send_heartbeats(5).ok().is_some());
[INFO] [stdout]     |                 ^^^^^^^^ use of undeclared type `ImOnline`
[INFO] [stdout] 
[INFO] [stdout] 
[INFO] [stdout] error[E0433]: failed to resolve: use of undeclared type `ImOnline`
[INFO] [stdout]    --> src/tests.rs:428:11
[INFO] [stdout]     |
[INFO] [stdout] 428 |         assert!(ImOnline::send_heartbeats(2).ok().is_some());
[INFO] [stdout]     |                 ^^^^^^^^ use of undeclared type `ImOnline`
[INFO] [stdout] 
[INFO] [stdout] 
[INFO] [stdout] error[E0433]: failed to resolve: use of undeclared type `ImOnline`
[INFO] [stdout]    --> src/tests.rs:445:14
[INFO] [stdout]     |
[INFO] [stdout] 445 |         assert_eq!(ImOnline::send_heartbeats(2).err(), Some(OffchainErr::TooEarly));
[INFO] [stdout]     |                    ^^^^^^^^ use of undeclared type `ImOnline`
[INFO] [stdout] 
[INFO] [stdout] 
[INFO] [stdout] error[E0433]: failed to resolve: use of undeclared type `ImOnline`
[INFO] [stdout]    --> src/tests.rs:473:15
[INFO] [stdout]     |
[INFO] [stdout] 473 |             assert_eq!(ImOnline::send_heartbeats(2).err(), Some(OffchainErr::TooEarly));
[INFO] [stdout]     |                        ^^^^^^^^ use of undeclared type `ImOnline`
[INFO] [stdout] 
[INFO] [stdout] 
[INFO] [stdout] error[E0433]: failed to resolve: use of undeclared type `ImOnline`
[INFO] [stdout]    --> src/tests.rs:478:12
[INFO] [stdout]     |
[INFO] [stdout] 478 |             assert!(ImOnline::send_heartbeats(2).ok().is_some());
[INFO] [stdout]     |                     ^^^^^^^^ use of undeclared type `ImOnline`
[INFO] [stdout] 
[INFO] [stdout] 
[INFO] [stdout] Some errors have detailed explanations: E0412, E0432, E0433.
[INFO] [stdout] 
[INFO] [stdout] For more information about an error, try `rustc --explain E0412`.
[INFO] [stdout] 
[INFO] [stderr] error: could not compile `pallet-im-online` (lib test) due to 104 previous errors; 3 warnings emitted
[INFO] running `Command { std: "docker" "inspect" "47e1ad77c997b0ee6244239d990015e1ec294459d5da54afe59957f63bf5a404", kill_on_drop: false }`
[INFO] running `Command { std: "docker" "rm" "-f" "47e1ad77c997b0ee6244239d990015e1ec294459d5da54afe59957f63bf5a404", kill_on_drop: false }`
[INFO] [stdout] 47e1ad77c997b0ee6244239d990015e1ec294459d5da54afe59957f63bf5a404
