[INFO] fetching crate pallet-encointer-democracy 14.3.2...
[INFO] testing pallet-encointer-democracy-14.3.2 against nightly-2024-10-28+rustflags=-Zrandomize-layout for randomize-layout
[INFO] extracting crate pallet-encointer-democracy 14.3.2 into /workspace/builds/worker-7-tc2/source
[INFO] validating manifest of crates.io crate pallet-encointer-democracy 14.3.2 on toolchain nightly-2024-10-28
[INFO] running `Command { std: CARGO_HOME="/workspace/cargo-home" RUSTUP_HOME="/workspace/rustup-home" "/workspace/cargo-home/bin/cargo" "+nightly-2024-10-28" "metadata" "--manifest-path" "Cargo.toml" "--no-deps", kill_on_drop: false }`
[INFO] started tweaking crates.io crate pallet-encointer-democracy 14.3.2
[INFO] finished tweaking crates.io crate pallet-encointer-democracy 14.3.2
[INFO] tweaked toml for crates.io crate pallet-encointer-democracy 14.3.2 written to /workspace/builds/worker-7-tc2/source/Cargo.toml
[INFO] running `Command { std: CARGO_HOME="/workspace/cargo-home" RUSTUP_HOME="/workspace/rustup-home" "/workspace/cargo-home/bin/cargo" "+nightly-2024-10-28" "generate-lockfile" "--manifest-path" "Cargo.toml", kill_on_drop: false }`
[INFO] [stderr]     Updating crates.io index
[INFO] [stderr]      Locking 348 packages to latest compatible versions
[INFO] [stderr]       Adding itertools v0.11.0 (available: v0.13.0)
[INFO] [stderr]       Adding rstest v0.12.0 (available: v0.23.0)
[INFO] [stderr]       Adding unicode-normalization v0.1.22 (available: v0.1.24)
[INFO] running `Command { std: CARGO_HOME="/workspace/cargo-home" RUSTUP_HOME="/workspace/rustup-home" "/workspace/cargo-home/bin/cargo" "+nightly-2024-10-28" "fetch" "--manifest-path" "Cargo.toml", kill_on_drop: false }`
[INFO] running `Command { std: "docker" "create" "-v" "/var/lib/crater-agent-workspace/builds/worker-7-tc2/target:/opt/rustwide/target:rw,Z" "-v" "/var/lib/crater-agent-workspace/builds/worker-7-tc2/source:/opt/rustwide/workdir:ro,Z" "-v" "/var/lib/crater-agent-workspace/cargo-home:/opt/rustwide/cargo-home:ro,Z" "-v" "/var/lib/crater-agent-workspace/rustup-home:/opt/rustwide/rustup-home:ro,Z" "-e" "SOURCE_DIR=/opt/rustwide/workdir" "-e" "CARGO_TARGET_DIR=/opt/rustwide/target" "-e" "CARGO_HOME=/opt/rustwide/cargo-home" "-e" "RUSTUP_HOME=/opt/rustwide/rustup-home" "-w" "/opt/rustwide/workdir" "-m" "1610612736" "--user" "0:0" "--network" "none" "ghcr.io/rust-lang/crates-build-env/linux@sha256:4a844ea9eb2546a2d2c7022eacef16ef2e8229c7fbb2c7d4d55a9ceca922f72d" "/opt/rustwide/cargo-home/bin/cargo" "+nightly-2024-10-28" "metadata" "--no-deps" "--format-version=1", kill_on_drop: false }`
[INFO] [stdout] f9e32f270b44d8d4c3f68e0d4923a9d02ae419dfb6afe3532c281b311391de09
[INFO] running `Command { std: "docker" "start" "-a" "f9e32f270b44d8d4c3f68e0d4923a9d02ae419dfb6afe3532c281b311391de09", kill_on_drop: false }`
[INFO] running `Command { std: "docker" "inspect" "f9e32f270b44d8d4c3f68e0d4923a9d02ae419dfb6afe3532c281b311391de09", kill_on_drop: false }`
[INFO] running `Command { std: "docker" "rm" "-f" "f9e32f270b44d8d4c3f68e0d4923a9d02ae419dfb6afe3532c281b311391de09", kill_on_drop: false }`
[INFO] [stdout] f9e32f270b44d8d4c3f68e0d4923a9d02ae419dfb6afe3532c281b311391de09
[INFO] running `Command { std: "docker" "create" "-v" "/var/lib/crater-agent-workspace/builds/worker-7-tc2/target:/opt/rustwide/target:rw,Z" "-v" "/var/lib/crater-agent-workspace/builds/worker-7-tc2/source:/opt/rustwide/workdir:ro,Z" "-v" "/var/lib/crater-agent-workspace/cargo-home:/opt/rustwide/cargo-home:ro,Z" "-v" "/var/lib/crater-agent-workspace/rustup-home:/opt/rustwide/rustup-home:ro,Z" "-e" "SOURCE_DIR=/opt/rustwide/workdir" "-e" "CARGO_TARGET_DIR=/opt/rustwide/target" "-e" "CARGO_INCREMENTAL=0" "-e" "RUST_BACKTRACE=full" "-e" "RUSTFLAGS=--cap-lints=forbid -Zrandomize-layout" "-e" "RUSTDOCFLAGS=--cap-lints=forbid" "-e" "CARGO_HOME=/opt/rustwide/cargo-home" "-e" "RUSTUP_HOME=/opt/rustwide/rustup-home" "-w" "/opt/rustwide/workdir" "-m" "1610612736" "--user" "0:0" "--network" "none" "ghcr.io/rust-lang/crates-build-env/linux@sha256:4a844ea9eb2546a2d2c7022eacef16ef2e8229c7fbb2c7d4d55a9ceca922f72d" "/opt/rustwide/cargo-home/bin/cargo" "+nightly-2024-10-28" "build" "--frozen" "--message-format=json", kill_on_drop: false }`
[INFO] [stdout] 84fcd02a1b82da9ce1f1a176bddd839d066111a0c429076b8605f13d03c01690
[INFO] running `Command { std: "docker" "start" "-a" "84fcd02a1b82da9ce1f1a176bddd839d066111a0c429076b8605f13d03c01690", kill_on_drop: false }`
[INFO] [stderr]    Compiling syn v2.0.86
[INFO] [stderr]    Compiling cfg-if v1.0.0
[INFO] [stderr]    Compiling typenum v1.17.0
[INFO] [stderr]    Compiling libc v0.2.161
[INFO] [stderr]    Compiling serde v1.0.214
[INFO] [stderr]    Compiling autocfg v1.4.0
[INFO] [stderr]    Compiling generic-array v0.14.7
[INFO] [stderr]    Compiling subtle v2.6.1
[INFO] [stderr]    Compiling syn v1.0.109
[INFO] [stderr]    Compiling byteorder v1.5.0
[INFO] [stderr]    Compiling const-oid v0.9.6
[INFO] [stderr]    Compiling arrayvec v0.7.6
[INFO] [stderr]    Compiling once_cell v1.20.2
[INFO] [stderr]    Compiling regex-syntax v0.8.5
[INFO] [stderr]    Compiling byte-slice-cast v1.2.2
[INFO] [stderr]    Compiling bytes v1.8.0
[INFO] [stderr]    Compiling memchr v2.7.4
[INFO] [stderr]    Compiling crunchy v0.2.2
[INFO] [stderr]    Compiling aho-corasick v1.1.3
[INFO] [stderr]    Compiling getrandom v0.2.15
[INFO] [stderr]    Compiling cpufeatures v0.2.14
[INFO] [stderr]    Compiling rand_core v0.6.4
[INFO] [stderr]    Compiling lazy_static v1.5.0
[INFO] [stderr]    Compiling static_assertions v1.1.0
[INFO] [stderr]    Compiling itoa v1.0.11
[INFO] [stderr]    Compiling semver v1.0.23
[INFO] [stderr]    Compiling keccak v0.1.5
[INFO] [stderr]    Compiling block-buffer v0.10.4
[INFO] [stderr]    Compiling crypto-common v0.1.6
[INFO] [stderr]    Compiling arrayref v0.3.9
[INFO] [stderr]    Compiling digest v0.10.7
[INFO] [stderr]    Compiling log v0.4.22
[INFO] [stderr]    Compiling prettyplease v0.2.25
[INFO] [stderr]    Compiling fs-err v2.11.0
[INFO] [stderr]    Compiling rustc_version v0.4.1
[INFO] [stderr]    Compiling pin-project-lite v0.2.15
[INFO] [stderr]    Compiling smallvec v1.13.2
[INFO] [stderr]    Compiling digest v0.9.0
[INFO] [stderr]    Compiling num-traits v0.2.19
[INFO] [stderr]    Compiling curve25519-dalek v4.1.3
[INFO] [stderr]    Compiling regex-automata v0.4.8
[INFO] [stderr]    Compiling expander v2.2.1
[INFO] [stderr]    Compiling constant_time_eq v0.3.1
[INFO] [stderr]    Compiling libsecp256k1-core v0.3.0
[INFO] [stderr]    Compiling blake2 v0.10.6
[INFO] [stderr]    Compiling file-guard v0.2.0
[INFO] [stderr]    Compiling tracing-core v0.1.32
[INFO] [stderr]    Compiling regex v1.11.1
[INFO] [stderr]    Compiling Inflector v0.11.4
[INFO] [stderr]    Compiling slab v0.4.9
[INFO] [stderr]    Compiling ahash v0.8.11
[INFO] [stderr]    Compiling powerfmt v0.2.0
[INFO] [stderr]    Compiling shlex v1.3.0
[INFO] [stderr]    Compiling ryu v1.0.18
[INFO] [stderr]    Compiling base16ct v0.2.0
[INFO] [stderr]    Compiling serde_json v1.0.132
[INFO] [stderr]    Compiling regex-syntax v0.6.29
[INFO] [stderr]    Compiling paste v1.0.15
[INFO] [stderr]    Compiling ref-cast v1.0.23
[INFO] [stderr]    Compiling cc v1.1.31
[INFO] [stderr]    Compiling deranged v0.3.11
[INFO] [stderr]    Compiling impl-trait-for-tuples v0.2.2
[INFO] [stderr]    Compiling serde_derive v1.0.214
[INFO] [stderr]    Compiling zeroize_derive v1.4.2
[INFO] [stderr]    Compiling zeroize v1.8.1
[INFO] [stderr]    Compiling zerocopy-derive v0.7.35
[INFO] [stderr]    Compiling derive_more-impl v1.0.0
[INFO] [stderr]    Compiling der v0.7.9
[INFO] [stderr]    Compiling zerocopy v0.7.35
[INFO] [stderr]    Compiling derive_more v1.0.0
[INFO] [stderr]    Compiling sha2 v0.10.8
[INFO] [stderr]    Compiling signature v2.2.0
[INFO] [stderr]    Compiling derive-syn-parse v0.2.0
[INFO] [stderr]    Compiling curve25519-dalek-derive v0.1.1
[INFO] [stderr]    Compiling ppv-lite86 v0.2.20
[INFO] [stderr]    Compiling spki v0.7.3
[INFO] [stderr]    Compiling hmac v0.12.1
[INFO] [stderr]    Compiling regex-automata v0.1.10
[INFO] [stderr]    Compiling sp-debug-derive v14.0.0
[INFO] [stderr]    Compiling ref-cast-impl v1.0.23
[INFO] [stderr]    Compiling rand_chacha v0.3.1
[INFO] [stderr]    Compiling rand v0.8.5
[INFO] [stderr]    Compiling tracing-attributes v0.1.27
[INFO] [stderr]    Compiling ff v0.13.0
[INFO] [stderr]    Compiling bitcoin-internals v0.2.0
[INFO] [stderr]    Compiling num-conv v0.1.0
[INFO] [stderr]    Compiling futures-core v0.3.31
[INFO] [stderr]    Compiling futures-sink v0.3.31
[INFO] [stderr]    Compiling either v1.13.0
[INFO] [stderr]    Compiling rustc-hex v2.1.0
[INFO] [stderr]    Compiling overload v0.1.1
[INFO] [stderr]    Compiling hex v0.4.3
[INFO] [stderr]    Compiling time-core v0.1.2
[INFO] [stderr]    Compiling time v0.3.36
[INFO] [stderr]    Compiling nu-ansi-term v0.46.0
[INFO] [stderr]    Compiling matchers v0.1.0
[INFO] [stderr]    Compiling futures-channel v0.3.31
[INFO] [stderr]    Compiling group v0.13.0
[INFO] [stderr]    Compiling pkcs8 v0.10.2
[INFO] [stderr]    Compiling crypto-mac v0.8.0
[INFO] [stderr]    Compiling crypto-bigint v0.5.5
[INFO] [stderr]    Compiling secp256k1-sys v0.9.2
[INFO] [stderr]    Compiling futures-macro v0.3.31
[INFO] [stderr]    Compiling tracing v0.1.40
[INFO] [stderr]    Compiling tracing-log v0.2.0
[INFO] [stderr]    Compiling libsecp256k1-gen-genmult v0.3.0
[INFO] [stderr]    Compiling libsecp256k1-gen-ecmult v0.3.0
[INFO] [stderr]    Compiling sharded-slab v0.1.7
[INFO] [stderr]    Compiling thread_local v1.1.8
[INFO] [stderr]    Compiling lock_api v0.4.12
[INFO] [stderr]    Compiling base64ct v1.6.0
[INFO] [stderr]    Compiling pin-utils v0.1.0
[INFO] [stderr]    Compiling sp-std v14.0.0
[INFO] [stderr]    Compiling hash-db v0.16.0
[INFO] [stderr]    Compiling tinyvec_macros v0.1.1
[INFO] [stderr]    Compiling futures-io v0.3.31
[INFO] [stderr]    Compiling parking_lot_core v0.9.10
[INFO] [stderr]    Compiling unicode-xid v0.2.6
[INFO] [stderr]    Compiling futures-task v0.3.31
[INFO] [stderr]    Compiling password-hash v0.5.0
[INFO] [stderr]    Compiling tracing-subscriber v0.3.18
[INFO] [stderr]    Compiling tinyvec v1.8.0
[INFO] [stderr]    Compiling futures-util v0.3.31
[INFO] [stderr]    Compiling libsecp256k1 v0.7.1
[INFO] [stderr]    Compiling hmac v0.8.1
[INFO] [stderr]    Compiling getrandom_or_panic v0.0.3
[INFO] [stderr]    Compiling fixed-hash v0.8.0
[INFO] [stderr]    Compiling uint v0.9.5
[INFO] [stderr]    Compiling rfc6979 v0.4.0
[INFO] [stderr]    Compiling ed25519 v2.2.3
[INFO] [stderr]    Compiling block-buffer v0.9.0
[INFO] [stderr]    Compiling merlin v3.0.0
[INFO] [stderr]    Compiling num_cpus v1.16.0
[INFO] [stderr]    Compiling allocator-api2 v0.2.18
[INFO] [stderr]    Compiling environmental v1.1.4
[INFO] [stderr]    Compiling toml_datetime v0.6.8
[INFO] [stderr]    Compiling serde_spanned v0.6.8
[INFO] [stderr]    Compiling hex-conservative v0.1.2
[INFO] [stderr]    Compiling scopeguard v1.2.0
[INFO] [stderr]    Compiling toml_edit v0.22.22
[INFO] [stderr]    Compiling thiserror v1.0.66
[INFO] [stderr]    Compiling opaque-debug v0.3.1
[INFO] [stderr]    Compiling sha2 v0.9.9
[INFO] [stderr]    Compiling bitcoin_hashes v0.13.0
[INFO] [stderr]    Compiling serdect v0.2.0
[INFO] [stderr]    Compiling impl-serde v0.4.0
[INFO] [stderr]    Compiling sec1 v0.7.3
[INFO] [stderr]    Compiling serde_bytes v0.11.15
[INFO] [stderr]    Compiling schnorrkel v0.11.4
[INFO] [stderr]    Compiling elliptic-curve v0.13.8
[INFO] [stderr]    Compiling ss58-registry v1.51.0
[INFO] [stderr]    Compiling ecdsa v0.16.9
[INFO] [stderr]    Compiling futures-executor v0.3.31
[INFO] [stderr]    Compiling hashbrown v0.14.5
[INFO] [stderr]    Compiling unicode-normalization v0.1.22
[INFO] [stderr]    Compiling hmac-drbg v0.3.0
[INFO] [stderr]    Compiling pbkdf2 v0.12.2
[INFO] [stderr]    Compiling proc-macro-crate v3.2.0
[INFO] [stderr]    Compiling twox-hash v1.6.3
[INFO] [stderr]    Compiling itertools v0.11.0
[INFO] [stderr]    Compiling sha3 v0.10.8
[INFO] [stderr]    Compiling thiserror-impl v1.0.66
[INFO] [stderr]    Compiling dyn-clonable-impl v0.9.0
[INFO] [stderr]    Compiling blake2b_simd v1.0.2
[INFO] [stderr]    Compiling num-format v0.4.4
[INFO] [stderr]    Compiling base64 v0.13.1
[INFO] [stderr]    Compiling same-file v1.0.6
[INFO] [stderr]    Compiling dyn-clone v1.0.17
[INFO] [stderr]    Compiling dyn-clonable v0.9.0
[INFO] [stderr]    Compiling walkdir v2.5.0
[INFO] [stderr]    Compiling parity-scale-codec-derive v3.6.12
[INFO] [stderr]    Compiling scale-info-derive v2.11.5
[INFO] [stderr]    Compiling sp-runtime-interface-proc-macro v18.0.0
[INFO] [stderr]    Compiling sp-crypto-hashing v0.1.0
[INFO] [stderr]    Compiling parking_lot v0.12.3
[INFO] [stderr]    Compiling ed25519-zebra v4.0.3
[INFO] [stderr]    Compiling parity-bip39 v2.0.1
[INFO] [stderr]    Compiling substrate-bip39 v0.6.0
[INFO] [stderr]    Compiling toml v0.8.19
[INFO] [stderr]    Compiling secp256k1 v0.28.2
[INFO] [stderr]    Compiling k256 v0.13.4
[INFO] [stderr]    Compiling futures v0.3.31
[INFO] [stderr]    Compiling secrecy v0.8.0
[INFO] [stderr]    Compiling hash256-std-hasher v0.15.2
[INFO] [stderr]    Compiling termcolor v1.4.1
[INFO] [stderr]    Compiling common-path v1.0.0
[INFO] [stderr]    Compiling rustversion v1.0.18
[INFO] [stderr]    Compiling gimli v0.31.1
[INFO] [stderr]    Compiling bs58 v0.5.1
[INFO] [stderr]    Compiling array-bytes v6.2.3
[INFO] [stderr]    Compiling bitflags v1.3.2
[INFO] [stderr]    Compiling adler2 v2.0.0
[INFO] [stderr]    Compiling miniz_oxide v0.8.0
[INFO] [stderr]    Compiling docify_macros v0.2.8
[INFO] [stderr]    Compiling object v0.36.5
[INFO] [stderr]    Compiling parity-scale-codec v3.6.12
[INFO] [stderr]    Compiling rustc-demangle v0.1.24
[INFO] [stderr]    Compiling hashbrown v0.13.2
[INFO] [stderr]    Compiling scale-info v2.11.5
[INFO] [stderr]    Compiling sp-storage v21.0.0
[INFO] [stderr]    Compiling impl-codec v0.6.0
[INFO] [stderr]    Compiling sp-wasm-interface v21.0.1
[INFO] [stderr]    Compiling sp-tracing v17.0.1
[INFO] [stderr]    Compiling docify v0.2.8
[INFO] [stderr]    Compiling schnellru v0.2.3
[INFO] [stderr]    Compiling sp-externalities v0.29.0
[INFO] [stderr]    Compiling trie-db v0.29.1
[INFO] [stderr]    Compiling trie-root v0.18.0
[INFO] [stderr]    Compiling memory-db v0.32.0
[INFO] [stderr]    Compiling nohash-hasher v0.2.0
[INFO] [stderr]    Compiling sp-io v38.0.0
[INFO] [stderr]    Compiling ed25519-dalek v2.1.1
[INFO] [stderr]    Compiling integer-sqrt v0.1.5
[INFO] [stderr]    Compiling tiny-keccak v2.0.2
[INFO] [stderr]    Compiling simple-mermaid v0.1.1
[INFO] [stderr]    Compiling const-random-macro v0.1.16
[INFO] [stderr]    Compiling bounded-collections v0.2.1
[INFO] [stderr]    Compiling primitive-types v0.12.2
[INFO] [stderr]    Compiling addr2line v0.24.2
[INFO] [stderr]    Compiling sp-arithmetic v26.0.0
[INFO] [stderr]    Compiling const-random v0.1.18
[INFO] [stderr]    Compiling macro_magic_core_macros v0.5.1
[INFO] [stderr]    Compiling sp-runtime-interface v28.0.0
[INFO] [stderr]    Compiling macro_magic_core v0.5.1
[INFO] [stderr]    Compiling frame-metadata v16.0.0
[INFO] [stderr]    Compiling sp-core v34.0.0
[INFO] [stderr]    Compiling sp-crypto-hashing-proc-macro v0.1.0
[INFO] [stderr]    Compiling sp-version-proc-macro v14.0.0
[INFO] [stderr]    Compiling backtrace v0.3.74
[INFO] [stderr]    Compiling sp-weights v31.0.0
[INFO] [stderr]    Compiling macro_magic_macros v0.5.1
[INFO] [stderr]    Compiling parity-wasm v0.45.0
[INFO] [stderr]    Compiling sp-metadata-ir v0.7.0
[INFO] [stderr]    Compiling sp-panic-handler v13.0.0
[INFO] [stderr]    Compiling sp-api-proc-macro v20.0.0
[INFO] [stderr]    Compiling frame-support-procedural-tools-derive v12.0.0
[INFO] [stderr]    Compiling async-trait v0.1.83
[INFO] [stderr]    Compiling include_dir_macros v0.7.4
[INFO] [stderr]    Compiling frame-support-procedural-tools v13.0.0
[INFO] [stderr]    Compiling cfg-expr v0.15.8
[INFO] [stderr]    Compiling include_dir v0.7.4
[INFO] [stderr]    Compiling sp-trie v37.0.0
[INFO] [stderr]    Compiling sp-keystore v0.40.0
[INFO] [stderr]    Compiling proc-macro-error v1.0.4
[INFO] [stderr]    Compiling macro_magic v0.5.1
[INFO] [stderr]    Compiling itertools v0.10.5
[INFO] [stderr]    Compiling proc-macro-warning v1.0.2
[INFO] [stderr]    Compiling tt-call v1.0.9
[INFO] [stderr]    Compiling substrate-typenum v1.16.0
[INFO] [stderr]    Compiling frame-support-procedural v30.0.4
[INFO] [stderr]    Compiling sp-state-machine v0.43.0
[INFO] [stderr]    Compiling substrate-fixed v0.5.9
[INFO] [stderr]    Compiling crc-catalog v2.4.0
[INFO] [stderr]    Compiling crc v3.2.1
[INFO] [stderr]    Compiling bytemuck v1.19.0
[INFO] [stderr]    Compiling safe_arch v0.7.2
[INFO] [stderr]    Compiling matrixmultiply v0.3.9
[INFO] [stderr]    Compiling num-integer v0.1.46
[INFO] [stderr]    Compiling wide v0.7.28
[INFO] [stderr]    Compiling num-complex v0.4.6
[INFO] [stderr]    Compiling approx v0.5.1
[INFO] [stderr]    Compiling aquamarine v0.5.0
[INFO] [stderr]    Compiling rawpointer v0.2.1
[INFO] [stderr]    Compiling num-rational v0.4.2
[INFO] [stderr]    Compiling simba v0.9.0
[INFO] [stderr]    Compiling sp-application-crypto v38.0.0
[INFO] [stderr]    Compiling sp-runtime v39.0.2
[INFO] [stderr]    Compiling nalgebra v0.33.2
[INFO] [stderr]    Compiling substrate-geohash v0.13.0
[INFO] [stderr]    Compiling sp-version v37.0.0
[INFO] [stderr]    Compiling sp-inherents v34.0.0
[INFO] [stderr]    Compiling sp-staking v36.0.0
[INFO] [stderr]    Compiling ep-core v14.0.0
[INFO] [stderr]    Compiling sp-api v34.0.0
[INFO] [stderr]    Compiling sp-genesis-builder v0.15.1
[INFO] [stderr]    Compiling frame-support v38.0.0
[INFO] [stderr]    Compiling sp-timestamp v34.0.0
[INFO] [stderr]    Compiling linregress v0.5.4
[INFO] [stderr]    Compiling frame-system v38.0.0
[INFO] [stderr]    Compiling encointer-primitives v14.3.0
[INFO] [stderr]    Compiling pallet-transaction-payment v38.0.0
[INFO] [stderr]    Compiling pallet-timestamp v37.0.0
[INFO] [stderr]    Compiling frame-benchmarking v38.0.0
[INFO] [stderr]    Compiling encointer-meetup-validation v14.1.0
[INFO] [stderr]    Compiling encointer-ceremonies-assignment v14.1.0
[INFO] [stderr]    Compiling pallet-encointer-scheduler v14.1.0
[INFO] [stderr]    Compiling pallet-asset-tx-payment v38.0.0
[INFO] [stderr]    Compiling pallet-encointer-balances v14.1.0
[INFO] [stderr]    Compiling pallet-encointer-communities v14.1.0
[INFO] [stderr]    Compiling pallet-encointer-ceremonies v14.1.0
[INFO] [stderr]    Compiling pallet-encointer-reputation-commitments v14.1.0
[INFO] [stderr]    Compiling pallet-encointer-treasuries v14.3.0
[INFO] [stderr]    Compiling pallet-encointer-democracy v14.3.2 (/opt/rustwide/workdir)
[INFO] [stderr]     Finished `dev` profile [unoptimized + debuginfo] target(s) in 4m 10s
[INFO] running `Command { std: "docker" "inspect" "84fcd02a1b82da9ce1f1a176bddd839d066111a0c429076b8605f13d03c01690", kill_on_drop: false }`
[INFO] running `Command { std: "docker" "rm" "-f" "84fcd02a1b82da9ce1f1a176bddd839d066111a0c429076b8605f13d03c01690", kill_on_drop: false }`
[INFO] [stdout] 84fcd02a1b82da9ce1f1a176bddd839d066111a0c429076b8605f13d03c01690
[INFO] running `Command { std: "docker" "create" "-v" "/var/lib/crater-agent-workspace/builds/worker-7-tc2/target:/opt/rustwide/target:rw,Z" "-v" "/var/lib/crater-agent-workspace/builds/worker-7-tc2/source:/opt/rustwide/workdir:ro,Z" "-v" "/var/lib/crater-agent-workspace/cargo-home:/opt/rustwide/cargo-home:ro,Z" "-v" "/var/lib/crater-agent-workspace/rustup-home:/opt/rustwide/rustup-home:ro,Z" "-e" "SOURCE_DIR=/opt/rustwide/workdir" "-e" "CARGO_TARGET_DIR=/opt/rustwide/target" "-e" "CARGO_INCREMENTAL=0" "-e" "RUST_BACKTRACE=full" "-e" "RUSTFLAGS=--cap-lints=forbid -Zrandomize-layout" "-e" "RUSTDOCFLAGS=--cap-lints=forbid" "-e" "CARGO_HOME=/opt/rustwide/cargo-home" "-e" "RUSTUP_HOME=/opt/rustwide/rustup-home" "-w" "/opt/rustwide/workdir" "-m" "1610612736" "--user" "0:0" "--network" "none" "ghcr.io/rust-lang/crates-build-env/linux@sha256:4a844ea9eb2546a2d2c7022eacef16ef2e8229c7fbb2c7d4d55a9ceca922f72d" "/opt/rustwide/cargo-home/bin/cargo" "+nightly-2024-10-28" "test" "--frozen" "--no-run" "--message-format=json", kill_on_drop: false }`
[INFO] [stdout] d53913e6069ed956095380f49f21ce1674cfeef29a2415497e0bd3783649b5dd
[INFO] running `Command { std: "docker" "start" "-a" "d53913e6069ed956095380f49f21ce1674cfeef29a2415497e0bd3783649b5dd", kill_on_drop: false }`
[INFO] [stderr]    Compiling syn v1.0.109
[INFO] [stderr]    Compiling approx v0.5.1
[INFO] [stderr]    Compiling rstest v0.12.0
[INFO] [stderr]    Compiling simba v0.9.0
[INFO] [stderr]    Compiling proc-macro-error v1.0.4
[INFO] [stderr]    Compiling parity-scale-codec-derive v3.6.12
[INFO] [stderr]    Compiling impl-trait-for-tuples v0.2.2
[INFO] [stderr]    Compiling dyn-clonable-impl v0.9.0
[INFO] [stderr]    Compiling aquamarine v0.5.0
[INFO] [stderr]    Compiling nalgebra v0.33.2
[INFO] [stderr]    Compiling dyn-clonable v0.9.0
[INFO] [stderr]    Compiling parity-scale-codec v3.6.12
[INFO] [stderr]    Compiling scale-info v2.11.5
[INFO] [stderr]    Compiling sp-storage v21.0.0
[INFO] [stderr]    Compiling impl-codec v0.6.0
[INFO] [stderr]    Compiling sp-wasm-interface v21.0.1
[INFO] [stderr]    Compiling sp-tracing v17.0.1
[INFO] [stderr]    Compiling sp-version-proc-macro v14.0.0
[INFO] [stderr]    Compiling sp-externalities v0.29.0
[INFO] [stderr]    Compiling bounded-collections v0.2.1
[INFO] [stderr]    Compiling primitive-types v0.12.2
[INFO] [stderr]    Compiling sp-arithmetic v26.0.0
[INFO] [stderr]    Compiling frame-metadata v16.0.0
[INFO] [stderr]    Compiling substrate-typenum v1.16.0
[INFO] [stderr]    Compiling sp-metadata-ir v0.7.0
[INFO] [stderr]    Compiling substrate-fixed v0.5.9
[INFO] [stderr]    Compiling sp-runtime-interface v28.0.0
[INFO] [stderr]    Compiling sp-core v34.0.0
[INFO] [stderr]    Compiling sp-weights v31.0.0
[INFO] [stderr]    Compiling sp-trie v37.0.0
[INFO] [stderr]    Compiling sp-keystore v0.40.0
[INFO] [stderr]    Compiling sp-state-machine v0.43.0
[INFO] [stderr]    Compiling linregress v0.5.4
[INFO] [stderr]    Compiling sp-io v38.0.0
[INFO] [stderr]    Compiling substrate-geohash v0.13.0
[INFO] [stderr]    Compiling sp-application-crypto v38.0.0
[INFO] [stderr]    Compiling sp-runtime v39.0.2
[INFO] [stderr]    Compiling sp-version v37.0.0
[INFO] [stderr]    Compiling sp-inherents v34.0.0
[INFO] [stderr]    Compiling sp-staking v36.0.0
[INFO] [stderr]    Compiling ep-core v14.0.0
[INFO] [stderr]    Compiling sp-api v34.0.0
[INFO] [stderr]    Compiling sp-genesis-builder v0.15.1
[INFO] [stderr]    Compiling frame-support v38.0.0
[INFO] [stderr]    Compiling sp-timestamp v34.0.0
[INFO] [stderr]    Compiling frame-system v38.0.0
[INFO] [stderr]    Compiling encointer-primitives v14.3.0
[INFO] [stderr]    Compiling pallet-transaction-payment v38.0.0
[INFO] [stderr]    Compiling pallet-timestamp v37.0.0
[INFO] [stderr]    Compiling frame-benchmarking v38.0.0
[INFO] [stderr]    Compiling pallet-encointer-scheduler v14.1.0
[INFO] [stderr]    Compiling encointer-meetup-validation v14.1.0
[INFO] [stderr]    Compiling encointer-ceremonies-assignment v14.1.0
[INFO] [stderr]    Compiling pallet-asset-tx-payment v38.0.0
[INFO] [stderr]    Compiling pallet-encointer-balances v14.1.0
[INFO] [stderr]    Compiling pallet-encointer-communities v14.1.0
[INFO] [stderr]    Compiling pallet-encointer-ceremonies v14.1.0
[INFO] [stderr]    Compiling pallet-encointer-reputation-commitments v14.1.0
[INFO] [stderr]    Compiling pallet-encointer-treasuries v14.3.0
[INFO] [stderr]    Compiling pallet-encointer-democracy v14.3.2 (/opt/rustwide/workdir)
[INFO] [stdout] error[E0432]: unresolved import `test_utils`
[INFO] [stdout]   --> src/tests.rs:41:5
[INFO] [stdout]    |
[INFO] [stdout] 41 | use test_utils::{
[INFO] [stdout]    |     ^^^^^^^^^^ use of undeclared crate or module `test_utils`
[INFO] [stdout] 
[INFO] [stdout] 
[INFO] [stdout] error[E0432]: unresolved import `test_utils`
[INFO] [stdout]   --> src/mock.rs:23:5
[INFO] [stdout]    |
[INFO] [stdout] 23 | use test_utils::*;
[INFO] [stdout]    |     ^^^^^^^^^^ use of undeclared crate or module `test_utils`
[INFO] [stdout] 
[INFO] [stdout] 
[INFO] [stdout] error[E0432]: unresolved imports `crate::mock::Balances`, `crate::mock::EncointerBalances`, `crate::mock::EncointerCeremonies`, `crate::mock::EncointerCommunities`, `crate::mock::EncointerScheduler`, `crate::mock::EncointerTreasuries`, `crate::mock::Timestamp`
[INFO] [stdout]   --> src/tests.rs:21:2
[INFO] [stdout]    |
[INFO] [stdout] 21 |     Balances, EncointerBalances, EncointerCeremonies, EncointerCommunities, EncointerScheduler,
[INFO] [stdout]    |     ^^^^^^^^  ^^^^^^^^^^^^^^^^^  ^^^^^^^^^^^^^^^^^^^  ^^^^^^^^^^^^^^^^^^^^  ^^^^^^^^^^^^^^^^^^ no `EncointerScheduler` in `mock`
[INFO] [stdout]    |     |         |                  |                    |
[INFO] [stdout]    |     |         |                  |                    no `EncointerCommunities` in `mock`
[INFO] [stdout]    |     |         |                  no `EncointerCeremonies` in `mock`
[INFO] [stdout]    |     |         no `EncointerBalances` in `mock`
[INFO] [stdout]    |     no `Balances` in `mock`
[INFO] [stdout] 22 |     EncointerTreasuries, Timestamp,
[INFO] [stdout]    |     ^^^^^^^^^^^^^^^^^^^  ^^^^^^^^^ no `Timestamp` in `mock`
[INFO] [stdout]    |     |
[INFO] [stdout]    |     no `EncointerTreasuries` in `mock`
[INFO] [stdout]    |
[INFO] [stdout]    = help: consider importing one of these structs instead:
[INFO] [stdout]            sp_core::offchain::Timestamp
[INFO] [stdout]            sp_runtime::offchain::Timestamp
[INFO] [stdout] 
[INFO] [stdout] 
[INFO] [stdout] error[E0433]: failed to resolve: use of undeclared crate or module `test_utils`
[INFO] [stdout]   --> src/tests.rs:41:5
[INFO] [stdout]    |
[INFO] [stdout] 41 | use test_utils::{
[INFO] [stdout]    |     ^^^^^^^^^^ use of undeclared crate or module `test_utils`
[INFO] [stdout] 
[INFO] [stdout] 
[INFO] [stdout] error[E0432]: unresolved imports `mock::EncointerDemocracy`, `mock::RuntimeOrigin`, `mock::System`, `mock::TestRuntime`
[INFO] [stdout]   --> src/tests.rs:38:26
[INFO] [stdout]    |
[INFO] [stdout] 38 | use mock::{new_test_ext, EncointerDemocracy, RuntimeOrigin, System, TestRuntime};
[INFO] [stdout]    |                          ^^^^^^^^^^^^^^^^^^  ^^^^^^^^^^^^^  ^^^^^^  ^^^^^^^^^^^ no `TestRuntime` in `mock`
[INFO] [stdout]    |                          |                   |              |
[INFO] [stdout]    |                          |                   |              no `System` in `mock`
[INFO] [stdout]    |                          |                   no `RuntimeOrigin` in `mock`
[INFO] [stdout]    |                          no `EncointerDemocracy` in `mock`
[INFO] [stdout]    |
[INFO] [stdout]    = help: consider importing one of these structs instead:
[INFO] [stdout]            std::alloc::System
[INFO] [stdout]            sp_std::alloc::System
[INFO] [stdout] 
[INFO] [stdout] 
[INFO] [stdout] error[E0433]: failed to resolve: use of undeclared crate or module `pallet_balances`
[INFO] [stdout]   --> src/mock.rs:32:13
[INFO] [stdout]    |
[INFO] [stdout] 32 |         Balances: pallet_balances::{Pallet, Call, Storage, Config<T>, Event<T>},
[INFO] [stdout]    |                   ^^^^^^^^^^^^^^^ use of undeclared crate or module `pallet_balances`
[INFO] [stdout] 
[INFO] [stdout] 
[INFO] [stdout] error: cannot find macro `impl_encointer_treasuries` in this scope
[INFO] [stdout]   --> src/mock.rs:67:1
[INFO] [stdout]    |
[INFO] [stdout] 67 | impl_encointer_treasuries!(TestRuntime);
[INFO] [stdout]    | ^^^^^^^^^^^^^^^^^^^^^^^^^
[INFO] [stdout] 
[INFO] [stdout] 
[INFO] [stdout] error: cannot find macro `impl_encointer_reputation_commitments` in this scope
[INFO] [stdout]   --> src/mock.rs:66:1
[INFO] [stdout]    |
[INFO] [stdout] 66 | impl_encointer_reputation_commitments!(TestRuntime);
[INFO] [stdout]    | ^^^^^^^^^^^^^^^^^^^^^^^^^^^^^^^^^^^^^
[INFO] [stdout] 
[INFO] [stdout] 
[INFO] [stdout] error: cannot find macro `impl_encointer_ceremonies` in this scope
[INFO] [stdout]   --> src/mock.rs:65:1
[INFO] [stdout]    |
[INFO] [stdout] 65 | impl_encointer_ceremonies!(TestRuntime);
[INFO] [stdout]    | ^^^^^^^^^^^^^^^^^^^^^^^^^
[INFO] [stdout] 
[INFO] [stdout] 
[INFO] [stdout] error: cannot find macro `impl_encointer_scheduler` in this scope
[INFO] [stdout]   --> src/mock.rs:64:1
[INFO] [stdout]    |
[INFO] [stdout] 64 | impl_encointer_scheduler!(TestRuntime, EncointerDemocracy);
[INFO] [stdout]    | ^^^^^^^^^^^^^^^^^^^^^^^^
[INFO] [stdout] 
[INFO] [stdout] 
[INFO] [stdout] error: cannot find macro `impl_encointer_communities` in this scope
[INFO] [stdout]   --> src/mock.rs:63:1
[INFO] [stdout]    |
[INFO] [stdout] 63 | impl_encointer_communities!(TestRuntime);
[INFO] [stdout]    | ^^^^^^^^^^^^^^^^^^^^^^^^^^
[INFO] [stdout] 
[INFO] [stdout] 
[INFO] [stdout] error: cannot find macro `impl_encointer_balances` in this scope
[INFO] [stdout]   --> src/mock.rs:62:1
[INFO] [stdout]    |
[INFO] [stdout] 62 | impl_encointer_balances!(TestRuntime);
[INFO] [stdout]    | ^^^^^^^^^^^^^^^^^^^^^^^
[INFO] [stdout] 
[INFO] [stdout] 
[INFO] [stdout] error: cannot find macro `impl_balances` in this scope
[INFO] [stdout]   --> src/mock.rs:61:1
[INFO] [stdout]    |
[INFO] [stdout] 61 | impl_balances!(TestRuntime, System);
[INFO] [stdout]    | ^^^^^^^^^^^^^
[INFO] [stdout] 
[INFO] [stdout] 
[INFO] [stdout] error: cannot find macro `impl_timestamp` in this scope
[INFO] [stdout]   --> src/mock.rs:60:1
[INFO] [stdout]    |
[INFO] [stdout] 60 | impl_timestamp!(TestRuntime, EncointerScheduler);
[INFO] [stdout]    | ^^^^^^^^^^^^^^
[INFO] [stdout] 
[INFO] [stdout] 
[INFO] [stdout] error: cannot find macro `impl_frame_system` in this scope
[INFO] [stdout]   --> src/mock.rs:59:1
[INFO] [stdout]    |
[INFO] [stdout] 59 | impl_frame_system!(TestRuntime);
[INFO] [stdout]    | ^^^^^^^^^^^^^^^^^
[INFO] [stdout] 
[INFO] [stdout] 
[INFO] [stdout] warning: unused imports: `OnFinalize` and `OnInitialize`
[INFO] [stdout]   --> src/tests.rs:36:11
[INFO] [stdout]    |
[INFO] [stdout] 36 |     traits::{OnFinalize, OnInitialize},
[INFO] [stdout]    |              ^^^^^^^^^^  ^^^^^^^^^^^^
[INFO] [stdout]    |
[INFO] [stdout]    = note: `#[warn(unused_imports)]` on by default
[INFO] [stdout] 
[INFO] [stdout] 
[INFO] [stdout] Some errors have detailed explanations: E0432, E0433.
[INFO] [stdout] 
[INFO] [stdout] For more information about an error, try `rustc --explain E0432`.
[INFO] [stdout] 
[INFO] [stderr] error: could not compile `pallet-encointer-democracy` (lib test) due to 15 previous errors; 1 warning emitted
[INFO] running `Command { std: "docker" "inspect" "d53913e6069ed956095380f49f21ce1674cfeef29a2415497e0bd3783649b5dd", kill_on_drop: false }`
[INFO] running `Command { std: "docker" "rm" "-f" "d53913e6069ed956095380f49f21ce1674cfeef29a2415497e0bd3783649b5dd", kill_on_drop: false }`
[INFO] [stdout] d53913e6069ed956095380f49f21ce1674cfeef29a2415497e0bd3783649b5dd
