[INFO] fetching crate pallet-assets-freezer 0.5.0...
[INFO] testing pallet-assets-freezer-0.5.0 against nightly-2024-10-28 for randomize-layout
[INFO] extracting crate pallet-assets-freezer 0.5.0 into /workspace/builds/worker-6-tc1/source
[INFO] validating manifest of crates.io crate pallet-assets-freezer 0.5.0 on toolchain nightly-2024-10-28
[INFO] running `Command { std: CARGO_HOME="/workspace/cargo-home" RUSTUP_HOME="/workspace/rustup-home" "/workspace/cargo-home/bin/cargo" "+nightly-2024-10-28" "metadata" "--manifest-path" "Cargo.toml" "--no-deps", kill_on_drop: false }`
[INFO] started tweaking crates.io crate pallet-assets-freezer 0.5.0
[INFO] finished tweaking crates.io crate pallet-assets-freezer 0.5.0
[INFO] tweaked toml for crates.io crate pallet-assets-freezer 0.5.0 written to /workspace/builds/worker-6-tc1/source/Cargo.toml
[INFO] running `Command { std: CARGO_HOME="/workspace/cargo-home" RUSTUP_HOME="/workspace/rustup-home" "/workspace/cargo-home/bin/cargo" "+nightly-2024-10-28" "generate-lockfile" "--manifest-path" "Cargo.toml", kill_on_drop: false }`
[INFO] [stderr]     Updating crates.io index
[INFO] [stderr]      Locking 329 packages to latest compatible versions
[INFO] [stderr]       Adding unicode-normalization v0.1.22 (available: v0.1.24)
[INFO] running `Command { std: CARGO_HOME="/workspace/cargo-home" RUSTUP_HOME="/workspace/rustup-home" "/workspace/cargo-home/bin/cargo" "+nightly-2024-10-28" "fetch" "--manifest-path" "Cargo.toml", kill_on_drop: false }`
[INFO] [stderr]  Downloading crates ...
[INFO] [stderr]   Downloaded pallet-assets v40.0.0
[INFO] running `Command { std: "docker" "create" "-v" "/var/lib/crater-agent-workspace/builds/worker-6-tc1/target:/opt/rustwide/target:rw,Z" "-v" "/var/lib/crater-agent-workspace/builds/worker-6-tc1/source:/opt/rustwide/workdir:ro,Z" "-v" "/var/lib/crater-agent-workspace/cargo-home:/opt/rustwide/cargo-home:ro,Z" "-v" "/var/lib/crater-agent-workspace/rustup-home:/opt/rustwide/rustup-home:ro,Z" "-e" "SOURCE_DIR=/opt/rustwide/workdir" "-e" "CARGO_TARGET_DIR=/opt/rustwide/target" "-e" "CARGO_HOME=/opt/rustwide/cargo-home" "-e" "RUSTUP_HOME=/opt/rustwide/rustup-home" "-w" "/opt/rustwide/workdir" "-m" "1610612736" "--user" "0:0" "--network" "none" "ghcr.io/rust-lang/crates-build-env/linux@sha256:4a844ea9eb2546a2d2c7022eacef16ef2e8229c7fbb2c7d4d55a9ceca922f72d" "/opt/rustwide/cargo-home/bin/cargo" "+nightly-2024-10-28" "metadata" "--no-deps" "--format-version=1", kill_on_drop: false }`
[INFO] [stdout] 858ba9e9356634c482a9f38f13c5bb33b6377a0ca20ac5a409d1d56aefbaa18e
[INFO] running `Command { std: "docker" "start" "-a" "858ba9e9356634c482a9f38f13c5bb33b6377a0ca20ac5a409d1d56aefbaa18e", kill_on_drop: false }`
[INFO] running `Command { std: "docker" "inspect" "858ba9e9356634c482a9f38f13c5bb33b6377a0ca20ac5a409d1d56aefbaa18e", kill_on_drop: false }`
[INFO] running `Command { std: "docker" "rm" "-f" "858ba9e9356634c482a9f38f13c5bb33b6377a0ca20ac5a409d1d56aefbaa18e", kill_on_drop: false }`
[INFO] [stdout] 858ba9e9356634c482a9f38f13c5bb33b6377a0ca20ac5a409d1d56aefbaa18e
[INFO] running `Command { std: "docker" "create" "-v" "/var/lib/crater-agent-workspace/builds/worker-6-tc1/target:/opt/rustwide/target:rw,Z" "-v" "/var/lib/crater-agent-workspace/builds/worker-6-tc1/source:/opt/rustwide/workdir:ro,Z" "-v" "/var/lib/crater-agent-workspace/cargo-home:/opt/rustwide/cargo-home:ro,Z" "-v" "/var/lib/crater-agent-workspace/rustup-home:/opt/rustwide/rustup-home:ro,Z" "-e" "SOURCE_DIR=/opt/rustwide/workdir" "-e" "CARGO_TARGET_DIR=/opt/rustwide/target" "-e" "CARGO_INCREMENTAL=0" "-e" "RUST_BACKTRACE=full" "-e" "RUSTFLAGS=--cap-lints=forbid" "-e" "RUSTDOCFLAGS=--cap-lints=forbid" "-e" "CARGO_HOME=/opt/rustwide/cargo-home" "-e" "RUSTUP_HOME=/opt/rustwide/rustup-home" "-w" "/opt/rustwide/workdir" "-m" "1610612736" "--user" "0:0" "--network" "none" "ghcr.io/rust-lang/crates-build-env/linux@sha256:4a844ea9eb2546a2d2c7022eacef16ef2e8229c7fbb2c7d4d55a9ceca922f72d" "/opt/rustwide/cargo-home/bin/cargo" "+nightly-2024-10-28" "build" "--frozen" "--message-format=json", kill_on_drop: false }`
[INFO] [stdout] 382f02fd7f4098f7f3666f36612abc2eca77314bbfd59015519a6a51277af071
[INFO] running `Command { std: "docker" "start" "-a" "382f02fd7f4098f7f3666f36612abc2eca77314bbfd59015519a6a51277af071", kill_on_drop: false }`
[INFO] [stderr]    Compiling typenum v1.17.0
[INFO] [stderr]    Compiling serde v1.0.214
[INFO] [stderr]    Compiling subtle v2.6.1
[INFO] [stderr]    Compiling generic-array v0.14.7
[INFO] [stderr]    Compiling equivalent v1.0.1
[INFO] [stderr]    Compiling syn v2.0.86
[INFO] [stderr]    Compiling hashbrown v0.15.0
[INFO] [stderr]    Compiling winnow v0.6.20
[INFO] [stderr]    Compiling byteorder v1.5.0
[INFO] [stderr]    Compiling syn v1.0.109
[INFO] [stderr]    Compiling const-oid v0.9.6
[INFO] [stderr]    Compiling arrayvec v0.7.6
[INFO] [stderr]    Compiling byte-slice-cast v1.2.2
[INFO] [stderr]    Compiling memchr v2.7.4
[INFO] [stderr]    Compiling crunchy v0.2.2
[INFO] [stderr]    Compiling cpufeatures v0.2.14
[INFO] [stderr]    Compiling indexmap v2.6.0
[INFO] [stderr]    Compiling bytes v1.8.0
[INFO] [stderr]    Compiling static_assertions v1.1.0
[INFO] [stderr]    Compiling itoa v1.0.11
[INFO] [stderr]    Compiling keccak v0.1.5
[INFO] [stderr]    Compiling aho-corasick v1.1.3
[INFO] [stderr]    Compiling arrayref v0.3.9
[INFO] [stderr]    Compiling log v0.4.22
[INFO] [stderr]    Compiling prettyplease v0.2.25
[INFO] [stderr]    Compiling fs-err v2.11.0
[INFO] [stderr]    Compiling smallvec v1.13.2
[INFO] [stderr]    Compiling curve25519-dalek v4.1.3
[INFO] [stderr]    Compiling expander v2.2.1
[INFO] [stderr]    Compiling constant_time_eq v0.3.1
[INFO] [stderr]    Compiling tracing-core v0.1.32
[INFO] [stderr]    Compiling block-buffer v0.10.4
[INFO] [stderr]    Compiling crypto-common v0.1.6
[INFO] [stderr]    Compiling digest v0.10.7
[INFO] [stderr]    Compiling digest v0.9.0
[INFO] [stderr]    Compiling libsecp256k1-core v0.3.0
[INFO] [stderr]    Compiling file-guard v0.2.0
[INFO] [stderr]    Compiling serde_json v1.0.132
[INFO] [stderr]    Compiling blake2 v0.10.6
[INFO] [stderr]    Compiling ref-cast v1.0.23
[INFO] [stderr]    Compiling regex-syntax v0.6.29
[INFO] [stderr]    Compiling regex-automata v0.4.8
[INFO] [stderr]    Compiling base16ct v0.2.0
[INFO] [stderr]    Compiling powerfmt v0.2.0
[INFO] [stderr]    Compiling ryu v1.0.18
[INFO] [stderr]    Compiling deranged v0.3.11
[INFO] [stderr]    Compiling cc v1.1.31
[INFO] [stderr]    Compiling regex v1.11.1
[INFO] [stderr]    Compiling Inflector v0.11.4
[INFO] [stderr]    Compiling regex-automata v0.1.10
[INFO] [stderr]    Compiling ff v0.13.0
[INFO] [stderr]    Compiling overload v0.1.1
[INFO] [stderr]    Compiling hex v0.4.3
[INFO] [stderr]    Compiling time-core v0.1.2
[INFO] [stderr]    Compiling bitcoin-internals v0.2.0
[INFO] [stderr]    Compiling num-conv v0.1.0
[INFO] [stderr]    Compiling rustc-hex v2.1.0
[INFO] [stderr]    Compiling futures-core v0.3.31
[INFO] [stderr]    Compiling futures-channel v0.3.31
[INFO] [stderr]    Compiling serde_derive v1.0.214
[INFO] [stderr]    Compiling zeroize_derive v1.4.2
[INFO] [stderr]    Compiling zerocopy-derive v0.7.35
[INFO] [stderr]    Compiling impl-trait-for-tuples v0.2.2
[INFO] [stderr]    Compiling derive_more-impl v1.0.0
[INFO] [stderr]    Compiling zeroize v1.8.1
[INFO] [stderr]    Compiling zerocopy v0.7.35
[INFO] [stderr]    Compiling der v0.7.9
[INFO] [stderr]    Compiling curve25519-dalek-derive v0.1.1
[INFO] [stderr]    Compiling derive_more v1.0.0
[INFO] [stderr]    Compiling derive-syn-parse v0.2.0
[INFO] [stderr]    Compiling ppv-lite86 v0.2.20
[INFO] [stderr]    Compiling rand_chacha v0.3.1
[INFO] [stderr]    Compiling tracing-attributes v0.1.27
[INFO] [stderr]    Compiling spki v0.7.3
[INFO] [stderr]    Compiling sha2 v0.10.8
[INFO] [stderr]    Compiling signature v2.2.0
[INFO] [stderr]    Compiling rand v0.8.5
[INFO] [stderr]    Compiling hmac v0.12.1
[INFO] [stderr]    Compiling sp-debug-derive v14.0.0
[INFO] [stderr]    Compiling ref-cast-impl v1.0.23
[INFO] [stderr]    Compiling pkcs8 v0.10.2
[INFO] [stderr]    Compiling crypto-mac v0.8.0
[INFO] [stderr]    Compiling crypto-bigint v0.5.5
[INFO] [stderr]    Compiling ahash v0.8.11
[INFO] [stderr]    Compiling futures-macro v0.3.31
[INFO] [stderr]    Compiling time v0.3.36
[INFO] [stderr]    Compiling matchers v0.1.0
[INFO] [stderr]    Compiling nu-ansi-term v0.46.0
[INFO] [stderr]    Compiling group v0.13.0
[INFO] [stderr]    Compiling secp256k1-sys v0.9.2
[INFO] [stderr]    Compiling tracing v0.1.40
[INFO] [stderr]    Compiling libsecp256k1-gen-ecmult v0.3.0
[INFO] [stderr]    Compiling libsecp256k1-gen-genmult v0.3.0
[INFO] [stderr]    Compiling tracing-log v0.2.0
[INFO] [stderr]    Compiling sharded-slab v0.1.7
[INFO] [stderr]    Compiling thread_local v1.1.8
[INFO] [stderr]    Compiling lock_api v0.4.12
[INFO] [stderr]    Compiling base64ct v1.6.0
[INFO] [stderr]    Compiling tinyvec_macros v0.1.1
[INFO] [stderr]    Compiling hash-db v0.16.0
[INFO] [stderr]    Compiling unicode-xid v0.2.6
[INFO] [stderr]    Compiling parking_lot_core v0.9.10
[INFO] [stderr]    Compiling sp-std v14.0.0
[INFO] [stderr]    Compiling futures-util v0.3.31
[INFO] [stderr]    Compiling password-hash v0.5.0
[INFO] [stderr]    Compiling tinyvec v1.8.0
[INFO] [stderr]    Compiling libsecp256k1 v0.7.1
[INFO] [stderr]    Compiling tracing-subscriber v0.3.18
[INFO] [stderr]    Compiling fixed-hash v0.8.0
[INFO] [stderr]    Compiling getrandom_or_panic v0.0.3
[INFO] [stderr]    Compiling hmac v0.8.1
[INFO] [stderr]    Compiling rfc6979 v0.4.0
[INFO] [stderr]    Compiling ed25519 v2.2.3
[INFO] [stderr]    Compiling block-buffer v0.9.0
[INFO] [stderr]    Compiling merlin v3.0.0
[INFO] [stderr]    Compiling uint v0.9.5
[INFO] [stderr]    Compiling num_cpus v1.16.0
[INFO] [stderr]    Compiling hex-conservative v0.1.2
[INFO] [stderr]    Compiling paste v1.0.15
[INFO] [stderr]    Compiling environmental v1.1.4
[INFO] [stderr]    Compiling scopeguard v1.2.0
[INFO] [stderr]    Compiling opaque-debug v0.3.1
[INFO] [stderr]    Compiling thiserror v1.0.66
[INFO] [stderr]    Compiling allocator-api2 v0.2.18
[INFO] [stderr]    Compiling sha2 v0.9.9
[INFO] [stderr]    Compiling hashbrown v0.14.5
[INFO] [stderr]    Compiling bitcoin_hashes v0.13.0
[INFO] [stderr]    Compiling hmac-drbg v0.3.0
[INFO] [stderr]    Compiling unicode-normalization v0.1.22
[INFO] [stderr]    Compiling pbkdf2 v0.12.2
[INFO] [stderr]    Compiling futures-executor v0.3.31
[INFO] [stderr]    Compiling serdect v0.2.0
[INFO] [stderr]    Compiling serde_spanned v0.6.8
[INFO] [stderr]    Compiling toml_datetime v0.6.8
[INFO] [stderr]    Compiling impl-serde v0.4.0
[INFO] [stderr]    Compiling sec1 v0.7.3
[INFO] [stderr]    Compiling serde_bytes v0.11.15
[INFO] [stderr]    Compiling toml_edit v0.22.22
[INFO] [stderr]    Compiling twox-hash v1.6.3
[INFO] [stderr]    Compiling sha3 v0.10.8
[INFO] [stderr]    Compiling elliptic-curve v0.13.8
[INFO] [stderr]    Compiling schnorrkel v0.11.4
[INFO] [stderr]    Compiling dyn-clonable-impl v0.9.0
[INFO] [stderr]    Compiling ecdsa v0.16.9
[INFO] [stderr]    Compiling thiserror-impl v1.0.66
[INFO] [stderr]    Compiling itertools v0.11.0
[INFO] [stderr]    Compiling blake2b_simd v1.0.2
[INFO] [stderr]    Compiling num-format v0.4.4
[INFO] [stderr]    Compiling ss58-registry v1.51.0
[INFO] [stderr]    Compiling base64 v0.13.1
[INFO] [stderr]    Compiling proc-macro-crate v3.2.0
[INFO] [stderr]    Compiling same-file v1.0.6
[INFO] [stderr]    Compiling walkdir v2.5.0
[INFO] [stderr]    Compiling toml v0.8.19
[INFO] [stderr]    Compiling dyn-clonable v0.9.0
[INFO] [stderr]    Compiling sp-crypto-hashing v0.1.0
[INFO] [stderr]    Compiling k256 v0.13.4
[INFO] [stderr]    Compiling substrate-bip39 v0.6.0
[INFO] [stderr]    Compiling secp256k1 v0.28.2
[INFO] [stderr]    Compiling parking_lot v0.12.3
[INFO] [stderr]    Compiling parity-bip39 v2.0.1
[INFO] [stderr]    Compiling futures v0.3.31
[INFO] [stderr]    Compiling ed25519-zebra v4.0.3
[INFO] [stderr]    Compiling secrecy v0.8.0
[INFO] [stderr]    Compiling hash256-std-hasher v0.15.2
[INFO] [stderr]    Compiling bs58 v0.5.1
[INFO] [stderr]    Compiling common-path v1.0.0
[INFO] [stderr]    Compiling termcolor v1.4.1
[INFO] [stderr]    Compiling array-bytes v6.2.3
[INFO] [stderr]    Compiling rustversion v1.0.18
[INFO] [stderr]    Compiling gimli v0.31.1
[INFO] [stderr]    Compiling miniz_oxide v0.8.0
[INFO] [stderr]    Compiling object v0.36.5
[INFO] [stderr]    Compiling num-traits v0.2.19
[INFO] [stderr]    Compiling hashbrown v0.13.2
[INFO] [stderr]    Compiling parity-scale-codec-derive v3.6.12
[INFO] [stderr]    Compiling scale-info-derive v2.11.5
[INFO] [stderr]    Compiling sp-runtime-interface-proc-macro v18.0.0
[INFO] [stderr]    Compiling docify_macros v0.2.8
[INFO] [stderr]    Compiling rustc-demangle v0.1.24
[INFO] [stderr]    Compiling schnellru v0.2.3
[INFO] [stderr]    Compiling trie-db v0.29.1
[INFO] [stderr]    Compiling memory-db v0.32.0
[INFO] [stderr]    Compiling docify v0.2.8
[INFO] [stderr]    Compiling trie-root v0.18.0
[INFO] [stderr]    Compiling nohash-hasher v0.2.0
[INFO] [stderr]    Compiling parity-scale-codec v3.6.12
[INFO] [stderr]    Compiling sp-io v38.0.0
[INFO] [stderr]    Compiling tiny-keccak v2.0.2
[INFO] [stderr]    Compiling addr2line v0.24.2
[INFO] [stderr]    Compiling ed25519-dalek v2.1.1
[INFO] [stderr]    Compiling scale-info v2.11.5
[INFO] [stderr]    Compiling impl-codec v0.6.0
[INFO] [stderr]    Compiling sp-storage v21.0.0
[INFO] [stderr]    Compiling sp-tracing v17.0.1
[INFO] [stderr]    Compiling sp-wasm-interface v21.0.1
[INFO] [stderr]    Compiling integer-sqrt v0.1.5
[INFO] [stderr]    Compiling sp-externalities v0.29.0
[INFO] [stderr]    Compiling const-random-macro v0.1.16
[INFO] [stderr]    Compiling simple-mermaid v0.1.1
[INFO] [stderr]    Compiling const-random v0.1.18
[INFO] [stderr]    Compiling macro_magic_core_macros v0.5.1
[INFO] [stderr]    Compiling proc-macro-error-attr v1.0.4
[INFO] [stderr]    Compiling macro_magic_core v0.5.1
[INFO] [stderr]    Compiling bounded-collections v0.2.1
[INFO] [stderr]    Compiling primitive-types v0.12.2
[INFO] [stderr]    Compiling sp-arithmetic v26.0.0
[INFO] [stderr]    Compiling sp-version-proc-macro v14.0.0
[INFO] [stderr]    Compiling macro_magic_macros v0.5.1
[INFO] [stderr]    Compiling backtrace v0.3.74
[INFO] [stderr]    Compiling frame-metadata v16.0.0
[INFO] [stderr]    Compiling proc-macro-error v1.0.4
[INFO] [stderr]    Compiling sp-crypto-hashing-proc-macro v0.1.0
[INFO] [stderr]    Compiling parity-wasm v0.45.0
[INFO] [stderr]    Compiling sp-api-proc-macro v20.0.0
[INFO] [stderr]    Compiling sp-runtime-interface v28.0.0
[INFO] [stderr]    Compiling sp-panic-handler v13.0.0
[INFO] [stderr]    Compiling sp-core v34.0.0
[INFO] [stderr]    Compiling sp-weights v31.0.0
[INFO] [stderr]    Compiling sp-metadata-ir v0.7.0
[INFO] [stderr]    Compiling frame-support-procedural-tools-derive v12.0.0
[INFO] [stderr]    Compiling include_dir_macros v0.7.4
[INFO] [stderr]    Compiling frame-support-procedural-tools v13.0.0
[INFO] [stderr]    Compiling cfg-expr v0.15.8
[INFO] [stderr]    Compiling include_dir v0.7.4
[INFO] [stderr]    Compiling macro_magic v0.5.1
[INFO] [stderr]    Compiling async-trait v0.1.83
[INFO] [stderr]    Compiling itertools v0.10.5
[INFO] [stderr]    Compiling proc-macro-warning v1.0.2
[INFO] [stderr]    Compiling tt-call v1.0.9
[INFO] [stderr]    Compiling frame-support-procedural v30.0.4
[INFO] [stderr]    Compiling sp-trie v37.0.0
[INFO] [stderr]    Compiling sp-keystore v0.40.0
[INFO] [stderr]    Compiling sp-state-machine v0.43.0
[INFO] [stderr]    Compiling aquamarine v0.5.0
[INFO] [stderr]    Compiling sp-application-crypto v38.0.0
[INFO] [stderr]    Compiling sp-runtime v39.0.2
[INFO] [stderr]    Compiling sp-version v37.0.0
[INFO] [stderr]    Compiling sp-staking v36.0.0
[INFO] [stderr]    Compiling sp-inherents v34.0.0
[INFO] [stderr]    Compiling sp-api v34.0.0
[INFO] [stderr]    Compiling sp-genesis-builder v0.15.1
[INFO] [stderr]    Compiling frame-support v38.0.0
[INFO] [stderr]    Compiling frame-system v38.0.0
[INFO] [stderr]    Compiling pallet-assets v40.0.0
[INFO] [stderr]    Compiling pallet-assets-freezer v0.5.0 (/opt/rustwide/workdir)
[INFO] [stderr]     Finished `dev` profile [unoptimized + debuginfo] target(s) in 1m 38s
[INFO] running `Command { std: "docker" "inspect" "382f02fd7f4098f7f3666f36612abc2eca77314bbfd59015519a6a51277af071", kill_on_drop: false }`
[INFO] running `Command { std: "docker" "rm" "-f" "382f02fd7f4098f7f3666f36612abc2eca77314bbfd59015519a6a51277af071", kill_on_drop: false }`
[INFO] [stdout] 382f02fd7f4098f7f3666f36612abc2eca77314bbfd59015519a6a51277af071
[INFO] running `Command { std: "docker" "create" "-v" "/var/lib/crater-agent-workspace/builds/worker-6-tc1/target:/opt/rustwide/target:rw,Z" "-v" "/var/lib/crater-agent-workspace/builds/worker-6-tc1/source:/opt/rustwide/workdir:ro,Z" "-v" "/var/lib/crater-agent-workspace/cargo-home:/opt/rustwide/cargo-home:ro,Z" "-v" "/var/lib/crater-agent-workspace/rustup-home:/opt/rustwide/rustup-home:ro,Z" "-e" "SOURCE_DIR=/opt/rustwide/workdir" "-e" "CARGO_TARGET_DIR=/opt/rustwide/target" "-e" "CARGO_INCREMENTAL=0" "-e" "RUST_BACKTRACE=full" "-e" "RUSTFLAGS=--cap-lints=forbid" "-e" "RUSTDOCFLAGS=--cap-lints=forbid" "-e" "CARGO_HOME=/opt/rustwide/cargo-home" "-e" "RUSTUP_HOME=/opt/rustwide/rustup-home" "-w" "/opt/rustwide/workdir" "-m" "1610612736" "--user" "0:0" "--network" "none" "ghcr.io/rust-lang/crates-build-env/linux@sha256:4a844ea9eb2546a2d2c7022eacef16ef2e8229c7fbb2c7d4d55a9ceca922f72d" "/opt/rustwide/cargo-home/bin/cargo" "+nightly-2024-10-28" "test" "--frozen" "--no-run" "--message-format=json", kill_on_drop: false }`
[INFO] [stdout] d56948e2fa8c50b2926f4aac3a9f053e2d121c9abda4db7e254c6274c774738a
[INFO] running `Command { std: "docker" "start" "-a" "d56948e2fa8c50b2926f4aac3a9f053e2d121c9abda4db7e254c6274c774738a", kill_on_drop: false }`
[INFO] [stderr]    Compiling pallet-assets-freezer v0.5.0 (/opt/rustwide/workdir)
[INFO] [stdout] error[E0432]: unresolved import `sp_core`
[INFO] [stdout]   --> src/mock.rs:28:5
[INFO] [stdout]    |
[INFO] [stdout] 28 | use sp_core::{ConstU32, H256};
[INFO] [stdout]    |     ^^^^^^^ use of undeclared crate or module `sp_core`
[INFO] [stdout] 
[INFO] [stdout] 
[INFO] [stdout] error[E0433]: failed to resolve: use of undeclared crate or module `pallet_balances`
[INFO] [stdout]   --> src/mock.rs:45:13
[INFO] [stdout]    |
[INFO] [stdout] 45 |         Balances: pallet_balances,
[INFO] [stdout]    |                   ^^^^^^^^^^^^^^^ use of undeclared crate or module `pallet_balances`
[INFO] [stdout] 
[INFO] [stdout] 
[INFO] [stdout] error[E0412]: cannot find type `Test` in this scope
[INFO] [stdout]   --> src/mock.rs:37:47
[INFO] [stdout]    |
[INFO] [stdout] 37 | type Block = frame_system::mocking::MockBlock<Test>;
[INFO] [stdout]    |                                               ^^^^ not found in this scope
[INFO] [stdout]    |
[INFO] [stdout] help: you might be missing a type parameter
[INFO] [stdout]    |
[INFO] [stdout] 37 | type Block<Test> = frame_system::mocking::MockBlock<Test>;
[INFO] [stdout]    |           ++++++
[INFO] [stdout] 
[INFO] [stdout] 
[INFO] [stdout] error[E0412]: cannot find type `Test` in this scope
[INFO] [stdout]   --> src/mock.rs:50:31
[INFO] [stdout]    |
[INFO] [stdout] 50 | impl frame_system::Config for Test {
[INFO] [stdout]    |                               ^^^^ not found in this scope
[INFO] [stdout] 
[INFO] [stdout] 
[INFO] [stdout] error[E0412]: cannot find type `RuntimeOrigin` in this scope
[INFO] [stdout]   --> src/mock.rs:55:23
[INFO] [stdout]    |
[INFO] [stdout] 55 |     type RuntimeOrigin = RuntimeOrigin;
[INFO] [stdout]    |                          ^^^^^^^^^^^^^
[INFO] [stdout]    |
[INFO] [stdout] help: you might have meant to use the associated type
[INFO] [stdout]    |
[INFO] [stdout] 55 |     type RuntimeOrigin = Self::RuntimeOrigin;
[INFO] [stdout]    |                          ++++++
[INFO] [stdout] 
[INFO] [stdout] 
[INFO] [stdout] error[E0412]: cannot find type `RuntimeCall` in this scope
[INFO] [stdout]   --> src/mock.rs:58:21
[INFO] [stdout]    |
[INFO] [stdout] 58 |     type RuntimeCall = RuntimeCall;
[INFO] [stdout]    |                        ^^^^^^^^^^^
[INFO] [stdout]    |
[INFO] [stdout] help: you might have meant to use the associated type
[INFO] [stdout]    |
[INFO] [stdout] 58 |     type RuntimeCall = Self::RuntimeCall;
[INFO] [stdout]    |                        ++++++
[INFO] [stdout] 
[INFO] [stdout] 
[INFO] [stdout] error[E0412]: cannot find type `RuntimeEvent` in this scope
[INFO] [stdout]   --> src/mock.rs:63:22
[INFO] [stdout]    |
[INFO] [stdout] 63 |     type RuntimeEvent = RuntimeEvent;
[INFO] [stdout]    |                         ^^^^^^^^^^^^
[INFO] [stdout]    |
[INFO] [stdout] help: you might have meant to use the associated type
[INFO] [stdout]    |
[INFO] [stdout] 63 |     type RuntimeEvent = Self::RuntimeEvent;
[INFO] [stdout]    |                         ++++++
[INFO] [stdout] 
[INFO] [stdout] 
[INFO] [stdout] error[E0412]: cannot find type `PalletInfo` in this scope
[INFO] [stdout]   --> src/mock.rs:66:20
[INFO] [stdout]    |
[INFO] [stdout] 66 |     type PalletInfo = PalletInfo;
[INFO] [stdout]    |                       ^^^^^^^^^^
[INFO] [stdout]    |
[INFO] [stdout] help: you might have meant to use the associated type
[INFO] [stdout]    |
[INFO] [stdout] 66 |     type PalletInfo = Self::PalletInfo;
[INFO] [stdout]    |                       ++++++
[INFO] [stdout] help: consider importing this trait
[INFO] [stdout]    |
[INFO] [stdout] 20 + use frame_support::traits::PalletInfo;
[INFO] [stdout]    |
[INFO] [stdout] 
[INFO] [stdout] 
[INFO] [stdout] error[E0412]: cannot find type `RuntimeTask` in this scope
[INFO] [stdout]   --> src/mock.rs:49:1
[INFO] [stdout]    |
[INFO] [stdout] 49 | #[derive_impl(frame_system::config_preludes::TestDefaultConfig)]
[INFO] [stdout]    | ^^^^^^^^^^^^^^^^^^^^^^^^^^^^^^^^^^^^^^^^^^^^^^^^^^^^^^^^^^^^^^^^
[INFO] [stdout]    |
[INFO] [stdout]    = note: this error originates in the macro `frame_system::config_preludes::TestDefaultConfig` which comes from the expansion of the macro `frame_support::macro_magic::forward_tokens_verbatim` (in Nightly builds, run with -Z macro-backtrace for more info)
[INFO] [stdout] help: you might have meant to use the associated type
[INFO] [stdout]   --> /opt/rustwide/cargo-home/registry/src/index.crates.io-6f17d22bba15001f/frame-system-38.0.0/src/lib.rs:316:9
[INFO] [stdout]    |
[INFO] [stdout] 316|             type Self::RuntimeTask = ();
[INFO] [stdout]    |                  ++++++
[INFO] [stdout] 
[INFO] [stdout] 
[INFO] [stdout] error[E0412]: cannot find type `Test` in this scope
[INFO] [stdout]   --> src/mock.rs:76:34
[INFO] [stdout]    |
[INFO] [stdout] 76 | impl pallet_balances::Config for Test {
[INFO] [stdout]    |                                  ^^^^ not found in this scope
[INFO] [stdout] 
[INFO] [stdout] 
[INFO] [stdout] error[E0412]: cannot find type `RuntimeEvent` in this scope
[INFO] [stdout]   --> src/mock.rs:82:22
[INFO] [stdout]    |
[INFO] [stdout] 82 |     type RuntimeEvent = RuntimeEvent;
[INFO] [stdout]    |                         ^^^^^^^^^^^^ not found in this scope
[INFO] [stdout] 
[INFO] [stdout] 
[INFO] [stdout] error[E0412]: cannot find type `System` in this scope
[INFO] [stdout]   --> src/mock.rs:84:22
[INFO] [stdout]    |
[INFO] [stdout] 84 |     type AccountStore = System;
[INFO] [stdout]    |                         ^^^^^^ not found in this scope
[INFO] [stdout]    |
[INFO] [stdout] help: consider importing this struct
[INFO] [stdout]    |
[INFO] [stdout] 20 + use std::alloc::System;
[INFO] [stdout]    |
[INFO] [stdout] 
[INFO] [stdout] 
[INFO] [stdout] error[E0412]: cannot find type `Test` in this scope
[INFO] [stdout]   --> src/mock.rs:92:32
[INFO] [stdout]    |
[INFO] [stdout] 92 | impl pallet_assets::Config for Test {
[INFO] [stdout]    |                                ^^^^ not found in this scope
[INFO] [stdout] 
[INFO] [stdout] 
[INFO] [stdout] error[E0412]: cannot find type `Balances` in this scope
[INFO] [stdout]    --> src/mock.rs:107:18
[INFO] [stdout]     |
[INFO] [stdout] 35  | pub type Balance = u64;
[INFO] [stdout]     | ----------------------- similarly named type alias `Balance` defined here
[INFO] [stdout] ...
[INFO] [stdout] 107 |     type Currency = Balances;
[INFO] [stdout]     |                     ^^^^^^^^ help: a type alias with a similar name exists: `Balance`
[INFO] [stdout] 
[INFO] [stdout] 
[INFO] [stdout] error[E0412]: cannot find type `AssetsFreezer` in this scope
[INFO] [stdout]    --> src/mock.rs:108:17
[INFO] [stdout]     |
[INFO] [stdout] 108 |     type Freezer = AssetsFreezer;
[INFO] [stdout]     |                    ^^^^^^^^^^^^^ not found in this scope
[INFO] [stdout] 
[INFO] [stdout] 
[INFO] [stdout] error[E0412]: cannot find type `RuntimeEvent` in this scope
[INFO] [stdout]    --> src/mock.rs:109:22
[INFO] [stdout]     |
[INFO] [stdout] 109 |     type RuntimeEvent = RuntimeEvent;
[INFO] [stdout]     |                         ^^^^^^^^^^^^
[INFO] [stdout]     |
[INFO] [stdout] help: you might have meant to use the associated type
[INFO] [stdout]     |
[INFO] [stdout] 109 |     type RuntimeEvent = Self::RuntimeEvent;
[INFO] [stdout]     |                         ++++++
[INFO] [stdout] 
[INFO] [stdout] 
[INFO] [stdout] error[E0412]: cannot find type `Test` in this scope
[INFO] [stdout]    --> src/mock.rs:129:17
[INFO] [stdout]     |
[INFO] [stdout] 129 | impl Config for Test {
[INFO] [stdout]     |                 ^^^^ not found in this scope
[INFO] [stdout] 
[INFO] [stdout] 
[INFO] [stdout] error[E0412]: cannot find type `RuntimeEvent` in this scope
[INFO] [stdout]    --> src/mock.rs:131:22
[INFO] [stdout]     |
[INFO] [stdout] 131 |     type RuntimeEvent = RuntimeEvent;
[INFO] [stdout]     |                         ^^^^^^^^^^^^
[INFO] [stdout]     |
[INFO] [stdout] help: you might have meant to use the associated type
[INFO] [stdout]     |
[INFO] [stdout] 131 |     type RuntimeEvent = Self::RuntimeEvent;
[INFO] [stdout]     |                         ++++++
[INFO] [stdout] 
[INFO] [stdout] 
[INFO] [stdout] error[E0433]: failed to resolve: use of undeclared crate or module `sp_io`
[INFO] [stdout]    --> src/mock.rs:134:48
[INFO] [stdout]     |
[INFO] [stdout] 134 | pub fn new_test_ext(execute: impl FnOnce()) -> sp_io::TestExternalities {
[INFO] [stdout]     |                                                ^^^^^ use of undeclared crate or module `sp_io`
[INFO] [stdout] 
[INFO] [stdout] 
[INFO] [stdout] error[E0422]: cannot find struct, variant or union type `RuntimeGenesisConfig` in this scope
[INFO] [stdout]    --> src/mock.rs:135:10
[INFO] [stdout]     |
[INFO] [stdout] 135 |     let t = RuntimeGenesisConfig {
[INFO] [stdout]     |             ^^^^^^^^^^^^^^^^^^^^ not found in this scope
[INFO] [stdout] 
[INFO] [stdout] 
[INFO] [stdout] error[E0433]: failed to resolve: use of undeclared crate or module `sp_io`
[INFO] [stdout]    --> src/mock.rs:147:15
[INFO] [stdout]     |
[INFO] [stdout] 147 |     let mut ext: sp_io::TestExternalities = t.into();
[INFO] [stdout]     |                  ^^^^^ use of undeclared crate or module `sp_io`
[INFO] [stdout] 
[INFO] [stdout] 
[INFO] [stdout] error[E0433]: failed to resolve: use of undeclared type `System`
[INFO] [stdout]    --> src/mock.rs:149:3
[INFO] [stdout]     |
[INFO] [stdout] 149 |         System::set_block_number(1);
[INFO] [stdout]     |         ^^^^^^ use of undeclared type `System`
[INFO] [stdout]     |
[INFO] [stdout] help: consider importing this struct
[INFO] [stdout]     |
[INFO] [stdout] 20  + use std::alloc::System;
[INFO] [stdout]     |
[INFO] [stdout] 
[INFO] [stdout] 
[INFO] [stdout] error[E0412]: cannot find type `Test` in this scope
[INFO] [stdout]   --> src/tests.rs:36:30
[INFO] [stdout]    |
[INFO] [stdout] 36 |     let mut freezes = Freezes::<Test>::get(ASSET_ID, WHO);
[INFO] [stdout]    |                                 ^^^^ not found in this scope
[INFO] [stdout]    |
[INFO] [stdout] help: you might be missing a type parameter
[INFO] [stdout]    |
[INFO] [stdout] 35 | fn test_set_freeze<Test>(id: DummyFreezeReason, amount: Balance) {
[INFO] [stdout]    |                   ++++++
[INFO] [stdout] 
[INFO] [stdout] 
[INFO] [stdout] error[E0412]: cannot find type `Test` in this scope
[INFO] [stdout]   --> src/tests.rs:50:30
[INFO] [stdout]    |
[INFO] [stdout] 50 |     let mut freezes = Freezes::<Test>::get(ASSET_ID, WHO);
[INFO] [stdout]    |                                 ^^^^ not found in this scope
[INFO] [stdout]    |
[INFO] [stdout] help: you might be missing a type parameter
[INFO] [stdout]    |
[INFO] [stdout] 49 | fn test_thaw<Test>(id: DummyFreezeReason) {
[INFO] [stdout]    |             ++++++
[INFO] [stdout] 
[INFO] [stdout] 
[INFO] [stdout] error[E0412]: cannot find type `Test` in this scope
[INFO] [stdout]   --> src/tests.rs:83:29
[INFO] [stdout]    |
[INFO] [stdout] 83 |             assert!(FrozenBalances::<Test>::get(ASSET_ID, WHO).is_none());
[INFO] [stdout]    |                                      ^^^^ not found in this scope
[INFO] [stdout]    |
[INFO] [stdout] help: you might be missing a type parameter
[INFO] [stdout]    |
[INFO] [stdout] 79 |     fn died_works<Test>() {
[INFO] [stdout]    |                  ++++++
[INFO] [stdout] 
[INFO] [stdout] 
[INFO] [stdout] error[E0412]: cannot find type `Test` in this scope
[INFO] [stdout]   --> src/tests.rs:84:22
[INFO] [stdout]    |
[INFO] [stdout] 84 |             assert!(Freezes::<Test>::get(ASSET_ID, WHO).is_empty());
[INFO] [stdout]    |                               ^^^^ not found in this scope
[INFO] [stdout]    |
[INFO] [stdout] help: you might be missing a type parameter
[INFO] [stdout]    |
[INFO] [stdout] 79 |     fn died_works<Test>() {
[INFO] [stdout]    |                  ++++++
[INFO] [stdout] 
[INFO] [stdout] 
[INFO] [stdout] error[E0433]: failed to resolve: use of undeclared type `System`
[INFO] [stdout]    --> src/tests.rs:173:4
[INFO] [stdout]     |
[INFO] [stdout] 173 |             System::assert_last_event(
[INFO] [stdout]     |             ^^^^^^ use of undeclared type `System`
[INFO] [stdout]     |
[INFO] [stdout] help: consider importing this struct
[INFO] [stdout]     |
[INFO] [stdout] 144 +     use std::alloc::System;
[INFO] [stdout]     |
[INFO] [stdout] 
[INFO] [stdout] 
[INFO] [stdout] error[E0412]: cannot find type `Test` in this scope
[INFO] [stdout]    --> src/tests.rs:174:13
[INFO] [stdout]     |
[INFO] [stdout] 174 |                 Event::<Test>::Frozen { asset_id: ASSET_ID, who: WHO, amount: 10 }.into(),
[INFO] [stdout]     |                         ^^^^ not found in this scope
[INFO] [stdout]     |
[INFO] [stdout] help: you might be missing a type parameter
[INFO] [stdout]     |
[INFO] [stdout] 147 |     fn set_freeze_works<Test>() {
[INFO] [stdout]     |                        ++++++
[INFO] [stdout] 
[INFO] [stdout] 
[INFO] [stdout] error[E0433]: failed to resolve: use of undeclared type `System`
[INFO] [stdout]    --> src/tests.rs:191:4
[INFO] [stdout]     |
[INFO] [stdout] 191 |             System::assert_last_event(
[INFO] [stdout]     |             ^^^^^^ use of undeclared type `System`
[INFO] [stdout]     |
[INFO] [stdout] help: consider importing this struct
[INFO] [stdout]     |
[INFO] [stdout] 144 +     use std::alloc::System;
[INFO] [stdout]     |
[INFO] [stdout] 
[INFO] [stdout] 
[INFO] [stdout] error[E0412]: cannot find type `Test` in this scope
[INFO] [stdout]    --> src/tests.rs:192:13
[INFO] [stdout]     |
[INFO] [stdout] 192 |                 Event::<Test>::Thawed { asset_id: ASSET_ID, who: WHO, amount: 2 }.into(),
[INFO] [stdout]     |                         ^^^^ not found in this scope
[INFO] [stdout]     |
[INFO] [stdout] help: you might be missing a type parameter
[INFO] [stdout]     |
[INFO] [stdout] 147 |     fn set_freeze_works<Test>() {
[INFO] [stdout]     |                        ++++++
[INFO] [stdout] 
[INFO] [stdout] 
[INFO] [stdout] error[E0433]: failed to resolve: use of undeclared type `System`
[INFO] [stdout]    --> src/tests.rs:212:4
[INFO] [stdout]     |
[INFO] [stdout] 212 |             System::assert_last_event(
[INFO] [stdout]     |             ^^^^^^ use of undeclared type `System`
[INFO] [stdout]     |
[INFO] [stdout] help: consider importing this struct
[INFO] [stdout]     |
[INFO] [stdout] 144 +     use std::alloc::System;
[INFO] [stdout]     |
[INFO] [stdout] 
[INFO] [stdout] 
[INFO] [stdout] error[E0412]: cannot find type `Test` in this scope
[INFO] [stdout]    --> src/tests.rs:213:13
[INFO] [stdout]     |
[INFO] [stdout] 213 |                 Event::<Test>::Frozen { asset_id: ASSET_ID, who: WHO, amount: 10 }.into(),
[INFO] [stdout]     |                         ^^^^ not found in this scope
[INFO] [stdout]     |
[INFO] [stdout] help: you might be missing a type parameter
[INFO] [stdout]     |
[INFO] [stdout] 198 |     fn extend_freeze_works<Test>() {
[INFO] [stdout]     |                           ++++++
[INFO] [stdout] 
[INFO] [stdout] 
[INFO] [stdout] error[E0433]: failed to resolve: use of undeclared type `System`
[INFO] [stdout]    --> src/tests.rs:230:4
[INFO] [stdout]     |
[INFO] [stdout] 230 |             System::assert_last_event(
[INFO] [stdout]     |             ^^^^^^ use of undeclared type `System`
[INFO] [stdout]     |
[INFO] [stdout] help: consider importing this struct
[INFO] [stdout]     |
[INFO] [stdout] 144 +     use std::alloc::System;
[INFO] [stdout]     |
[INFO] [stdout] 
[INFO] [stdout] 
[INFO] [stdout] error[E0412]: cannot find type `Test` in this scope
[INFO] [stdout]    --> src/tests.rs:231:13
[INFO] [stdout]     |
[INFO] [stdout] 231 |                 Event::<Test>::Frozen { asset_id: ASSET_ID, who: WHO, amount: 1 }.into(),
[INFO] [stdout]     |                         ^^^^ not found in this scope
[INFO] [stdout]     |
[INFO] [stdout] help: you might be missing a type parameter
[INFO] [stdout]     |
[INFO] [stdout] 198 |     fn extend_freeze_works<Test>() {
[INFO] [stdout]     |                           ++++++
[INFO] [stdout] 
[INFO] [stdout] 
[INFO] [stdout] error[E0433]: failed to resolve: use of undeclared type `System`
[INFO] [stdout]    --> src/tests.rs:254:4
[INFO] [stdout]     |
[INFO] [stdout] 254 |             System::assert_has_event(
[INFO] [stdout]     |             ^^^^^^ use of undeclared type `System`
[INFO] [stdout]     |
[INFO] [stdout] help: consider importing this struct
[INFO] [stdout]     |
[INFO] [stdout] 144 +     use std::alloc::System;
[INFO] [stdout]     |
[INFO] [stdout] 
[INFO] [stdout] 
[INFO] [stdout] error[E0412]: cannot find type `Test` in this scope
[INFO] [stdout]    --> src/tests.rs:255:13
[INFO] [stdout]     |
[INFO] [stdout] 255 |                 Event::<Test>::Frozen { asset_id: ASSET_ID, who: WHO, amount: 10 }.into(),
[INFO] [stdout]     |                         ^^^^ not found in this scope
[INFO] [stdout]     |
[INFO] [stdout] help: you might be missing a type parameter
[INFO] [stdout]     |
[INFO] [stdout] 246 |     fn thaw_works<Test>() {
[INFO] [stdout]     |                  ++++++
[INFO] [stdout] 
[INFO] [stdout] 
[INFO] [stdout] error[E0433]: failed to resolve: use of undeclared type `System`
[INFO] [stdout]    --> src/tests.rs:267:4
[INFO] [stdout]     |
[INFO] [stdout] 267 |             System::assert_has_event(
[INFO] [stdout]     |             ^^^^^^ use of undeclared type `System`
[INFO] [stdout]     |
[INFO] [stdout] help: consider importing this struct
[INFO] [stdout]     |
[INFO] [stdout] 144 +     use std::alloc::System;
[INFO] [stdout]     |
[INFO] [stdout] 
[INFO] [stdout] 
[INFO] [stdout] error[E0412]: cannot find type `Test` in this scope
[INFO] [stdout]    --> src/tests.rs:268:13
[INFO] [stdout]     |
[INFO] [stdout] 268 |                 Event::<Test>::Thawed { asset_id: ASSET_ID, who: WHO, amount: 10 }.into(),
[INFO] [stdout]     |                         ^^^^ not found in this scope
[INFO] [stdout]     |
[INFO] [stdout] help: you might be missing a type parameter
[INFO] [stdout]     |
[INFO] [stdout] 246 |     fn thaw_works<Test>() {
[INFO] [stdout]     |                  ++++++
[INFO] [stdout] 
[INFO] [stdout] 
[INFO] [stdout] error[E0412]: cannot find type `Test` in this scope
[INFO] [stdout]    --> src/tests.rs:299:28
[INFO] [stdout]     |
[INFO] [stdout] 299 |                 pallet_assets::Error::<Test>::BalanceLow,
[INFO] [stdout]     |                                        ^^^^ not found in this scope
[INFO] [stdout]     |
[INFO] [stdout] help: you might be missing a type parameter
[INFO] [stdout]     |
[INFO] [stdout] 289 |     fn frozen_balance_affects_balance_transferring<Test>() {
[INFO] [stdout]     |                                                   ++++++
[INFO] [stdout] 
[INFO] [stdout] 
[INFO] [stdout] warning: unused import: `crate as pallet_assets_freezer`
[INFO] [stdout]   --> src/mock.rs:20:5
[INFO] [stdout]    |
[INFO] [stdout] 20 | use crate as pallet_assets_freezer;
[INFO] [stdout]    |     ^^^^^^^^^^^^^^^^^^^^^^^^^^^^^^
[INFO] [stdout]    |
[INFO] [stdout]    = note: `#[warn(unused_imports)]` on by default
[INFO] [stdout] 
[INFO] [stdout] 
[INFO] [stdout] warning: unused imports: `InspectFreeze`, `Inspect`, and `MutateFreeze`
[INFO] [stdout]   --> src/tests.rs:26:15
[INFO] [stdout]    |
[INFO] [stdout] 26 |         fungibles::{Inspect, InspectFreeze, MutateFreeze},
[INFO] [stdout]    |                     ^^^^^^^  ^^^^^^^^^^^^^  ^^^^^^^^^^^^
[INFO] [stdout] 
[INFO] [stdout] 
[INFO] [stdout] warning: unused import: `pallet_assets::FrozenBalance`
[INFO] [stdout]   --> src/tests.rs:30:5
[INFO] [stdout]    |
[INFO] [stdout] 30 | use pallet_assets::FrozenBalance;
[INFO] [stdout]    |     ^^^^^^^^^^^^^^^^^^^^^^^^^^^^
[INFO] [stdout] 
[INFO] [stdout] 
[INFO] [stdout] error[E0433]: failed to resolve: use of undeclared crate or module `pallet_balances`
[INFO] [stdout]   --> src/mock.rs:67:21
[INFO] [stdout]    |
[INFO] [stdout] 67 |     type AccountData = pallet_balances::AccountData<u64>;
[INFO] [stdout]    |                        ^^^^^^^^^^^^^^^ use of undeclared crate or module `pallet_balances`
[INFO] [stdout] 
[INFO] [stdout] 
[INFO] [stdout] error[E0433]: failed to resolve: use of undeclared crate or module `pallet_balances`
[INFO] [stdout]   --> src/mock.rs:76:6
[INFO] [stdout]    |
[INFO] [stdout] 76 | impl pallet_balances::Config for Test {
[INFO] [stdout]    |      ^^^^^^^^^^^^^^^ use of undeclared crate or module `pallet_balances`
[INFO] [stdout] 
[INFO] [stdout] 
[INFO] [stdout] error[E0433]: failed to resolve: use of undeclared type `AssetsFreezer`
[INFO] [stdout]    --> src/mock.rs:151:29
[INFO] [stdout]     |
[INFO] [stdout] 151 |         frame_support::assert_ok!(AssetsFreezer::do_try_state());
[INFO] [stdout]     |                                   ^^^^^^^^^^^^^ use of undeclared type `AssetsFreezer`
[INFO] [stdout] 
[INFO] [stdout] 
[INFO] [stdout] error[E0433]: failed to resolve: use of undeclared type `AssetsFreezer`
[INFO] [stdout]   --> src/tests.rs:46:13
[INFO] [stdout]    |
[INFO] [stdout] 46 |     assert_ok!(AssetsFreezer::update_freezes(ASSET_ID, &WHO, freezes.as_bounded_slice()));
[INFO] [stdout]    |                ^^^^^^^^^^^^^ use of undeclared type `AssetsFreezer`
[INFO] [stdout] 
[INFO] [stdout] 
[INFO] [stdout] error[E0433]: failed to resolve: use of undeclared type `AssetsFreezer`
[INFO] [stdout]   --> src/tests.rs:53:13
[INFO] [stdout]    |
[INFO] [stdout] 53 |     assert_ok!(AssetsFreezer::update_freezes(ASSET_ID, &WHO, freezes.as_bounded_slice()));
[INFO] [stdout]    |                ^^^^^^^^^^^^^ use of undeclared type `AssetsFreezer`
[INFO] [stdout] 
[INFO] [stdout] 
[INFO] [stdout] error[E0433]: failed to resolve: use of undeclared type `AssetsFreezer`
[INFO] [stdout]   --> src/tests.rs:62:15
[INFO] [stdout]    |
[INFO] [stdout] 62 |             assert_eq!(AssetsFreezer::frozen_balance(ASSET_ID, &WHO), None);
[INFO] [stdout]    |                        ^^^^^^^^^^^^^ use of undeclared type `AssetsFreezer`
[INFO] [stdout] 
[INFO] [stdout] 
[INFO] [stdout] error[E0433]: failed to resolve: use of undeclared type `AssetsFreezer`
[INFO] [stdout]   --> src/tests.rs:64:15
[INFO] [stdout]    |
[INFO] [stdout] 64 |             assert_eq!(AssetsFreezer::frozen_balance(ASSET_ID, &WHO), Some(1u64));
[INFO] [stdout]    |                        ^^^^^^^^^^^^^ use of undeclared type `AssetsFreezer`
[INFO] [stdout] 
[INFO] [stdout] 
[INFO] [stdout] error[E0433]: failed to resolve: use of undeclared type `AssetsFreezer`
[INFO] [stdout]   --> src/tests.rs:66:15
[INFO] [stdout]    |
[INFO] [stdout] 66 |             assert_eq!(AssetsFreezer::frozen_balance(ASSET_ID, &WHO), Some(3u64));
[INFO] [stdout]    |                        ^^^^^^^^^^^^^ use of undeclared type `AssetsFreezer`
[INFO] [stdout] 
[INFO] [stdout] 
[INFO] [stdout] error[E0433]: failed to resolve: use of undeclared type `AssetsFreezer`
[INFO] [stdout]   --> src/tests.rs:68:15
[INFO] [stdout]    |
[INFO] [stdout] 68 |             assert_eq!(AssetsFreezer::frozen_balance(ASSET_ID, &WHO), Some(3u64));
[INFO] [stdout]    |                        ^^^^^^^^^^^^^ use of undeclared type `AssetsFreezer`
[INFO] [stdout] 
[INFO] [stdout] 
[INFO] [stdout] error[E0433]: failed to resolve: use of undeclared type `AssetsFreezer`
[INFO] [stdout]   --> src/tests.rs:72:15
[INFO] [stdout]    |
[INFO] [stdout] 72 |             assert_eq!(AssetsFreezer::frozen_balance(ASSET_ID, &WHO), Some(3u64));
[INFO] [stdout]    |                        ^^^^^^^^^^^^^ use of undeclared type `AssetsFreezer`
[INFO] [stdout] 
[INFO] [stdout] 
[INFO] [stdout] error[E0433]: failed to resolve: use of undeclared type `AssetsFreezer`
[INFO] [stdout]   --> src/tests.rs:74:15
[INFO] [stdout]    |
[INFO] [stdout] 74 |             assert_eq!(AssetsFreezer::frozen_balance(ASSET_ID, &WHO), None);
[INFO] [stdout]    |                        ^^^^^^^^^^^^^ use of undeclared type `AssetsFreezer`
[INFO] [stdout] 
[INFO] [stdout] 
[INFO] [stdout] error[E0433]: failed to resolve: use of undeclared type `AssetsFreezer`
[INFO] [stdout]   --> src/tests.rs:82:4
[INFO] [stdout]    |
[INFO] [stdout] 82 |             AssetsFreezer::died(ASSET_ID, &WHO);
[INFO] [stdout]    |             ^^^^^^^^^^^^^ use of undeclared type `AssetsFreezer`
[INFO] [stdout] 
[INFO] [stdout] 
[INFO] [stdout] error[E0433]: failed to resolve: use of undeclared type `AssetsFreezer`
[INFO] [stdout]   --> src/tests.rs:96:5
[INFO] [stdout]    |
[INFO] [stdout] 96 |                 AssetsFreezer::balance_frozen(ASSET_ID, &DummyFreezeReason::Governance, &WHO),
[INFO] [stdout]    |                 ^^^^^^^^^^^^^ use of undeclared type `AssetsFreezer`
[INFO] [stdout] 
[INFO] [stdout] 
[INFO] [stdout] error[E0433]: failed to resolve: use of undeclared type `AssetsFreezer`
[INFO] [stdout]    --> src/tests.rs:101:5
[INFO] [stdout]     |
[INFO] [stdout] 101 |                 AssetsFreezer::balance_frozen(ASSET_ID, &DummyFreezeReason::Governance, &WHO),
[INFO] [stdout]     |                 ^^^^^^^^^^^^^ use of undeclared type `AssetsFreezer`
[INFO] [stdout] 
[INFO] [stdout] 
[INFO] [stdout] error[E0433]: failed to resolve: use of undeclared type `AssetsFreezer`
[INFO] [stdout]    --> src/tests.rs:106:5
[INFO] [stdout]     |
[INFO] [stdout] 106 |                 AssetsFreezer::balance_frozen(ASSET_ID, &DummyFreezeReason::Staking, &WHO),
[INFO] [stdout]     |                 ^^^^^^^^^^^^^ use of undeclared type `AssetsFreezer`
[INFO] [stdout] 
[INFO] [stdout] 
[INFO] [stdout] error[E0433]: failed to resolve: use of undeclared type `AssetsFreezer`
[INFO] [stdout]    --> src/tests.rs:111:5
[INFO] [stdout]     |
[INFO] [stdout] 111 |                 AssetsFreezer::balance_frozen(ASSET_ID, &DummyFreezeReason::Staking, &WHO),
[INFO] [stdout]     |                 ^^^^^^^^^^^^^ use of undeclared type `AssetsFreezer`
[INFO] [stdout] 
[INFO] [stdout] 
[INFO] [stdout] error[E0433]: failed to resolve: use of undeclared type `AssetsFreezer`
[INFO] [stdout]    --> src/tests.rs:118:5
[INFO] [stdout]     |
[INFO] [stdout] 118 |                 AssetsFreezer::balance_frozen(ASSET_ID, &DummyFreezeReason::Governance, &WHO),
[INFO] [stdout]     |                 ^^^^^^^^^^^^^ use of undeclared type `AssetsFreezer`
[INFO] [stdout] 
[INFO] [stdout] 
[INFO] [stdout] error[E0433]: failed to resolve: use of undeclared type `AssetsFreezer`
[INFO] [stdout]    --> src/tests.rs:123:5
[INFO] [stdout]     |
[INFO] [stdout] 123 |                 AssetsFreezer::balance_frozen(ASSET_ID, &DummyFreezeReason::Staking, &WHO),
[INFO] [stdout]     |                 ^^^^^^^^^^^^^ use of undeclared type `AssetsFreezer`
[INFO] [stdout] 
[INFO] [stdout] 
[INFO] [stdout] error[E0433]: failed to resolve: use of undeclared type `AssetsFreezer`
[INFO] [stdout]    --> src/tests.rs:136:12
[INFO] [stdout]     |
[INFO] [stdout] 136 |             assert!(AssetsFreezer::can_freeze(ASSET_ID, &DummyFreezeReason::Staking, &WHO));
[INFO] [stdout]     |                     ^^^^^^^^^^^^^ use of undeclared type `AssetsFreezer`
[INFO] [stdout] 
[INFO] [stdout] 
[INFO] [stdout] error[E0433]: failed to resolve: use of undeclared type `AssetsFreezer`
[INFO] [stdout]    --> src/tests.rs:138:13
[INFO] [stdout]     |
[INFO] [stdout] 138 |             assert!(!AssetsFreezer::can_freeze(ASSET_ID, &DummyFreezeReason::Other, &WHO));
[INFO] [stdout]     |                      ^^^^^^^^^^^^^ use of undeclared type `AssetsFreezer`
[INFO] [stdout] 
[INFO] [stdout] 
[INFO] [stdout] error[E0433]: failed to resolve: use of undeclared type `Assets`
[INFO] [stdout]    --> src/tests.rs:150:5
[INFO] [stdout]     |
[INFO] [stdout] 150 |                 Assets::reducible_balance(
[INFO] [stdout]     |                 ^^^^^^
[INFO] [stdout]     |                 |
[INFO] [stdout]     |                 use of undeclared type `Assets`
[INFO] [stdout]     |                 help: a type alias with a similar name exists: `AssetId`
[INFO] [stdout] 
[INFO] [stdout] 
[INFO] [stdout] error[E0433]: failed to resolve: use of undeclared type `AssetsFreezer`
[INFO] [stdout]    --> src/tests.rs:158:15
[INFO] [stdout]     |
[INFO] [stdout] 158 |             assert_ok!(AssetsFreezer::set_freeze(
[INFO] [stdout]     |                        ^^^^^^^^^^^^^ use of undeclared type `AssetsFreezer`
[INFO] [stdout] 
[INFO] [stdout] 
[INFO] [stdout] error[E0433]: failed to resolve: use of undeclared type `Assets`
[INFO] [stdout]    --> src/tests.rs:165:5
[INFO] [stdout]     |
[INFO] [stdout] 165 |                 Assets::reducible_balance(
[INFO] [stdout]     |                 ^^^^^^
[INFO] [stdout]     |                 |
[INFO] [stdout]     |                 use of undeclared type `Assets`
[INFO] [stdout]     |                 help: a type alias with a similar name exists: `AssetId`
[INFO] [stdout] 
[INFO] [stdout] 
[INFO] [stdout] error[E0433]: failed to resolve: use of undeclared type `AssetsFreezer`
[INFO] [stdout]    --> src/tests.rs:176:15
[INFO] [stdout]     |
[INFO] [stdout] 176 |             assert_ok!(AssetsFreezer::set_freeze(
[INFO] [stdout]     |                        ^^^^^^^^^^^^^ use of undeclared type `AssetsFreezer`
[INFO] [stdout] 
[INFO] [stdout] 
[INFO] [stdout] error[E0433]: failed to resolve: use of undeclared type `Assets`
[INFO] [stdout]    --> src/tests.rs:183:5
[INFO] [stdout]     |
[INFO] [stdout] 183 |                 Assets::reducible_balance(
[INFO] [stdout]     |                 ^^^^^^
[INFO] [stdout]     |                 |
[INFO] [stdout]     |                 use of undeclared type `Assets`
[INFO] [stdout]     |                 help: a type alias with a similar name exists: `AssetId`
[INFO] [stdout] 
[INFO] [stdout] 
[INFO] [stdout] error[E0433]: failed to resolve: use of undeclared type `AssetsFreezer`
[INFO] [stdout]    --> src/tests.rs:200:15
[INFO] [stdout]     |
[INFO] [stdout] 200 |             assert_ok!(AssetsFreezer::set_freeze(
[INFO] [stdout]     |                        ^^^^^^^^^^^^^ use of undeclared type `AssetsFreezer`
[INFO] [stdout] 
[INFO] [stdout] 
[INFO] [stdout] error[E0433]: failed to resolve: use of undeclared type `AssetsFreezer`
[INFO] [stdout]    --> src/tests.rs:206:36
[INFO] [stdout]     |
[INFO] [stdout] 206 |             assert_storage_noop!(assert_ok!(AssetsFreezer::extend_freeze(
[INFO] [stdout]     |                                             ^^^^^^^^^^^^^ use of undeclared type `AssetsFreezer`
[INFO] [stdout] 
[INFO] [stdout] 
[INFO] [stdout] error[E0433]: failed to resolve: use of undeclared type `Assets`
[INFO] [stdout]    --> src/tests.rs:216:5
[INFO] [stdout]     |
[INFO] [stdout] 216 |                 Assets::reducible_balance(
[INFO] [stdout]     |                 ^^^^^^
[INFO] [stdout]     |                 |
[INFO] [stdout]     |                 use of undeclared type `Assets`
[INFO] [stdout]     |                 help: a type alias with a similar name exists: `AssetId`
[INFO] [stdout] 
[INFO] [stdout] 
[INFO] [stdout] error[E0433]: failed to resolve: use of undeclared type `AssetsFreezer`
[INFO] [stdout]    --> src/tests.rs:224:15
[INFO] [stdout]     |
[INFO] [stdout] 224 |             assert_ok!(AssetsFreezer::extend_freeze(
[INFO] [stdout]     |                        ^^^^^^^^^^^^^ use of undeclared type `AssetsFreezer`
[INFO] [stdout] 
[INFO] [stdout] 
[INFO] [stdout] error[E0433]: failed to resolve: use of undeclared type `Assets`
[INFO] [stdout]    --> src/tests.rs:234:5
[INFO] [stdout]     |
[INFO] [stdout] 234 |                 Assets::reducible_balance(
[INFO] [stdout]     |                 ^^^^^^
[INFO] [stdout]     |                 |
[INFO] [stdout]     |                 use of undeclared type `Assets`
[INFO] [stdout]     |                 help: a type alias with a similar name exists: `AssetId`
[INFO] [stdout] 
[INFO] [stdout] 
[INFO] [stdout] error[E0433]: failed to resolve: use of undeclared type `AssetsFreezer`
[INFO] [stdout]    --> src/tests.rs:248:15
[INFO] [stdout]     |
[INFO] [stdout] 248 |             assert_ok!(AssetsFreezer::set_freeze(
[INFO] [stdout]     |                        ^^^^^^^^^^^^^ use of undeclared type `AssetsFreezer`
[INFO] [stdout] 
[INFO] [stdout] 
[INFO] [stdout] error[E0433]: failed to resolve: use of undeclared type `Assets`
[INFO] [stdout]    --> src/tests.rs:258:5
[INFO] [stdout]     |
[INFO] [stdout] 258 |                 Assets::reducible_balance(
[INFO] [stdout]     |                 ^^^^^^
[INFO] [stdout]     |                 |
[INFO] [stdout]     |                 use of undeclared type `Assets`
[INFO] [stdout]     |                 help: a type alias with a similar name exists: `AssetId`
[INFO] [stdout] 
[INFO] [stdout] 
[INFO] [stdout] error[E0433]: failed to resolve: use of undeclared type `AssetsFreezer`
[INFO] [stdout]    --> src/tests.rs:266:15
[INFO] [stdout]     |
[INFO] [stdout] 266 |             assert_ok!(AssetsFreezer::thaw(ASSET_ID, &DummyFreezeReason::Governance, &WHO));
[INFO] [stdout]     |                        ^^^^^^^^^^^^^ use of undeclared type `AssetsFreezer`
[INFO] [stdout] 
[INFO] [stdout] 
[INFO] [stdout] error[E0433]: failed to resolve: use of undeclared type `Assets`
[INFO] [stdout]    --> src/tests.rs:271:5
[INFO] [stdout]     |
[INFO] [stdout] 271 |                 Assets::reducible_balance(
[INFO] [stdout]     |                 ^^^^^^
[INFO] [stdout]     |                 |
[INFO] [stdout]     |                 use of undeclared type `Assets`
[INFO] [stdout]     |                 help: a type alias with a similar name exists: `AssetId`
[INFO] [stdout] 
[INFO] [stdout] 
[INFO] [stdout] error[E0433]: failed to resolve: use of undeclared type `AssetsFreezer`
[INFO] [stdout]    --> src/tests.rs:291:15
[INFO] [stdout]     |
[INFO] [stdout] 291 |             assert_ok!(AssetsFreezer::set_freeze(
[INFO] [stdout]     |                        ^^^^^^^^^^^^^ use of undeclared type `AssetsFreezer`
[INFO] [stdout] 
[INFO] [stdout] 
[INFO] [stdout] error[E0433]: failed to resolve: use of undeclared type `Assets`
[INFO] [stdout]    --> src/tests.rs:298:5
[INFO] [stdout]     |
[INFO] [stdout] 298 |                 Assets::transfer(RuntimeOrigin::signed(WHO), Compact(ASSET_ID), 2, 80),
[INFO] [stdout]     |                 ^^^^^^
[INFO] [stdout]     |                 |
[INFO] [stdout]     |                 use of undeclared type `Assets`
[INFO] [stdout]     |                 help: a type alias with a similar name exists: `AssetId`
[INFO] [stdout] 
[INFO] [stdout] 
[INFO] [stdout] error[E0433]: failed to resolve: use of undeclared type `RuntimeOrigin`
[INFO] [stdout]    --> src/tests.rs:298:22
[INFO] [stdout]     |
[INFO] [stdout] 298 |                 Assets::transfer(RuntimeOrigin::signed(WHO), Compact(ASSET_ID), 2, 80),
[INFO] [stdout]     |                                  ^^^^^^^^^^^^^ use of undeclared type `RuntimeOrigin`
[INFO] [stdout] 
[INFO] [stdout] 
[INFO] [stdout] error[E0433]: failed to resolve: use of undeclared type `Assets`
[INFO] [stdout]    --> src/tests.rs:301:15
[INFO] [stdout]     |
[INFO] [stdout] 301 |             assert_ok!(Assets::transfer(RuntimeOrigin::signed(WHO), Compact(ASSET_ID), 2, 79));
[INFO] [stdout]     |                        ^^^^^^
[INFO] [stdout]     |                        |
[INFO] [stdout]     |                        use of undeclared type `Assets`
[INFO] [stdout]     |                        help: a type alias with a similar name exists: `AssetId`
[INFO] [stdout] 
[INFO] [stdout] 
[INFO] [stdout] error[E0433]: failed to resolve: use of undeclared type `RuntimeOrigin`
[INFO] [stdout]    --> src/tests.rs:301:32
[INFO] [stdout]     |
[INFO] [stdout] 301 |             assert_ok!(Assets::transfer(RuntimeOrigin::signed(WHO), Compact(ASSET_ID), 2, 79));
[INFO] [stdout]     |                                         ^^^^^^^^^^^^^ use of undeclared type `RuntimeOrigin`
[INFO] [stdout] 
[INFO] [stdout] 
[INFO] [stdout] Some errors have detailed explanations: E0412, E0422, E0432, E0433.
[INFO] [stdout] 
[INFO] [stdout] For more information about an error, try `rustc --explain E0412`.
[INFO] [stdout] 
[INFO] [stderr] error: could not compile `pallet-assets-freezer` (lib test) due to 78 previous errors; 3 warnings emitted
[INFO] running `Command { std: "docker" "inspect" "d56948e2fa8c50b2926f4aac3a9f053e2d121c9abda4db7e254c6274c774738a", kill_on_drop: false }`
[INFO] running `Command { std: "docker" "rm" "-f" "d56948e2fa8c50b2926f4aac3a9f053e2d121c9abda4db7e254c6274c774738a", kill_on_drop: false }`
[INFO] [stdout] d56948e2fa8c50b2926f4aac3a9f053e2d121c9abda4db7e254c6274c774738a
