[INFO] fetching crate pallet-asset-conversion-tx-payment 20.0.0...
[INFO] testing pallet-asset-conversion-tx-payment-20.0.0 against nightly-2024-10-28 for randomize-layout
[INFO] extracting crate pallet-asset-conversion-tx-payment 20.0.0 into /workspace/builds/worker-6-tc1/source
[INFO] validating manifest of crates.io crate pallet-asset-conversion-tx-payment 20.0.0 on toolchain nightly-2024-10-28
[INFO] running `Command { std: CARGO_HOME="/workspace/cargo-home" RUSTUP_HOME="/workspace/rustup-home" "/workspace/cargo-home/bin/cargo" "+nightly-2024-10-28" "metadata" "--manifest-path" "Cargo.toml" "--no-deps", kill_on_drop: false }`
[INFO] started tweaking crates.io crate pallet-asset-conversion-tx-payment 20.0.0
[INFO] finished tweaking crates.io crate pallet-asset-conversion-tx-payment 20.0.0
[INFO] tweaked toml for crates.io crate pallet-asset-conversion-tx-payment 20.0.0 written to /workspace/builds/worker-6-tc1/source/Cargo.toml
[INFO] running `Command { std: CARGO_HOME="/workspace/cargo-home" RUSTUP_HOME="/workspace/rustup-home" "/workspace/cargo-home/bin/cargo" "+nightly-2024-10-28" "generate-lockfile" "--manifest-path" "Cargo.toml", kill_on_drop: false }`
[INFO] [stderr]     Updating crates.io index
[INFO] [stderr]     Blocking waiting for file lock on package cache
[INFO] [stderr]      Locking 330 packages to latest compatible versions
[INFO] [stderr]       Adding unicode-normalization v0.1.22 (available: v0.1.24)
[INFO] running `Command { std: CARGO_HOME="/workspace/cargo-home" RUSTUP_HOME="/workspace/rustup-home" "/workspace/cargo-home/bin/cargo" "+nightly-2024-10-28" "fetch" "--manifest-path" "Cargo.toml", kill_on_drop: false }`
[INFO] [stderr]     Blocking waiting for file lock on package cache
[INFO] [stderr]     Blocking waiting for file lock on package cache
[INFO] running `Command { std: "docker" "create" "-v" "/var/lib/crater-agent-workspace/builds/worker-6-tc1/target:/opt/rustwide/target:rw,Z" "-v" "/var/lib/crater-agent-workspace/builds/worker-6-tc1/source:/opt/rustwide/workdir:ro,Z" "-v" "/var/lib/crater-agent-workspace/cargo-home:/opt/rustwide/cargo-home:ro,Z" "-v" "/var/lib/crater-agent-workspace/rustup-home:/opt/rustwide/rustup-home:ro,Z" "-e" "SOURCE_DIR=/opt/rustwide/workdir" "-e" "CARGO_TARGET_DIR=/opt/rustwide/target" "-e" "CARGO_HOME=/opt/rustwide/cargo-home" "-e" "RUSTUP_HOME=/opt/rustwide/rustup-home" "-w" "/opt/rustwide/workdir" "-m" "1610612736" "--user" "0:0" "--network" "none" "ghcr.io/rust-lang/crates-build-env/linux@sha256:4a844ea9eb2546a2d2c7022eacef16ef2e8229c7fbb2c7d4d55a9ceca922f72d" "/opt/rustwide/cargo-home/bin/cargo" "+nightly-2024-10-28" "metadata" "--no-deps" "--format-version=1", kill_on_drop: false }`
[INFO] [stdout] e820a33dee6cbd4e900987f11f928901aaa77647bfc9a2787227782fa7757da2
[INFO] running `Command { std: "docker" "start" "-a" "e820a33dee6cbd4e900987f11f928901aaa77647bfc9a2787227782fa7757da2", kill_on_drop: false }`
[INFO] running `Command { std: "docker" "inspect" "e820a33dee6cbd4e900987f11f928901aaa77647bfc9a2787227782fa7757da2", kill_on_drop: false }`
[INFO] running `Command { std: "docker" "rm" "-f" "e820a33dee6cbd4e900987f11f928901aaa77647bfc9a2787227782fa7757da2", kill_on_drop: false }`
[INFO] [stdout] e820a33dee6cbd4e900987f11f928901aaa77647bfc9a2787227782fa7757da2
[INFO] running `Command { std: "docker" "create" "-v" "/var/lib/crater-agent-workspace/builds/worker-6-tc1/target:/opt/rustwide/target:rw,Z" "-v" "/var/lib/crater-agent-workspace/builds/worker-6-tc1/source:/opt/rustwide/workdir:ro,Z" "-v" "/var/lib/crater-agent-workspace/cargo-home:/opt/rustwide/cargo-home:ro,Z" "-v" "/var/lib/crater-agent-workspace/rustup-home:/opt/rustwide/rustup-home:ro,Z" "-e" "SOURCE_DIR=/opt/rustwide/workdir" "-e" "CARGO_TARGET_DIR=/opt/rustwide/target" "-e" "CARGO_INCREMENTAL=0" "-e" "RUST_BACKTRACE=full" "-e" "RUSTFLAGS=--cap-lints=forbid" "-e" "RUSTDOCFLAGS=--cap-lints=forbid" "-e" "CARGO_HOME=/opt/rustwide/cargo-home" "-e" "RUSTUP_HOME=/opt/rustwide/rustup-home" "-w" "/opt/rustwide/workdir" "-m" "1610612736" "--user" "0:0" "--network" "none" "ghcr.io/rust-lang/crates-build-env/linux@sha256:4a844ea9eb2546a2d2c7022eacef16ef2e8229c7fbb2c7d4d55a9ceca922f72d" "/opt/rustwide/cargo-home/bin/cargo" "+nightly-2024-10-28" "build" "--frozen" "--message-format=json", kill_on_drop: false }`
[INFO] [stdout] 87feaf2b20503c8300fcf6574860a15a2a2e0a95dda487eee6e2fdb4fafc5140
[INFO] running `Command { std: "docker" "start" "-a" "87feaf2b20503c8300fcf6574860a15a2a2e0a95dda487eee6e2fdb4fafc5140", kill_on_drop: false }`
[INFO] [stderr]    Compiling proc-macro2 v1.0.89
[INFO] [stderr]    Compiling unicode-ident v1.0.13
[INFO] [stderr]    Compiling version_check v0.9.5
[INFO] [stderr]    Compiling libc v0.2.161
[INFO] [stderr]    Compiling serde v1.0.214
[INFO] [stderr]    Compiling subtle v2.6.1
[INFO] [stderr]    Compiling hashbrown v0.15.0
[INFO] [stderr]    Compiling winnow v0.6.20
[INFO] [stderr]    Compiling byteorder v1.5.0
[INFO] [stderr]    Compiling autocfg v1.4.0
[INFO] [stderr]    Compiling const-oid v0.9.6
[INFO] [stderr]    Compiling once_cell v1.20.2
[INFO] [stderr]    Compiling arrayvec v0.7.6
[INFO] [stderr]    Compiling regex-syntax v0.8.5
[INFO] [stderr]    Compiling byte-slice-cast v1.2.2
[INFO] [stderr]    Compiling crunchy v0.2.2
[INFO] [stderr]    Compiling memchr v2.7.4
[INFO] [stderr]    Compiling bytes v1.8.0
[INFO] [stderr]    Compiling cpufeatures v0.2.14
[INFO] [stderr]    Compiling lazy_static v1.5.0
[INFO] [stderr]    Compiling log v0.4.22
[INFO] [stderr]    Compiling arrayref v0.3.9
[INFO] [stderr]    Compiling generic-array v0.14.7
[INFO] [stderr]    Compiling keccak v0.1.5
[INFO] [stderr]    Compiling prettyplease v0.2.25
[INFO] [stderr]    Compiling rustc_version v0.4.1
[INFO] [stderr]    Compiling pin-project-lite v0.2.15
[INFO] [stderr]    Compiling constant_time_eq v0.3.1
[INFO] [stderr]    Compiling expander v2.2.1
[INFO] [stderr]    Compiling ahash v0.8.11
[INFO] [stderr]    Compiling fs-err v2.11.0
[INFO] [stderr]    Compiling slab v0.4.9
[INFO] [stderr]    Compiling tracing-core v0.1.32
[INFO] [stderr]    Compiling indexmap v2.6.0
[INFO] [stderr]    Compiling aho-corasick v1.1.3
[INFO] [stderr]    Compiling base16ct v0.2.0
[INFO] [stderr]    Compiling ref-cast v1.0.23
[INFO] [stderr]    Compiling serde_json v1.0.132
[INFO] [stderr]    Compiling quote v1.0.37
[INFO] [stderr]    Compiling getrandom v0.2.15
[INFO] [stderr]    Compiling curve25519-dalek v4.1.3
[INFO] [stderr]    Compiling file-guard v0.2.0
[INFO] [stderr]    Compiling powerfmt v0.2.0
[INFO] [stderr]    Compiling ryu v1.0.18
[INFO] [stderr]    Compiling shlex v1.3.0
[INFO] [stderr]    Compiling syn v2.0.86
[INFO] [stderr]    Compiling rand_core v0.6.4
[INFO] [stderr]    Compiling syn v1.0.109
[INFO] [stderr]    Compiling regex-syntax v0.6.29
[INFO] [stderr]    Compiling cc v1.1.31
[INFO] [stderr]    Compiling deranged v0.3.11
[INFO] [stderr]    Compiling block-buffer v0.10.4
[INFO] [stderr]    Compiling crypto-common v0.1.6
[INFO] [stderr]    Compiling digest v0.9.0
[INFO] [stderr]    Compiling ff v0.13.0
[INFO] [stderr]    Compiling digest v0.10.7
[INFO] [stderr]    Compiling bitcoin-internals v0.2.0
[INFO] [stderr]    Compiling libsecp256k1-core v0.3.0
[INFO] [stderr]    Compiling futures-sink v0.3.31
[INFO] [stderr]    Compiling futures-core v0.3.31
[INFO] [stderr]    Compiling time-core v0.1.2
[INFO] [stderr]    Compiling rustc-hex v2.1.0
[INFO] [stderr]    Compiling num-conv v0.1.0
[INFO] [stderr]    Compiling hex v0.4.3
[INFO] [stderr]    Compiling either v1.13.0
[INFO] [stderr]    Compiling overload v0.1.1
[INFO] [stderr]    Compiling blake2 v0.10.6
[INFO] [stderr]    Compiling futures-channel v0.3.31
[INFO] [stderr]    Compiling nu-ansi-term v0.46.0
[INFO] [stderr]    Compiling group v0.13.0
[INFO] [stderr]    Compiling tracing-log v0.2.0
[INFO] [stderr]    Compiling lock_api v0.4.12
[INFO] [stderr]    Compiling sharded-slab v0.1.7
[INFO] [stderr]    Compiling thread_local v1.1.8
[INFO] [stderr]    Compiling futures-task v0.3.31
[INFO] [stderr]    Compiling hash-db v0.16.0
[INFO] [stderr]    Compiling regex-automata v0.4.8
[INFO] [stderr]    Compiling base64ct v1.6.0
[INFO] [stderr]    Compiling sp-std v14.0.0
[INFO] [stderr]    Compiling unicode-xid v0.2.6
[INFO] [stderr]    Compiling futures-io v0.3.31
[INFO] [stderr]    Compiling tinyvec v1.8.0
[INFO] [stderr]    Compiling time v0.3.36
[INFO] [stderr]    Compiling libsecp256k1-gen-genmult v0.3.0
[INFO] [stderr]    Compiling libsecp256k1-gen-ecmult v0.3.0
[INFO] [stderr]    Compiling password-hash v0.5.0
[INFO] [stderr]    Compiling uint v0.9.5
[INFO] [stderr]    Compiling num_cpus v1.16.0
[INFO] [stderr]    Compiling paste v1.0.15
[INFO] [stderr]    Compiling libsecp256k1 v0.7.1
[INFO] [stderr]    Compiling regex-automata v0.1.10
[INFO] [stderr]    Compiling hex-conservative v0.1.2
[INFO] [stderr]    Compiling opaque-debug v0.3.1
[INFO] [stderr]    Compiling thiserror v1.0.66
[INFO] [stderr]    Compiling secp256k1-sys v0.9.2
[INFO] [stderr]    Compiling environmental v1.1.4
[INFO] [stderr]    Compiling allocator-api2 v0.2.18
[INFO] [stderr]    Compiling bitcoin_hashes v0.13.0
[INFO] [stderr]    Compiling unicode-normalization v0.1.22
[INFO] [stderr]    Compiling parking_lot_core v0.9.10
[INFO] [stderr]    Compiling itertools v0.11.0
[INFO] [stderr]    Compiling matchers v0.1.0
[INFO] [stderr]    Compiling blake2b_simd v1.0.2
[INFO] [stderr]    Compiling num-format v0.4.4
[INFO] [stderr]    Compiling base64 v0.13.1
[INFO] [stderr]    Compiling dyn-clone v1.0.17
[INFO] [stderr]    Compiling same-file v1.0.6
[INFO] [stderr]    Compiling walkdir v2.5.0
[INFO] [stderr]    Compiling parking_lot v0.12.3
[INFO] [stderr]    Compiling hash256-std-hasher v0.15.2
[INFO] [stderr]    Compiling termcolor v1.4.1
[INFO] [stderr]    Compiling bs58 v0.5.1
[INFO] [stderr]    Compiling rustversion v1.0.18
[INFO] [stderr]    Compiling array-bytes v6.2.3
[INFO] [stderr]    Compiling adler2 v2.0.0
[INFO] [stderr]    Compiling gimli v0.31.1
[INFO] [stderr]    Compiling regex v1.11.1
[INFO] [stderr]    Compiling common-path v1.0.0
[INFO] [stderr]    Compiling miniz_oxide v0.8.0
[INFO] [stderr]    Compiling object v0.36.5
[INFO] [stderr]    Compiling num-traits v0.2.19
[INFO] [stderr]    Compiling hashbrown v0.13.2
[INFO] [stderr]    Compiling rustc-demangle v0.1.24
[INFO] [stderr]    Compiling Inflector v0.11.4
[INFO] [stderr]    Compiling memory-db v0.32.0
[INFO] [stderr]    Compiling trie-db v0.29.1
[INFO] [stderr]    Compiling trie-root v0.18.0
[INFO] [stderr]    Compiling nohash-hasher v0.2.0
[INFO] [stderr]    Compiling sp-io v38.0.0
[INFO] [stderr]    Compiling tiny-keccak v2.0.2
[INFO] [stderr]    Compiling sha3 v0.10.8
[INFO] [stderr]    Compiling sha2 v0.10.8
[INFO] [stderr]    Compiling simple-mermaid v0.1.1
[INFO] [stderr]    Compiling proc-macro-error-attr v1.0.4
[INFO] [stderr]    Compiling proc-macro-error v1.0.4
[INFO] [stderr]    Compiling parity-wasm v0.45.0
[INFO] [stderr]    Compiling const-random-macro v0.1.16
[INFO] [stderr]    Compiling include_dir_macros v0.7.4
[INFO] [stderr]    Compiling cfg-expr v0.15.8
[INFO] [stderr]    Compiling proc-macro-warning v1.0.2
[INFO] [stderr]    Compiling integer-sqrt v0.1.5
[INFO] [stderr]    Compiling const-random v0.1.18
[INFO] [stderr]    Compiling itertools v0.10.5
[INFO] [stderr]    Compiling tt-call v1.0.9
[INFO] [stderr]    Compiling secp256k1 v0.28.2
[INFO] [stderr]    Compiling include_dir v0.7.4
[INFO] [stderr]    Compiling addr2line v0.24.2
[INFO] [stderr]    Compiling serde_derive v1.0.214
[INFO] [stderr]    Compiling zeroize_derive v1.4.2
[INFO] [stderr]    Compiling zerocopy-derive v0.7.35
[INFO] [stderr]    Compiling derive_more-impl v1.0.0
[INFO] [stderr]    Compiling derive-syn-parse v0.2.0
[INFO] [stderr]    Compiling curve25519-dalek-derive v0.1.1
[INFO] [stderr]    Compiling ref-cast-impl v1.0.23
[INFO] [stderr]    Compiling tracing-attributes v0.1.27
[INFO] [stderr]    Compiling sp-debug-derive v14.0.0
[INFO] [stderr]    Compiling futures-macro v0.3.31
[INFO] [stderr]    Compiling thiserror-impl v1.0.66
[INFO] [stderr]    Compiling macro_magic_core_macros v0.5.1
[INFO] [stderr]    Compiling impl-trait-for-tuples v0.2.2
[INFO] [stderr]    Compiling dyn-clonable-impl v0.9.0
[INFO] [stderr]    Compiling frame-support-procedural-tools-derive v12.0.0
[INFO] [stderr]    Compiling async-trait v0.1.83
[INFO] [stderr]    Compiling aquamarine v0.5.0
[INFO] [stderr]    Compiling dyn-clonable v0.9.0
[INFO] [stderr]    Compiling zeroize v1.8.1
[INFO] [stderr]    Compiling der v0.7.9
[INFO] [stderr]    Compiling merlin v3.0.0
[INFO] [stderr]    Compiling secrecy v0.8.0
[INFO] [stderr]    Compiling backtrace v0.3.74
[INFO] [stderr]    Compiling macro_magic_core v0.5.1
[INFO] [stderr]    Compiling futures-util v0.3.31
[INFO] [stderr]    Compiling zerocopy v0.7.35
[INFO] [stderr]    Compiling derive_more v1.0.0
[INFO] [stderr]    Compiling tracing v0.1.40
[INFO] [stderr]    Compiling crypto-bigint v0.5.5
[INFO] [stderr]    Compiling crypto-mac v0.8.0
[INFO] [stderr]    Compiling block-buffer v0.9.0
[INFO] [stderr]    Compiling sp-panic-handler v13.0.0
[INFO] [stderr]    Compiling macro_magic_macros v0.5.1
[INFO] [stderr]    Compiling sha2 v0.9.9
[INFO] [stderr]    Compiling hmac v0.8.1
[INFO] [stderr]    Compiling tracing-subscriber v0.3.18
[INFO] [stderr]    Compiling hmac-drbg v0.3.0
[INFO] [stderr]    Compiling signature v2.2.0
[INFO] [stderr]    Compiling hmac v0.12.1
[INFO] [stderr]    Compiling ppv-lite86 v0.2.20
[INFO] [stderr]    Compiling spki v0.7.3
[INFO] [stderr]    Compiling rfc6979 v0.4.0
[INFO] [stderr]    Compiling ed25519 v2.2.3
[INFO] [stderr]    Compiling pkcs8 v0.10.2
[INFO] [stderr]    Compiling pbkdf2 v0.12.2
[INFO] [stderr]    Compiling hashbrown v0.14.5
[INFO] [stderr]    Compiling schnellru v0.2.3
[INFO] [stderr]    Compiling rand_chacha v0.3.1
[INFO] [stderr]    Compiling macro_magic v0.5.1
[INFO] [stderr]    Compiling rand v0.8.5
[INFO] [stderr]    Compiling twox-hash v1.6.3
[INFO] [stderr]    Compiling getrandom_or_panic v0.0.3
[INFO] [stderr]    Compiling fixed-hash v0.8.0
[INFO] [stderr]    Compiling ed25519-zebra v4.0.3
[INFO] [stderr]    Compiling ed25519-dalek v2.1.1
[INFO] [stderr]    Compiling sp-crypto-hashing v0.1.0
[INFO] [stderr]    Compiling futures-executor v0.3.31
[INFO] [stderr]    Compiling sp-crypto-hashing-proc-macro v0.1.0
[INFO] [stderr]    Compiling futures v0.3.31
[INFO] [stderr]    Compiling serdect v0.2.0
[INFO] [stderr]    Compiling impl-serde v0.4.0
[INFO] [stderr]    Compiling serde_bytes v0.11.15
[INFO] [stderr]    Compiling parity-bip39 v2.0.1
[INFO] [stderr]    Compiling serde_spanned v0.6.8
[INFO] [stderr]    Compiling toml_datetime v0.6.8
[INFO] [stderr]    Compiling schnorrkel v0.11.4
[INFO] [stderr]    Compiling sec1 v0.7.3
[INFO] [stderr]    Compiling toml_edit v0.22.22
[INFO] [stderr]    Compiling elliptic-curve v0.13.8
[INFO] [stderr]    Compiling ecdsa v0.16.9
[INFO] [stderr]    Compiling substrate-bip39 v0.6.0
[INFO] [stderr]    Compiling k256 v0.13.4
[INFO] [stderr]    Compiling ss58-registry v1.51.0
[INFO] [stderr]    Compiling proc-macro-crate v3.2.0
[INFO] [stderr]    Compiling toml v0.8.19
[INFO] [stderr]    Compiling frame-support-procedural-tools v13.0.0
[INFO] [stderr]    Compiling parity-scale-codec-derive v3.6.12
[INFO] [stderr]    Compiling scale-info-derive v2.11.5
[INFO] [stderr]    Compiling sp-runtime-interface-proc-macro v18.0.0
[INFO] [stderr]    Compiling sp-api-proc-macro v20.0.0
[INFO] [stderr]    Compiling frame-support-procedural v30.0.4
[INFO] [stderr]    Compiling docify_macros v0.2.8
[INFO] [stderr]    Compiling docify v0.2.8
[INFO] [stderr]    Compiling parity-scale-codec v3.6.12
[INFO] [stderr]    Compiling scale-info v2.11.5
[INFO] [stderr]    Compiling impl-codec v0.6.0
[INFO] [stderr]    Compiling sp-storage v21.0.0
[INFO] [stderr]    Compiling sp-tracing v17.0.1
[INFO] [stderr]    Compiling sp-wasm-interface v21.0.1
[INFO] [stderr]    Compiling sp-version-proc-macro v14.0.0
[INFO] [stderr]    Compiling sp-externalities v0.29.0
[INFO] [stderr]    Compiling bounded-collections v0.2.1
[INFO] [stderr]    Compiling primitive-types v0.12.2
[INFO] [stderr]    Compiling sp-arithmetic v26.0.0
[INFO] [stderr]    Compiling frame-metadata v16.0.0
[INFO] [stderr]    Compiling sp-metadata-ir v0.7.0
[INFO] [stderr]    Compiling sp-weights v31.0.0
[INFO] [stderr]    Compiling sp-runtime-interface v28.0.0
[INFO] [stderr]    Compiling sp-core v34.0.0
[INFO] [stderr]    Compiling sp-trie v37.0.0
[INFO] [stderr]    Compiling sp-keystore v0.40.0
[INFO] [stderr]    Compiling sp-state-machine v0.43.0
[INFO] [stderr]    Compiling sp-application-crypto v38.0.0
[INFO] [stderr]    Compiling sp-runtime v39.0.2
[INFO] [stderr]    Compiling sp-version v37.0.0
[INFO] [stderr]    Compiling sp-staking v36.0.0
[INFO] [stderr]    Compiling sp-inherents v34.0.0
[INFO] [stderr]    Compiling sp-api v34.0.0
[INFO] [stderr]    Compiling sp-genesis-builder v0.15.1
[INFO] [stderr]    Compiling frame-support v38.0.0
[INFO] [stderr]    Compiling frame-system v38.0.0
[INFO] [stderr]    Compiling pallet-transaction-payment v38.0.0
[INFO] [stderr]    Compiling pallet-asset-conversion v20.0.0
[INFO] [stderr]    Compiling pallet-asset-conversion-tx-payment v20.0.0 (/opt/rustwide/workdir)
[INFO] [stderr]     Finished `dev` profile [unoptimized + debuginfo] target(s) in 1m 04s
[INFO] running `Command { std: "docker" "inspect" "87feaf2b20503c8300fcf6574860a15a2a2e0a95dda487eee6e2fdb4fafc5140", kill_on_drop: false }`
[INFO] running `Command { std: "docker" "rm" "-f" "87feaf2b20503c8300fcf6574860a15a2a2e0a95dda487eee6e2fdb4fafc5140", kill_on_drop: false }`
[INFO] [stdout] 87feaf2b20503c8300fcf6574860a15a2a2e0a95dda487eee6e2fdb4fafc5140
[INFO] running `Command { std: "docker" "create" "-v" "/var/lib/crater-agent-workspace/builds/worker-6-tc1/target:/opt/rustwide/target:rw,Z" "-v" "/var/lib/crater-agent-workspace/builds/worker-6-tc1/source:/opt/rustwide/workdir:ro,Z" "-v" "/var/lib/crater-agent-workspace/cargo-home:/opt/rustwide/cargo-home:ro,Z" "-v" "/var/lib/crater-agent-workspace/rustup-home:/opt/rustwide/rustup-home:ro,Z" "-e" "SOURCE_DIR=/opt/rustwide/workdir" "-e" "CARGO_TARGET_DIR=/opt/rustwide/target" "-e" "CARGO_INCREMENTAL=0" "-e" "RUST_BACKTRACE=full" "-e" "RUSTFLAGS=--cap-lints=forbid" "-e" "RUSTDOCFLAGS=--cap-lints=forbid" "-e" "CARGO_HOME=/opt/rustwide/cargo-home" "-e" "RUSTUP_HOME=/opt/rustwide/rustup-home" "-w" "/opt/rustwide/workdir" "-m" "1610612736" "--user" "0:0" "--network" "none" "ghcr.io/rust-lang/crates-build-env/linux@sha256:4a844ea9eb2546a2d2c7022eacef16ef2e8229c7fbb2c7d4d55a9ceca922f72d" "/opt/rustwide/cargo-home/bin/cargo" "+nightly-2024-10-28" "test" "--frozen" "--no-run" "--message-format=json", kill_on_drop: false }`
[INFO] [stdout] dea1dbd130e319c453ee7aa61a522e40a485e8d579c92aa4509dd044a321c3cb
[INFO] running `Command { std: "docker" "start" "-a" "dea1dbd130e319c453ee7aa61a522e40a485e8d579c92aa4509dd044a321c3cb", kill_on_drop: false }`
[INFO] [stderr]    Compiling pallet-asset-conversion-tx-payment v20.0.0 (/opt/rustwide/workdir)
[INFO] [stdout] error[E0432]: unresolved import `pallet_balances`
[INFO] [stdout]   --> src/tests.rs:31:5
[INFO] [stdout]    |
[INFO] [stdout] 31 | use pallet_balances::Call as BalancesCall;
[INFO] [stdout]    |     ^^^^^^^^^^^^^^^ use of undeclared crate or module `pallet_balances`
[INFO] [stdout] 
[INFO] [stdout] 
[INFO] [stdout] error[E0433]: failed to resolve: use of undeclared crate or module `pallet_assets`
[INFO] [stdout]    --> src/mock.rs:219:2
[INFO] [stdout]     |
[INFO] [stdout] 219 |     pallet_assets::runtime_benchmarks_enabled! {
[INFO] [stdout]     |     ^^^^^^^^^^^^^ use of undeclared crate or module `pallet_assets`
[INFO] [stdout] 
[INFO] [stdout] 
[INFO] [stdout] error[E0433]: failed to resolve: use of undeclared crate or module `pallet_assets`
[INFO] [stdout]    --> src/mock.rs:195:2
[INFO] [stdout]     |
[INFO] [stdout] 195 |     pallet_assets::runtime_benchmarks_enabled! {
[INFO] [stdout]     |     ^^^^^^^^^^^^^ use of undeclared crate or module `pallet_assets`
[INFO] [stdout] 
[INFO] [stdout] 
[INFO] [stdout] error[E0433]: failed to resolve: use of undeclared crate or module `pallet_balances`
[INFO] [stdout]    --> src/mock.rs:101:15
[INFO] [stdout]     |
[INFO] [stdout] 101 | #[derive_impl(pallet_balances::config_preludes::TestDefaultConfig)]
[INFO] [stdout]     |               ^^^^^^^^^^^^^^^ use of undeclared crate or module `pallet_balances`
[INFO] [stdout] 
[INFO] [stdout] 
[INFO] [stdout] error[E0433]: failed to resolve: use of undeclared crate or module `pallet_assets`
[INFO] [stdout]   --> src/mock.rs:57:15
[INFO] [stdout]    |
[INFO] [stdout] 57 |         PoolAssets: pallet_assets::<Instance2>,
[INFO] [stdout]    |                     ^^^^^^^^^^^^^ use of undeclared crate or module `pallet_assets`
[INFO] [stdout] 
[INFO] [stdout] 
[INFO] [stdout] error[E0412]: cannot find type `Runtime` in this scope
[INFO] [stdout]   --> src/mock.rs:46:47
[INFO] [stdout]    |
[INFO] [stdout] 46 | type Block = frame_system::mocking::MockBlock<Runtime>;
[INFO] [stdout]    |                                               ^^^^^^^ not found in this scope
[INFO] [stdout]    |
[INFO] [stdout] help: you might be missing a type parameter
[INFO] [stdout]    |
[INFO] [stdout] 46 | type Block<Runtime> = frame_system::mocking::MockBlock<Runtime>;
[INFO] [stdout]    |           +++++++++
[INFO] [stdout] 
[INFO] [stdout] 
[INFO] [stdout] error[E0412]: cannot find type `Runtime` in this scope
[INFO] [stdout]   --> src/mock.rs:88:31
[INFO] [stdout]    |
[INFO] [stdout] 88 | impl frame_system::Config for Runtime {
[INFO] [stdout]    |                               ^^^^^^^ not found in this scope
[INFO] [stdout] 
[INFO] [stdout] 
[INFO] [stdout] error[E0412]: cannot find type `RuntimeEvent` in this scope
[INFO] [stdout]   --> src/mock.rs:87:1
[INFO] [stdout]    |
[INFO] [stdout] 87 | #[derive_impl(frame_system::config_preludes::TestDefaultConfig)]
[INFO] [stdout]    | ^^^^^^^^^^^^^^^^^^^^^^^^^^^^^^^^^^^^^^^^^^^^^^^^^^^^^^^^^^^^^^^^
[INFO] [stdout]    |
[INFO] [stdout]    = note: this error originates in the macro `frame_system::config_preludes::TestDefaultConfig` which comes from the expansion of the macro `frame_support::macro_magic::forward_tokens_verbatim` (in Nightly builds, run with -Z macro-backtrace for more info)
[INFO] [stdout] help: you might have meant to use the associated type
[INFO] [stdout]   --> /opt/rustwide/cargo-home/registry/src/index.crates.io-6f17d22bba15001f/frame-system-38.0.0/src/lib.rs:308:9
[INFO] [stdout]    |
[INFO] [stdout] 308|             type Self::RuntimeEvent = ();
[INFO] [stdout]    |                  ++++++
[INFO] [stdout] 
[INFO] [stdout] 
[INFO] [stdout] error[E0412]: cannot find type `RuntimeOrigin` in this scope
[INFO] [stdout]   --> src/mock.rs:87:1
[INFO] [stdout]    |
[INFO] [stdout] 87 | #[derive_impl(frame_system::config_preludes::TestDefaultConfig)]
[INFO] [stdout]    | ^^^^^^^^^^^^^^^^^^^^^^^^^^^^^^^^^^^^^^^^^^^^^^^^^^^^^^^^^^^^^^^^
[INFO] [stdout]    |
[INFO] [stdout]    = note: this error originates in the macro `frame_system::config_preludes::TestDefaultConfig` which comes from the expansion of the macro `frame_support::macro_magic::forward_tokens_verbatim` (in Nightly builds, run with -Z macro-backtrace for more info)
[INFO] [stdout] help: you might have meant to use the associated type
[INFO] [stdout]   --> /opt/rustwide/cargo-home/registry/src/index.crates.io-6f17d22bba15001f/frame-system-38.0.0/src/lib.rs:310:9
[INFO] [stdout]    |
[INFO] [stdout] 310|             type Self::RuntimeOrigin = ();
[INFO] [stdout]    |                  ++++++
[INFO] [stdout] 
[INFO] [stdout] 
[INFO] [stdout] error[E0412]: cannot find type `RuntimeCall` in this scope
[INFO] [stdout]   --> src/mock.rs:87:1
[INFO] [stdout]    |
[INFO] [stdout] 87 | #[derive_impl(frame_system::config_preludes::TestDefaultConfig)]
[INFO] [stdout]    | ^^^^^^^^^^^^^^^^^^^^^^^^^^^^^^^^^^^^^^^^^^^^^^^^^^^^^^^^^^^^^^^^
[INFO] [stdout]    |
[INFO] [stdout]    = note: this error originates in the macro `frame_system::config_preludes::TestDefaultConfig` which comes from the expansion of the macro `frame_support::macro_magic::forward_tokens_verbatim` (in Nightly builds, run with -Z macro-backtrace for more info)
[INFO] [stdout] help: you might have meant to use the associated type
[INFO] [stdout]   --> /opt/rustwide/cargo-home/registry/src/index.crates.io-6f17d22bba15001f/frame-system-38.0.0/src/lib.rs:312:9
[INFO] [stdout]    |
[INFO] [stdout] 312|             type Self::RuntimeCall = ();
[INFO] [stdout]    |                  ++++++
[INFO] [stdout] 
[INFO] [stdout] 
[INFO] [stdout] error[E0412]: cannot find type `PalletInfo` in this scope
[INFO] [stdout]   --> src/mock.rs:87:1
[INFO] [stdout]    |
[INFO] [stdout] 87 | #[derive_impl(frame_system::config_preludes::TestDefaultConfig)]
[INFO] [stdout]    | ^^^^^^^^^^^^^^^^^^^^^^^^^^^^^^^^^^^^^^^^^^^^^^^^^^^^^^^^^^^^^^^^
[INFO] [stdout]    |
[INFO] [stdout]    = note: this error originates in the macro `frame_system::config_preludes::TestDefaultConfig` which comes from the expansion of the macro `frame_support::macro_magic::forward_tokens_verbatim` (in Nightly builds, run with -Z macro-backtrace for more info)
[INFO] [stdout] help: you might have meant to use the associated type
[INFO] [stdout]   --> /opt/rustwide/cargo-home/registry/src/index.crates.io-6f17d22bba15001f/frame-system-38.0.0/src/lib.rs:314:9
[INFO] [stdout]    |
[INFO] [stdout] 314|             type Self::PalletInfo = ();
[INFO] [stdout]    |                  ++++++
[INFO] [stdout] help: consider importing this trait
[INFO] [stdout]    |
[INFO] [stdout] 16 + use frame_support::traits::PalletInfo;
[INFO] [stdout]    |
[INFO] [stdout] 
[INFO] [stdout] 
[INFO] [stdout] error[E0412]: cannot find type `RuntimeTask` in this scope
[INFO] [stdout]   --> src/mock.rs:87:1
[INFO] [stdout]    |
[INFO] [stdout] 87 | #[derive_impl(frame_system::config_preludes::TestDefaultConfig)]
[INFO] [stdout]    | ^^^^^^^^^^^^^^^^^^^^^^^^^^^^^^^^^^^^^^^^^^^^^^^^^^^^^^^^^^^^^^^^
[INFO] [stdout]    |
[INFO] [stdout]    = note: this error originates in the macro `frame_system::config_preludes::TestDefaultConfig` which comes from the expansion of the macro `frame_support::macro_magic::forward_tokens_verbatim` (in Nightly builds, run with -Z macro-backtrace for more info)
[INFO] [stdout] help: you might have meant to use the associated type
[INFO] [stdout]   --> /opt/rustwide/cargo-home/registry/src/index.crates.io-6f17d22bba15001f/frame-system-38.0.0/src/lib.rs:316:9
[INFO] [stdout]    |
[INFO] [stdout] 316|             type Self::RuntimeTask = ();
[INFO] [stdout]    |                  ++++++
[INFO] [stdout] 
[INFO] [stdout] 
[INFO] [stdout] error[E0412]: cannot find type `Runtime` in this scope
[INFO] [stdout]    --> src/mock.rs:131:37
[INFO] [stdout]     |
[INFO] [stdout] 131 | impl OnUnbalanced<fungible::Credit<<Runtime as frame_system::Config>::AccountId, Balances>>
[INFO] [stdout]     |                                     ^^^^^^^ not found in this scope
[INFO] [stdout]     |
[INFO] [stdout] help: you might be missing a type parameter
[INFO] [stdout]     |
[INFO] [stdout] 131 | impl<Runtime> OnUnbalanced<fungible::Credit<<Runtime as frame_system::Config>::AccountId, Balances>>
[INFO] [stdout]     |     +++++++++
[INFO] [stdout] 
[INFO] [stdout] 
[INFO] [stdout] error[E0412]: cannot find type `Balances` in this scope
[INFO] [stdout]    --> src/mock.rs:131:82
[INFO] [stdout]     |
[INFO] [stdout] 47  | type Balance = u64;
[INFO] [stdout]     | ------------------- similarly named type alias `Balance` defined here
[INFO] [stdout] ...
[INFO] [stdout] 131 | impl OnUnbalanced<fungible::Credit<<Runtime as frame_system::Config>::AccountId, Balances>>
[INFO] [stdout]     |                                                                                  ^^^^^^^^
[INFO] [stdout]     |
[INFO] [stdout] help: a type alias with a similar name exists
[INFO] [stdout]     |
[INFO] [stdout] 131 | impl OnUnbalanced<fungible::Credit<<Runtime as frame_system::Config>::AccountId, Balance>>
[INFO] [stdout]     |                                                                                  ~~~~~~~
[INFO] [stdout] help: you might be missing a type parameter
[INFO] [stdout]     |
[INFO] [stdout] 131 | impl<Balances> OnUnbalanced<fungible::Credit<<Runtime as frame_system::Config>::AccountId, Balances>>
[INFO] [stdout]     |     ++++++++++
[INFO] [stdout] 
[INFO] [stdout] 
[INFO] [stdout] error[E0412]: cannot find type `Runtime` in this scope
[INFO] [stdout]    --> src/mock.rs:136:29
[INFO] [stdout]     |
[INFO] [stdout] 136 |             Item = fungible::Credit<<Runtime as frame_system::Config>::AccountId, Balances>,
[INFO] [stdout]     |                                      ^^^^^^^ not found in this scope
[INFO] [stdout]     |
[INFO] [stdout] help: you might be missing a type parameter
[INFO] [stdout]     |
[INFO] [stdout] 131 | impl<Runtime> OnUnbalanced<fungible::Credit<<Runtime as frame_system::Config>::AccountId, Balances>>
[INFO] [stdout]     |     +++++++++
[INFO] [stdout] 
[INFO] [stdout] 
[INFO] [stdout] error[E0412]: cannot find type `Balances` in this scope
[INFO] [stdout]    --> src/mock.rs:136:74
[INFO] [stdout]     |
[INFO] [stdout] 47  | type Balance = u64;
[INFO] [stdout]     | ------------------- similarly named type alias `Balance` defined here
[INFO] [stdout] ...
[INFO] [stdout] 136 |             Item = fungible::Credit<<Runtime as frame_system::Config>::AccountId, Balances>,
[INFO] [stdout]     |                                                                                   ^^^^^^^^
[INFO] [stdout]     |
[INFO] [stdout] help: a type alias with a similar name exists
[INFO] [stdout]     |
[INFO] [stdout] 136 |             Item = fungible::Credit<<Runtime as frame_system::Config>::AccountId, Balance>,
[INFO] [stdout]     |                                                                                   ~~~~~~~
[INFO] [stdout] help: you might be missing a type parameter
[INFO] [stdout]     |
[INFO] [stdout] 131 | impl<Balances> OnUnbalanced<fungible::Credit<<Runtime as frame_system::Config>::AccountId, Balances>>
[INFO] [stdout]     |     ++++++++++
[INFO] [stdout] 
[INFO] [stdout] 
[INFO] [stdout] error[E0412]: cannot find type `Runtime` in this scope
[INFO] [stdout]    --> src/mock.rs:152:30
[INFO] [stdout]     |
[INFO] [stdout] 152 |             Item = fungibles::Credit<<Runtime as frame_system::Config>::AccountId, NativeAndAssets>,
[INFO] [stdout]     |                                       ^^^^^^^ not found in this scope
[INFO] [stdout]     |
[INFO] [stdout] help: you might be missing a type parameter
[INFO] [stdout]     |
[INFO] [stdout] 149 | impl<Runtime> OnUnbalanced<fungibles::Credit<AccountId, NativeAndAssets>> for DealWithFungiblesFees {
[INFO] [stdout]     |     +++++++++
[INFO] [stdout] 
[INFO] [stdout] 
[INFO] [stdout] error[E0412]: cannot find type `Runtime` in this scope
[INFO] [stdout]    --> src/mock.rs:165:45
[INFO] [stdout]     |
[INFO] [stdout] 165 | impl pallet_transaction_payment::Config for Runtime {
[INFO] [stdout]     |                                             ^^^^^^^ not found in this scope
[INFO] [stdout] 
[INFO] [stdout] 
[INFO] [stdout] error[E0412]: cannot find type `RuntimeEvent` in this scope
[INFO] [stdout]    --> src/mock.rs:166:22
[INFO] [stdout]     |
[INFO] [stdout] 166 |     type RuntimeEvent = RuntimeEvent;
[INFO] [stdout]     |                         ^^^^^^^^^^^^
[INFO] [stdout]     |
[INFO] [stdout] help: you might have meant to use the associated type
[INFO] [stdout]     |
[INFO] [stdout] 166 |     type RuntimeEvent = Self::RuntimeEvent;
[INFO] [stdout]     |                         ++++++
[INFO] [stdout] 
[INFO] [stdout] 
[INFO] [stdout] error[E0412]: cannot find type `Balances` in this scope
[INFO] [stdout]    --> src/mock.rs:167:45
[INFO] [stdout]     |
[INFO] [stdout] 47  | type Balance = u64;
[INFO] [stdout]     | ------------------- similarly named type alias `Balance` defined here
[INFO] [stdout] ...
[INFO] [stdout] 167 |     type OnChargeTransaction = FungibleAdapter<Balances, DealWithFees>;
[INFO] [stdout]     |                                                ^^^^^^^^
[INFO] [stdout]     |
[INFO] [stdout] help: a type alias with a similar name exists
[INFO] [stdout]     |
[INFO] [stdout] 167 |     type OnChargeTransaction = FungibleAdapter<Balance, DealWithFees>;
[INFO] [stdout]     |                                                ~~~~~~~
[INFO] [stdout] help: you might be missing a type parameter
[INFO] [stdout]     |
[INFO] [stdout] 165 | impl<Balances> pallet_transaction_payment::Config for Runtime {
[INFO] [stdout]     |     ++++++++++
[INFO] [stdout] 
[INFO] [stdout] 
[INFO] [stdout] error[E0412]: cannot find type `Runtime` in this scope
[INFO] [stdout]    --> src/mock.rs:176:32
[INFO] [stdout]     |
[INFO] [stdout] 176 | impl pallet_assets::Config for Runtime {
[INFO] [stdout]     |                                ^^^^^^^ not found in this scope
[INFO] [stdout] 
[INFO] [stdout] 
[INFO] [stdout] error[E0412]: cannot find type `RuntimeEvent` in this scope
[INFO] [stdout]    --> src/mock.rs:177:22
[INFO] [stdout]     |
[INFO] [stdout] 177 |     type RuntimeEvent = RuntimeEvent;
[INFO] [stdout]     |                         ^^^^^^^^^^^^ not found in this scope
[INFO] [stdout] 
[INFO] [stdout] 
[INFO] [stdout] error[E0412]: cannot find type `Balances` in this scope
[INFO] [stdout]    --> src/mock.rs:181:18
[INFO] [stdout]     |
[INFO] [stdout] 47  | type Balance = u64;
[INFO] [stdout]     | ------------------- similarly named type alias `Balance` defined here
[INFO] [stdout] ...
[INFO] [stdout] 181 |     type Currency = Balances;
[INFO] [stdout]     |                     ^^^^^^^^ help: a type alias with a similar name exists: `Balance`
[INFO] [stdout] 
[INFO] [stdout] 
[INFO] [stdout] error[E0412]: cannot find type `Runtime` in this scope
[INFO] [stdout]    --> src/mock.rs:200:43
[INFO] [stdout]     |
[INFO] [stdout] 200 | impl pallet_assets::Config<Instance2> for Runtime {
[INFO] [stdout]     |                                           ^^^^^^^ not found in this scope
[INFO] [stdout] 
[INFO] [stdout] 
[INFO] [stdout] error[E0412]: cannot find type `RuntimeEvent` in this scope
[INFO] [stdout]    --> src/mock.rs:201:22
[INFO] [stdout]     |
[INFO] [stdout] 201 |     type RuntimeEvent = RuntimeEvent;
[INFO] [stdout]     |                         ^^^^^^^^^^^^ not found in this scope
[INFO] [stdout] 
[INFO] [stdout] 
[INFO] [stdout] error[E0412]: cannot find type `Balances` in this scope
[INFO] [stdout]    --> src/mock.rs:206:18
[INFO] [stdout]     |
[INFO] [stdout] 47  | type Balance = u64;
[INFO] [stdout]     | ------------------- similarly named type alias `Balance` defined here
[INFO] [stdout] ...
[INFO] [stdout] 206 |     type Currency = Balances;
[INFO] [stdout]     |                     ^^^^^^^^ help: a type alias with a similar name exists: `Balance`
[INFO] [stdout] 
[INFO] [stdout] 
[INFO] [stdout] error[E0412]: cannot find type `Balances` in this scope
[INFO] [stdout]    --> src/mock.rs:240:32
[INFO] [stdout]     |
[INFO] [stdout] 47  | type Balance = u64;
[INFO] [stdout]     | ------------------- similarly named type alias `Balance` defined here
[INFO] [stdout] ...
[INFO] [stdout] 240 | type NativeAndAssets = UnionOf<Balances, Assets, NativeFromLeft, NativeOrWithId<u32>, AccountId>;
[INFO] [stdout]     |                                ^^^^^^^^
[INFO] [stdout]     |
[INFO] [stdout] help: a type alias with a similar name exists
[INFO] [stdout]     |
[INFO] [stdout] 240 | type NativeAndAssets = UnionOf<Balance, Assets, NativeFromLeft, NativeOrWithId<u32>, AccountId>;
[INFO] [stdout]     |                                ~~~~~~~
[INFO] [stdout] help: you might be missing a type parameter
[INFO] [stdout]     |
[INFO] [stdout] 240 | type NativeAndAssets<Balances> = UnionOf<Balances, Assets, NativeFromLeft, NativeOrWithId<u32>, AccountId>;
[INFO] [stdout]     |                     ++++++++++
[INFO] [stdout] 
[INFO] [stdout] 
[INFO] [stdout] error[E0412]: cannot find type `Assets` in this scope
[INFO] [stdout]    --> src/mock.rs:240:42
[INFO] [stdout]     |
[INFO] [stdout] 174 | type AssetId = u32;
[INFO] [stdout]     | ------------------- similarly named type alias `AssetId` defined here
[INFO] [stdout] ...
[INFO] [stdout] 240 | type NativeAndAssets = UnionOf<Balances, Assets, NativeFromLeft, NativeOrWithId<u32>, AccountId>;
[INFO] [stdout]     |                                          ^^^^^^
[INFO] [stdout]     |
[INFO] [stdout] help: a type alias with a similar name exists
[INFO] [stdout]     |
[INFO] [stdout] 240 | type NativeAndAssets = UnionOf<Balances, AssetId, NativeFromLeft, NativeOrWithId<u32>, AccountId>;
[INFO] [stdout]     |                                          ~~~~~~~
[INFO] [stdout] help: you might be missing a type parameter
[INFO] [stdout]     |
[INFO] [stdout] 240 | type NativeAndAssets<Assets> = UnionOf<Balances, Assets, NativeFromLeft, NativeOrWithId<u32>, AccountId>;
[INFO] [stdout]     |                     ++++++++
[INFO] [stdout] 
[INFO] [stdout] 
[INFO] [stdout] error[E0412]: cannot find type `Runtime` in this scope
[INFO] [stdout]    --> src/mock.rs:242:42
[INFO] [stdout]     |
[INFO] [stdout] 242 | impl pallet_asset_conversion::Config for Runtime {
[INFO] [stdout]     |                                          ^^^^^^^ not found in this scope
[INFO] [stdout] 
[INFO] [stdout] 
[INFO] [stdout] error[E0412]: cannot find type `RuntimeEvent` in this scope
[INFO] [stdout]    --> src/mock.rs:243:22
[INFO] [stdout]     |
[INFO] [stdout] 243 |     type RuntimeEvent = RuntimeEvent;
[INFO] [stdout]     |                         ^^^^^^^^^^^^
[INFO] [stdout]     |
[INFO] [stdout] help: you might have meant to use the associated type
[INFO] [stdout]     |
[INFO] [stdout] 243 |     type RuntimeEvent = Self::RuntimeEvent;
[INFO] [stdout]     |                         ++++++
[INFO] [stdout] 
[INFO] [stdout] 
[INFO] [stdout] error[E0412]: cannot find type `PoolAssets` in this scope
[INFO] [stdout]    --> src/mock.rs:254:20
[INFO] [stdout]     |
[INFO] [stdout] 254 |     type PoolAssets = PoolAssets;
[INFO] [stdout]     |                       ^^^^^^^^^^
[INFO] [stdout]     |
[INFO] [stdout] help: you might have meant to use the associated type
[INFO] [stdout]     |
[INFO] [stdout] 254 |     type PoolAssets = Self::PoolAssets;
[INFO] [stdout]     |                       ++++++
[INFO] [stdout] 
[INFO] [stdout] 
[INFO] [stdout] error[E0412]: cannot find type `Runtime` in this scope
[INFO] [stdout]    --> src/mock.rs:269:17
[INFO] [stdout]     |
[INFO] [stdout] 269 | impl Config for Runtime {
[INFO] [stdout]     |                 ^^^^^^^ not found in this scope
[INFO] [stdout] 
[INFO] [stdout] 
[INFO] [stdout] error[E0412]: cannot find type `RuntimeEvent` in this scope
[INFO] [stdout]    --> src/mock.rs:270:22
[INFO] [stdout]     |
[INFO] [stdout] 270 |     type RuntimeEvent = RuntimeEvent;
[INFO] [stdout]     |                         ^^^^^^^^^^^^
[INFO] [stdout]     |
[INFO] [stdout] help: you might have meant to use the associated type
[INFO] [stdout]     |
[INFO] [stdout] 270 |     type RuntimeEvent = Self::RuntimeEvent;
[INFO] [stdout]     |                         ++++++
[INFO] [stdout] 
[INFO] [stdout] 
[INFO] [stdout] error[E0412]: cannot find type `AssetConversion` in this scope
[INFO] [stdout]    --> src/mock.rs:273:45
[INFO] [stdout]     |
[INFO] [stdout] 273 |         SwapAssetAdapter<Native, NativeAndAssets, AssetConversion, DealWithFungiblesFees>;
[INFO] [stdout]     |                                                   ^^^^^^^^^^^^^^^ not found in this scope
[INFO] [stdout]     |
[INFO] [stdout] help: you might be missing a type parameter
[INFO] [stdout]     |
[INFO] [stdout] 269 | impl<AssetConversion> Config for Runtime {
[INFO] [stdout]     |     +++++++++++++++++
[INFO] [stdout] 
[INFO] [stdout] 
[INFO] [stdout] error[E0412]: cannot find type `Runtime` in this scope
[INFO] [stdout]   --> src/tests.rs:34:15
[INFO] [stdout]    |
[INFO] [stdout] 34 | const CALL: &<Runtime as frame_system::Config>::RuntimeCall =
[INFO] [stdout]    |               ^^^^^^^ not found in this scope
[INFO] [stdout] 
[INFO] [stdout] 
[INFO] [stdout] error[E0433]: failed to resolve: use of undeclared crate or module `sp_io`
[INFO] [stdout]   --> src/tests.rs:69:24
[INFO] [stdout]    |
[INFO] [stdout] 69 |     pub fn build(self) -> sp_io::TestExternalities {
[INFO] [stdout]    |                           ^^^^^ use of undeclared crate or module `sp_io`
[INFO] [stdout] 
[INFO] [stdout] 
[INFO] [stdout] error[E0412]: cannot find type `Runtime` in this scope
[INFO] [stdout]   --> src/tests.rs:71:45
[INFO] [stdout]    |
[INFO] [stdout] 71 |         let mut t = frame_system::GenesisConfig::<Runtime>::default().build_storage().unwrap();
[INFO] [stdout]    |                                                   ^^^^^^^ not found in this scope
[INFO] [stdout]    |
[INFO] [stdout] help: you might be missing a type parameter
[INFO] [stdout]    |
[INFO] [stdout] 55 | impl<Runtime> ExtBuilder {
[INFO] [stdout]    |     +++++++++
[INFO] [stdout] 
[INFO] [stdout] 
[INFO] [stdout] error[E0412]: cannot find type `Runtime` in this scope
[INFO] [stdout]   --> src/tests.rs:72:36
[INFO] [stdout]    |
[INFO] [stdout] 72 |         pallet_balances::GenesisConfig::<Runtime> {
[INFO] [stdout]    |                                          ^^^^^^^ not found in this scope
[INFO] [stdout]    |
[INFO] [stdout] help: you might be missing a type parameter
[INFO] [stdout]    |
[INFO] [stdout] 55 | impl<Runtime> ExtBuilder {
[INFO] [stdout]    |     +++++++++
[INFO] [stdout] 
[INFO] [stdout] 
[INFO] [stdout] error[E0412]: cannot find type `Runtime` in this scope
[INFO] [stdout]    --> src/tests.rs:123:29
[INFO] [stdout]     |
[INFO] [stdout] 123 |     let lp_provider_account = <Runtime as system::Config>::Lookup::unlookup(lp_provider);
[INFO] [stdout]     |                                ^^^^^^^ not found in this scope
[INFO] [stdout] 
[INFO] [stdout] 
[INFO] [stdout] error[E0412]: cannot find type `Runtime` in this scope
[INFO] [stdout]    --> src/tests.rs:164:37
[INFO] [stdout]     |
[INFO] [stdout] 164 |             let pre = ChargeAssetTxPayment::<Runtime>::from(0, None)
[INFO] [stdout]     |                                              ^^^^^^^ not found in this scope
[INFO] [stdout]     |
[INFO] [stdout] help: you might be missing a type parameter
[INFO] [stdout]     |
[INFO] [stdout] 155 | fn transaction_payment_in_native_possible<Runtime>() {
[INFO] [stdout]     |                                          +++++++++
[INFO] [stdout] 
[INFO] [stdout] 
[INFO] [stdout] error[E0412]: cannot find type `Runtime` in this scope
[INFO] [stdout]    --> src/tests.rs:170:38
[INFO] [stdout]     |
[INFO] [stdout] 170 |             assert_ok!(ChargeAssetTxPayment::<Runtime>::post_dispatch(
[INFO] [stdout]     |                                               ^^^^^^^ not found in this scope
[INFO] [stdout]     |
[INFO] [stdout] help: you might be missing a type parameter
[INFO] [stdout]     |
[INFO] [stdout] 155 | fn transaction_payment_in_native_possible<Runtime>() {
[INFO] [stdout]     |                                          +++++++++
[INFO] [stdout] 
[INFO] [stdout] 
[INFO] [stdout] error[E0412]: cannot find type `Runtime` in this scope
[INFO] [stdout]    --> src/tests.rs:179:37
[INFO] [stdout]     |
[INFO] [stdout] 179 |             let pre = ChargeAssetTxPayment::<Runtime>::from(5 /* tipped */, None)
[INFO] [stdout]     |                                              ^^^^^^^ not found in this scope
[INFO] [stdout]     |
[INFO] [stdout] help: you might be missing a type parameter
[INFO] [stdout]     |
[INFO] [stdout] 155 | fn transaction_payment_in_native_possible<Runtime>() {
[INFO] [stdout]     |                                          +++++++++
[INFO] [stdout] 
[INFO] [stdout] 
[INFO] [stdout] error[E0412]: cannot find type `Runtime` in this scope
[INFO] [stdout]    --> src/tests.rs:185:38
[INFO] [stdout]     |
[INFO] [stdout] 185 |             assert_ok!(ChargeAssetTxPayment::<Runtime>::post_dispatch(
[INFO] [stdout]     |                                               ^^^^^^^ not found in this scope
[INFO] [stdout]     |
[INFO] [stdout] help: you might be missing a type parameter
[INFO] [stdout]     |
[INFO] [stdout] 155 | fn transaction_payment_in_native_possible<Runtime>() {
[INFO] [stdout]     |                                          +++++++++
[INFO] [stdout] 
[INFO] [stdout] 
[INFO] [stdout] error[E0433]: failed to resolve: use of undeclared type `System`
[INFO] [stdout]    --> src/tests.rs:205:4
[INFO] [stdout]     |
[INFO] [stdout] 205 |             System::set_block_number(1);
[INFO] [stdout]     |             ^^^^^^ use of undeclared type `System`
[INFO] [stdout]     |
[INFO] [stdout] help: consider importing this struct
[INFO] [stdout]     |
[INFO] [stdout] 16  + use std::alloc::System;
[INFO] [stdout]     |
[INFO] [stdout] 
[INFO] [stdout] 
[INFO] [stdout] error[E0412]: cannot find type `Runtime` in this scope
[INFO] [stdout]    --> src/tests.rs:220:23
[INFO] [stdout]     |
[INFO] [stdout] 220 |             let beneficiary = <Runtime as system::Config>::Lookup::unlookup(caller);
[INFO] [stdout]     |                                ^^^^^^^ not found in this scope
[INFO] [stdout] 
[INFO] [stdout] 
[INFO] [stdout] error[E0412]: cannot find type `Runtime` in this scope
[INFO] [stdout]    --> src/tests.rs:243:37
[INFO] [stdout]     |
[INFO] [stdout] 243 |             let pre = ChargeAssetTxPayment::<Runtime>::from(0, Some(asset_id.into()))
[INFO] [stdout]     |                                              ^^^^^^^ not found in this scope
[INFO] [stdout]     |
[INFO] [stdout] help: you might be missing a type parameter
[INFO] [stdout]     |
[INFO] [stdout] 197 | fn transaction_payment_in_asset_possible<Runtime>() {
[INFO] [stdout]     |                                         +++++++++
[INFO] [stdout] 
[INFO] [stdout] 
[INFO] [stdout] error[E0433]: failed to resolve: use of undeclared type `System`
[INFO] [stdout]    --> src/tests.rs:252:4
[INFO] [stdout]     |
[INFO] [stdout] 252 |             System::assert_has_event(RuntimeEvent::Assets(pallet_assets::Event::Withdrawn {
[INFO] [stdout]     |             ^^^^^^ use of undeclared type `System`
[INFO] [stdout]     |
[INFO] [stdout] help: consider importing this struct
[INFO] [stdout]     |
[INFO] [stdout] 16  + use std::alloc::System;
[INFO] [stdout]     |
[INFO] [stdout] 
[INFO] [stdout] 
[INFO] [stdout] error[E0433]: failed to resolve: use of undeclared crate or module `pallet_assets`
[INFO] [stdout]    --> src/tests.rs:252:50
[INFO] [stdout]     |
[INFO] [stdout] 252 |             System::assert_has_event(RuntimeEvent::Assets(pallet_assets::Event::Withdrawn {
[INFO] [stdout]     |                                                           ^^^^^^^^^^^^^ use of undeclared crate or module `pallet_assets`
[INFO] [stdout]     |
[INFO] [stdout] help: consider importing one of these enums
[INFO] [stdout]     |
[INFO] [stdout] 16  + use crate::Event;
[INFO] [stdout]     |
[INFO] [stdout] 16  + use crate::tests::system::Event;
[INFO] [stdout]     |
[INFO] [stdout] 16  + use frame_system::Event;
[INFO] [stdout]     |
[INFO] [stdout] 16  + use pallet_asset_conversion::Event;
[INFO] [stdout]     |
[INFO] [stdout]       and 1 other candidate
[INFO] [stdout] help: if you import `Event`, refer to it directly
[INFO] [stdout]     |
[INFO] [stdout] 252 -             System::assert_has_event(RuntimeEvent::Assets(pallet_assets::Event::Withdrawn {
[INFO] [stdout] 252 +             System::assert_has_event(RuntimeEvent::Assets(Event::Withdrawn {
[INFO] [stdout]     |
[INFO] [stdout] 
[INFO] [stdout] 
[INFO] [stdout] error[E0412]: cannot find type `Runtime` in this scope
[INFO] [stdout]    --> src/tests.rs:258:38
[INFO] [stdout]     |
[INFO] [stdout] 258 |             assert_ok!(ChargeAssetTxPayment::<Runtime>::post_dispatch(
[INFO] [stdout]     |                                               ^^^^^^^ not found in this scope
[INFO] [stdout]     |
[INFO] [stdout] help: you might be missing a type parameter
[INFO] [stdout]     |
[INFO] [stdout] 197 | fn transaction_payment_in_asset_possible<Runtime>() {
[INFO] [stdout]     |                                         +++++++++
[INFO] [stdout] 
[INFO] [stdout] 
[INFO] [stdout] error[E0412]: cannot find type `Runtime` in this scope
[INFO] [stdout]    --> src/tests.rs:294:23
[INFO] [stdout]     |
[INFO] [stdout] 294 |             let beneficiary = <Runtime as system::Config>::Lookup::unlookup(caller);
[INFO] [stdout]     |                                ^^^^^^^ not found in this scope
[INFO] [stdout] 
[INFO] [stdout] 
[INFO] [stdout] error[E0412]: cannot find type `Runtime` in this scope
[INFO] [stdout]    --> src/tests.rs:301:37
[INFO] [stdout]     |
[INFO] [stdout] 301 |             let pre = ChargeAssetTxPayment::<Runtime>::from(0, Some(asset_id.into())).pre_dispatch(
[INFO] [stdout]     |                                              ^^^^^^^ not found in this scope
[INFO] [stdout]     |
[INFO] [stdout] help: you might be missing a type parameter
[INFO] [stdout]     |
[INFO] [stdout] 273 | fn transaction_payment_in_asset_fails_if_no_pool_for_that_asset<Runtime>() {
[INFO] [stdout]     |                                                                +++++++++
[INFO] [stdout] 
[INFO] [stdout] 
[INFO] [stdout] error[E0412]: cannot find type `Runtime` in this scope
[INFO] [stdout]    --> src/tests.rs:340:23
[INFO] [stdout]     |
[INFO] [stdout] 340 |             let beneficiary = <Runtime as system::Config>::Lookup::unlookup(caller);
[INFO] [stdout]     |                                ^^^^^^^ not found in this scope
[INFO] [stdout] 
[INFO] [stdout] 
[INFO] [stdout] error[E0412]: cannot find type `Runtime` in this scope
[INFO] [stdout]    --> src/tests.rs:356:37
[INFO] [stdout]     |
[INFO] [stdout] 356 |             let pre = ChargeAssetTxPayment::<Runtime>::from(0, Some(asset_id.into()))
[INFO] [stdout]     |                                              ^^^^^^^ not found in this scope
[INFO] [stdout]     |
[INFO] [stdout] help: you might be missing a type parameter
[INFO] [stdout]     |
[INFO] [stdout] 314 | fn transaction_payment_without_fee<Runtime>() {
[INFO] [stdout]     |                                   +++++++++
[INFO] [stdout] 
[INFO] [stdout] 
[INFO] [stdout] error[E0412]: cannot find type `Runtime` in this scope
[INFO] [stdout]    --> src/tests.rs:374:38
[INFO] [stdout]     |
[INFO] [stdout] 374 |             assert_ok!(ChargeAssetTxPayment::<Runtime>::post_dispatch(
[INFO] [stdout]     |                                               ^^^^^^^ not found in this scope
[INFO] [stdout]     |
[INFO] [stdout] help: you might be missing a type parameter
[INFO] [stdout]     |
[INFO] [stdout] 314 | fn transaction_payment_without_fee<Runtime>() {
[INFO] [stdout]     |                                   +++++++++
[INFO] [stdout] 
[INFO] [stdout] 
[INFO] [stdout] error[E0433]: failed to resolve: use of undeclared type `System`
[INFO] [stdout]    --> src/tests.rs:397:4
[INFO] [stdout]     |
[INFO] [stdout] 397 |             System::set_block_number(1);
[INFO] [stdout]     |             ^^^^^^ use of undeclared type `System`
[INFO] [stdout]     |
[INFO] [stdout] help: consider importing this struct
[INFO] [stdout]     |
[INFO] [stdout] 16  + use std::alloc::System;
[INFO] [stdout]     |
[INFO] [stdout] 
[INFO] [stdout] 
[INFO] [stdout] error[E0412]: cannot find type `Runtime` in this scope
[INFO] [stdout]    --> src/tests.rs:414:23
[INFO] [stdout]     |
[INFO] [stdout] 414 |             let beneficiary = <Runtime as system::Config>::Lookup::unlookup(caller);
[INFO] [stdout]     |                                ^^^^^^^ not found in this scope
[INFO] [stdout] 
[INFO] [stdout] 
[INFO] [stdout] error[E0412]: cannot find type `Runtime` in this scope
[INFO] [stdout]    --> src/tests.rs:433:37
[INFO] [stdout]     |
[INFO] [stdout] 433 |             let pre = ChargeAssetTxPayment::<Runtime>::from(tip, Some(asset_id.into()))
[INFO] [stdout]     |                                              ^^^^^^^ not found in this scope
[INFO] [stdout]     |
[INFO] [stdout] help: you might be missing a type parameter
[INFO] [stdout]     |
[INFO] [stdout] 389 | fn asset_transaction_payment_with_tip_and_refund<Runtime>() {
[INFO] [stdout]     |                                                 +++++++++
[INFO] [stdout] 
[INFO] [stdout] 
[INFO] [stdout] error[E0433]: failed to resolve: use of undeclared type `System`
[INFO] [stdout]    --> src/tests.rs:448:4
[INFO] [stdout]     |
[INFO] [stdout] 448 |             System::assert_has_event(RuntimeEvent::Assets(pallet_assets::Event::Withdrawn {
[INFO] [stdout]     |             ^^^^^^ use of undeclared type `System`
[INFO] [stdout]     |
[INFO] [stdout] help: consider importing this struct
[INFO] [stdout]     |
[INFO] [stdout] 16  + use std::alloc::System;
[INFO] [stdout]     |
[INFO] [stdout] 
[INFO] [stdout] 
[INFO] [stdout] error[E0433]: failed to resolve: use of undeclared crate or module `pallet_assets`
[INFO] [stdout]    --> src/tests.rs:448:50
[INFO] [stdout]     |
[INFO] [stdout] 448 |             System::assert_has_event(RuntimeEvent::Assets(pallet_assets::Event::Withdrawn {
[INFO] [stdout]     |                                                           ^^^^^^^^^^^^^ use of undeclared crate or module `pallet_assets`
[INFO] [stdout]     |
[INFO] [stdout] help: consider importing one of these enums
[INFO] [stdout]     |
[INFO] [stdout] 16  + use crate::Event;
[INFO] [stdout]     |
[INFO] [stdout] 16  + use crate::tests::system::Event;
[INFO] [stdout]     |
[INFO] [stdout] 16  + use frame_system::Event;
[INFO] [stdout]     |
[INFO] [stdout] 16  + use pallet_asset_conversion::Event;
[INFO] [stdout]     |
[INFO] [stdout]       and 1 other candidate
[INFO] [stdout] help: if you import `Event`, refer to it directly
[INFO] [stdout]     |
[INFO] [stdout] 448 -             System::assert_has_event(RuntimeEvent::Assets(pallet_assets::Event::Withdrawn {
[INFO] [stdout] 448 +             System::assert_has_event(RuntimeEvent::Assets(Event::Withdrawn {
[INFO] [stdout]     |
[INFO] [stdout] 
[INFO] [stdout] 
[INFO] [stdout] error[E0412]: cannot find type `Runtime` in this scope
[INFO] [stdout]    --> src/tests.rs:454:38
[INFO] [stdout]     |
[INFO] [stdout] 454 |             assert_ok!(ChargeAssetTxPayment::<Runtime>::post_dispatch(
[INFO] [stdout]     |                                               ^^^^^^^ not found in this scope
[INFO] [stdout]     |
[INFO] [stdout] help: you might be missing a type parameter
[INFO] [stdout]     |
[INFO] [stdout] 389 | fn asset_transaction_payment_with_tip_and_refund<Runtime>() {
[INFO] [stdout]     |                                                 +++++++++
[INFO] [stdout] 
[INFO] [stdout] 
[INFO] [stdout] error[E0433]: failed to resolve: use of undeclared type `System`
[INFO] [stdout]    --> src/tests.rs:472:4
[INFO] [stdout]     |
[INFO] [stdout] 472 |             System::assert_has_event(RuntimeEvent::Assets(pallet_assets::Event::Deposited {
[INFO] [stdout]     |             ^^^^^^ use of undeclared type `System`
[INFO] [stdout]     |
[INFO] [stdout] help: consider importing this struct
[INFO] [stdout]     |
[INFO] [stdout] 16  + use std::alloc::System;
[INFO] [stdout]     |
[INFO] [stdout] 
[INFO] [stdout] 
[INFO] [stdout] error[E0433]: failed to resolve: use of undeclared crate or module `pallet_assets`
[INFO] [stdout]    --> src/tests.rs:472:50
[INFO] [stdout]     |
[INFO] [stdout] 472 |             System::assert_has_event(RuntimeEvent::Assets(pallet_assets::Event::Deposited {
[INFO] [stdout]     |                                                           ^^^^^^^^^^^^^ use of undeclared crate or module `pallet_assets`
[INFO] [stdout]     |
[INFO] [stdout] help: consider importing one of these enums
[INFO] [stdout]     |
[INFO] [stdout] 16  + use crate::Event;
[INFO] [stdout]     |
[INFO] [stdout] 16  + use crate::tests::system::Event;
[INFO] [stdout]     |
[INFO] [stdout] 16  + use frame_system::Event;
[INFO] [stdout]     |
[INFO] [stdout] 16  + use pallet_asset_conversion::Event;
[INFO] [stdout]     |
[INFO] [stdout]       and 1 other candidate
[INFO] [stdout] help: if you import `Event`, refer to it directly
[INFO] [stdout]     |
[INFO] [stdout] 472 -             System::assert_has_event(RuntimeEvent::Assets(pallet_assets::Event::Deposited {
[INFO] [stdout] 472 +             System::assert_has_event(RuntimeEvent::Assets(Event::Deposited {
[INFO] [stdout]     |
[INFO] [stdout] 
[INFO] [stdout] 
[INFO] [stdout] error[E0412]: cannot find type `Runtime` in this scope
[INFO] [stdout]    --> src/tests.rs:504:23
[INFO] [stdout]     |
[INFO] [stdout] 504 |             let beneficiary = <Runtime as system::Config>::Lookup::unlookup(caller);
[INFO] [stdout]     |                                ^^^^^^^ not found in this scope
[INFO] [stdout] 
[INFO] [stdout] 
[INFO] [stdout] error[E0412]: cannot find type `Runtime` in this scope
[INFO] [stdout]    --> src/tests.rs:525:37
[INFO] [stdout]     |
[INFO] [stdout] 525 |             let pre = ChargeAssetTxPayment::<Runtime>::from(0, Some(asset_id.into()))
[INFO] [stdout]     |                                              ^^^^^^^ not found in this scope
[INFO] [stdout]     |
[INFO] [stdout] help: you might be missing a type parameter
[INFO] [stdout]     |
[INFO] [stdout] 481 | fn payment_from_account_with_only_assets<Runtime>() {
[INFO] [stdout]     |                                         +++++++++
[INFO] [stdout] 
[INFO] [stdout] 
[INFO] [stdout] error[E0412]: cannot find type `Runtime` in this scope
[INFO] [stdout]    --> src/tests.rs:531:38
[INFO] [stdout]     |
[INFO] [stdout] 531 |             assert_ok!(ChargeAssetTxPayment::<Runtime>::post_dispatch(
[INFO] [stdout]     |                                               ^^^^^^^ not found in this scope
[INFO] [stdout]     |
[INFO] [stdout] help: you might be missing a type parameter
[INFO] [stdout]     |
[INFO] [stdout] 481 | fn payment_from_account_with_only_assets<Runtime>() {
[INFO] [stdout]     |                                         +++++++++
[INFO] [stdout] 
[INFO] [stdout] 
[INFO] [stdout] error[E0412]: cannot find type `Runtime` in this scope
[INFO] [stdout]    --> src/tests.rs:570:23
[INFO] [stdout]     |
[INFO] [stdout] 570 |             let beneficiary = <Runtime as system::Config>::Lookup::unlookup(caller);
[INFO] [stdout]     |                                ^^^^^^^ not found in this scope
[INFO] [stdout] 
[INFO] [stdout] 
[INFO] [stdout] error[E0412]: cannot find type `Runtime` in this scope
[INFO] [stdout]    --> src/tests.rs:581:38
[INFO] [stdout]     |
[INFO] [stdout] 581 |                 let pre = ChargeAssetTxPayment::<Runtime>::from(0, Some(asset_id.into()))
[INFO] [stdout]     |                                                  ^^^^^^^ not found in this scope
[INFO] [stdout]     |
[INFO] [stdout] help: you might be missing a type parameter
[INFO] [stdout]     |
[INFO] [stdout] 547 | fn converted_fee_is_never_zero_if_input_fee_is_not<Runtime>() {
[INFO] [stdout]     |                                                   +++++++++
[INFO] [stdout] 
[INFO] [stdout] 
[INFO] [stdout] error[E0412]: cannot find type `Runtime` in this scope
[INFO] [stdout]    --> src/tests.rs:587:39
[INFO] [stdout]     |
[INFO] [stdout] 587 |                 assert_ok!(ChargeAssetTxPayment::<Runtime>::post_dispatch(
[INFO] [stdout]     |                                                   ^^^^^^^ not found in this scope
[INFO] [stdout]     |
[INFO] [stdout] help: you might be missing a type parameter
[INFO] [stdout]     |
[INFO] [stdout] 547 | fn converted_fee_is_never_zero_if_input_fee_is_not<Runtime>() {
[INFO] [stdout]     |                                                   +++++++++
[INFO] [stdout] 
[INFO] [stdout] 
[INFO] [stdout] error[E0412]: cannot find type `Runtime` in this scope
[INFO] [stdout]    --> src/tests.rs:607:37
[INFO] [stdout]     |
[INFO] [stdout] 607 |             let pre = ChargeAssetTxPayment::<Runtime>::from(0, Some(asset_id.into()))
[INFO] [stdout]     |                                              ^^^^^^^ not found in this scope
[INFO] [stdout]     |
[INFO] [stdout] help: you might be missing a type parameter
[INFO] [stdout]     |
[INFO] [stdout] 547 | fn converted_fee_is_never_zero_if_input_fee_is_not<Runtime>() {
[INFO] [stdout]     |                                                   +++++++++
[INFO] [stdout] 
[INFO] [stdout] 
[INFO] [stdout] error[E0412]: cannot find type `Runtime` in this scope
[INFO] [stdout]    --> src/tests.rs:612:38
[INFO] [stdout]     |
[INFO] [stdout] 612 |             assert_ok!(ChargeAssetTxPayment::<Runtime>::post_dispatch(
[INFO] [stdout]     |                                               ^^^^^^^ not found in this scope
[INFO] [stdout]     |
[INFO] [stdout] help: you might be missing a type parameter
[INFO] [stdout]     |
[INFO] [stdout] 547 | fn converted_fee_is_never_zero_if_input_fee_is_not<Runtime>() {
[INFO] [stdout]     |                                                   +++++++++
[INFO] [stdout] 
[INFO] [stdout] 
[INFO] [stdout] error[E0412]: cannot find type `Runtime` in this scope
[INFO] [stdout]    --> src/tests.rs:644:23
[INFO] [stdout]     |
[INFO] [stdout] 644 |             let beneficiary = <Runtime as system::Config>::Lookup::unlookup(caller);
[INFO] [stdout]     |                                ^^^^^^^ not found in this scope
[INFO] [stdout] 
[INFO] [stdout] 
[INFO] [stdout] error[E0412]: cannot find type `Runtime` in this scope
[INFO] [stdout]    --> src/tests.rs:657:37
[INFO] [stdout]     |
[INFO] [stdout] 657 |             let pre = ChargeAssetTxPayment::<Runtime>::from(0, Some(asset_id.into()))
[INFO] [stdout]     |                                              ^^^^^^^ not found in this scope
[INFO] [stdout]     |
[INFO] [stdout] help: you might be missing a type parameter
[INFO] [stdout]     |
[INFO] [stdout] 624 | fn post_dispatch_fee_is_zero_if_pre_dispatch_fee_is_zero<Runtime>() {
[INFO] [stdout]     |                                                         +++++++++
[INFO] [stdout] 
[INFO] [stdout] 
[INFO] [stdout] error[E0412]: cannot find type `Runtime` in this scope
[INFO] [stdout]    --> src/tests.rs:673:38
[INFO] [stdout]     |
[INFO] [stdout] 673 |             assert_ok!(ChargeAssetTxPayment::<Runtime>::post_dispatch(
[INFO] [stdout]     |                                               ^^^^^^^ not found in this scope
[INFO] [stdout]     |
[INFO] [stdout] help: you might be missing a type parameter
[INFO] [stdout]     |
[INFO] [stdout] 624 | fn post_dispatch_fee_is_zero_if_pre_dispatch_fee_is_zero<Runtime>() {
[INFO] [stdout]     |                                                         +++++++++
[INFO] [stdout] 
[INFO] [stdout] 
[INFO] [stdout] error[E0412]: cannot find type `Runtime` in this scope
[INFO] [stdout]    --> src/tests.rs:705:23
[INFO] [stdout]     |
[INFO] [stdout] 705 |             let beneficiary = <Runtime as system::Config>::Lookup::unlookup(caller);
[INFO] [stdout]     |                                ^^^^^^^ not found in this scope
[INFO] [stdout] 
[INFO] [stdout] 
[INFO] [stdout] error[E0412]: cannot find type `Runtime` in this scope
[INFO] [stdout]    --> src/tests.rs:713:27
[INFO] [stdout]     |
[INFO] [stdout] 713 |             ChargeAssetTxPayment::<Runtime>::pre_dispatch_unsigned(
[INFO] [stdout]     |                                    ^^^^^^^ not found in this scope
[INFO] [stdout]     |
[INFO] [stdout] help: you might be missing a type parameter
[INFO] [stdout]     |
[INFO] [stdout] 685 | fn post_dispatch_fee_is_zero_if_unsigned_pre_dispatch_fee_is_zero<Runtime>() {
[INFO] [stdout]     |                                                                  +++++++++
[INFO] [stdout] 
[INFO] [stdout] 
[INFO] [stdout] error[E0412]: cannot find type `Runtime` in this scope
[INFO] [stdout]    --> src/tests.rs:724:38
[INFO] [stdout]     |
[INFO] [stdout] 724 |             assert_ok!(ChargeAssetTxPayment::<Runtime>::post_dispatch(
[INFO] [stdout]     |                                               ^^^^^^^ not found in this scope
[INFO] [stdout]     |
[INFO] [stdout] help: you might be missing a type parameter
[INFO] [stdout]     |
[INFO] [stdout] 685 | fn post_dispatch_fee_is_zero_if_unsigned_pre_dispatch_fee_is_zero<Runtime>() {
[INFO] [stdout]     |                                                                  +++++++++
[INFO] [stdout] 
[INFO] [stdout] 
[INFO] [stdout] error[E0412]: cannot find type `Runtime` in this scope
[INFO] [stdout]    --> src/tests.rs:756:37
[INFO] [stdout]     |
[INFO] [stdout] 756 |             let pre = ChargeAssetTxPayment::<Runtime>::from(tip, Some(asset_id.into()))
[INFO] [stdout]     |                                              ^^^^^^^ not found in this scope
[INFO] [stdout]     |
[INFO] [stdout] help: you might be missing a type parameter
[INFO] [stdout]     |
[INFO] [stdout] 736 | fn fee_with_native_asset_passed_with_id<Runtime>() {
[INFO] [stdout]     |                                        +++++++++
[INFO] [stdout] 
[INFO] [stdout] 
[INFO] [stdout] error[E0412]: cannot find type `Runtime` in this scope
[INFO] [stdout]    --> src/tests.rs:764:38
[INFO] [stdout]     |
[INFO] [stdout] 764 |             assert_ok!(ChargeAssetTxPayment::<Runtime>::post_dispatch(
[INFO] [stdout]     |                                               ^^^^^^^ not found in this scope
[INFO] [stdout]     |
[INFO] [stdout] help: you might be missing a type parameter
[INFO] [stdout]     |
[INFO] [stdout] 736 | fn fee_with_native_asset_passed_with_id<Runtime>() {
[INFO] [stdout]     |                                        +++++++++
[INFO] [stdout] 
[INFO] [stdout] 
[INFO] [stdout] error[E0433]: failed to resolve: use of undeclared type `System`
[INFO] [stdout]    --> src/tests.rs:788:4
[INFO] [stdout]     |
[INFO] [stdout] 788 |             System::set_block_number(1);
[INFO] [stdout]     |             ^^^^^^ use of undeclared type `System`
[INFO] [stdout]     |
[INFO] [stdout] help: consider importing this struct
[INFO] [stdout]     |
[INFO] [stdout] 16  + use std::alloc::System;
[INFO] [stdout]     |
[INFO] [stdout] 
[INFO] [stdout] 
[INFO] [stdout] error[E0412]: cannot find type `Runtime` in this scope
[INFO] [stdout]    --> src/tests.rs:805:23
[INFO] [stdout]     |
[INFO] [stdout] 805 |             let beneficiary = <Runtime as system::Config>::Lookup::unlookup(caller);
[INFO] [stdout]     |                                ^^^^^^^ not found in this scope
[INFO] [stdout] 
[INFO] [stdout] 
[INFO] [stdout] error[E0412]: cannot find type `Runtime` in this scope
[INFO] [stdout]    --> src/tests.rs:825:37
[INFO] [stdout]     |
[INFO] [stdout] 825 |             let pre = ChargeAssetTxPayment::<Runtime>::from(tip, Some(asset_id.into()))
[INFO] [stdout]     |                                              ^^^^^^^ not found in this scope
[INFO] [stdout]     |
[INFO] [stdout] help: you might be missing a type parameter
[INFO] [stdout]     |
[INFO] [stdout] 780 | fn transfer_add_and_remove_account<Runtime>() {
[INFO] [stdout]     |                                   +++++++++
[INFO] [stdout] 
[INFO] [stdout] 
[INFO] [stdout] error[E0412]: cannot find type `Runtime` in this scope
[INFO] [stdout]    --> src/tests.rs:854:38
[INFO] [stdout]     |
[INFO] [stdout] 854 |             assert_ok!(ChargeAssetTxPayment::<Runtime>::post_dispatch(
[INFO] [stdout]     |                                               ^^^^^^^ not found in this scope
[INFO] [stdout]     |
[INFO] [stdout] help: you might be missing a type parameter
[INFO] [stdout]     |
[INFO] [stdout] 780 | fn transfer_add_and_remove_account<Runtime>() {
[INFO] [stdout]     |                                   +++++++++
[INFO] [stdout] 
[INFO] [stdout] 
[INFO] [stdout] warning: unused import: `frame_system as system`
[INFO] [stdout]   --> src/mock.rs:37:5
[INFO] [stdout]    |
[INFO] [stdout] 37 | use frame_system as system;
[INFO] [stdout]    |     ^^^^^^^^^^^^^^^^^^^^^^
[INFO] [stdout]    |
[INFO] [stdout]    = note: `#[warn(unused_imports)]` on by default
[INFO] [stdout] 
[INFO] [stdout] 
[INFO] [stdout] warning: unused imports: `Inspect as FungiblesInspect`, `Inspect`, and `Mutate`
[INFO] [stdout]   --> src/tests.rs:23:14
[INFO] [stdout]    |
[INFO] [stdout] 23 |         fungible::{Inspect, NativeOrWithId},
[INFO] [stdout]    |                    ^^^^^^^
[INFO] [stdout] 24 |         fungibles::{Inspect as FungiblesInspect, Mutate},
[INFO] [stdout]    |                     ^^^^^^^^^^^^^^^^^^^^^^^^^^^  ^^^^^^
[INFO] [stdout] 
[INFO] [stdout] 
[INFO] [stdout] error[E0433]: failed to resolve: use of undeclared type `RuntimeCall`
[INFO] [stdout]   --> src/tests.rs:35:3
[INFO] [stdout]    |
[INFO] [stdout] 35 |     &RuntimeCall::Balances(BalancesCall::transfer_allow_death { dest: 2, value: 69 });
[INFO] [stdout]    |      ^^^^^^^^^^^ use of undeclared type `RuntimeCall`
[INFO] [stdout] 
[INFO] [stdout] 
[INFO] [stdout] error[E0433]: failed to resolve: use of undeclared crate or module `pallet_balances`
[INFO] [stdout]   --> src/mock.rs:94:21
[INFO] [stdout]    |
[INFO] [stdout] 94 |     type AccountData = pallet_balances::AccountData<u64>;
[INFO] [stdout]    |                        ^^^^^^^^^^^^^^^ use of undeclared crate or module `pallet_balances`
[INFO] [stdout] 
[INFO] [stdout] 
[INFO] [stdout] error[E0433]: failed to resolve: use of undeclared crate or module `pallet_assets`
[INFO] [stdout]    --> src/mock.rs:176:6
[INFO] [stdout]     |
[INFO] [stdout] 176 | impl pallet_assets::Config for Runtime {
[INFO] [stdout]     |      ^^^^^^^^^^^^^ use of undeclared crate or module `pallet_assets`
[INFO] [stdout] 
[INFO] [stdout] 
[INFO] [stdout] error[E0433]: failed to resolve: use of undeclared crate or module `pallet_assets`
[INFO] [stdout]    --> src/mock.rs:200:6
[INFO] [stdout]     |
[INFO] [stdout] 200 | impl pallet_assets::Config<Instance2> for Runtime {
[INFO] [stdout]     |      ^^^^^^^^^^^^^ use of undeclared crate or module `pallet_assets`
[INFO] [stdout] 
[INFO] [stdout] 
[INFO] [stdout] error[E0433]: failed to resolve: use of undeclared crate or module `pallet_balances`
[INFO] [stdout]   --> src/tests.rs:72:3
[INFO] [stdout]    |
[INFO] [stdout] 72 |         pallet_balances::GenesisConfig::<Runtime> {
[INFO] [stdout]    |         ^^^^^^^^^^^^^^^ use of undeclared crate or module `pallet_balances`
[INFO] [stdout] 
[INFO] [stdout] 
[INFO] [stdout] error[E0433]: failed to resolve: use of undeclared type `Balances`
[INFO] [stdout]    --> src/tests.rs:116:11
[INFO] [stdout]     |
[INFO] [stdout] 116 |     let ed = Balances::minimum_balance();
[INFO] [stdout]     |              ^^^^^^^^
[INFO] [stdout]     |              |
[INFO] [stdout]     |              use of undeclared type `Balances`
[INFO] [stdout]     |              help: a type alias with a similar name exists: `BalanceOf`
[INFO] [stdout] 
[INFO] [stdout] 
[INFO] [stdout] error[E0433]: failed to resolve: use of undeclared type `Assets`
[INFO] [stdout]    --> src/tests.rs:117:17
[INFO] [stdout]     |
[INFO] [stdout] 117 |     let ed_asset = Assets::minimum_balance(asset_id);
[INFO] [stdout]     |                    ^^^^^^
[INFO] [stdout]     |                    |
[INFO] [stdout]     |                    use of undeclared type `Assets`
[INFO] [stdout]     |                    help: a trait with a similar name exists: `AssetId`
[INFO] [stdout] 
[INFO] [stdout] 
[INFO] [stdout] error[E0433]: failed to resolve: use of undeclared type `Balances`
[INFO] [stdout]    --> src/tests.rs:118:13
[INFO] [stdout]     |
[INFO] [stdout] 118 |     assert_ok!(Balances::force_set_balance(
[INFO] [stdout]     |                ^^^^^^^^
[INFO] [stdout]     |                |
[INFO] [stdout]     |                use of undeclared type `Balances`
[INFO] [stdout]     |                help: a type alias with a similar name exists: `BalanceOf`
[INFO] [stdout] 
[INFO] [stdout] 
[INFO] [stdout] error[E0433]: failed to resolve: use of undeclared type `RuntimeOrigin`
[INFO] [stdout]    --> src/tests.rs:119:3
[INFO] [stdout]     |
[INFO] [stdout] 119 |         RuntimeOrigin::root(),
[INFO] [stdout]     |         ^^^^^^^^^^^^^ use of undeclared type `RuntimeOrigin`
[INFO] [stdout] 
[INFO] [stdout] 
[INFO] [stdout] error[E0433]: failed to resolve: use of undeclared type `Assets`
[INFO] [stdout]    --> src/tests.rs:124:13
[INFO] [stdout]     |
[INFO] [stdout] 124 |     assert_ok!(Assets::mint_into(
[INFO] [stdout]     |                ^^^^^^
[INFO] [stdout]     |                |
[INFO] [stdout]     |                use of undeclared type `Assets`
[INFO] [stdout]     |                help: a trait with a similar name exists: `AssetId`
[INFO] [stdout] 
[INFO] [stdout] 
[INFO] [stdout] error[E0433]: failed to resolve: use of undeclared type `AssetConversion`
[INFO] [stdout]    --> src/tests.rs:132:13
[INFO] [stdout]     |
[INFO] [stdout] 132 |     assert_ok!(AssetConversion::create_pool(
[INFO] [stdout]     |                ^^^^^^^^^^^^^^^ use of undeclared type `AssetConversion`
[INFO] [stdout] 
[INFO] [stdout] 
[INFO] [stdout] error[E0433]: failed to resolve: use of undeclared type `RuntimeOrigin`
[INFO] [stdout]    --> src/tests.rs:133:3
[INFO] [stdout]     |
[INFO] [stdout] 133 |         RuntimeOrigin::signed(lp_provider),
[INFO] [stdout]     |         ^^^^^^^^^^^^^ use of undeclared type `RuntimeOrigin`
[INFO] [stdout] 
[INFO] [stdout] 
[INFO] [stdout] error[E0433]: failed to resolve: use of undeclared type `AssetConversion`
[INFO] [stdout]    --> src/tests.rs:138:13
[INFO] [stdout]     |
[INFO] [stdout] 138 |     assert_ok!(AssetConversion::add_liquidity(
[INFO] [stdout]     |                ^^^^^^^^^^^^^^^ use of undeclared type `AssetConversion`
[INFO] [stdout] 
[INFO] [stdout] 
[INFO] [stdout] error[E0433]: failed to resolve: use of undeclared type `RuntimeOrigin`
[INFO] [stdout]    --> src/tests.rs:139:3
[INFO] [stdout]     |
[INFO] [stdout] 139 |         RuntimeOrigin::signed(lp_provider),
[INFO] [stdout]     |         ^^^^^^^^^^^^^ use of undeclared type `RuntimeOrigin`
[INFO] [stdout] 
[INFO] [stdout] 
[INFO] [stdout] error[E0433]: failed to resolve: use of undeclared type `Balances`
[INFO] [stdout]    --> src/tests.rs:168:15
[INFO] [stdout]     |
[INFO] [stdout] 168 |             assert_eq!(Balances::free_balance(1), initial_balance - 5 - 5 - 10);
[INFO] [stdout]     |                        ^^^^^^^^
[INFO] [stdout]     |                        |
[INFO] [stdout]     |                        use of undeclared type `Balances`
[INFO] [stdout]     |                        help: a type alias with a similar name exists: `BalanceOf`
[INFO] [stdout] 
[INFO] [stdout] 
[INFO] [stdout] error[E0433]: failed to resolve: use of undeclared type `Balances`
[INFO] [stdout]    --> src/tests.rs:177:15
[INFO] [stdout]     |
[INFO] [stdout] 177 |             assert_eq!(Balances::free_balance(1), initial_balance - 5 - 5 - 10);
[INFO] [stdout]     |                        ^^^^^^^^
[INFO] [stdout]     |                        |
[INFO] [stdout]     |                        use of undeclared type `Balances`
[INFO] [stdout]     |                        help: a type alias with a similar name exists: `BalanceOf`
[INFO] [stdout] 
[INFO] [stdout] 
[INFO] [stdout] error[E0433]: failed to resolve: use of undeclared type `Balances`
[INFO] [stdout]    --> src/tests.rs:184:15
[INFO] [stdout]     |
[INFO] [stdout] 184 |             assert_eq!(Balances::free_balance(2), initial_balance_for_2 - 5 - 10 - 100 - 5);
[INFO] [stdout]     |                        ^^^^^^^^
[INFO] [stdout]     |                        |
[INFO] [stdout]     |                        use of undeclared type `Balances`
[INFO] [stdout]     |                        help: a type alias with a similar name exists: `BalanceOf`
[INFO] [stdout] 
[INFO] [stdout] 
[INFO] [stdout] error[E0433]: failed to resolve: use of undeclared type `Balances`
[INFO] [stdout]    --> src/tests.rs:192:15
[INFO] [stdout]     |
[INFO] [stdout] 192 |             assert_eq!(Balances::free_balance(2), initial_balance_for_2 - 5 - 10 - 50 - 5);
[INFO] [stdout]     |                        ^^^^^^^^
[INFO] [stdout]     |                        |
[INFO] [stdout]     |                        use of undeclared type `Balances`
[INFO] [stdout]     |                        help: a type alias with a similar name exists: `BalanceOf`
[INFO] [stdout] 
[INFO] [stdout] 
[INFO] [stdout] error[E0433]: failed to resolve: use of undeclared type `Assets`
[INFO] [stdout]    --> src/tests.rs:210:15
[INFO] [stdout]     |
[INFO] [stdout] 210 |             assert_ok!(Assets::force_create(
[INFO] [stdout]     |                        ^^^^^^
[INFO] [stdout]     |                        |
[INFO] [stdout]     |                        use of undeclared type `Assets`
[INFO] [stdout]     |                        help: a trait with a similar name exists: `AssetId`
[INFO] [stdout] 
[INFO] [stdout] 
[INFO] [stdout] error[E0433]: failed to resolve: use of undeclared type `RuntimeOrigin`
[INFO] [stdout]    --> src/tests.rs:211:5
[INFO] [stdout]     |
[INFO] [stdout] 211 |                 RuntimeOrigin::root(),
[INFO] [stdout]     |                 ^^^^^^^^^^^^^ use of undeclared type `RuntimeOrigin`
[INFO] [stdout] 
[INFO] [stdout] 
[INFO] [stdout] error[E0433]: failed to resolve: use of undeclared type `Assets`
[INFO] [stdout]    --> src/tests.rs:223:15
[INFO] [stdout]     |
[INFO] [stdout] 223 |             assert_ok!(Assets::mint_into(asset_id.into(), &beneficiary, balance));
[INFO] [stdout]     |                        ^^^^^^
[INFO] [stdout]     |                        |
[INFO] [stdout]     |                        use of undeclared type `Assets`
[INFO] [stdout]     |                        help: a trait with a similar name exists: `AssetId`
[INFO] [stdout] 
[INFO] [stdout] 
[INFO] [stdout] error[E0433]: failed to resolve: use of undeclared type `Assets`
[INFO] [stdout]    --> src/tests.rs:224:15
[INFO] [stdout]     |
[INFO] [stdout] 224 |             assert_eq!(Assets::balance(asset_id, caller), balance);
[INFO] [stdout]     |                        ^^^^^^
[INFO] [stdout]     |                        |
[INFO] [stdout]     |                        use of undeclared type `Assets`
[INFO] [stdout]     |                        help: a trait with a similar name exists: `AssetId`
[INFO] [stdout] 
[INFO] [stdout] 
[INFO] [stdout] error[E0433]: failed to resolve: use of undeclared type `AssetConversion`
[INFO] [stdout]    --> src/tests.rs:232:22
[INFO] [stdout]     |
[INFO] [stdout] 232 |             let input_quote = AssetConversion::quote_price_tokens_for_exact_tokens(
[INFO] [stdout]     |                               ^^^^^^^^^^^^^^^ use of undeclared type `AssetConversion`
[INFO] [stdout] 
[INFO] [stdout] 
[INFO] [stdout] error[E0433]: failed to resolve: use of undeclared type `Assets`
[INFO] [stdout]    --> src/tests.rs:241:15
[INFO] [stdout]     |
[INFO] [stdout] 241 |             assert_eq!(Assets::balance(asset_id, caller), balance);
[INFO] [stdout]     |                        ^^^^^^
[INFO] [stdout]     |                        |
[INFO] [stdout]     |                        use of undeclared type `Assets`
[INFO] [stdout]     |                        help: a trait with a similar name exists: `AssetId`
[INFO] [stdout] 
[INFO] [stdout] 
[INFO] [stdout] error[E0433]: failed to resolve: use of undeclared type `Balances`
[INFO] [stdout]    --> src/tests.rs:247:15
[INFO] [stdout]     |
[INFO] [stdout] 247 |             assert_eq!(Balances::free_balance(caller), 10 * balance_factor);
[INFO] [stdout]     |                        ^^^^^^^^
[INFO] [stdout]     |                        |
[INFO] [stdout]     |                        use of undeclared type `Balances`
[INFO] [stdout]     |                        help: a type alias with a similar name exists: `BalanceOf`
[INFO] [stdout] 
[INFO] [stdout] 
[INFO] [stdout] error[E0433]: failed to resolve: use of undeclared type `Assets`
[INFO] [stdout]    --> src/tests.rs:250:15
[INFO] [stdout]     |
[INFO] [stdout] 250 |             assert_eq!(Assets::balance(asset_id, caller), balance - fee_in_asset);
[INFO] [stdout]     |                        ^^^^^^
[INFO] [stdout]     |                        |
[INFO] [stdout]     |                        use of undeclared type `Assets`
[INFO] [stdout]     |                        help: a trait with a similar name exists: `AssetId`
[INFO] [stdout] 
[INFO] [stdout] 
[INFO] [stdout] error[E0433]: failed to resolve: use of undeclared type `RuntimeEvent`
[INFO] [stdout]    --> src/tests.rs:252:29
[INFO] [stdout]     |
[INFO] [stdout] 252 |             System::assert_has_event(RuntimeEvent::Assets(pallet_assets::Event::Withdrawn {
[INFO] [stdout]     |                                      ^^^^^^^^^^^^ use of undeclared type `RuntimeEvent`
[INFO] [stdout] 
[INFO] [stdout] 
[INFO] [stdout] error[E0433]: failed to resolve: use of undeclared type `Assets`
[INFO] [stdout]    --> src/tests.rs:266:15
[INFO] [stdout]     |
[INFO] [stdout] 266 |             assert_eq!(Assets::balance(asset_id, caller), balance - fee_in_asset);
[INFO] [stdout]     |                        ^^^^^^
[INFO] [stdout]     |                        |
[INFO] [stdout]     |                        use of undeclared type `Assets`
[INFO] [stdout]     |                        help: a trait with a similar name exists: `AssetId`
[INFO] [stdout] 
[INFO] [stdout] 
[INFO] [stdout] error[E0433]: failed to resolve: use of undeclared type `Assets`
[INFO] [stdout]    --> src/tests.rs:284:15
[INFO] [stdout]     |
[INFO] [stdout] 284 |             assert_ok!(Assets::force_create(
[INFO] [stdout]     |                        ^^^^^^
[INFO] [stdout]     |                        |
[INFO] [stdout]     |                        use of undeclared type `Assets`
[INFO] [stdout]     |                        help: a trait with a similar name exists: `AssetId`
[INFO] [stdout] 
[INFO] [stdout] 
[INFO] [stdout] error[E0433]: failed to resolve: use of undeclared type `RuntimeOrigin`
[INFO] [stdout]    --> src/tests.rs:285:5
[INFO] [stdout]     |
[INFO] [stdout] 285 |                 RuntimeOrigin::root(),
[INFO] [stdout]     |                 ^^^^^^^^^^^^^ use of undeclared type `RuntimeOrigin`
[INFO] [stdout] 
[INFO] [stdout] 
[INFO] [stdout] error[E0433]: failed to resolve: use of undeclared type `Assets`
[INFO] [stdout]    --> src/tests.rs:297:15
[INFO] [stdout]     |
[INFO] [stdout] 297 |             assert_ok!(Assets::mint_into(asset_id.into(), &beneficiary, balance));
[INFO] [stdout]     |                        ^^^^^^
[INFO] [stdout]     |                        |
[INFO] [stdout]     |                        use of undeclared type `Assets`
[INFO] [stdout]     |                        help: a trait with a similar name exists: `AssetId`
[INFO] [stdout] 
[INFO] [stdout] 
[INFO] [stdout] error[E0433]: failed to resolve: use of undeclared type `Assets`
[INFO] [stdout]    --> src/tests.rs:298:15
[INFO] [stdout]     |
[INFO] [stdout] 298 |             assert_eq!(Assets::balance(asset_id, caller), balance);
[INFO] [stdout]     |                        ^^^^^^
[INFO] [stdout]     |                        |
[INFO] [stdout]     |                        use of undeclared type `Assets`
[INFO] [stdout]     |                        help: a trait with a similar name exists: `AssetId`
[INFO] [stdout] 
[INFO] [stdout] 
[INFO] [stdout] error[E0433]: failed to resolve: use of undeclared type `Assets`
[INFO] [stdout]    --> src/tests.rs:329:15
[INFO] [stdout]     |
[INFO] [stdout] 329 |             assert_ok!(Assets::force_create(
[INFO] [stdout]     |                        ^^^^^^
[INFO] [stdout]     |                        |
[INFO] [stdout]     |                        use of undeclared type `Assets`
[INFO] [stdout]     |                        help: a trait with a similar name exists: `AssetId`
[INFO] [stdout] 
[INFO] [stdout] 
[INFO] [stdout] error[E0433]: failed to resolve: use of undeclared type `RuntimeOrigin`
[INFO] [stdout]    --> src/tests.rs:330:5
[INFO] [stdout]     |
[INFO] [stdout] 330 |                 RuntimeOrigin::root(),
[INFO] [stdout]     |                 ^^^^^^^^^^^^^ use of undeclared type `RuntimeOrigin`
[INFO] [stdout] 
[INFO] [stdout] 
[INFO] [stdout] error[E0433]: failed to resolve: use of undeclared type `Assets`
[INFO] [stdout]    --> src/tests.rs:341:15
[INFO] [stdout]     |
[INFO] [stdout] 341 |             assert_ok!(Assets::mint_into(asset_id.into(), &beneficiary, balance));
[INFO] [stdout]     |                        ^^^^^^
[INFO] [stdout]     |                        |
[INFO] [stdout]     |                        use of undeclared type `Assets`
[INFO] [stdout]     |                        help: a trait with a similar name exists: `AssetId`
[INFO] [stdout] 
[INFO] [stdout] 
[INFO] [stdout] error[E0433]: failed to resolve: use of undeclared type `Assets`
[INFO] [stdout]    --> src/tests.rs:342:15
[INFO] [stdout]     |
[INFO] [stdout] 342 |             assert_eq!(Assets::balance(asset_id, caller), balance);
[INFO] [stdout]     |                        ^^^^^^
[INFO] [stdout]     |                        |
[INFO] [stdout]     |                        use of undeclared type `Assets`
[INFO] [stdout]     |                        help: a trait with a similar name exists: `AssetId`
[INFO] [stdout] 
[INFO] [stdout] 
[INFO] [stdout] error[E0433]: failed to resolve: use of undeclared type `AssetConversion`
[INFO] [stdout]    --> src/tests.rs:347:22
[INFO] [stdout]     |
[INFO] [stdout] 347 |             let input_quote = AssetConversion::quote_price_tokens_for_exact_tokens(
[INFO] [stdout]     |                               ^^^^^^^^^^^^^^^ use of undeclared type `AssetConversion`
[INFO] [stdout] 
[INFO] [stdout] 
[INFO] [stdout] error[E0433]: failed to resolve: use of undeclared type `Balances`
[INFO] [stdout]    --> src/tests.rs:361:15
[INFO] [stdout]     |
[INFO] [stdout] 361 |             assert_eq!(Balances::free_balance(caller), 10 * balance_factor);
[INFO] [stdout]     |                        ^^^^^^^^
[INFO] [stdout]     |                        |
[INFO] [stdout]     |                        use of undeclared type `Balances`
[INFO] [stdout]     |                        help: a type alias with a similar name exists: `BalanceOf`
[INFO] [stdout] 
[INFO] [stdout] 
[INFO] [stdout] error[E0433]: failed to resolve: use of undeclared type `Assets`
[INFO] [stdout]    --> src/tests.rs:363:15
[INFO] [stdout]     |
[INFO] [stdout] 363 |             assert_eq!(Assets::balance(asset_id, caller), balance - fee_in_asset);
[INFO] [stdout]     |                        ^^^^^^
[INFO] [stdout]     |                        |
[INFO] [stdout]     |                        use of undeclared type `Assets`
[INFO] [stdout]     |                        help: a trait with a similar name exists: `AssetId`
[INFO] [stdout] 
[INFO] [stdout] 
[INFO] [stdout] error[E0433]: failed to resolve: use of undeclared type `AssetConversion`
[INFO] [stdout]    --> src/tests.rs:365:17
[INFO] [stdout]     |
[INFO] [stdout] 365 |             let refund = AssetConversion::quote_price_exact_tokens_for_tokens(
[INFO] [stdout]     |                          ^^^^^^^^^^^^^^^ use of undeclared type `AssetConversion`
[INFO] [stdout] 
[INFO] [stdout] 
[INFO] [stdout] error[E0433]: failed to resolve: use of undeclared type `Assets`
[INFO] [stdout]    --> src/tests.rs:383:15
[INFO] [stdout]     |
[INFO] [stdout] 383 |             assert_eq!(Assets::balance(asset_id, caller), balance - fee_in_asset + refund);
[INFO] [stdout]     |                        ^^^^^^
[INFO] [stdout]     |                        |
[INFO] [stdout]     |                        use of undeclared type `Assets`
[INFO] [stdout]     |                        help: a trait with a similar name exists: `AssetId`
[INFO] [stdout] 
[INFO] [stdout] 
[INFO] [stdout] error[E0433]: failed to resolve: use of undeclared type `Balances`
[INFO] [stdout]    --> src/tests.rs:384:15
[INFO] [stdout]     |
[INFO] [stdout] 384 |             assert_eq!(Balances::free_balance(caller), 10 * balance_factor);
[INFO] [stdout]     |                        ^^^^^^^^
[INFO] [stdout]     |                        |
[INFO] [stdout]     |                        use of undeclared type `Balances`
[INFO] [stdout]     |                        help: a type alias with a similar name exists: `BalanceOf`
[INFO] [stdout] 
[INFO] [stdout] 
[INFO] [stdout] error[E0433]: failed to resolve: use of undeclared type `Assets`
[INFO] [stdout]    --> src/tests.rs:402:15
[INFO] [stdout]     |
[INFO] [stdout] 402 |             assert_ok!(Assets::force_create(
[INFO] [stdout]     |                        ^^^^^^
[INFO] [stdout]     |                        |
[INFO] [stdout]     |                        use of undeclared type `Assets`
[INFO] [stdout]     |                        help: a trait with a similar name exists: `AssetId`
[INFO] [stdout] 
[INFO] [stdout] 
[INFO] [stdout] error[E0433]: failed to resolve: use of undeclared type `RuntimeOrigin`
[INFO] [stdout]    --> src/tests.rs:403:5
[INFO] [stdout]     |
[INFO] [stdout] 403 |                 RuntimeOrigin::root(),
[INFO] [stdout]     |                 ^^^^^^^^^^^^^ use of undeclared type `RuntimeOrigin`
[INFO] [stdout] 
[INFO] [stdout] 
[INFO] [stdout] error[E0433]: failed to resolve: use of undeclared type `Assets`
[INFO] [stdout]    --> src/tests.rs:417:15
[INFO] [stdout]     |
[INFO] [stdout] 417 |             assert_ok!(Assets::mint_into(asset_id.into(), &beneficiary, balance));
[INFO] [stdout]     |                        ^^^^^^
[INFO] [stdout]     |                        |
[INFO] [stdout]     |                        use of undeclared type `Assets`
[INFO] [stdout]     |                        help: a trait with a similar name exists: `AssetId`
[INFO] [stdout] 
[INFO] [stdout] 
[INFO] [stdout] error[E0433]: failed to resolve: use of undeclared type `Assets`
[INFO] [stdout]    --> src/tests.rs:418:15
[INFO] [stdout]     |
[INFO] [stdout] 418 |             assert_eq!(Assets::balance(asset_id, caller), balance);
[INFO] [stdout]     |                        ^^^^^^
[INFO] [stdout]     |                        |
[INFO] [stdout]     |                        use of undeclared type `Assets`
[INFO] [stdout]     |                        help: a trait with a similar name exists: `AssetId`
[INFO] [stdout] 
[INFO] [stdout] 
[INFO] [stdout] error[E0433]: failed to resolve: use of undeclared type `AssetConversion`
[INFO] [stdout]    --> src/tests.rs:424:22
[INFO] [stdout]     |
[INFO] [stdout] 424 |             let input_quote = AssetConversion::quote_price_tokens_for_exact_tokens(
[INFO] [stdout]     |                               ^^^^^^^^^^^^^^^ use of undeclared type `AssetConversion`
[INFO] [stdout] 
[INFO] [stdout] 
[INFO] [stdout] error[E0433]: failed to resolve: use of undeclared type `Assets`
[INFO] [stdout]    --> src/tests.rs:436:15
[INFO] [stdout]     |
[INFO] [stdout] 436 |             assert_eq!(Assets::balance(asset_id, caller), balance - fee_in_asset);
[INFO] [stdout]     |                        ^^^^^^
[INFO] [stdout]     |                        |
[INFO] [stdout]     |                        use of undeclared type `Assets`
[INFO] [stdout]     |                        help: a trait with a similar name exists: `AssetId`
[INFO] [stdout] 
[INFO] [stdout] 
[INFO] [stdout] error[E0433]: failed to resolve: use of undeclared type `AssetConversion`
[INFO] [stdout]    --> src/tests.rs:440:32
[INFO] [stdout]     |
[INFO] [stdout] 440 |             let expected_token_refund = AssetConversion::quote_price_exact_tokens_for_tokens(
[INFO] [stdout]     |                                         ^^^^^^^^^^^^^^^ use of undeclared type `AssetConversion`
[INFO] [stdout] 
[INFO] [stdout] 
[INFO] [stdout] error[E0433]: failed to resolve: use of undeclared type `RuntimeEvent`
[INFO] [stdout]    --> src/tests.rs:448:29
[INFO] [stdout]     |
[INFO] [stdout] 448 |             System::assert_has_event(RuntimeEvent::Assets(pallet_assets::Event::Withdrawn {
[INFO] [stdout]     |                                      ^^^^^^^^^^^^ use of undeclared type `RuntimeEvent`
[INFO] [stdout] 
[INFO] [stdout] 
[INFO] [stdout] error[E0433]: failed to resolve: use of undeclared type `Assets`
[INFO] [stdout]    --> src/tests.rs:467:5
[INFO] [stdout]     |
[INFO] [stdout] 467 |                 Assets::balance(asset_id, caller),
[INFO] [stdout]     |                 ^^^^^^
[INFO] [stdout]     |                 |
[INFO] [stdout]     |                 use of undeclared type `Assets`
[INFO] [stdout]     |                 help: a trait with a similar name exists: `AssetId`
[INFO] [stdout] 
[INFO] [stdout] 
[INFO] [stdout] error[E0433]: failed to resolve: use of undeclared type `Balances`
[INFO] [stdout]    --> src/tests.rs:470:15
[INFO] [stdout]     |
[INFO] [stdout] 470 |             assert_eq!(Balances::free_balance(caller), 20 * balance_factor);
[INFO] [stdout]     |                        ^^^^^^^^
[INFO] [stdout]     |                        |
[INFO] [stdout]     |                        use of undeclared type `Balances`
[INFO] [stdout]     |                        help: a type alias with a similar name exists: `BalanceOf`
[INFO] [stdout] 
[INFO] [stdout] 
[INFO] [stdout] error[E0433]: failed to resolve: use of undeclared type `RuntimeEvent`
[INFO] [stdout]    --> src/tests.rs:472:29
[INFO] [stdout]     |
[INFO] [stdout] 472 |             System::assert_has_event(RuntimeEvent::Assets(pallet_assets::Event::Deposited {
[INFO] [stdout]     |                                      ^^^^^^^^^^^^ use of undeclared type `RuntimeEvent`
[INFO] [stdout] 
[INFO] [stdout] 
[INFO] [stdout] error[E0433]: failed to resolve: use of undeclared type `Assets`
[INFO] [stdout]    --> src/tests.rs:492:15
[INFO] [stdout]     |
[INFO] [stdout] 492 |             assert_ok!(Assets::force_create(
[INFO] [stdout]     |                        ^^^^^^
[INFO] [stdout]     |                        |
[INFO] [stdout]     |                        use of undeclared type `Assets`
[INFO] [stdout]     |                        help: a trait with a similar name exists: `AssetId`
[INFO] [stdout] 
[INFO] [stdout] 
[INFO] [stdout] error[E0433]: failed to resolve: use of undeclared type `RuntimeOrigin`
[INFO] [stdout]    --> src/tests.rs:493:5
[INFO] [stdout]     |
[INFO] [stdout] 493 |                 RuntimeOrigin::root(),
[INFO] [stdout]     |                 ^^^^^^^^^^^^^ use of undeclared type `RuntimeOrigin`
[INFO] [stdout] 
[INFO] [stdout] 
[INFO] [stdout] error[E0433]: failed to resolve: use of undeclared type `Assets`
[INFO] [stdout]    --> src/tests.rs:507:15
[INFO] [stdout]     |
[INFO] [stdout] 507 |             assert_ok!(Assets::mint_into(asset_id.into(), &beneficiary, balance));
[INFO] [stdout]     |                        ^^^^^^
[INFO] [stdout]     |                        |
[INFO] [stdout]     |                        use of undeclared type `Assets`
[INFO] [stdout]     |                        help: a trait with a similar name exists: `AssetId`
[INFO] [stdout] 
[INFO] [stdout] 
[INFO] [stdout] error[E0433]: failed to resolve: use of undeclared type `Assets`
[INFO] [stdout]    --> src/tests.rs:508:15
[INFO] [stdout]     |
[INFO] [stdout] 508 |             assert_eq!(Assets::balance(asset_id, caller), balance);
[INFO] [stdout]     |                        ^^^^^^
[INFO] [stdout]     |                        |
[INFO] [stdout]     |                        use of undeclared type `Assets`
[INFO] [stdout]     |                        help: a trait with a similar name exists: `AssetId`
[INFO] [stdout] 
[INFO] [stdout] 
[INFO] [stdout] error[E0433]: failed to resolve: use of undeclared type `Balances`
[INFO] [stdout]    --> src/tests.rs:511:15
[INFO] [stdout]     |
[INFO] [stdout] 511 |             assert_eq!(Balances::free_balance(caller), 0);
[INFO] [stdout]     |                        ^^^^^^^^
[INFO] [stdout]     |                        |
[INFO] [stdout]     |                        use of undeclared type `Balances`
[INFO] [stdout]     |                        help: a type alias with a similar name exists: `BalanceOf`
[INFO] [stdout] 
[INFO] [stdout] 
[INFO] [stdout] error[E0433]: failed to resolve: use of undeclared type `AssetConversion`
[INFO] [stdout]    --> src/tests.rs:516:23
[INFO] [stdout]     |
[INFO] [stdout] 516 |             let fee_in_asset = AssetConversion::quote_price_tokens_for_exact_tokens(
[INFO] [stdout]     |                                ^^^^^^^^^^^^^^^ use of undeclared type `AssetConversion`
[INFO] [stdout] 
[INFO] [stdout] 
[INFO] [stdout] error[E0433]: failed to resolve: use of undeclared type `Assets`
[INFO] [stdout]    --> src/tests.rs:529:15
[INFO] [stdout]     |
[INFO] [stdout] 529 |             assert_eq!(Assets::balance(asset_id, caller), balance - fee_in_asset);
[INFO] [stdout]     |                        ^^^^^^
[INFO] [stdout]     |                        |
[INFO] [stdout]     |                        use of undeclared type `Assets`
[INFO] [stdout]     |                        help: a trait with a similar name exists: `AssetId`
[INFO] [stdout] 
[INFO] [stdout] 
[INFO] [stdout] error[E0433]: failed to resolve: use of undeclared type `Assets`
[INFO] [stdout]    --> src/tests.rs:538:15
[INFO] [stdout]     |
[INFO] [stdout] 538 |             assert_eq!(Assets::balance(asset_id, caller), balance - fee_in_asset);
[INFO] [stdout]     |                        ^^^^^^
[INFO] [stdout]     |                        |
[INFO] [stdout]     |                        use of undeclared type `Assets`
[INFO] [stdout]     |                        help: a trait with a similar name exists: `AssetId`
[INFO] [stdout] 
[INFO] [stdout] 
[INFO] [stdout] error[E0433]: failed to resolve: use of undeclared type `Balances`
[INFO] [stdout]    --> src/tests.rs:539:15
[INFO] [stdout]     |
[INFO] [stdout] 539 |             assert_eq!(Balances::free_balance(caller), 0);
[INFO] [stdout]     |                        ^^^^^^^^
[INFO] [stdout]     |                        |
[INFO] [stdout]     |                        use of undeclared type `Balances`
[INFO] [stdout]     |                        help: a type alias with a similar name exists: `BalanceOf`
[INFO] [stdout] 
[INFO] [stdout] 
[INFO] [stdout] error[E0433]: failed to resolve: use of undeclared type `Assets`
[INFO] [stdout]    --> src/tests.rs:558:15
[INFO] [stdout]     |
[INFO] [stdout] 558 |             assert_ok!(Assets::force_create(
[INFO] [stdout]     |                        ^^^^^^
[INFO] [stdout]     |                        |
[INFO] [stdout]     |                        use of undeclared type `Assets`
[INFO] [stdout]     |                        help: a trait with a similar name exists: `AssetId`
[INFO] [stdout] 
[INFO] [stdout] 
[INFO] [stdout] error[E0433]: failed to resolve: use of undeclared type `RuntimeOrigin`
[INFO] [stdout]    --> src/tests.rs:559:5
[INFO] [stdout]     |
[INFO] [stdout] 559 |                 RuntimeOrigin::root(),
[INFO] [stdout]     |                 ^^^^^^^^^^^^^ use of undeclared type `RuntimeOrigin`
[INFO] [stdout] 
[INFO] [stdout] 
[INFO] [stdout] error[E0433]: failed to resolve: use of undeclared type `Assets`
[INFO] [stdout]    --> src/tests.rs:573:15
[INFO] [stdout]     |
[INFO] [stdout] 573 |             assert_ok!(Assets::mint_into(asset_id.into(), &beneficiary, balance));
[INFO] [stdout]     |                        ^^^^^^
[INFO] [stdout]     |                        |
[INFO] [stdout]     |                        use of undeclared type `Assets`
[INFO] [stdout]     |                        help: a trait with a similar name exists: `AssetId`
[INFO] [stdout] 
[INFO] [stdout] 
[INFO] [stdout] error[E0433]: failed to resolve: use of undeclared type `Assets`
[INFO] [stdout]    --> src/tests.rs:574:15
[INFO] [stdout]     |
[INFO] [stdout] 574 |             assert_eq!(Assets::balance(asset_id, caller), balance);
[INFO] [stdout]     |                        ^^^^^^
[INFO] [stdout]     |                        |
[INFO] [stdout]     |                        use of undeclared type `Assets`
[INFO] [stdout]     |                        help: a trait with a similar name exists: `AssetId`
[INFO] [stdout] 
[INFO] [stdout] 
[INFO] [stdout] error[E0433]: failed to resolve: use of undeclared type `Assets`
[INFO] [stdout]    --> src/tests.rs:585:16
[INFO] [stdout]     |
[INFO] [stdout] 585 |                 assert_eq!(Assets::balance(asset_id, caller), balance);
[INFO] [stdout]     |                            ^^^^^^
[INFO] [stdout]     |                            |
[INFO] [stdout]     |                            use of undeclared type `Assets`
[INFO] [stdout]     |                            help: a trait with a similar name exists: `AssetId`
[INFO] [stdout] 
[INFO] [stdout] 
[INFO] [stdout] error[E0433]: failed to resolve: use of undeclared type `Assets`
[INFO] [stdout]    --> src/tests.rs:594:16
[INFO] [stdout]     |
[INFO] [stdout] 594 |                 assert_eq!(Assets::balance(asset_id, caller), balance);
[INFO] [stdout]     |                            ^^^^^^
[INFO] [stdout]     |                            |
[INFO] [stdout]     |                            use of undeclared type `Assets`
[INFO] [stdout]     |                            help: a trait with a similar name exists: `AssetId`
[INFO] [stdout] 
[INFO] [stdout] 
[INFO] [stdout] error[E0433]: failed to resolve: use of undeclared type `AssetConversion`
[INFO] [stdout]    --> src/tests.rs:599:23
[INFO] [stdout]     |
[INFO] [stdout] 599 |             let fee_in_asset = AssetConversion::quote_price_tokens_for_exact_tokens(
[INFO] [stdout]     |                                ^^^^^^^^^^^^^^^ use of undeclared type `AssetConversion`
[INFO] [stdout] 
[INFO] [stdout] 
[INFO] [stdout] error[E0433]: failed to resolve: use of undeclared type `Assets`
[INFO] [stdout]    --> src/tests.rs:610:15
[INFO] [stdout]     |
[INFO] [stdout] 610 |             assert_eq!(Assets::balance(asset_id, caller), balance - fee_in_asset);
[INFO] [stdout]     |                        ^^^^^^
[INFO] [stdout]     |                        |
[INFO] [stdout]     |                        use of undeclared type `Assets`
[INFO] [stdout]     |                        help: a trait with a similar name exists: `AssetId`
[INFO] [stdout] 
[INFO] [stdout] 
[INFO] [stdout] error[E0433]: failed to resolve: use of undeclared type `Assets`
[INFO] [stdout]    --> src/tests.rs:619:15
[INFO] [stdout]     |
[INFO] [stdout] 619 |             assert_eq!(Assets::balance(asset_id, caller), balance - fee_in_asset);
[INFO] [stdout]     |                        ^^^^^^
[INFO] [stdout]     |                        |
[INFO] [stdout]     |                        use of undeclared type `Assets`
[INFO] [stdout]     |                        help: a trait with a similar name exists: `AssetId`
[INFO] [stdout] 
[INFO] [stdout] 
[INFO] [stdout] error[E0433]: failed to resolve: use of undeclared type `Assets`
[INFO] [stdout]    --> src/tests.rs:634:15
[INFO] [stdout]     |
[INFO] [stdout] 634 |             assert_ok!(Assets::force_create(
[INFO] [stdout]     |                        ^^^^^^
[INFO] [stdout]     |                        |
[INFO] [stdout]     |                        use of undeclared type `Assets`
[INFO] [stdout]     |                        help: a trait with a similar name exists: `AssetId`
[INFO] [stdout] 
[INFO] [stdout] 
[INFO] [stdout] error[E0433]: failed to resolve: use of undeclared type `RuntimeOrigin`
[INFO] [stdout]    --> src/tests.rs:635:5
[INFO] [stdout]     |
[INFO] [stdout] 635 |                 RuntimeOrigin::root(),
[INFO] [stdout]     |                 ^^^^^^^^^^^^^ use of undeclared type `RuntimeOrigin`
[INFO] [stdout] 
[INFO] [stdout] 
[INFO] [stdout] error[E0433]: failed to resolve: use of undeclared type `Assets`
[INFO] [stdout]    --> src/tests.rs:647:15
[INFO] [stdout]     |
[INFO] [stdout] 647 |             assert_ok!(Assets::mint_into(asset_id.into(), &beneficiary, balance));
[INFO] [stdout]     |                        ^^^^^^
[INFO] [stdout]     |                        |
[INFO] [stdout]     |                        use of undeclared type `Assets`
[INFO] [stdout]     |                        help: a trait with a similar name exists: `AssetId`
[INFO] [stdout] 
[INFO] [stdout] 
[INFO] [stdout] error[E0433]: failed to resolve: use of undeclared type `Assets`
[INFO] [stdout]    --> src/tests.rs:648:15
[INFO] [stdout]     |
[INFO] [stdout] 648 |             assert_eq!(Assets::balance(asset_id, caller), balance);
[INFO] [stdout]     |                        ^^^^^^
[INFO] [stdout]     |                        |
[INFO] [stdout]     |                        use of undeclared type `Assets`
[INFO] [stdout]     |                        help: a trait with a similar name exists: `AssetId`
[INFO] [stdout] 
[INFO] [stdout] 
[INFO] [stdout] error[E0433]: failed to resolve: use of undeclared type `Assets`
[INFO] [stdout]    --> src/tests.rs:662:15
[INFO] [stdout]     |
[INFO] [stdout] 662 |             assert_eq!(Assets::balance(asset_id, caller), balance);
[INFO] [stdout]     |                        ^^^^^^
[INFO] [stdout]     |                        |
[INFO] [stdout]     |                        use of undeclared type `Assets`
[INFO] [stdout]     |                        help: a trait with a similar name exists: `AssetId`
[INFO] [stdout] 
[INFO] [stdout] 
[INFO] [stdout] error[E0433]: failed to resolve: use of undeclared type `Assets`
[INFO] [stdout]    --> src/tests.rs:680:15
[INFO] [stdout]     |
[INFO] [stdout] 680 |             assert_eq!(Assets::balance(asset_id, caller), balance);
[INFO] [stdout]     |                        ^^^^^^
[INFO] [stdout]     |                        |
[INFO] [stdout]     |                        use of undeclared type `Assets`
[INFO] [stdout]     |                        help: a trait with a similar name exists: `AssetId`
[INFO] [stdout] 
[INFO] [stdout] 
[INFO] [stdout] error[E0433]: failed to resolve: use of undeclared type `Assets`
[INFO] [stdout]    --> src/tests.rs:695:15
[INFO] [stdout]     |
[INFO] [stdout] 695 |             assert_ok!(Assets::force_create(
[INFO] [stdout]     |                        ^^^^^^
[INFO] [stdout]     |                        |
[INFO] [stdout]     |                        use of undeclared type `Assets`
[INFO] [stdout]     |                        help: a trait with a similar name exists: `AssetId`
[INFO] [stdout] 
[INFO] [stdout] 
[INFO] [stdout] error[E0433]: failed to resolve: use of undeclared type `RuntimeOrigin`
[INFO] [stdout]    --> src/tests.rs:696:5
[INFO] [stdout]     |
[INFO] [stdout] 696 |                 RuntimeOrigin::root(),
[INFO] [stdout]     |                 ^^^^^^^^^^^^^ use of undeclared type `RuntimeOrigin`
[INFO] [stdout] 
[INFO] [stdout] 
[INFO] [stdout] error[E0433]: failed to resolve: use of undeclared type `Assets`
[INFO] [stdout]    --> src/tests.rs:708:15
[INFO] [stdout]     |
[INFO] [stdout] 708 |             assert_ok!(Assets::mint_into(asset_id.into(), &beneficiary, balance));
[INFO] [stdout]     |                        ^^^^^^
[INFO] [stdout]     |                        |
[INFO] [stdout]     |                        use of undeclared type `Assets`
[INFO] [stdout]     |                        help: a trait with a similar name exists: `AssetId`
[INFO] [stdout] 
[INFO] [stdout] 
[INFO] [stdout] error[E0433]: failed to resolve: use of undeclared type `Assets`
[INFO] [stdout]    --> src/tests.rs:709:15
[INFO] [stdout]     |
[INFO] [stdout] 709 |             assert_eq!(Assets::balance(asset_id, caller), balance);
[INFO] [stdout]     |                        ^^^^^^
[INFO] [stdout]     |                        |
[INFO] [stdout]     |                        use of undeclared type `Assets`
[INFO] [stdout]     |                        help: a trait with a similar name exists: `AssetId`
[INFO] [stdout] 
[INFO] [stdout] 
[INFO] [stdout] error[E0433]: failed to resolve: use of undeclared type `Assets`
[INFO] [stdout]    --> src/tests.rs:720:15
[INFO] [stdout]     |
[INFO] [stdout] 720 |             assert_eq!(Assets::balance(asset_id, caller), balance);
[INFO] [stdout]     |                        ^^^^^^
[INFO] [stdout]     |                        |
[INFO] [stdout]     |                        use of undeclared type `Assets`
[INFO] [stdout]     |                        help: a trait with a similar name exists: `AssetId`
[INFO] [stdout] 
[INFO] [stdout] 
[INFO] [stdout] error[E0433]: failed to resolve: use of undeclared type `Assets`
[INFO] [stdout]    --> src/tests.rs:731:15
[INFO] [stdout]     |
[INFO] [stdout] 731 |             assert_eq!(Assets::balance(asset_id, caller), balance);
[INFO] [stdout]     |                        ^^^^^^
[INFO] [stdout]     |                        |
[INFO] [stdout]     |                        use of undeclared type `Assets`
[INFO] [stdout]     |                        help: a trait with a similar name exists: `AssetId`
[INFO] [stdout] 
[INFO] [stdout] 
[INFO] [stdout] error[E0433]: failed to resolve: use of undeclared type `Balances`
[INFO] [stdout]    --> src/tests.rs:749:15
[INFO] [stdout]     |
[INFO] [stdout] 749 |             assert_eq!(Balances::free_balance(caller), caller_balance);
[INFO] [stdout]     |                        ^^^^^^^^
[INFO] [stdout]     |                        |
[INFO] [stdout]     |                        use of undeclared type `Balances`
[INFO] [stdout]     |                        help: a type alias with a similar name exists: `BalanceOf`
[INFO] [stdout] 
[INFO] [stdout] 
[INFO] [stdout] error[E0433]: failed to resolve: use of undeclared type `Balances`
[INFO] [stdout]    --> src/tests.rs:759:15
[INFO] [stdout]     |
[INFO] [stdout] 759 |             assert_eq!(Balances::free_balance(caller), caller_balance - initial_fee);
[INFO] [stdout]     |                        ^^^^^^^^
[INFO] [stdout]     |                        |
[INFO] [stdout]     |                        use of undeclared type `Balances`
[INFO] [stdout]     |                        help: a type alias with a similar name exists: `BalanceOf`
[INFO] [stdout] 
[INFO] [stdout] 
[INFO] [stdout] error[E0433]: failed to resolve: use of undeclared type `Balances`
[INFO] [stdout]    --> src/tests.rs:772:15
[INFO] [stdout]     |
[INFO] [stdout] 772 |             assert_eq!(Balances::free_balance(caller), caller_balance - expected_fee);
[INFO] [stdout]     |                        ^^^^^^^^
[INFO] [stdout]     |                        |
[INFO] [stdout]     |                        use of undeclared type `Balances`
[INFO] [stdout]     |                        help: a type alias with a similar name exists: `BalanceOf`
[INFO] [stdout] 
[INFO] [stdout] 
[INFO] [stdout] error[E0433]: failed to resolve: use of undeclared type `Assets`
[INFO] [stdout]    --> src/tests.rs:793:15
[INFO] [stdout]     |
[INFO] [stdout] 793 |             assert_ok!(Assets::force_create(
[INFO] [stdout]     |                        ^^^^^^
[INFO] [stdout]     |                        |
[INFO] [stdout]     |                        use of undeclared type `Assets`
[INFO] [stdout]     |                        help: a trait with a similar name exists: `AssetId`
[INFO] [stdout] 
[INFO] [stdout] 
[INFO] [stdout] error[E0433]: failed to resolve: use of undeclared type `RuntimeOrigin`
[INFO] [stdout]    --> src/tests.rs:794:5
[INFO] [stdout]     |
[INFO] [stdout] 794 |                 RuntimeOrigin::root(),
[INFO] [stdout]     |                 ^^^^^^^^^^^^^ use of undeclared type `RuntimeOrigin`
[INFO] [stdout] 
[INFO] [stdout] 
[INFO] [stdout] error[E0433]: failed to resolve: use of undeclared type `Balances`
[INFO] [stdout]    --> src/tests.rs:808:15
[INFO] [stdout]     |
[INFO] [stdout] 808 |             assert_eq!(Balances::free_balance(caller), 0);
[INFO] [stdout]     |                        ^^^^^^^^
[INFO] [stdout]     |                        |
[INFO] [stdout]     |                        use of undeclared type `Balances`
[INFO] [stdout]     |                        help: a type alias with a similar name exists: `BalanceOf`
[INFO] [stdout] 
[INFO] [stdout] 
[INFO] [stdout] error[E0433]: failed to resolve: use of undeclared type `Assets`
[INFO] [stdout]    --> src/tests.rs:809:15
[INFO] [stdout]     |
[INFO] [stdout] 809 |             assert_ok!(Assets::mint_into(asset_id.into(), &beneficiary, balance));
[INFO] [stdout]     |                        ^^^^^^
[INFO] [stdout]     |                        |
[INFO] [stdout]     |                        use of undeclared type `Assets`
[INFO] [stdout]     |                        help: a trait with a similar name exists: `AssetId`
[INFO] [stdout] 
[INFO] [stdout] 
[INFO] [stdout] error[E0433]: failed to resolve: use of undeclared type `Assets`
[INFO] [stdout]    --> src/tests.rs:810:15
[INFO] [stdout]     |
[INFO] [stdout] 810 |             assert_eq!(Assets::balance(asset_id, caller), balance);
[INFO] [stdout]     |                        ^^^^^^
[INFO] [stdout]     |                        |
[INFO] [stdout]     |                        use of undeclared type `Assets`
[INFO] [stdout]     |                        help: a trait with a similar name exists: `AssetId`
[INFO] [stdout] 
[INFO] [stdout] 
[INFO] [stdout] error[E0433]: failed to resolve: use of undeclared type `AssetConversion`
[INFO] [stdout]    --> src/tests.rs:816:22
[INFO] [stdout]     |
[INFO] [stdout] 816 |             let input_quote = AssetConversion::quote_price_tokens_for_exact_tokens(
[INFO] [stdout]     |                               ^^^^^^^^^^^^^^^ use of undeclared type `AssetConversion`
[INFO] [stdout] 
[INFO] [stdout] 
[INFO] [stdout] error[E0433]: failed to resolve: use of undeclared type `Assets`
[INFO] [stdout]    --> src/tests.rs:829:15
[INFO] [stdout]     |
[INFO] [stdout] 829 |             assert_eq!(Assets::balance(asset_id, &caller), balance - fee_in_asset);
[INFO] [stdout]     |                        ^^^^^^
[INFO] [stdout]     |                        |
[INFO] [stdout]     |                        use of undeclared type `Assets`
[INFO] [stdout]     |                        help: a trait with a similar name exists: `AssetId`
[INFO] [stdout] 
[INFO] [stdout] 
[INFO] [stdout] error[E0433]: failed to resolve: use of undeclared type `Assets`
[INFO] [stdout]    --> src/tests.rs:832:15
[INFO] [stdout]     |
[INFO] [stdout] 832 |             assert_ok!(Assets::burn_from(
[INFO] [stdout]     |                        ^^^^^^
[INFO] [stdout]     |                        |
[INFO] [stdout]     |                        use of undeclared type `Assets`
[INFO] [stdout]     |                        help: a trait with a similar name exists: `AssetId`
[INFO] [stdout] 
[INFO] [stdout] 
[INFO] [stdout] error[E0433]: failed to resolve: use of undeclared type `Assets`
[INFO] [stdout]    --> src/tests.rs:835:5
[INFO] [stdout]     |
[INFO] [stdout] 835 |                 Assets::balance(asset_id, &caller),
[INFO] [stdout]     |                 ^^^^^^
[INFO] [stdout]     |                 |
[INFO] [stdout]     |                 use of undeclared type `Assets`
[INFO] [stdout]     |                 help: a trait with a similar name exists: `AssetId`
[INFO] [stdout] 
[INFO] [stdout] 
[INFO] [stdout] error[E0433]: failed to resolve: use of undeclared type `AssetConversion`
[INFO] [stdout]    --> src/tests.rs:843:23
[INFO] [stdout]     |
[INFO] [stdout] 843 |             let token_refund = AssetConversion::quote_price_exact_tokens_for_tokens(
[INFO] [stdout]     |                                ^^^^^^^^^^^^^^^ use of undeclared type `AssetConversion`
[INFO] [stdout] 
[INFO] [stdout] 
[INFO] [stdout] error[E0433]: failed to resolve: use of undeclared type `Assets`
[INFO] [stdout]    --> src/tests.rs:867:15
[INFO] [stdout]     |
[INFO] [stdout] 867 |             assert_eq!(Assets::balance(asset_id, caller), 0);
[INFO] [stdout]     |                        ^^^^^^
[INFO] [stdout]     |                        |
[INFO] [stdout]     |                        use of undeclared type `Assets`
[INFO] [stdout]     |                        help: a trait with a similar name exists: `AssetId`
[INFO] [stdout] 
[INFO] [stdout] 
[INFO] [stdout] Some errors have detailed explanations: E0412, E0432, E0433.
[INFO] [stdout] 
[INFO] [stdout] For more information about an error, try `rustc --explain E0412`.
[INFO] [stdout] 
[INFO] [stderr] error: could not compile `pallet-asset-conversion-tx-payment` (lib test) due to 179 previous errors; 2 warnings emitted
[INFO] running `Command { std: "docker" "inspect" "dea1dbd130e319c453ee7aa61a522e40a485e8d579c92aa4509dd044a321c3cb", kill_on_drop: false }`
[INFO] running `Command { std: "docker" "rm" "-f" "dea1dbd130e319c453ee7aa61a522e40a485e8d579c92aa4509dd044a321c3cb", kill_on_drop: false }`
[INFO] [stdout] dea1dbd130e319c453ee7aa61a522e40a485e8d579c92aa4509dd044a321c3cb
