[INFO] fetching crate pagetop-megamenu 0.0.10...
[INFO] testing pagetop-megamenu-0.0.10 against nightly-2024-10-28 for randomize-layout
[INFO] extracting crate pagetop-megamenu 0.0.10 into /workspace/builds/worker-4-tc1/source
[INFO] validating manifest of crates.io crate pagetop-megamenu 0.0.10 on toolchain nightly-2024-10-28
[INFO] running `Command { std: CARGO_HOME="/workspace/cargo-home" RUSTUP_HOME="/workspace/rustup-home" "/workspace/cargo-home/bin/cargo" "+nightly-2024-10-28" "metadata" "--manifest-path" "Cargo.toml" "--no-deps", kill_on_drop: false }`
[INFO] started tweaking crates.io crate pagetop-megamenu 0.0.10
[INFO] finished tweaking crates.io crate pagetop-megamenu 0.0.10
[INFO] tweaked toml for crates.io crate pagetop-megamenu 0.0.10 written to /workspace/builds/worker-4-tc1/source/Cargo.toml
[INFO] running `Command { std: CARGO_HOME="/workspace/cargo-home" RUSTUP_HOME="/workspace/rustup-home" "/workspace/cargo-home/bin/cargo" "+nightly-2024-10-28" "generate-lockfile" "--manifest-path" "Cargo.toml", kill_on_drop: false }`
[INFO] [stderr]     Updating crates.io index
[INFO] [stderr]      Locking 258 packages to latest compatible versions
[INFO] running `Command { std: CARGO_HOME="/workspace/cargo-home" RUSTUP_HOME="/workspace/rustup-home" "/workspace/cargo-home/bin/cargo" "+nightly-2024-10-28" "fetch" "--manifest-path" "Cargo.toml", kill_on_drop: false }`
[INFO] [stderr]  Downloading crates ...
[INFO] [stderr]   Downloaded change-detection v1.2.0
[INFO] [stderr]   Downloaded static-files v0.2.4
[INFO] [stderr]   Downloaded pagetop-jquery v0.0.8
[INFO] [stderr]   Downloaded pagetop-build v0.0.11
[INFO] [stderr]   Downloaded path-slash v0.1.5
[INFO] [stderr]   Downloaded path-matchers v1.0.2
[INFO] [stderr]   Downloaded fluent-template-macros v0.9.4
[INFO] [stderr]   Downloaded mutually_exclusive_features v0.1.0
[INFO] [stderr]   Downloaded tracing-actix-web v0.7.14
[INFO] [stderr]   Downloaded concat-string v1.0.1
[INFO] [stderr]   Downloaded pagetop-macros v0.0.13
[INFO] [stderr]   Downloaded actix-web-static-files v4.0.1
[INFO] [stderr]   Downloaded actix-session v0.9.0
[INFO] [stderr]   Downloaded figlet-rs v0.1.5
[INFO] [stderr]   Downloaded fluent-templates v0.9.4
[INFO] [stderr]   Downloaded pagetop v0.0.55
[INFO] running `Command { std: "docker" "create" "-v" "/var/lib/crater-agent-workspace/builds/worker-4-tc1/target:/opt/rustwide/target:rw,Z" "-v" "/var/lib/crater-agent-workspace/builds/worker-4-tc1/source:/opt/rustwide/workdir:ro,Z" "-v" "/var/lib/crater-agent-workspace/cargo-home:/opt/rustwide/cargo-home:ro,Z" "-v" "/var/lib/crater-agent-workspace/rustup-home:/opt/rustwide/rustup-home:ro,Z" "-e" "SOURCE_DIR=/opt/rustwide/workdir" "-e" "CARGO_TARGET_DIR=/opt/rustwide/target" "-e" "CARGO_HOME=/opt/rustwide/cargo-home" "-e" "RUSTUP_HOME=/opt/rustwide/rustup-home" "-w" "/opt/rustwide/workdir" "-m" "1610612736" "--user" "0:0" "--network" "none" "ghcr.io/rust-lang/crates-build-env/linux@sha256:4a844ea9eb2546a2d2c7022eacef16ef2e8229c7fbb2c7d4d55a9ceca922f72d" "/opt/rustwide/cargo-home/bin/cargo" "+nightly-2024-10-28" "metadata" "--no-deps" "--format-version=1", kill_on_drop: false }`
[INFO] [stdout] eaa7682a1a3babe4d73b66dd433160ed8f015e0745e4510a09da6bbd0f31a959
[INFO] running `Command { std: "docker" "start" "-a" "eaa7682a1a3babe4d73b66dd433160ed8f015e0745e4510a09da6bbd0f31a959", kill_on_drop: false }`
[INFO] running `Command { std: "docker" "inspect" "eaa7682a1a3babe4d73b66dd433160ed8f015e0745e4510a09da6bbd0f31a959", kill_on_drop: false }`
[INFO] running `Command { std: "docker" "rm" "-f" "eaa7682a1a3babe4d73b66dd433160ed8f015e0745e4510a09da6bbd0f31a959", kill_on_drop: false }`
[INFO] [stdout] eaa7682a1a3babe4d73b66dd433160ed8f015e0745e4510a09da6bbd0f31a959
[INFO] running `Command { std: "docker" "create" "-v" "/var/lib/crater-agent-workspace/builds/worker-4-tc1/target:/opt/rustwide/target:rw,Z" "-v" "/var/lib/crater-agent-workspace/builds/worker-4-tc1/source:/opt/rustwide/workdir:ro,Z" "-v" "/var/lib/crater-agent-workspace/cargo-home:/opt/rustwide/cargo-home:ro,Z" "-v" "/var/lib/crater-agent-workspace/rustup-home:/opt/rustwide/rustup-home:ro,Z" "-e" "SOURCE_DIR=/opt/rustwide/workdir" "-e" "CARGO_TARGET_DIR=/opt/rustwide/target" "-e" "CARGO_INCREMENTAL=0" "-e" "RUST_BACKTRACE=full" "-e" "RUSTFLAGS=--cap-lints=forbid" "-e" "RUSTDOCFLAGS=--cap-lints=forbid" "-e" "CARGO_HOME=/opt/rustwide/cargo-home" "-e" "RUSTUP_HOME=/opt/rustwide/rustup-home" "-w" "/opt/rustwide/workdir" "-m" "1610612736" "--user" "0:0" "--network" "none" "ghcr.io/rust-lang/crates-build-env/linux@sha256:4a844ea9eb2546a2d2c7022eacef16ef2e8229c7fbb2c7d4d55a9ceca922f72d" "/opt/rustwide/cargo-home/bin/cargo" "+nightly-2024-10-28" "build" "--frozen" "--message-format=json", kill_on_drop: false }`
[INFO] [stdout] 8b54a44777f61c2b884fcbff34bb653461a510253951ab4b67148a1d27b75937
[INFO] running `Command { std: "docker" "start" "-a" "8b54a44777f61c2b884fcbff34bb653461a510253951ab4b67148a1d27b75937", kill_on_drop: false }`
[INFO] [stderr]    Compiling generic-array v0.14.7
[INFO] [stderr]    Compiling pin-project-lite v0.2.15
[INFO] [stderr]    Compiling getrandom v0.2.15
[INFO] [stderr]    Compiling unicase v2.8.0
[INFO] [stderr]    Compiling tracing-core v0.1.32
[INFO] [stderr]    Compiling subtle v2.6.1
[INFO] [stderr]    Compiling aho-corasick v1.1.3
[INFO] [stderr]    Compiling glob v0.3.1
[INFO] [stderr]    Compiling parking_lot_core v0.9.10
[INFO] [stderr]    Compiling tracing-attributes v0.1.27
[INFO] [stderr]    Compiling rand_core v0.6.4
[INFO] [stderr]    Compiling mime_guess v2.0.5
[INFO] [stderr]    Compiling path-matchers v1.0.2
[INFO] [stderr]    Compiling path-slash v0.1.5
[INFO] [stderr]    Compiling futures-core v0.3.31
[INFO] [stderr]    Compiling change-detection v1.2.0
[INFO] [stderr]    Compiling jobserver v0.1.32
[INFO] [stderr]    Compiling displaydoc v0.2.5
[INFO] [stderr]    Compiling socket2 v0.5.7
[INFO] [stderr]    Compiling crypto-common v0.1.6
[INFO] [stderr]    Compiling cc v1.1.31
[INFO] [stderr]    Compiling parking_lot v0.12.3
[INFO] [stderr]    Compiling block-buffer v0.10.4
[INFO] [stderr]    Compiling mio v1.0.2
[INFO] [stderr]    Compiling signal-hook-registry v1.4.2
[INFO] [stderr]    Compiling regex-automata v0.4.8
[INFO] [stderr]    Compiling proc-macro-hack v0.5.20+deprecated
[INFO] [stderr]    Compiling static-files v0.2.4
[INFO] [stderr]    Compiling zerocopy v0.7.35
[INFO] [stderr]    Compiling tracing v0.1.40
[INFO] [stderr]    Compiling indexmap v2.6.0
[INFO] [stderr]    Compiling tokio v1.41.0
[INFO] [stderr]    Compiling tinystr v0.7.6
[INFO] [stderr]    Compiling digest v0.10.7
[INFO] [stderr]    Compiling slab v0.4.9
[INFO] [stderr]    Compiling unic-langid-impl v0.9.5
[INFO] [stderr]    Compiling zstd-sys v2.0.13+zstd.1.5.6
[INFO] [stderr]    Compiling inout v0.1.3
[INFO] [stderr]    Compiling futures-sink v0.3.31
[INFO] [stderr]    Compiling serde_json v1.0.132
[INFO] [stderr]    Compiling http v0.2.12
[INFO] [stderr]    Compiling cipher v0.4.4
[INFO] [stderr]    Compiling ppv-lite86 v0.2.20
[INFO] [stderr]    Compiling unic-langid-macros-impl v0.9.5
[INFO] [stderr]    Compiling universal-hash v0.5.1
[INFO] [stderr]    Compiling crossbeam-utils v0.8.20
[INFO] [stderr]    Compiling powerfmt v0.2.0
[INFO] [stderr]    Compiling alloc-no-stdlib v2.0.4
[INFO] [stderr]    Compiling num-conv v0.1.0
[INFO] [stderr]    Compiling local-waker v0.1.4
[INFO] [stderr]    Compiling zstd-safe v7.2.1
[INFO] [stderr]    Compiling futures-task v0.3.31
[INFO] [stderr]    Compiling time-core v0.1.2
[INFO] [stderr]    Compiling futures-util v0.3.31
[INFO] [stderr]    Compiling time-macros v0.2.18
[INFO] [stderr]    Compiling unic-langid-macros v0.9.5
[INFO] [stderr]    Compiling alloc-stdlib v0.2.2
[INFO] [stderr]    Compiling polyval v0.6.2
[INFO] [stderr]    Compiling deranged v0.3.11
[INFO] [stderr]    Compiling regex v1.11.1
[INFO] [stderr]    Compiling rand_chacha v0.3.1
[INFO] [stderr]    Compiling bytestring v1.3.1
[INFO] [stderr]    Compiling ahash v0.8.11
[INFO] [stderr]    Compiling httparse v1.9.5
[INFO] [stderr]    Compiling actix-service v2.0.2
[INFO] [stderr]    Compiling rand v0.8.5
[INFO] [stderr]    Compiling time v0.3.36
[INFO] [stderr]    Compiling tokio-util v0.7.12
[INFO] [stderr]    Compiling actix-rt v2.10.0
[INFO] [stderr]    Compiling ghash v0.5.1
[INFO] [stderr]    Compiling brotli-decompressor v4.0.1
[INFO] [stderr]    Compiling unic-langid v0.9.5
[INFO] [stderr]    Compiling actix-utils v3.0.1
[INFO] [stderr]    Compiling aes v0.8.4
[INFO] [stderr]    Compiling ctr v0.9.2
[INFO] [stderr]    Compiling hmac v0.12.1
[INFO] [stderr]    Compiling aead v0.5.2
[INFO] [stderr]    Compiling cookie v0.16.2
[INFO] [stderr]    Compiling regex-lite v0.1.6
[INFO] [stderr]    Compiling convert_case v0.4.0
[INFO] [stderr]    Compiling actix-codec v0.5.2
[INFO] [stderr]    Compiling derive_more v0.99.18
[INFO] [stderr]    Compiling flate2 v1.0.34
[INFO] [stderr]    Compiling aes-gcm v0.10.3
[INFO] [stderr]    Compiling brotli v6.0.0
[INFO] [stderr]    Compiling actix-router v0.5.3
[INFO] [stderr]    Compiling hkdf v0.12.4
[INFO] [stderr]    Compiling h2 v0.3.26
[INFO] [stderr]    Compiling local-channel v0.1.5
[INFO] [stderr]    Compiling pagetop-build v0.0.11
[INFO] [stderr]    Compiling sha1 v0.10.6
[INFO] [stderr]    Compiling sha2 v0.10.8
[INFO] [stderr]    Compiling encoding_rs v0.8.35
[INFO] [stderr]    Compiling httpdate v1.0.3
[INFO] [stderr]    Compiling base64 v0.20.0
[INFO] [stderr]    Compiling language-tags v0.3.2
[INFO] [stderr]    Compiling actix-web-codegen v4.3.0
[INFO] [stderr]    Compiling serde_urlencoded v0.7.1
[INFO] [stderr]    Compiling actix-server v2.5.0
[INFO] [stderr]    Compiling actix-macros v0.2.4
[INFO] [stderr]    Compiling impl-more v0.1.8
[INFO] [stderr]    Compiling type-map v0.5.0
[INFO] [stderr]    Compiling crossbeam-epoch v0.9.18
[INFO] [stderr]    Compiling toml_datetime v0.6.8
[INFO] [stderr]    Compiling serde_spanned v0.6.8
[INFO] [stderr]    Compiling proc-macro-error-attr v1.0.4
[INFO] [stderr]    Compiling winnow v0.6.20
[INFO] [stderr]    Compiling syn v1.0.109
[INFO] [stderr]    Compiling regex-syntax v0.6.29
[INFO] [stderr]    Compiling self_cell v1.0.4
[INFO] [stderr]    Compiling self_cell v0.10.3
[INFO] [stderr]    Compiling globset v0.4.15
[INFO] [stderr]    Compiling crossbeam-deque v0.8.5
[INFO] [stderr]    Compiling intl-memoizer v0.5.2
[INFO] [stderr]    Compiling fluent-syntax v0.11.1
[INFO] [stderr]    Compiling intl_pluralrules v7.0.2
[INFO] [stderr]    Compiling fluent-langneg v0.13.0
[INFO] [stderr]    Compiling spin v0.9.8
[INFO] [stderr]    Compiling proc-macro-error v1.0.4
[INFO] [stderr]    Compiling num-traits v0.2.19
[INFO] [stderr]    Compiling overload v0.1.1
[INFO] [stderr]    Compiling v_htmlescape v0.15.8
[INFO] [stderr]    Compiling sharded-slab v0.1.7
[INFO] [stderr]    Compiling nu-ansi-term v0.46.0
[INFO] [stderr]    Compiling flume v0.11.1
[INFO] [stderr]    Compiling regex-automata v0.1.10
[INFO] [stderr]    Compiling toml_edit v0.22.22
[INFO] [stderr]    Compiling fluent-bundle v0.15.3
[INFO] [stderr]    Compiling ignore v0.4.23
[INFO] [stderr]    Compiling matchers v0.1.0
[INFO] [stderr]    Compiling actix-web-static-files v4.0.1
[INFO] [stderr]    Compiling tracing-log v0.2.0
[INFO] [stderr]    Compiling tracing-serde v0.1.3
[INFO] [stderr]    Compiling pin-project-internal v1.1.7
[INFO] [stderr]    Compiling thread_local v1.1.8
[INFO] [stderr]    Compiling substring v1.4.5
[INFO] [stderr]    Compiling tracing-subscriber v0.3.18
[INFO] [stderr]    Compiling fluent v0.16.1
[INFO] [stderr]    Compiling pagetop v0.0.55
[INFO] [stderr]    Compiling proc-macro-crate v3.2.0
[INFO] [stderr]    Compiling crossbeam-channel v0.5.13
[INFO] [stderr]    Compiling uuid v1.11.0
[INFO] [stderr]    Compiling arc-swap v1.7.1
[INFO] [stderr]    Compiling heck v0.5.0
[INFO] [stderr]    Compiling fluent-template-macros v0.9.4
[INFO] [stderr]    Compiling pin-project v1.1.7
[INFO] [stderr]    Compiling http-range v0.1.5
[INFO] [stderr]    Compiling mutually_exclusive_features v0.1.0
[INFO] [stderr]    Compiling concat-string v1.0.1
[INFO] [stderr]    Compiling chrono v0.4.38
[INFO] [stderr]    Compiling toml v0.8.19
[INFO] [stderr]    Compiling pagetop-jquery v0.0.8
[INFO] [stderr]    Compiling term_size v0.3.2
[INFO] [stderr]    Compiling figlet-rs v0.1.5
[INFO] [stderr]    Compiling pagetop-megamenu v0.0.10 (/opt/rustwide/workdir)
[INFO] [stderr]    Compiling tracing-appender v0.2.3
[INFO] [stderr]    Compiling fluent-templates v0.9.4
[INFO] [stderr]    Compiling pagetop-macros v0.0.13
[INFO] [stderr]    Compiling zstd v0.13.2
[INFO] [stderr]    Compiling actix-http v3.9.0
[INFO] [stderr]    Compiling actix-web v4.9.0
[INFO] [stderr]    Compiling tracing-actix-web v0.7.14
[INFO] [stderr]    Compiling actix-files v0.6.6
[INFO] [stderr]    Compiling actix-session v0.9.0
[INFO] [stdout] error: cannot find macro `static_files_service` in this scope
[INFO] [stdout]   --> /opt/rustwide/cargo-home/registry/src/index.crates.io-6f17d22bba15001f/pagetop-jquery-0.0.8/src/lib.rs:36:9
[INFO] [stdout]    |
[INFO] [stdout] 36 |         static_files_service!(scfg, "/jquery", jquery);
[INFO] [stdout]    |         ^^^^^^^^^^^^^^^^^^^^
[INFO] [stdout] 
[INFO] [stdout] 
[INFO] [stdout] error: cannot find macro `action` in this scope
[INFO] [stdout]   --> /opt/rustwide/cargo-home/registry/src/index.crates.io-6f17d22bba15001f/pagetop-jquery-0.0.8/src/lib.rs:32:14
[INFO] [stdout]    |
[INFO] [stdout] 32 |         vec![action!(ActionAfterPrepareBody => after_prepare_body)]
[INFO] [stdout]    |              ^^^^^^ help: a macro with a similar name exists: `actions`
[INFO] [stdout]    |
[INFO] [stdout]   ::: /opt/rustwide/cargo-home/registry/src/index.crates.io-6f17d22bba15001f/pagetop-0.0.55/src/core/action.rs:12:1
[INFO] [stdout]    |
[INFO] [stdout] 12 | macro_rules! actions {
[INFO] [stdout]    | -------------------- similarly named macro `actions` defined here
[INFO] [stdout]    |
[INFO] [stdout] note: `action` is imported here, but it is a module, not a macro
[INFO] [stdout]   --> /opt/rustwide/cargo-home/registry/src/index.crates.io-6f17d22bba15001f/pagetop-jquery-0.0.8/src/lib.rs:1:5
[INFO] [stdout]    |
[INFO] [stdout] 1  | use pagetop::prelude::*;
[INFO] [stdout]    |     ^^^^^^^^^^^^^^^^^^^
[INFO] [stdout] 
[INFO] [stdout] 
[INFO] [stdout] error: cannot find macro `new_handle` in this scope
[INFO] [stdout]  --> /opt/rustwide/cargo-home/registry/src/index.crates.io-6f17d22bba15001f/pagetop-jquery-0.0.8/src/lib.rs:3:1
[INFO] [stdout]   |
[INFO] [stdout] 3 | new_handle!(MODULE_JQUERY);
[INFO] [stdout]   | ^^^^^^^^^^
[INFO] [stdout] 
[INFO] [stdout] 
[INFO] [stdout] error[E0405]: cannot find trait `ModuleTrait` in this scope
[INFO] [stdout]   --> /opt/rustwide/cargo-home/registry/src/index.crates.io-6f17d22bba15001f/pagetop-jquery-0.0.8/src/lib.rs:18:6
[INFO] [stdout]    |
[INFO] [stdout] 18 | impl ModuleTrait for JQuery {
[INFO] [stdout]    |      ^^^^^^^^^^^ not found in this scope
[INFO] [stdout] 
[INFO] [stdout] 
[INFO] [stdout] error[E0412]: cannot find type `Handle` in this scope
[INFO] [stdout]   --> /opt/rustwide/cargo-home/registry/src/index.crates.io-6f17d22bba15001f/pagetop-jquery-0.0.8/src/lib.rs:19:25
[INFO] [stdout]    |
[INFO] [stdout] 19 |     fn handle(&self) -> Handle {
[INFO] [stdout]    |                         ^^^^^^ not found in this scope
[INFO] [stdout] 
[INFO] [stdout] 
[INFO] [stdout] error[E0425]: cannot find value `MODULE_JQUERY` in this scope
[INFO] [stdout]   --> /opt/rustwide/cargo-home/registry/src/index.crates.io-6f17d22bba15001f/pagetop-jquery-0.0.8/src/lib.rs:20:9
[INFO] [stdout]    |
[INFO] [stdout] 5  | static_locales!(LOCALES_JQUERY);
[INFO] [stdout]    | ------------------------------- similarly named static `LOCALES_JQUERY` defined here
[INFO] [stdout] ...
[INFO] [stdout] 20 |         MODULE_JQUERY
[INFO] [stdout]    |         ^^^^^^^^^^^^^ help: a static with a similar name exists: `LOCALES_JQUERY`
[INFO] [stdout] 
[INFO] [stdout] 
[INFO] [stdout] error[E0412]: cannot find type `Action` in this scope
[INFO] [stdout]   --> /opt/rustwide/cargo-home/registry/src/index.crates.io-6f17d22bba15001f/pagetop-jquery-0.0.8/src/lib.rs:31:30
[INFO] [stdout]    |
[INFO] [stdout] 31 |     fn actions(&self) -> Vec<Action> {
[INFO] [stdout]    |                              ^^^^^^
[INFO] [stdout]   --> /rustc/df4ca44d3fbc9301ee17f30f4d474e6ae4b05252/library/core/src/option.rs:571:1
[INFO] [stdout]    |
[INFO] [stdout]    = note: similarly named enum `Option` defined here
[INFO] [stdout]    |
[INFO] [stdout] help: an enum with a similar name exists
[INFO] [stdout]    |
[INFO] [stdout] 31 |     fn actions(&self) -> Vec<Option> {
[INFO] [stdout]    |                              ~~~~~~
[INFO] [stdout] help: you might be missing a type parameter
[INFO] [stdout]    |
[INFO] [stdout] 18 | impl<Action> ModuleTrait for JQuery {
[INFO] [stdout]    |     ++++++++
[INFO] [stdout] 
[INFO] [stdout] 
[INFO] [stdout] error[E0433]: failed to resolve: use of undeclared type `ContextOp`
[INFO] [stdout]   --> /opt/rustwide/cargo-home/registry/src/index.crates.io-6f17d22bba15001f/pagetop-jquery-0.0.8/src/lib.rs:54:30
[INFO] [stdout]    |
[INFO] [stdout] 54 |         page.context().alter(ContextOp::AddJavaScript(
[INFO] [stdout]    |                              ^^^^^^^^^
[INFO] [stdout]    |                              |
[INFO] [stdout]    |                              use of undeclared type `ContextOp`
[INFO] [stdout]    |                              help: a struct with a similar name exists: `Context`
[INFO] [stdout] 
[INFO] [stdout] 
[INFO] [stdout] Some errors have detailed explanations: E0405, E0412, E0425, E0433.
[INFO] [stdout] 
[INFO] [stdout] For more information about an error, try `rustc --explain E0405`.
[INFO] [stdout] 
[INFO] [stderr] error: could not compile `pagetop-jquery` (lib) due to 8 previous errors
[INFO] [stderr] warning: build failed, waiting for other jobs to finish...
[INFO] running `Command { std: "docker" "inspect" "8b54a44777f61c2b884fcbff34bb653461a510253951ab4b67148a1d27b75937", kill_on_drop: false }`
[INFO] running `Command { std: "docker" "rm" "-f" "8b54a44777f61c2b884fcbff34bb653461a510253951ab4b67148a1d27b75937", kill_on_drop: false }`
[INFO] [stdout] 8b54a44777f61c2b884fcbff34bb653461a510253951ab4b67148a1d27b75937
