[INFO] fetching crate pagetop-bulmix 0.0.17...
[INFO] testing pagetop-bulmix-0.0.17 against nightly-2024-10-28 for randomize-layout
[INFO] extracting crate pagetop-bulmix 0.0.17 into /workspace/builds/worker-1-tc1/source
[INFO] validating manifest of crates.io crate pagetop-bulmix 0.0.17 on toolchain nightly-2024-10-28
[INFO] running `Command { std: CARGO_HOME="/workspace/cargo-home" RUSTUP_HOME="/workspace/rustup-home" "/workspace/cargo-home/bin/cargo" "+nightly-2024-10-28" "metadata" "--manifest-path" "Cargo.toml" "--no-deps", kill_on_drop: false }`
[INFO] started tweaking crates.io crate pagetop-bulmix 0.0.17
[INFO] finished tweaking crates.io crate pagetop-bulmix 0.0.17
[INFO] tweaked toml for crates.io crate pagetop-bulmix 0.0.17 written to /workspace/builds/worker-1-tc1/source/Cargo.toml
[INFO] running `Command { std: CARGO_HOME="/workspace/cargo-home" RUSTUP_HOME="/workspace/rustup-home" "/workspace/cargo-home/bin/cargo" "+nightly-2024-10-28" "generate-lockfile" "--manifest-path" "Cargo.toml", kill_on_drop: false }`
[INFO] [stderr]     Blocking waiting for file lock on package cache
[INFO] [stderr]     Updating crates.io index
[INFO] [stderr]     Blocking waiting for file lock on package cache
[INFO] [stderr]      Locking 257 packages to latest compatible versions
[INFO] running `Command { std: CARGO_HOME="/workspace/cargo-home" RUSTUP_HOME="/workspace/rustup-home" "/workspace/cargo-home/bin/cargo" "+nightly-2024-10-28" "fetch" "--manifest-path" "Cargo.toml", kill_on_drop: false }`
[INFO] [stderr]     Blocking waiting for file lock on package cache
[INFO] running `Command { std: "docker" "create" "-v" "/var/lib/crater-agent-workspace/builds/worker-1-tc1/target:/opt/rustwide/target:rw,Z" "-v" "/var/lib/crater-agent-workspace/builds/worker-1-tc1/source:/opt/rustwide/workdir:ro,Z" "-v" "/var/lib/crater-agent-workspace/cargo-home:/opt/rustwide/cargo-home:ro,Z" "-v" "/var/lib/crater-agent-workspace/rustup-home:/opt/rustwide/rustup-home:ro,Z" "-e" "SOURCE_DIR=/opt/rustwide/workdir" "-e" "CARGO_TARGET_DIR=/opt/rustwide/target" "-e" "CARGO_HOME=/opt/rustwide/cargo-home" "-e" "RUSTUP_HOME=/opt/rustwide/rustup-home" "-w" "/opt/rustwide/workdir" "-m" "1610612736" "--user" "0:0" "--network" "none" "ghcr.io/rust-lang/crates-build-env/linux@sha256:4a844ea9eb2546a2d2c7022eacef16ef2e8229c7fbb2c7d4d55a9ceca922f72d" "/opt/rustwide/cargo-home/bin/cargo" "+nightly-2024-10-28" "metadata" "--no-deps" "--format-version=1", kill_on_drop: false }`
[INFO] [stdout] 424890920f2f914a18b82f6975d25d45b9d75a9c86aa200c20fdc47f406b0532
[INFO] running `Command { std: "docker" "start" "-a" "424890920f2f914a18b82f6975d25d45b9d75a9c86aa200c20fdc47f406b0532", kill_on_drop: false }`
[INFO] running `Command { std: "docker" "inspect" "424890920f2f914a18b82f6975d25d45b9d75a9c86aa200c20fdc47f406b0532", kill_on_drop: false }`
[INFO] running `Command { std: "docker" "rm" "-f" "424890920f2f914a18b82f6975d25d45b9d75a9c86aa200c20fdc47f406b0532", kill_on_drop: false }`
[INFO] [stdout] 424890920f2f914a18b82f6975d25d45b9d75a9c86aa200c20fdc47f406b0532
[INFO] running `Command { std: "docker" "create" "-v" "/var/lib/crater-agent-workspace/builds/worker-1-tc1/target:/opt/rustwide/target:rw,Z" "-v" "/var/lib/crater-agent-workspace/builds/worker-1-tc1/source:/opt/rustwide/workdir:ro,Z" "-v" "/var/lib/crater-agent-workspace/cargo-home:/opt/rustwide/cargo-home:ro,Z" "-v" "/var/lib/crater-agent-workspace/rustup-home:/opt/rustwide/rustup-home:ro,Z" "-e" "SOURCE_DIR=/opt/rustwide/workdir" "-e" "CARGO_TARGET_DIR=/opt/rustwide/target" "-e" "CARGO_INCREMENTAL=0" "-e" "RUST_BACKTRACE=full" "-e" "RUSTFLAGS=--cap-lints=forbid" "-e" "RUSTDOCFLAGS=--cap-lints=forbid" "-e" "CARGO_HOME=/opt/rustwide/cargo-home" "-e" "RUSTUP_HOME=/opt/rustwide/rustup-home" "-w" "/opt/rustwide/workdir" "-m" "1610612736" "--user" "0:0" "--network" "none" "ghcr.io/rust-lang/crates-build-env/linux@sha256:4a844ea9eb2546a2d2c7022eacef16ef2e8229c7fbb2c7d4d55a9ceca922f72d" "/opt/rustwide/cargo-home/bin/cargo" "+nightly-2024-10-28" "build" "--frozen" "--message-format=json", kill_on_drop: false }`
[INFO] [stdout] 0962396035a497fcdf3bc04303a98d4ea6229a6ee78fba9488dcca59ecf0e2ff
[INFO] running `Command { std: "docker" "start" "-a" "0962396035a497fcdf3bc04303a98d4ea6229a6ee78fba9488dcca59ecf0e2ff", kill_on_drop: false }`
[INFO] [stderr]    Compiling log v0.4.22
[INFO] [stderr]    Compiling serde v1.0.214
[INFO] [stderr]    Compiling aho-corasick v1.1.3
[INFO] [stderr]    Compiling serde_derive v1.0.214
[INFO] [stderr]    Compiling subtle v2.6.1
[INFO] [stderr]    Compiling tracing-core v0.1.32
[INFO] [stderr]    Compiling crypto-common v0.1.6
[INFO] [stderr]    Compiling mime_guess v2.0.5
[INFO] [stderr]    Compiling tracing-attributes v0.1.27
[INFO] [stderr]    Compiling displaydoc v0.2.5
[INFO] [stderr]    Compiling regex-syntax v0.8.5
[INFO] [stderr]    Compiling glob v0.3.1
[INFO] [stderr]    Compiling path-matchers v1.0.2
[INFO] [stderr]    Compiling cc v1.1.31
[INFO] [stderr]    Compiling tinystr v0.7.6
[INFO] [stderr]    Compiling mio v1.0.2
[INFO] [stderr]    Compiling zerocopy-derive v0.7.35
[INFO] [stderr]    Compiling path-slash v0.1.5
[INFO] [stderr]    Compiling change-detection v1.2.0
[INFO] [stderr]    Compiling tracing v0.1.40
[INFO] [stderr]    Compiling tokio v1.41.0
[INFO] [stderr]    Compiling digest v0.10.7
[INFO] [stderr]    Compiling zerocopy v0.7.35
[INFO] [stderr]    Compiling unic-langid-impl v0.9.5
[INFO] [stderr]    Compiling proc-macro-hack v0.5.20+deprecated
[INFO] [stderr]    Compiling static-files v0.2.4
[INFO] [stderr]    Compiling inout v0.1.3
[INFO] [stderr]    Compiling regex-automata v0.4.8
[INFO] [stderr]    Compiling ppv-lite86 v0.2.20
[INFO] [stderr]    Compiling cipher v0.4.4
[INFO] [stderr]    Compiling zstd-sys v2.0.13+zstd.1.5.6
[INFO] [stderr]    Compiling universal-hash v0.5.1
[INFO] [stderr]    Compiling alloc-no-stdlib v2.0.4
[INFO] [stderr]    Compiling opaque-debug v0.3.1
[INFO] [stderr]    Compiling zstd-safe v7.2.1
[INFO] [stderr]    Compiling local-waker v0.1.4
[INFO] [stderr]    Compiling futures-util v0.3.31
[INFO] [stderr]    Compiling unic-langid-macros-impl v0.9.5
[INFO] [stderr]    Compiling polyval v0.6.2
[INFO] [stderr]    Compiling alloc-stdlib v0.2.2
[INFO] [stderr]    Compiling rand_chacha v0.3.1
[INFO] [stderr]    Compiling regex-lite v0.1.6
[INFO] [stderr]    Compiling regex v1.11.1
[INFO] [stderr]    Compiling miniz_oxide v0.8.0
[INFO] [stderr]    Compiling rand v0.8.5
[INFO] [stderr]    Compiling tokio-util v0.7.12
[INFO] [stderr]    Compiling actix-rt v2.10.0
[INFO] [stderr]    Compiling bytestring v1.3.1
[INFO] [stderr]    Compiling actix-service v2.0.2
[INFO] [stderr]    Compiling unic-langid-macros v0.9.5
[INFO] [stderr]    Compiling brotli-decompressor v4.0.1
[INFO] [stderr]    Compiling serde_json v1.0.132
[INFO] [stderr]    Compiling ghash v0.5.1
[INFO] [stderr]    Compiling time v0.3.36
[INFO] [stderr]    Compiling actix-utils v3.0.1
[INFO] [stderr]    Compiling aes v0.8.4
[INFO] [stderr]    Compiling ctr v0.9.2
[INFO] [stderr]    Compiling hmac v0.12.1
[INFO] [stderr]    Compiling aead v0.5.2
[INFO] [stderr]    Compiling cookie v0.16.2
[INFO] [stderr]    Compiling bitflags v2.6.0
[INFO] [stderr]    Compiling convert_case v0.4.0
[INFO] [stderr]    Compiling flate2 v1.0.34
[INFO] [stderr]    Compiling aes-gcm v0.10.3
[INFO] [stderr]    Compiling actix-codec v0.5.2
[INFO] [stderr]    Compiling hkdf v0.12.4
[INFO] [stderr]    Compiling derive_more v0.99.18
[INFO] [stderr]    Compiling brotli v6.0.0
[INFO] [stderr]    Compiling unic-langid v0.9.5
[INFO] [stderr]    Compiling ahash v0.8.11
[INFO] [stderr]    Compiling h2 v0.3.26
[INFO] [stderr]    Compiling local-channel v0.1.5
[INFO] [stderr]    Compiling sha2 v0.10.8
[INFO] [stderr]    Compiling sha1 v0.10.6
[INFO] [stderr]    Compiling thiserror-impl v1.0.66
[INFO] [stderr]    Compiling actix-router v0.5.3
[INFO] [stderr]    Compiling bstr v1.10.0
[INFO] [stderr]    Compiling language-tags v0.3.2
[INFO] [stderr]    Compiling base64 v0.20.0
[INFO] [stderr]    Compiling thiserror v1.0.66
[INFO] [stderr]    Compiling actix-web-codegen v4.3.0
[INFO] [stderr]    Compiling serde_urlencoded v0.7.1
[INFO] [stderr]    Compiling actix-server v2.5.0
[INFO] [stderr]    Compiling crossbeam-epoch v0.9.18
[INFO] [stderr]    Compiling actix-macros v0.2.4
[INFO] [stderr]    Compiling impl-more v0.1.8
[INFO] [stderr]    Compiling rustc-hash v1.1.0
[INFO] [stderr]    Compiling crossbeam-deque v0.8.5
[INFO] [stderr]    Compiling type-map v0.5.0
[INFO] [stderr]    Compiling pagetop-build v0.0.11
[INFO] [stderr]    Compiling proc-macro-error-attr v1.0.4
[INFO] [stderr]    Compiling syn v1.0.109
[INFO] [stderr]    Compiling self_cell v1.0.4
[INFO] [stderr]    Compiling self_cell v0.10.3
[INFO] [stderr]    Compiling intl-memoizer v0.5.2
[INFO] [stderr]    Compiling fluent-syntax v0.11.1
[INFO] [stderr]    Compiling fluent-langneg v0.13.0
[INFO] [stderr]    Compiling intl_pluralrules v7.0.2
[INFO] [stderr]    Compiling proc-macro-error v1.0.4
[INFO] [stderr]    Compiling num-traits v0.2.19
[INFO] [stderr]    Compiling v_htmlescape v0.15.8
[INFO] [stderr]    Compiling overload v0.1.1
[INFO] [stderr]    Compiling toml_datetime v0.6.8
[INFO] [stderr]    Compiling nu-ansi-term v0.46.0
[INFO] [stderr]    Compiling fluent-bundle v0.15.3
[INFO] [stderr]    Compiling toml_edit v0.22.22
[INFO] [stderr]    Compiling flume v0.11.1
[INFO] [stderr]    Compiling globset v0.4.15
[INFO] [stderr]    Compiling tracing-serde v0.1.3
[INFO] [stderr]    Compiling serde_spanned v0.6.8
[INFO] [stderr]    Compiling actix-web-static-files v4.0.1
[INFO] [stderr]    Compiling tracing-log v0.2.0
[INFO] [stderr]    Compiling pin-project-internal v1.1.7
[INFO] [stderr]    Compiling substring v1.4.5
[INFO] [stderr]    Compiling tracing-subscriber v0.3.18
[INFO] [stderr]    Compiling proc-macro-crate v3.2.0
[INFO] [stderr]    Compiling pin-project v1.1.7
[INFO] [stderr]    Compiling ignore v0.4.23
[INFO] [stderr]    Compiling fluent v0.16.1
[INFO] [stderr]    Compiling pagetop v0.0.55
[INFO] [stderr]    Compiling uuid v1.11.0
[INFO] [stderr]    Compiling concat-string v1.0.1
[INFO] [stderr]    Compiling arc-swap v1.7.1
[INFO] [stderr]    Compiling heck v0.5.0
[INFO] [stderr]    Compiling mutually_exclusive_features v0.1.0
[INFO] [stderr]    Compiling http-range v0.1.5
[INFO] [stderr]    Compiling chrono v0.4.38
[INFO] [stderr]    Compiling pagetop-macros v0.0.13
[INFO] [stderr]    Compiling zstd v0.13.2
[INFO] [stderr]    Compiling tracing-appender v0.2.3
[INFO] [stderr]    Compiling toml v0.8.19
[INFO] [stderr]    Compiling actix-http v3.9.0
[INFO] [stderr]    Compiling pagetop-bulmix v0.0.17 (/opt/rustwide/workdir)
[INFO] [stderr]    Compiling fluent-template-macros v0.9.4
[INFO] [stderr]    Compiling term_size v0.3.2
[INFO] [stderr]    Compiling figlet-rs v0.1.5
[INFO] [stderr]    Compiling fluent-templates v0.9.4
[INFO] [stderr]    Compiling actix-web v4.9.0
[INFO] [stderr]    Compiling actix-session v0.9.0
[INFO] [stderr]    Compiling actix-files v0.6.6
[INFO] [stderr]    Compiling tracing-actix-web v0.7.14
[INFO] [stdout] error[E0599]: no method named `alter_favicon` found for mutable reference `&mut pagetop::prelude::Page` in the current scope
[INFO] [stdout]    --> src/lib.rs:40:14
[INFO] [stdout]     |
[INFO] [stdout] 40  |         page.alter_favicon(Some(Favicon::new().with_icon("/base/favicon.ico")))
[INFO] [stdout]     |              ^^^^^^^^^^^^^
[INFO] [stdout]     |
[INFO] [stdout] help: there is a method `favicon` with a similar name, but with different arguments
[INFO] [stdout]    --> /opt/rustwide/cargo-home/registry/src/index.crates.io-6f17d22bba15001f/pagetop-0.0.55/src/response/page.rs:148:5
[INFO] [stdout]     |
[INFO] [stdout] 148 |     pub fn favicon(&self) -> &Option<Favicon> {
[INFO] [stdout]     |     ^^^^^^^^^^^^^^^^^^^^^^^^^^^^^^^^^^^^^^^^^
[INFO] [stdout] 
[INFO] [stdout] 
[INFO] [stdout] error[E0599]: no method named `alter_classes` found for mutable reference `&mut pagetop::prelude::Icon` in the current scope
[INFO] [stdout]   --> src/lib.rs:54:7
[INFO] [stdout]    |
[INFO] [stdout] 54 |     i.alter_classes(
[INFO] [stdout]    |     --^^^^^^^^^^^^^
[INFO] [stdout]    |
[INFO] [stdout] help: there is a method `classes` with a similar name, but with different arguments
[INFO] [stdout]   --> /opt/rustwide/cargo-home/registry/src/index.crates.io-6f17d22bba15001f/pagetop-0.0.55/src/core/component/classes.rs:11:5
[INFO] [stdout]    |
[INFO] [stdout] 11 |     fn classes(&self) -> &OptionClasses;
[INFO] [stdout]    |     ^^^^^^^^^^^^^^^^^^^^^^^^^^^^^^^^^^^^
[INFO] [stdout] 
[INFO] [stdout] 
[INFO] [stdout] error[E0599]: no method named `alter_classes` found for mutable reference `&mut pagetop::prelude::Button` in the current scope
[INFO] [stdout]   --> src/lib.rs:62:7
[INFO] [stdout]    |
[INFO] [stdout] 62 |     b.alter_classes(ClassesOp::Replace("button__tap".to_owned()), "button");
[INFO] [stdout]    |       ^^^^^^^^^^^^^
[INFO] [stdout]    |
[INFO] [stdout] help: there is a method `classes` with a similar name, but with different arguments
[INFO] [stdout]   --> /opt/rustwide/cargo-home/registry/src/index.crates.io-6f17d22bba15001f/pagetop-0.0.55/src/core/component/classes.rs:11:5
[INFO] [stdout]    |
[INFO] [stdout] 11 |     fn classes(&self) -> &OptionClasses;
[INFO] [stdout]    |     ^^^^^^^^^^^^^^^^^^^^^^^^^^^^^^^^^^^^
[INFO] [stdout] 
[INFO] [stdout] 
[INFO] [stdout] error[E0599]: no method named `alter_classes` found for mutable reference `&mut pagetop::prelude::Button` in the current scope
[INFO] [stdout]   --> src/lib.rs:63:7
[INFO] [stdout]    |
[INFO] [stdout] 63 |     b.alter_classes(
[INFO] [stdout]    |     --^^^^^^^^^^^^^
[INFO] [stdout]    |
[INFO] [stdout] help: there is a method `classes` with a similar name, but with different arguments
[INFO] [stdout]   --> /opt/rustwide/cargo-home/registry/src/index.crates.io-6f17d22bba15001f/pagetop-0.0.55/src/core/component/classes.rs:11:5
[INFO] [stdout]    |
[INFO] [stdout] 11 |     fn classes(&self) -> &OptionClasses;
[INFO] [stdout]    |     ^^^^^^^^^^^^^^^^^^^^^^^^^^^^^^^^^^^^
[INFO] [stdout] 
[INFO] [stdout] 
[INFO] [stdout] error[E0599]: no method named `alter_classes` found for mutable reference `&mut pagetop::prelude::Button` in the current scope
[INFO] [stdout]   --> src/lib.rs:76:7
[INFO] [stdout]    |
[INFO] [stdout] 76 |     b.alter_classes(
[INFO] [stdout]    |     --^^^^^^^^^^^^^
[INFO] [stdout]    |
[INFO] [stdout] help: there is a method `classes` with a similar name, but with different arguments
[INFO] [stdout]   --> /opt/rustwide/cargo-home/registry/src/index.crates.io-6f17d22bba15001f/pagetop-0.0.55/src/core/component/classes.rs:11:5
[INFO] [stdout]    |
[INFO] [stdout] 11 |     fn classes(&self) -> &OptionClasses;
[INFO] [stdout]    |     ^^^^^^^^^^^^^^^^^^^^^^^^^^^^^^^^^^^^
[INFO] [stdout] 
[INFO] [stdout] 
[INFO] [stdout] error[E0599]: no method named `alter_classes` found for mutable reference `&mut pagetop::prelude::Heading` in the current scope
[INFO] [stdout]   --> src/lib.rs:86:15
[INFO] [stdout]    |
[INFO] [stdout] 86 |             h.alter_classes(ClassesOp::Replace(h.size().to_string()), "subtitle")
[INFO] [stdout]    |               ^^^^^^^^^^^^^
[INFO] [stdout]    |
[INFO] [stdout] help: there is a method `classes` with a similar name, but with different arguments
[INFO] [stdout]   --> /opt/rustwide/cargo-home/registry/src/index.crates.io-6f17d22bba15001f/pagetop-0.0.55/src/core/component/classes.rs:11:5
[INFO] [stdout]    |
[INFO] [stdout] 11 |     fn classes(&self) -> &OptionClasses;
[INFO] [stdout]    |     ^^^^^^^^^^^^^^^^^^^^^^^^^^^^^^^^^^^^
[INFO] [stdout] 
[INFO] [stdout] 
[INFO] [stdout] error[E0599]: no method named `alter_classes` found for mutable reference `&mut pagetop::prelude::Heading` in the current scope
[INFO] [stdout]   --> src/lib.rs:88:16
[INFO] [stdout]    |
[INFO] [stdout] 88 |         _ => h.alter_classes(ClassesOp::Add, "title"),
[INFO] [stdout]    |                ^^^^^^^^^^^^^
[INFO] [stdout]    |
[INFO] [stdout] help: there is a method `classes` with a similar name, but with different arguments
[INFO] [stdout]   --> /opt/rustwide/cargo-home/registry/src/index.crates.io-6f17d22bba15001f/pagetop-0.0.55/src/core/component/classes.rs:11:5
[INFO] [stdout]    |
[INFO] [stdout] 11 |     fn classes(&self) -> &OptionClasses;
[INFO] [stdout]    |     ^^^^^^^^^^^^^^^^^^^^^^^^^^^^^^^^^^^^
[INFO] [stdout] 
[INFO] [stdout] 
[INFO] [stdout] error[E0599]: no method named `alter_classes` found for mutable reference `&mut pagetop::prelude::Paragraph` in the current scope
[INFO] [stdout]   --> src/lib.rs:93:7
[INFO] [stdout]    |
[INFO] [stdout] 93 |     p.alter_classes(ClassesOp::Add, "block");
[INFO] [stdout]    |       ^^^^^^^^^^^^^
[INFO] [stdout]    |
[INFO] [stdout] help: there is a method `classes` with a similar name, but with different arguments
[INFO] [stdout]   --> /opt/rustwide/cargo-home/registry/src/index.crates.io-6f17d22bba15001f/pagetop-0.0.55/src/core/component/classes.rs:11:5
[INFO] [stdout]    |
[INFO] [stdout] 11 |     fn classes(&self) -> &OptionClasses;
[INFO] [stdout]    |     ^^^^^^^^^^^^^^^^^^^^^^^^^^^^^^^^^^^^
[INFO] [stdout] 
[INFO] [stdout] 
[INFO] [stdout] error[E0599]: no method named `alter_classes` found for mutable reference `&mut pagetop::prelude::Paragraph` in the current scope
[INFO] [stdout]   --> src/lib.rs:94:7
[INFO] [stdout]    |
[INFO] [stdout] 94 |     p.alter_classes(
[INFO] [stdout]    |     --^^^^^^^^^^^^^
[INFO] [stdout]    |
[INFO] [stdout] help: there is a method `classes` with a similar name, but with different arguments
[INFO] [stdout]   --> /opt/rustwide/cargo-home/registry/src/index.crates.io-6f17d22bba15001f/pagetop-0.0.55/src/core/component/classes.rs:11:5
[INFO] [stdout]    |
[INFO] [stdout] 11 |     fn classes(&self) -> &OptionClasses;
[INFO] [stdout]    |     ^^^^^^^^^^^^^^^^^^^^^^^^^^^^^^^^^^^^
[INFO] [stdout] 
[INFO] [stdout] 
[INFO] [stdout] For more information about this error, try `rustc --explain E0599`.
[INFO] [stdout] 
[INFO] [stderr] error: could not compile `pagetop-bulmix` (lib) due to 9 previous errors
[INFO] [stderr] warning: build failed, waiting for other jobs to finish...
[INFO] running `Command { std: "docker" "inspect" "0962396035a497fcdf3bc04303a98d4ea6229a6ee78fba9488dcca59ecf0e2ff", kill_on_drop: false }`
[INFO] running `Command { std: "docker" "rm" "-f" "0962396035a497fcdf3bc04303a98d4ea6229a6ee78fba9488dcca59ecf0e2ff", kill_on_drop: false }`
[INFO] [stdout] 0962396035a497fcdf3bc04303a98d4ea6229a6ee78fba9488dcca59ecf0e2ff
