[INFO] fetching crate p3-mersenne-31 0.1.4-succinct...
[INFO] testing p3-mersenne-31-0.1.4-succinct against nightly-2024-10-28 for randomize-layout
[INFO] extracting crate p3-mersenne-31 0.1.4-succinct into /workspace/builds/worker-4-tc1/source
[INFO] validating manifest of crates.io crate p3-mersenne-31 0.1.4-succinct on toolchain nightly-2024-10-28
[INFO] running `Command { std: CARGO_HOME="/workspace/cargo-home" RUSTUP_HOME="/workspace/rustup-home" "/workspace/cargo-home/bin/cargo" "+nightly-2024-10-28" "metadata" "--manifest-path" "Cargo.toml" "--no-deps", kill_on_drop: false }`
[INFO] started tweaking crates.io crate p3-mersenne-31 0.1.4-succinct
[INFO] finished tweaking crates.io crate p3-mersenne-31 0.1.4-succinct
[INFO] tweaked toml for crates.io crate p3-mersenne-31 0.1.4-succinct written to /workspace/builds/worker-4-tc1/source/Cargo.toml
[INFO] running `Command { std: CARGO_HOME="/workspace/cargo-home" RUSTUP_HOME="/workspace/rustup-home" "/workspace/cargo-home/bin/cargo" "+nightly-2024-10-28" "generate-lockfile" "--manifest-path" "Cargo.toml", kill_on_drop: false }`
[INFO] [stderr]     Updating crates.io index
[INFO] [stderr]     Blocking waiting for file lock on package cache
[INFO] [stderr]      Locking 37 packages to latest compatible versions
[INFO] [stderr]       Adding itertools v0.12.1 (available: v0.13.0)
[INFO] [stderr]       Adding p3-dft v0.1.4-succinct (available: v0.2.0)
[INFO] [stderr]       Adding p3-field v0.1.4-succinct (available: v0.2.0)
[INFO] [stderr]       Adding p3-matrix v0.1.4-succinct (available: v0.2.0)
[INFO] [stderr]       Adding p3-maybe-rayon v0.1.4-succinct (available: v0.2.0)
[INFO] [stderr]       Adding p3-mds v0.1.4-succinct (available: v0.2.0)
[INFO] [stderr]       Adding p3-poseidon2 v0.1.4-succinct (available: v0.2.0)
[INFO] [stderr]       Adding p3-symmetric v0.1.4-succinct (available: v0.2.0)
[INFO] [stderr]       Adding p3-util v0.1.4-succinct (available: v0.2.0)
[INFO] running `Command { std: CARGO_HOME="/workspace/cargo-home" RUSTUP_HOME="/workspace/rustup-home" "/workspace/cargo-home/bin/cargo" "+nightly-2024-10-28" "fetch" "--manifest-path" "Cargo.toml", kill_on_drop: false }`
[INFO] [stderr]     Blocking waiting for file lock on package cache
[INFO] [stderr]  Downloading crates ...
[INFO] [stderr]   Downloaded p3-mds v0.1.4-succinct
[INFO] [stderr]   Downloaded p3-dft v0.1.4-succinct
[INFO] [stderr]   Downloaded p3-matrix v0.1.4-succinct
[INFO] [stderr]   Downloaded p3-maybe-rayon v0.1.4-succinct
[INFO] [stderr]   Downloaded p3-symmetric v0.1.4-succinct
[INFO] [stderr]   Downloaded p3-util v0.1.4-succinct
[INFO] [stderr]   Downloaded p3-poseidon2 v0.1.4-succinct
[INFO] [stderr]   Downloaded p3-field v0.1.4-succinct
[INFO] running `Command { std: "docker" "create" "-v" "/var/lib/crater-agent-workspace/builds/worker-4-tc1/target:/opt/rustwide/target:rw,Z" "-v" "/var/lib/crater-agent-workspace/builds/worker-4-tc1/source:/opt/rustwide/workdir:ro,Z" "-v" "/var/lib/crater-agent-workspace/cargo-home:/opt/rustwide/cargo-home:ro,Z" "-v" "/var/lib/crater-agent-workspace/rustup-home:/opt/rustwide/rustup-home:ro,Z" "-e" "SOURCE_DIR=/opt/rustwide/workdir" "-e" "CARGO_TARGET_DIR=/opt/rustwide/target" "-e" "CARGO_HOME=/opt/rustwide/cargo-home" "-e" "RUSTUP_HOME=/opt/rustwide/rustup-home" "-w" "/opt/rustwide/workdir" "-m" "1610612736" "--user" "0:0" "--network" "none" "ghcr.io/rust-lang/crates-build-env/linux@sha256:4a844ea9eb2546a2d2c7022eacef16ef2e8229c7fbb2c7d4d55a9ceca922f72d" "/opt/rustwide/cargo-home/bin/cargo" "+nightly-2024-10-28" "metadata" "--no-deps" "--format-version=1", kill_on_drop: false }`
[INFO] [stdout] 01b66be38f841800a57278231fce25412fa52df7d14ebf4be4be64f8dc5c4b91
[INFO] running `Command { std: "docker" "start" "-a" "01b66be38f841800a57278231fce25412fa52df7d14ebf4be4be64f8dc5c4b91", kill_on_drop: false }`
[INFO] running `Command { std: "docker" "inspect" "01b66be38f841800a57278231fce25412fa52df7d14ebf4be4be64f8dc5c4b91", kill_on_drop: false }`
[INFO] running `Command { std: "docker" "rm" "-f" "01b66be38f841800a57278231fce25412fa52df7d14ebf4be4be64f8dc5c4b91", kill_on_drop: false }`
[INFO] [stdout] 01b66be38f841800a57278231fce25412fa52df7d14ebf4be4be64f8dc5c4b91
[INFO] running `Command { std: "docker" "create" "-v" "/var/lib/crater-agent-workspace/builds/worker-4-tc1/target:/opt/rustwide/target:rw,Z" "-v" "/var/lib/crater-agent-workspace/builds/worker-4-tc1/source:/opt/rustwide/workdir:ro,Z" "-v" "/var/lib/crater-agent-workspace/cargo-home:/opt/rustwide/cargo-home:ro,Z" "-v" "/var/lib/crater-agent-workspace/rustup-home:/opt/rustwide/rustup-home:ro,Z" "-e" "SOURCE_DIR=/opt/rustwide/workdir" "-e" "CARGO_TARGET_DIR=/opt/rustwide/target" "-e" "CARGO_INCREMENTAL=0" "-e" "RUST_BACKTRACE=full" "-e" "RUSTFLAGS=--cap-lints=forbid" "-e" "RUSTDOCFLAGS=--cap-lints=forbid" "-e" "CARGO_HOME=/opt/rustwide/cargo-home" "-e" "RUSTUP_HOME=/opt/rustwide/rustup-home" "-w" "/opt/rustwide/workdir" "-m" "1610612736" "--user" "0:0" "--network" "none" "ghcr.io/rust-lang/crates-build-env/linux@sha256:4a844ea9eb2546a2d2c7022eacef16ef2e8229c7fbb2c7d4d55a9ceca922f72d" "/opt/rustwide/cargo-home/bin/cargo" "+nightly-2024-10-28" "build" "--frozen" "--message-format=json", kill_on_drop: false }`
[INFO] [stdout] 50a2cecd9db7ab30e84e9d85098dba66dbeeafbb67ac8c25f0fde609d46f889b
[INFO] running `Command { std: "docker" "start" "-a" "50a2cecd9db7ab30e84e9d85098dba66dbeeafbb67ac8c25f0fde609d46f889b", kill_on_drop: false }`
[INFO] [stderr]    Compiling autocfg v1.4.0
[INFO] [stderr]    Compiling byteorder v1.5.0
[INFO] [stderr]    Compiling serde v1.0.214
[INFO] [stderr]    Compiling either v1.13.0
[INFO] [stderr]    Compiling once_cell v1.20.2
[INFO] [stderr]    Compiling pin-project-lite v0.2.15
[INFO] [stderr]    Compiling p3-maybe-rayon v0.1.4-succinct
[INFO] [stderr]    Compiling gcd v2.3.0
[INFO] [stderr]    Compiling syn v2.0.86
[INFO] [stderr]    Compiling getrandom v0.2.15
[INFO] [stderr]    Compiling rand_core v0.6.4
[INFO] [stderr]    Compiling itertools v0.12.1
[INFO] [stderr]    Compiling tracing-core v0.1.32
[INFO] [stderr]    Compiling num-traits v0.2.19
[INFO] [stderr]    Compiling num-integer v0.1.46
[INFO] [stderr]    Compiling num-bigint v0.4.6
[INFO] [stderr]    Compiling zerocopy-derive v0.7.35
[INFO] [stderr]    Compiling serde_derive v1.0.214
[INFO] [stderr]    Compiling tracing-attributes v0.1.27
[INFO] [stderr]    Compiling zerocopy v0.7.35
[INFO] [stderr]    Compiling tracing v0.1.40
[INFO] [stderr]    Compiling ppv-lite86 v0.2.20
[INFO] [stderr]    Compiling rand_chacha v0.3.1
[INFO] [stderr]    Compiling rand v0.8.5
[INFO] [stderr]    Compiling p3-util v0.1.4-succinct
[INFO] [stderr]    Compiling p3-field v0.1.4-succinct
[INFO] [stderr]    Compiling p3-matrix v0.1.4-succinct
[INFO] [stderr]    Compiling p3-symmetric v0.1.4-succinct
[INFO] [stderr]    Compiling p3-dft v0.1.4-succinct
[INFO] [stderr]    Compiling p3-mds v0.1.4-succinct
[INFO] [stderr]    Compiling p3-poseidon2 v0.1.4-succinct
[INFO] [stderr]    Compiling p3-mersenne-31 v0.1.4-succinct (/opt/rustwide/workdir)
[INFO] [stderr]     Finished `dev` profile [unoptimized + debuginfo] target(s) in 13.28s
[INFO] running `Command { std: "docker" "inspect" "50a2cecd9db7ab30e84e9d85098dba66dbeeafbb67ac8c25f0fde609d46f889b", kill_on_drop: false }`
[INFO] running `Command { std: "docker" "rm" "-f" "50a2cecd9db7ab30e84e9d85098dba66dbeeafbb67ac8c25f0fde609d46f889b", kill_on_drop: false }`
[INFO] [stdout] 50a2cecd9db7ab30e84e9d85098dba66dbeeafbb67ac8c25f0fde609d46f889b
[INFO] running `Command { std: "docker" "create" "-v" "/var/lib/crater-agent-workspace/builds/worker-4-tc1/target:/opt/rustwide/target:rw,Z" "-v" "/var/lib/crater-agent-workspace/builds/worker-4-tc1/source:/opt/rustwide/workdir:ro,Z" "-v" "/var/lib/crater-agent-workspace/cargo-home:/opt/rustwide/cargo-home:ro,Z" "-v" "/var/lib/crater-agent-workspace/rustup-home:/opt/rustwide/rustup-home:ro,Z" "-e" "SOURCE_DIR=/opt/rustwide/workdir" "-e" "CARGO_TARGET_DIR=/opt/rustwide/target" "-e" "CARGO_INCREMENTAL=0" "-e" "RUST_BACKTRACE=full" "-e" "RUSTFLAGS=--cap-lints=forbid" "-e" "RUSTDOCFLAGS=--cap-lints=forbid" "-e" "CARGO_HOME=/opt/rustwide/cargo-home" "-e" "RUSTUP_HOME=/opt/rustwide/rustup-home" "-w" "/opt/rustwide/workdir" "-m" "1610612736" "--user" "0:0" "--network" "none" "ghcr.io/rust-lang/crates-build-env/linux@sha256:4a844ea9eb2546a2d2c7022eacef16ef2e8229c7fbb2c7d4d55a9ceca922f72d" "/opt/rustwide/cargo-home/bin/cargo" "+nightly-2024-10-28" "test" "--frozen" "--no-run" "--message-format=json", kill_on_drop: false }`
[INFO] [stdout] f8a605bc96ea7116f7f3dd4c7f3c1880e02571983a56c99e410153b37d30401f
[INFO] running `Command { std: "docker" "start" "-a" "f8a605bc96ea7116f7f3dd4c7f3c1880e02571983a56c99e410153b37d30401f", kill_on_drop: false }`
[INFO] [stderr]    Compiling p3-mersenne-31 v0.1.4-succinct (/opt/rustwide/workdir)
[INFO] [stdout] error[E0432]: unresolved import `rand_xoshiro`
[INFO] [stdout]    --> src/poseidon2.rs:115:9
[INFO] [stdout]     |
[INFO] [stdout] 115 |     use rand_xoshiro::Xoroshiro128Plus;
[INFO] [stdout]     |         ^^^^^^^^^^^^ use of undeclared crate or module `rand_xoshiro`
[INFO] [stdout] 
[INFO] [stdout] 
[INFO] [stdout] error[E0432]: unresolved import `p3_field_testing`
[INFO] [stdout]   --> src/complex.rs:65:9
[INFO] [stdout]    |
[INFO] [stdout] 65 |     use p3_field_testing::{test_field, test_two_adic_field};
[INFO] [stdout]    |         ^^^^^^^^^^^^^^^^ use of undeclared crate or module `p3_field_testing`
[INFO] [stdout] 
[INFO] [stdout] 
[INFO] [stdout] error[E0432]: unresolved import `p3_field_testing`
[INFO] [stdout]    --> src/extension.rs:103:9
[INFO] [stdout]     |
[INFO] [stdout] 103 |     use p3_field_testing::{test_field, test_two_adic_extension_field};
[INFO] [stdout]     |         ^^^^^^^^^^^^^^^^ use of undeclared crate or module `p3_field_testing`
[INFO] [stdout] 
[INFO] [stdout] 
[INFO] [stdout] error[E0432]: unresolved import `p3_field_testing`
[INFO] [stdout]    --> src/extension.rs:119:9
[INFO] [stdout]     |
[INFO] [stdout] 119 |     use p3_field_testing::{test_field, test_two_adic_extension_field};
[INFO] [stdout]     |         ^^^^^^^^^^^^^^^^ use of undeclared crate or module `p3_field_testing`
[INFO] [stdout] 
[INFO] [stdout] 
[INFO] [stdout] error[E0432]: unresolved import `p3_field_testing`
[INFO] [stdout]    --> src/mersenne_31.rs:434:9
[INFO] [stdout]     |
[INFO] [stdout] 434 |     use p3_field_testing::test_field;
[INFO] [stdout]     |         ^^^^^^^^^^^^^^^^ use of undeclared crate or module `p3_field_testing`
[INFO] [stdout] 
[INFO] [stdout] 
[INFO] [stdout] warning: unused import: `rand::SeedableRng`
[INFO] [stdout]    --> src/poseidon2.rs:114:9
[INFO] [stdout]     |
[INFO] [stdout] 114 |     use rand::SeedableRng;
[INFO] [stdout]     |         ^^^^^^^^^^^^^^^^^
[INFO] [stdout]     |
[INFO] [stdout]     = note: `#[warn(unused_imports)]` on by default
[INFO] [stdout] 
[INFO] [stdout] 
[INFO] [stdout] For more information about this error, try `rustc --explain E0432`.
[INFO] [stdout] 
[INFO] [stderr] error: could not compile `p3-mersenne-31` (lib test) due to 5 previous errors; 1 warning emitted
[INFO] running `Command { std: "docker" "inspect" "f8a605bc96ea7116f7f3dd4c7f3c1880e02571983a56c99e410153b37d30401f", kill_on_drop: false }`
[INFO] running `Command { std: "docker" "rm" "-f" "f8a605bc96ea7116f7f3dd4c7f3c1880e02571983a56c99e410153b37d30401f", kill_on_drop: false }`
[INFO] [stdout] f8a605bc96ea7116f7f3dd4c7f3c1880e02571983a56c99e410153b37d30401f
