[INFO] fetching crate p3-baby-bear 0.1.4-succinct...
[INFO] testing p3-baby-bear-0.1.4-succinct against nightly-2024-10-28 for randomize-layout
[INFO] extracting crate p3-baby-bear 0.1.4-succinct into /workspace/builds/worker-7-tc1/source
[INFO] validating manifest of crates.io crate p3-baby-bear 0.1.4-succinct on toolchain nightly-2024-10-28
[INFO] running `Command { std: CARGO_HOME="/workspace/cargo-home" RUSTUP_HOME="/workspace/rustup-home" "/workspace/cargo-home/bin/cargo" "+nightly-2024-10-28" "metadata" "--manifest-path" "Cargo.toml" "--no-deps", kill_on_drop: false }`
[INFO] started tweaking crates.io crate p3-baby-bear 0.1.4-succinct
[INFO] finished tweaking crates.io crate p3-baby-bear 0.1.4-succinct
[INFO] tweaked toml for crates.io crate p3-baby-bear 0.1.4-succinct written to /workspace/builds/worker-7-tc1/source/Cargo.toml
[INFO] running `Command { std: CARGO_HOME="/workspace/cargo-home" RUSTUP_HOME="/workspace/rustup-home" "/workspace/cargo-home/bin/cargo" "+nightly-2024-10-28" "generate-lockfile" "--manifest-path" "Cargo.toml", kill_on_drop: false }`
[INFO] [stderr]     Updating crates.io index
[INFO] [stderr]      Locking 37 packages to latest compatible versions
[INFO] [stderr]       Adding p3-field v0.1.4-succinct (available: v0.2.0)
[INFO] [stderr]       Adding p3-mds v0.1.4-succinct (available: v0.2.0)
[INFO] [stderr]       Adding p3-poseidon2 v0.1.4-succinct (available: v0.2.0)
[INFO] [stderr]       Adding p3-symmetric v0.1.4-succinct (available: v0.2.0)
[INFO] running `Command { std: CARGO_HOME="/workspace/cargo-home" RUSTUP_HOME="/workspace/rustup-home" "/workspace/cargo-home/bin/cargo" "+nightly-2024-10-28" "fetch" "--manifest-path" "Cargo.toml", kill_on_drop: false }`
[INFO] [stderr]  Downloading crates ...
[INFO] [stderr]   Downloaded p3-symmetric v0.1.4-succinct
[INFO] [stderr]   Downloaded p3-field v0.1.4-succinct
[INFO] [stderr]   Downloaded p3-poseidon2 v0.1.4-succinct
[INFO] [stderr]   Downloaded p3-dft v0.1.4-succinct
[INFO] [stderr]   Downloaded p3-util v0.1.4-succinct
[INFO] [stderr]   Downloaded p3-matrix v0.1.4-succinct
[INFO] [stderr]   Downloaded p3-maybe-rayon v0.1.4-succinct
[INFO] [stderr]   Downloaded p3-mds v0.1.4-succinct
[INFO] running `Command { std: "docker" "create" "-v" "/var/lib/crater-agent-workspace/builds/worker-7-tc1/target:/opt/rustwide/target:rw,Z" "-v" "/var/lib/crater-agent-workspace/builds/worker-7-tc1/source:/opt/rustwide/workdir:ro,Z" "-v" "/var/lib/crater-agent-workspace/cargo-home:/opt/rustwide/cargo-home:ro,Z" "-v" "/var/lib/crater-agent-workspace/rustup-home:/opt/rustwide/rustup-home:ro,Z" "-e" "SOURCE_DIR=/opt/rustwide/workdir" "-e" "CARGO_TARGET_DIR=/opt/rustwide/target" "-e" "CARGO_HOME=/opt/rustwide/cargo-home" "-e" "RUSTUP_HOME=/opt/rustwide/rustup-home" "-w" "/opt/rustwide/workdir" "-m" "1610612736" "--user" "0:0" "--network" "none" "ghcr.io/rust-lang/crates-build-env/linux@sha256:4a844ea9eb2546a2d2c7022eacef16ef2e8229c7fbb2c7d4d55a9ceca922f72d" "/opt/rustwide/cargo-home/bin/cargo" "+nightly-2024-10-28" "metadata" "--no-deps" "--format-version=1", kill_on_drop: false }`
[INFO] [stdout] 4caf0c9f797d643ddbc013589a7829dfd2f954cd2ec63d21f53fee95bcc2ff5c
[INFO] running `Command { std: "docker" "start" "-a" "4caf0c9f797d643ddbc013589a7829dfd2f954cd2ec63d21f53fee95bcc2ff5c", kill_on_drop: false }`
[INFO] running `Command { std: "docker" "inspect" "4caf0c9f797d643ddbc013589a7829dfd2f954cd2ec63d21f53fee95bcc2ff5c", kill_on_drop: false }`
[INFO] running `Command { std: "docker" "rm" "-f" "4caf0c9f797d643ddbc013589a7829dfd2f954cd2ec63d21f53fee95bcc2ff5c", kill_on_drop: false }`
[INFO] [stdout] 4caf0c9f797d643ddbc013589a7829dfd2f954cd2ec63d21f53fee95bcc2ff5c
[INFO] running `Command { std: "docker" "create" "-v" "/var/lib/crater-agent-workspace/builds/worker-7-tc1/target:/opt/rustwide/target:rw,Z" "-v" "/var/lib/crater-agent-workspace/builds/worker-7-tc1/source:/opt/rustwide/workdir:ro,Z" "-v" "/var/lib/crater-agent-workspace/cargo-home:/opt/rustwide/cargo-home:ro,Z" "-v" "/var/lib/crater-agent-workspace/rustup-home:/opt/rustwide/rustup-home:ro,Z" "-e" "SOURCE_DIR=/opt/rustwide/workdir" "-e" "CARGO_TARGET_DIR=/opt/rustwide/target" "-e" "CARGO_INCREMENTAL=0" "-e" "RUST_BACKTRACE=full" "-e" "RUSTFLAGS=--cap-lints=forbid" "-e" "RUSTDOCFLAGS=--cap-lints=forbid" "-e" "CARGO_HOME=/opt/rustwide/cargo-home" "-e" "RUSTUP_HOME=/opt/rustwide/rustup-home" "-w" "/opt/rustwide/workdir" "-m" "1610612736" "--user" "0:0" "--network" "none" "ghcr.io/rust-lang/crates-build-env/linux@sha256:4a844ea9eb2546a2d2c7022eacef16ef2e8229c7fbb2c7d4d55a9ceca922f72d" "/opt/rustwide/cargo-home/bin/cargo" "+nightly-2024-10-28" "build" "--frozen" "--message-format=json", kill_on_drop: false }`
[INFO] [stdout] ec728b3cd1336905d3a04f035c0b6616d5dc4001f70a6bbcfbc751097ae1e4f3
[INFO] running `Command { std: "docker" "start" "-a" "ec728b3cd1336905d3a04f035c0b6616d5dc4001f70a6bbcfbc751097ae1e4f3", kill_on_drop: false }`
[INFO] [stderr]    Compiling syn v2.0.86
[INFO] [stderr]    Compiling num-traits v0.2.19
[INFO] [stderr]    Compiling p3-maybe-rayon v0.1.4-succinct
[INFO] [stderr]    Compiling gcd v2.3.0
[INFO] [stderr]    Compiling itertools v0.12.1
[INFO] [stderr]    Compiling num-integer v0.1.46
[INFO] [stderr]    Compiling num-bigint v0.4.6
[INFO] [stderr]    Compiling zerocopy-derive v0.7.35
[INFO] [stderr]    Compiling serde_derive v1.0.214
[INFO] [stderr]    Compiling tracing-attributes v0.1.27
[INFO] [stderr]    Compiling zerocopy v0.7.35
[INFO] [stderr]    Compiling tracing v0.1.40
[INFO] [stderr]    Compiling ppv-lite86 v0.2.20
[INFO] [stderr]    Compiling rand_chacha v0.3.1
[INFO] [stderr]    Compiling rand v0.8.5
[INFO] [stderr]    Compiling serde v1.0.214
[INFO] [stderr]    Compiling p3-util v0.1.4-succinct
[INFO] [stderr]    Compiling p3-field v0.1.4-succinct
[INFO] [stderr]    Compiling p3-matrix v0.1.4-succinct
[INFO] [stderr]    Compiling p3-symmetric v0.1.4-succinct
[INFO] [stderr]    Compiling p3-dft v0.1.4-succinct
[INFO] [stderr]    Compiling p3-mds v0.1.4-succinct
[INFO] [stderr]    Compiling p3-poseidon2 v0.1.4-succinct
[INFO] [stderr]    Compiling p3-baby-bear v0.1.4-succinct (/opt/rustwide/workdir)
[INFO] [stderr]     Finished `dev` profile [unoptimized + debuginfo] target(s) in 8.00s
[INFO] running `Command { std: "docker" "inspect" "ec728b3cd1336905d3a04f035c0b6616d5dc4001f70a6bbcfbc751097ae1e4f3", kill_on_drop: false }`
[INFO] running `Command { std: "docker" "rm" "-f" "ec728b3cd1336905d3a04f035c0b6616d5dc4001f70a6bbcfbc751097ae1e4f3", kill_on_drop: false }`
[INFO] [stdout] ec728b3cd1336905d3a04f035c0b6616d5dc4001f70a6bbcfbc751097ae1e4f3
[INFO] running `Command { std: "docker" "create" "-v" "/var/lib/crater-agent-workspace/builds/worker-7-tc1/target:/opt/rustwide/target:rw,Z" "-v" "/var/lib/crater-agent-workspace/builds/worker-7-tc1/source:/opt/rustwide/workdir:ro,Z" "-v" "/var/lib/crater-agent-workspace/cargo-home:/opt/rustwide/cargo-home:ro,Z" "-v" "/var/lib/crater-agent-workspace/rustup-home:/opt/rustwide/rustup-home:ro,Z" "-e" "SOURCE_DIR=/opt/rustwide/workdir" "-e" "CARGO_TARGET_DIR=/opt/rustwide/target" "-e" "CARGO_INCREMENTAL=0" "-e" "RUST_BACKTRACE=full" "-e" "RUSTFLAGS=--cap-lints=forbid" "-e" "RUSTDOCFLAGS=--cap-lints=forbid" "-e" "CARGO_HOME=/opt/rustwide/cargo-home" "-e" "RUSTUP_HOME=/opt/rustwide/rustup-home" "-w" "/opt/rustwide/workdir" "-m" "1610612736" "--user" "0:0" "--network" "none" "ghcr.io/rust-lang/crates-build-env/linux@sha256:4a844ea9eb2546a2d2c7022eacef16ef2e8229c7fbb2c7d4d55a9ceca922f72d" "/opt/rustwide/cargo-home/bin/cargo" "+nightly-2024-10-28" "test" "--frozen" "--no-run" "--message-format=json", kill_on_drop: false }`
[INFO] [stdout] d67a5680709c33962c6bab8ec2c13b44cdd418f841be7d38466a3081e345f85e
[INFO] running `Command { std: "docker" "start" "-a" "d67a5680709c33962c6bab8ec2c13b44cdd418f841be7d38466a3081e345f85e", kill_on_drop: false }`
[INFO] [stderr]    Compiling p3-baby-bear v0.1.4-succinct (/opt/rustwide/workdir)
[INFO] [stdout] error[E0432]: unresolved import `rand_xoshiro`
[INFO] [stdout]    --> src/poseidon2.rs:134:9
[INFO] [stdout]     |
[INFO] [stdout] 134 |     use rand_xoshiro::Xoroshiro128Plus;
[INFO] [stdout]     |         ^^^^^^^^^^^^ use of undeclared crate or module `rand_xoshiro`
[INFO] [stdout] 
[INFO] [stdout] 
[INFO] [stdout] error[E0432]: unresolved import `p3_field_testing`
[INFO] [stdout]    --> src/baby_bear.rs:477:9
[INFO] [stdout]     |
[INFO] [stdout] 477 |     use p3_field_testing::{test_field, test_two_adic_field};
[INFO] [stdout]     |         ^^^^^^^^^^^^^^^^ use of undeclared crate or module `p3_field_testing`
[INFO] [stdout] 
[INFO] [stdout] 
[INFO] [stdout] error[E0432]: unresolved import `p3_field_testing`
[INFO] [stdout]   --> src/extension.rs:89:9
[INFO] [stdout]    |
[INFO] [stdout] 89 |     use p3_field_testing::{test_field, test_two_adic_extension_field};
[INFO] [stdout]    |         ^^^^^^^^^^^^^^^^ use of undeclared crate or module `p3_field_testing`
[INFO] [stdout] 
[INFO] [stdout] 
[INFO] [stdout] error[E0432]: unresolved import `p3_field_testing`
[INFO] [stdout]    --> src/extension.rs:118:9
[INFO] [stdout]     |
[INFO] [stdout] 118 |     use p3_field_testing::{test_field, test_two_adic_extension_field};
[INFO] [stdout]     |         ^^^^^^^^^^^^^^^^ use of undeclared crate or module `p3_field_testing`
[INFO] [stdout] 
[INFO] [stdout] 
[INFO] [stdout] warning: unused import: `rand::SeedableRng`
[INFO] [stdout]    --> src/poseidon2.rs:133:9
[INFO] [stdout]     |
[INFO] [stdout] 133 |     use rand::SeedableRng;
[INFO] [stdout]     |         ^^^^^^^^^^^^^^^^^
[INFO] [stdout]     |
[INFO] [stdout]     = note: `#[warn(unused_imports)]` on by default
[INFO] [stdout] 
[INFO] [stdout] 
[INFO] [stdout] error[E0433]: failed to resolve: use of undeclared crate or module `serde_json`
[INFO] [stdout]    --> src/baby_bear.rs:562:28
[INFO] [stdout]     |
[INFO] [stdout] 562 |         let f_serialized = serde_json::to_string(&f).unwrap();
[INFO] [stdout]     |                            ^^^^^^^^^^ use of undeclared crate or module `serde_json`
[INFO] [stdout] 
[INFO] [stdout] 
[INFO] [stdout] error[E0433]: failed to resolve: use of undeclared crate or module `serde_json`
[INFO] [stdout]    --> src/baby_bear.rs:563:33
[INFO] [stdout]     |
[INFO] [stdout] 563 |         let f_deserialized: F = serde_json::from_str(&f_serialized).unwrap();
[INFO] [stdout]     |                                 ^^^^^^^^^^ use of undeclared crate or module `serde_json`
[INFO] [stdout] 
[INFO] [stdout] 
[INFO] [stdout] error[E0433]: failed to resolve: use of undeclared crate or module `serde_json`
[INFO] [stdout]    --> src/baby_bear.rs:566:30
[INFO] [stdout]     |
[INFO] [stdout] 566 |         let f_1_serialized = serde_json::to_string(&f_1).unwrap();
[INFO] [stdout]     |                              ^^^^^^^^^^ use of undeclared crate or module `serde_json`
[INFO] [stdout] 
[INFO] [stdout] 
[INFO] [stdout] error[E0433]: failed to resolve: use of undeclared crate or module `serde_json`
[INFO] [stdout]    --> src/baby_bear.rs:567:35
[INFO] [stdout]     |
[INFO] [stdout] 567 |         let f_1_deserialized: F = serde_json::from_str(&f_1_serialized).unwrap();
[INFO] [stdout]     |                                   ^^^^^^^^^^ use of undeclared crate or module `serde_json`
[INFO] [stdout] 
[INFO] [stdout] 
[INFO] [stdout] error[E0433]: failed to resolve: use of undeclared crate or module `serde_json`
[INFO] [stdout]    --> src/baby_bear.rs:568:36
[INFO] [stdout]     |
[INFO] [stdout] 568 |         let f_1_serialized_again = serde_json::to_string(&f_1_deserialized).unwrap();
[INFO] [stdout]     |                                    ^^^^^^^^^^ use of undeclared crate or module `serde_json`
[INFO] [stdout] 
[INFO] [stdout] 
[INFO] [stdout] error[E0433]: failed to resolve: use of undeclared crate or module `serde_json`
[INFO] [stdout]    --> src/baby_bear.rs:569:41
[INFO] [stdout]     |
[INFO] [stdout] 569 |         let f_1_deserialized_again: F = serde_json::from_str(&f_1_serialized_again).unwrap();
[INFO] [stdout]     |                                         ^^^^^^^^^^ use of undeclared crate or module `serde_json`
[INFO] [stdout] 
[INFO] [stdout] 
[INFO] [stdout] error[E0433]: failed to resolve: use of undeclared crate or module `serde_json`
[INFO] [stdout]    --> src/baby_bear.rs:573:30
[INFO] [stdout]     |
[INFO] [stdout] 573 |         let f_2_serialized = serde_json::to_string(&f_2).unwrap();
[INFO] [stdout]     |                              ^^^^^^^^^^ use of undeclared crate or module `serde_json`
[INFO] [stdout] 
[INFO] [stdout] 
[INFO] [stdout] error[E0433]: failed to resolve: use of undeclared crate or module `serde_json`
[INFO] [stdout]    --> src/baby_bear.rs:574:35
[INFO] [stdout]     |
[INFO] [stdout] 574 |         let f_2_deserialized: F = serde_json::from_str(&f_2_serialized).unwrap();
[INFO] [stdout]     |                                   ^^^^^^^^^^ use of undeclared crate or module `serde_json`
[INFO] [stdout] 
[INFO] [stdout] 
[INFO] [stdout] error[E0433]: failed to resolve: use of undeclared crate or module `serde_json`
[INFO] [stdout]    --> src/baby_bear.rs:577:38
[INFO] [stdout]     |
[INFO] [stdout] 577 |         let f_p_minus_1_serialized = serde_json::to_string(&f_p_minus_1).unwrap();
[INFO] [stdout]     |                                      ^^^^^^^^^^ use of undeclared crate or module `serde_json`
[INFO] [stdout] 
[INFO] [stdout] 
[INFO] [stdout] error[E0433]: failed to resolve: use of undeclared crate or module `serde_json`
[INFO] [stdout]    --> src/baby_bear.rs:578:43
[INFO] [stdout]     |
[INFO] [stdout] 578 |         let f_p_minus_1_deserialized: F = serde_json::from_str(&f_p_minus_1_serialized).unwrap();
[INFO] [stdout]     |                                           ^^^^^^^^^^ use of undeclared crate or module `serde_json`
[INFO] [stdout] 
[INFO] [stdout] 
[INFO] [stdout] error[E0433]: failed to resolve: use of undeclared crate or module `serde_json`
[INFO] [stdout]    --> src/baby_bear.rs:581:38
[INFO] [stdout]     |
[INFO] [stdout] 581 |         let f_p_minus_2_serialized = serde_json::to_string(&f_p_minus_2).unwrap();
[INFO] [stdout]     |                                      ^^^^^^^^^^ use of undeclared crate or module `serde_json`
[INFO] [stdout] 
[INFO] [stdout] 
[INFO] [stdout] error[E0433]: failed to resolve: use of undeclared crate or module `serde_json`
[INFO] [stdout]    --> src/baby_bear.rs:582:43
[INFO] [stdout]     |
[INFO] [stdout] 582 |         let f_p_minus_2_deserialized: F = serde_json::from_str(&f_p_minus_2_serialized).unwrap();
[INFO] [stdout]     |                                           ^^^^^^^^^^ use of undeclared crate or module `serde_json`
[INFO] [stdout] 
[INFO] [stdout] 
[INFO] [stdout] error[E0433]: failed to resolve: use of undeclared crate or module `serde_json`
[INFO] [stdout]    --> src/baby_bear.rs:585:29
[INFO] [stdout]     |
[INFO] [stdout] 585 |         let m1_serialized = serde_json::to_string(&m1).unwrap();
[INFO] [stdout]     |                             ^^^^^^^^^^ use of undeclared crate or module `serde_json`
[INFO] [stdout] 
[INFO] [stdout] 
[INFO] [stdout] error[E0433]: failed to resolve: use of undeclared crate or module `serde_json`
[INFO] [stdout]    --> src/baby_bear.rs:586:34
[INFO] [stdout]     |
[INFO] [stdout] 586 |         let m1_deserialized: F = serde_json::from_str(&m1_serialized).unwrap();
[INFO] [stdout]     |                                  ^^^^^^^^^^ use of undeclared crate or module `serde_json`
[INFO] [stdout] 
[INFO] [stdout] 
[INFO] [stdout] error[E0433]: failed to resolve: use of undeclared crate or module `serde_json`
[INFO] [stdout]    --> src/baby_bear.rs:589:29
[INFO] [stdout]     |
[INFO] [stdout] 589 |         let m2_serialized = serde_json::to_string(&m2).unwrap();
[INFO] [stdout]     |                             ^^^^^^^^^^ use of undeclared crate or module `serde_json`
[INFO] [stdout] 
[INFO] [stdout] 
[INFO] [stdout] error[E0433]: failed to resolve: use of undeclared crate or module `serde_json`
[INFO] [stdout]    --> src/baby_bear.rs:590:34
[INFO] [stdout]     |
[INFO] [stdout] 590 |         let m2_deserialized: F = serde_json::from_str(&m2_serialized).unwrap();
[INFO] [stdout]     |                                  ^^^^^^^^^^ use of undeclared crate or module `serde_json`
[INFO] [stdout] 
[INFO] [stdout] 
[INFO] [stdout] Some errors have detailed explanations: E0432, E0433.
[INFO] [stdout] 
[INFO] [stdout] For more information about an error, try `rustc --explain E0432`.
[INFO] [stdout] 
[INFO] [stderr] error: could not compile `p3-baby-bear` (lib test) due to 20 previous errors; 1 warning emitted
[INFO] running `Command { std: "docker" "inspect" "d67a5680709c33962c6bab8ec2c13b44cdd418f841be7d38466a3081e345f85e", kill_on_drop: false }`
[INFO] running `Command { std: "docker" "rm" "-f" "d67a5680709c33962c6bab8ec2c13b44cdd418f841be7d38466a3081e345f85e", kill_on_drop: false }`
[INFO] [stdout] d67a5680709c33962c6bab8ec2c13b44cdd418f841be7d38466a3081e345f85e
