[INFO] fetching crate otpcli 1.0.0...
[INFO] testing otpcli-1.0.0 against nightly-2024-10-28+rustflags=-Zrandomize-layout for randomize-layout
[INFO] extracting crate otpcli 1.0.0 into /workspace/builds/worker-3-tc2/source
[INFO] validating manifest of crates.io crate otpcli 1.0.0 on toolchain nightly-2024-10-28
[INFO] running `Command { std: CARGO_HOME="/workspace/cargo-home" RUSTUP_HOME="/workspace/rustup-home" "/workspace/cargo-home/bin/cargo" "+nightly-2024-10-28" "metadata" "--manifest-path" "Cargo.toml" "--no-deps", kill_on_drop: false }`
[INFO] started tweaking crates.io crate otpcli 1.0.0
[INFO] finished tweaking crates.io crate otpcli 1.0.0
[INFO] tweaked toml for crates.io crate otpcli 1.0.0 written to /workspace/builds/worker-3-tc2/source/Cargo.toml
[INFO] crate crates.io crate otpcli 1.0.0 already has a lockfile, it will not be regenerated
[INFO] running `Command { std: CARGO_HOME="/workspace/cargo-home" RUSTUP_HOME="/workspace/rustup-home" "/workspace/cargo-home/bin/cargo" "+nightly-2024-10-28" "fetch" "--manifest-path" "Cargo.toml", kill_on_drop: false }`
[INFO] running `Command { std: "docker" "create" "-v" "/var/lib/crater-agent-workspace/builds/worker-3-tc2/target:/opt/rustwide/target:rw,Z" "-v" "/var/lib/crater-agent-workspace/builds/worker-3-tc2/source:/opt/rustwide/workdir:ro,Z" "-v" "/var/lib/crater-agent-workspace/cargo-home:/opt/rustwide/cargo-home:ro,Z" "-v" "/var/lib/crater-agent-workspace/rustup-home:/opt/rustwide/rustup-home:ro,Z" "-e" "SOURCE_DIR=/opt/rustwide/workdir" "-e" "CARGO_TARGET_DIR=/opt/rustwide/target" "-e" "CARGO_HOME=/opt/rustwide/cargo-home" "-e" "RUSTUP_HOME=/opt/rustwide/rustup-home" "-w" "/opt/rustwide/workdir" "-m" "1610612736" "--user" "0:0" "--network" "none" "ghcr.io/rust-lang/crates-build-env/linux@sha256:4a844ea9eb2546a2d2c7022eacef16ef2e8229c7fbb2c7d4d55a9ceca922f72d" "/opt/rustwide/cargo-home/bin/cargo" "+nightly-2024-10-28" "metadata" "--no-deps" "--format-version=1", kill_on_drop: false }`
[INFO] [stdout] 9459ad9226835205932276fe7d02bddb5459c505419a68e318304641942a96fa
[INFO] running `Command { std: "docker" "start" "-a" "9459ad9226835205932276fe7d02bddb5459c505419a68e318304641942a96fa", kill_on_drop: false }`
[INFO] running `Command { std: "docker" "inspect" "9459ad9226835205932276fe7d02bddb5459c505419a68e318304641942a96fa", kill_on_drop: false }`
[INFO] running `Command { std: "docker" "rm" "-f" "9459ad9226835205932276fe7d02bddb5459c505419a68e318304641942a96fa", kill_on_drop: false }`
[INFO] [stdout] 9459ad9226835205932276fe7d02bddb5459c505419a68e318304641942a96fa
[INFO] running `Command { std: "docker" "create" "-v" "/var/lib/crater-agent-workspace/builds/worker-3-tc2/target:/opt/rustwide/target:rw,Z" "-v" "/var/lib/crater-agent-workspace/builds/worker-3-tc2/source:/opt/rustwide/workdir:ro,Z" "-v" "/var/lib/crater-agent-workspace/cargo-home:/opt/rustwide/cargo-home:ro,Z" "-v" "/var/lib/crater-agent-workspace/rustup-home:/opt/rustwide/rustup-home:ro,Z" "-e" "SOURCE_DIR=/opt/rustwide/workdir" "-e" "CARGO_TARGET_DIR=/opt/rustwide/target" "-e" "CARGO_INCREMENTAL=0" "-e" "RUST_BACKTRACE=full" "-e" "RUSTFLAGS=--cap-lints=forbid -Zrandomize-layout" "-e" "RUSTDOCFLAGS=--cap-lints=forbid" "-e" "CARGO_HOME=/opt/rustwide/cargo-home" "-e" "RUSTUP_HOME=/opt/rustwide/rustup-home" "-w" "/opt/rustwide/workdir" "-m" "1610612736" "--user" "0:0" "--network" "none" "ghcr.io/rust-lang/crates-build-env/linux@sha256:4a844ea9eb2546a2d2c7022eacef16ef2e8229c7fbb2c7d4d55a9ceca922f72d" "/opt/rustwide/cargo-home/bin/cargo" "+nightly-2024-10-28" "build" "--frozen" "--message-format=json", kill_on_drop: false }`
[INFO] [stdout] 668ec53d861b06f128a1d10bdc8e073f8747a1a2dc93e1a391bc28ab27be515e
[INFO] running `Command { std: "docker" "start" "-a" "668ec53d861b06f128a1d10bdc8e073f8747a1a2dc93e1a391bc28ab27be515e", kill_on_drop: false }`
[INFO] [stderr]    Compiling autocfg v1.0.0
[INFO] [stderr]    Compiling libc v0.2.68
[INFO] [stderr]    Compiling typenum v1.11.2
[INFO] [stderr]    Compiling proc-macro2 v1.0.10
[INFO] [stderr]    Compiling autocfg v0.1.7
[INFO] [stderr]    Compiling unicode-xid v0.2.0
[INFO] [stderr]    Compiling rand_core v0.4.2
[INFO] [stderr]    Compiling syn v1.0.17
[INFO] [stderr]    Compiling version_check v0.9.1
[INFO] [stderr]    Compiling byteorder v1.3.4
[INFO] [stderr]    Compiling byte-tools v0.3.1
[INFO] [stderr]    Compiling log v0.4.8
[INFO] [stderr]    Compiling subtle v1.0.0
[INFO] [stderr]    Compiling opaque-debug v0.2.3
[INFO] [stderr]    Compiling bitflags v1.2.1
[INFO] [stderr]    Compiling gcc v0.3.55
[INFO] [stderr]    Compiling block-padding v0.1.5
[INFO] [stderr]    Compiling lazy_static v1.4.0
[INFO] [stderr]    Compiling serde v1.0.105
[INFO] [stderr]    Compiling unicode-width v0.1.7
[INFO] [stderr]    Compiling unicode-segmentation v1.6.0
[INFO] [stderr]    Compiling rand_core v0.3.1
[INFO] [stderr]    Compiling rand_jitter v0.1.4
[INFO] [stderr]    Compiling rand_hc v0.1.0
[INFO] [stderr]    Compiling rand_isaac v0.1.1
[INFO] [stderr]    Compiling rand_xorshift v0.1.1
[INFO] [stderr]    Compiling fake-simd v0.1.2
[INFO] [stderr]    Compiling num-traits v0.2.11
[INFO] [stderr]    Compiling num-integer v0.1.42
[INFO] [stderr]    Compiling num-bigint v0.2.6
[INFO] [stderr]    Compiling rand_chacha v0.1.1
[INFO] [stderr]    Compiling rand_pcg v0.1.2
[INFO] [stderr]    Compiling proc-macro-error-attr v0.4.12
[INFO] [stderr]    Compiling num-iter v0.1.40
[INFO] [stderr]    Compiling num-rational v0.2.4
[INFO] [stderr]    Compiling num-complex v0.2.4
[INFO] [stderr]    Compiling proc-macro-error v0.4.12
[INFO] [stderr]    Compiling rand v0.6.5
[INFO] [stderr]    Compiling heck v0.3.1
[INFO] [stderr]    Compiling textwrap v0.11.0
[INFO] [stderr]    Compiling ansi_term v0.11.0
[INFO] [stderr]    Compiling strsim v0.8.0
[INFO] [stderr]    Compiling vec_map v0.8.1
[INFO] [stderr]    Compiling rustc-serialize v0.3.24
[INFO] [stderr]    Compiling base32 v0.4.0
[INFO] [stderr]    Compiling quote v1.0.3
[INFO] [stderr]    Compiling rand_os v0.1.3
[INFO] [stderr]    Compiling rand v0.4.6
[INFO] [stderr]    Compiling atty v0.2.14
[INFO] [stderr]    Compiling rust-crypto v0.2.36
[INFO] [stderr]    Compiling dbus v0.2.3
[INFO] [stderr]    Compiling clap v2.33.0
[INFO] [stderr]    Compiling time v0.1.42
[INFO] [stderr]    Compiling dirs v1.0.5
[INFO] [stderr]    Compiling xcb v0.8.2
[INFO] [stdout] error[E0310]: the parameter type `T` may not live long enough
[INFO] [stdout]     --> /opt/rustwide/cargo-home/registry/src/index.crates.io-6f17d22bba15001f/rustc-serialize-0.3.24/src/serialize.rs:1155:5
[INFO] [stdout]      |
[INFO] [stdout] 1155 |     fn decode<D: Decoder>(d: &mut D) -> Result<Cow<'static, T>, D::Error> {
[INFO] [stdout]      |     ^^^^^^^^^^^^^^^^^^^^^^^^^^^^^^^^^^^^^^^^^^^^^^^^^^^^^^^^^^^^^^^^^^^^^
[INFO] [stdout]      |     |
[INFO] [stdout]      |     the parameter type `T` must be valid for the static lifetime...
[INFO] [stdout]      |     ...so that the type `T` will meet its required lifetime bounds...
[INFO] [stdout]      |
[INFO] [stdout] note: ...that is required by this bound
[INFO] [stdout]     --> /rustc/df4ca44d3fbc9301ee17f30f4d474e6ae4b05252/library/alloc/src/borrow.rs:179:30
[INFO] [stdout] help: consider adding an explicit lifetime bound
[INFO] [stdout]      |
[INFO] [stdout] 1151 | impl<'a, T: ?Sized + 'static> Decodable for Cow<'a, T>
[INFO] [stdout]      |                    +++++++++
[INFO] [stdout] 
[INFO] [stdout] 
[INFO] [stderr]    Compiling generic-array v0.12.3
[INFO] [stderr]    Compiling digest v0.8.1
[INFO] [stderr]    Compiling block-cipher-trait v0.6.2
[INFO] [stderr]    Compiling crypto-mac v0.7.0
[INFO] [stderr]    Compiling block-buffer v0.7.3
[INFO] [stderr]    Compiling aes-soft v0.3.3
[INFO] [stderr]    Compiling block-modes v0.3.3
[INFO] [stderr]    Compiling hmac v0.7.1
[INFO] [stderr]    Compiling sha2 v0.8.1
[INFO] [stderr] error: failed to run custom build command for `xcb v0.8.2`
[INFO] [stderr] note: To improve backtraces for build dependencies, set the CARGO_PROFILE_DEV_BUILD_OVERRIDE_DEBUG=true environment variable to enable debug information generation.
[INFO] [stderr] 
[INFO] [stderr] Caused by:
[INFO] [stderr]   process didn't exit successfully: `/opt/rustwide/target/debug/build/xcb-c88a2e722edf69c4/build-script-build` (exit status: 101)
[INFO] [stderr]   --- stderr
[INFO] [stderr]   error occured in handler:  ('request: ', ('xcb', 'Xevie', 'SelectInput'))
[INFO] [stderr]   Traceback (most recent call last):
[INFO] [stderr]     File "/opt/rustwide/cargo-home/registry/src/index.crates.io-6f17d22bba15001f/xcb-0.8.2/rs_client.py", line 2448, in <module>
[INFO] [stderr]       module.generate()
[INFO] [stderr]     File "/opt/rustwide/cargo-home/registry/src/index.crates.io-6f17d22bba15001f/xcb-0.8.2/xcbgen/state.py", line 108, in generate
[INFO] [stderr]       self.close()
[INFO] [stderr]     File "/opt/rustwide/cargo-home/registry/src/index.crates.io-6f17d22bba15001f/xcb-0.8.2/rs_client.py", line 296, in rs_close
[INFO] [stderr]       _f.writeout(os.path.join(module.rs_srcdir, "ffi", "%s.rs" % _module_name(_ns.ext_name)))
[INFO] [stderr]     File "/opt/rustwide/cargo-home/registry/src/index.crates.io-6f17d22bba15001f/xcb-0.8.2/rs_client.py", line 114, in writeout
[INFO] [stderr]       with open(path, 'w') as f:
[INFO] [stderr]   OSError: [Errno 30] Read-only file system: '/opt/rustwide/cargo-home/registry/src/index.crates.io-6f17d22bba15001f/xcb-0.8.2/src/ffi/xevie.rs'
[INFO] [stderr]   thread 'main' panicked at /opt/rustwide/cargo-home/registry/src/index.crates.io-6f17d22bba15001f/xcb-0.8.2/build.rs:75:17:
[INFO] [stderr]   processing of /opt/rustwide/cargo-home/registry/src/index.crates.io-6f17d22bba15001f/xcb-0.8.2/xml/xevie.xml returned non-zero (1)
[INFO] [stderr]   stack backtrace:
[INFO] [stderr]      0:     0x5628efc0a79a - std::backtrace_rs::backtrace::libunwind::trace::h207520d6e9873551
[INFO] [stderr]                                  at /rustc/df4ca44d3fbc9301ee17f30f4d474e6ae4b05252/library/std/src/../../backtrace/src/backtrace/libunwind.rs:116:5
[INFO] [stderr]      1:     0x5628efc0a79a - std::backtrace_rs::backtrace::trace_unsynchronized::h2ed7433f370e3eca
[INFO] [stderr]                                  at /rustc/df4ca44d3fbc9301ee17f30f4d474e6ae4b05252/library/std/src/../../backtrace/src/backtrace/mod.rs:66:5
[INFO] [stderr]      2:     0x5628efc0a79a - std::sys::backtrace::_print_fmt::h916fac51166b18d7
[INFO] [stderr]                                  at /rustc/df4ca44d3fbc9301ee17f30f4d474e6ae4b05252/library/std/src/sys/backtrace.rs:66:9
[INFO] [stderr]      3:     0x5628efc0a79a - <std::sys::backtrace::BacktraceLock::print::DisplayBacktrace as core::fmt::Display>::fmt::ha0a4c9b8ce3802e6
[INFO] [stderr]                                  at /rustc/df4ca44d3fbc9301ee17f30f4d474e6ae4b05252/library/std/src/sys/backtrace.rs:39:26
[INFO] [stderr]      4:     0x5628efc2a723 - core::fmt::rt::Argument::fmt::h4cfc8587d52b3eb5
[INFO] [stderr]                                  at /rustc/df4ca44d3fbc9301ee17f30f4d474e6ae4b05252/library/core/src/fmt/rt.rs:177:76
[INFO] [stderr]      5:     0x5628efc2a723 - core::fmt::write::h522cc39e5b36ae9f
[INFO] [stderr]                                  at /rustc/df4ca44d3fbc9301ee17f30f4d474e6ae4b05252/library/core/src/fmt/mod.rs:1190:21
[INFO] [stderr]      6:     0x5628efc07af3 - std::io::Write::write_fmt::hf1c1dcc8cc1287f0
[INFO] [stderr]                                  at /rustc/df4ca44d3fbc9301ee17f30f4d474e6ae4b05252/library/std/src/io/mod.rs:1839:15
[INFO] [stderr]      7:     0x5628efc0a5e2 - std::sys::backtrace::BacktraceLock::print::h4b9e00b29e9c0942
[INFO] [stderr]                                  at /rustc/df4ca44d3fbc9301ee17f30f4d474e6ae4b05252/library/std/src/sys/backtrace.rs:42:9
[INFO] [stderr]      8:     0x5628efc0b75c - std::panicking::default_hook::{{closure}}::hb59b88280d0324d9
[INFO] [stderr]                                  at /rustc/df4ca44d3fbc9301ee17f30f4d474e6ae4b05252/library/std/src/panicking.rs:268:22
[INFO] [stderr]      9:     0x5628efc0b5a2 - std::panicking::default_hook::he1dd496665be4a29
[INFO] [stderr]                                  at /rustc/df4ca44d3fbc9301ee17f30f4d474e6ae4b05252/library/std/src/panicking.rs:295:9
[INFO] [stderr]     10:     0x5628efc0bd57 - std::panicking::rust_panic_with_hook::h2ff17fe8f26dfcf8
[INFO] [stderr]                                  at /rustc/df4ca44d3fbc9301ee17f30f4d474e6ae4b05252/library/std/src/panicking.rs:801:13
[INFO] [stderr]     11:     0x5628efc0bbea - std::panicking::begin_panic_handler::{{closure}}::h4fad77951c07e101
[INFO] [stderr]                                  at /rustc/df4ca44d3fbc9301ee17f30f4d474e6ae4b05252/library/std/src/panicking.rs:674:13
[INFO] [stderr]     12:     0x5628efc0ac79 - std::sys::backtrace::__rust_end_short_backtrace::hb1a25b3da5d0ea08
[INFO] [stderr]                                  at /rustc/df4ca44d3fbc9301ee17f30f4d474e6ae4b05252/library/std/src/sys/backtrace.rs:170:18
[INFO] [stderr]     13:     0x5628efc0b87c - rust_begin_unwind
[INFO] [stderr]                                  at /rustc/df4ca44d3fbc9301ee17f30f4d474e6ae4b05252/library/std/src/panicking.rs:665:5
[INFO] [stderr]     14:     0x5628efc29970 - core::panicking::panic_fmt::ha9db07b529f9b256
[INFO] [stderr]                                  at /rustc/df4ca44d3fbc9301ee17f30f4d474e6ae4b05252/library/core/src/panicking.rs:75:14
[INFO] [stderr]     15:     0x5628efbe4779 - build_script_build::main::{{closure}}::hffc87f6428dbc08f
[INFO] [stderr]     16:     0x5628efbe33c6 - build_script_build::visit_xml::h70cc1a48486bfdfa
[INFO] [stderr]     17:     0x5628efbe3cec - build_script_build::main::hf0dd021dab51cf1b
[INFO] [stderr]     18:     0x5628efbe0113 - core::ops::function::FnOnce::call_once::h58dcb7b95d89b232
[INFO] [stderr]     19:     0x5628efbdf9f6 - std::sys::backtrace::__rust_begin_short_backtrace::hea060deed5517ff0
[INFO] [stderr]     20:     0x5628efbdf879 - std::rt::lang_start::{{closure}}::h558c941c9c6219eb
[INFO] [stderr]     21:     0x5628efc04c87 - core::ops::function::impls::<impl core::ops::function::FnOnce<A> for &F>::call_once::hd87d66b906e0ccaf
[INFO] [stderr]                                  at /rustc/df4ca44d3fbc9301ee17f30f4d474e6ae4b05252/library/core/src/ops/function.rs:284:13
[INFO] [stderr]     22:     0x5628efc04c87 - std::panicking::try::do_call::hae3703de71fc9e3a
[INFO] [stderr]                                  at /rustc/df4ca44d3fbc9301ee17f30f4d474e6ae4b05252/library/std/src/panicking.rs:557:40
[INFO] [stderr]     23:     0x5628efc04c87 - std::panicking::try::h1178330e9a2b2645
[INFO] [stderr]                                  at /rustc/df4ca44d3fbc9301ee17f30f4d474e6ae4b05252/library/std/src/panicking.rs:520:19
[INFO] [stderr]     24:     0x5628efc04c87 - std::panic::catch_unwind::h0acf49d2305d32ad
[INFO] [stderr]                                  at /rustc/df4ca44d3fbc9301ee17f30f4d474e6ae4b05252/library/std/src/panic.rs:358:14
[INFO] [stderr]     25:     0x5628efc04c87 - std::rt::lang_start_internal::{{closure}}::h2d95182d798177be
[INFO] [stderr]                                  at /rustc/df4ca44d3fbc9301ee17f30f4d474e6ae4b05252/library/std/src/rt.rs:174:48
[INFO] [stderr]     26:     0x5628efc04c87 - std::panicking::try::do_call::hb506f5bfe11fd30c
[INFO] [stderr]                                  at /rustc/df4ca44d3fbc9301ee17f30f4d474e6ae4b05252/library/std/src/panicking.rs:557:40
[INFO] [stderr]     27:     0x5628efc04c87 - std::panicking::try::h54d825c46bd0fa95
[INFO] [stderr]                                  at /rustc/df4ca44d3fbc9301ee17f30f4d474e6ae4b05252/library/std/src/panicking.rs:520:19
[INFO] [stderr]     28:     0x5628efc04c87 - std::panic::catch_unwind::hffbb0ad20c4e9fac
[INFO] [stderr]                                  at /rustc/df4ca44d3fbc9301ee17f30f4d474e6ae4b05252/library/std/src/panic.rs:358:14
[INFO] [stderr]     29:     0x5628efc04c87 - std::rt::lang_start_internal::h52c291ef1962c925
[INFO] [stderr]                                  at /rustc/df4ca44d3fbc9301ee17f30f4d474e6ae4b05252/library/std/src/rt.rs:174:20
[INFO] [stderr]     30:     0x5628efbdf857 - std::rt::lang_start::h2a4ad73de0ddc40b
[INFO] [stderr]     31:     0x5628efbe47f5 - main
[INFO] [stderr]     32:     0x70458dabbd90 - <unknown>
[INFO] [stderr]     33:     0x70458dabbe40 - __libc_start_main
[INFO] [stderr]     34:     0x5628efbde655 - _start
[INFO] [stderr]     35:                0x0 - <unknown>
[INFO] [stderr] warning: build failed, waiting for other jobs to finish...
[INFO] [stdout] For more information about this error, try `rustc --explain E0310`.
[INFO] [stdout] 
[INFO] [stderr] error: could not compile `rustc-serialize` (lib) due to 1 previous error
[INFO] running `Command { std: "docker" "inspect" "668ec53d861b06f128a1d10bdc8e073f8747a1a2dc93e1a391bc28ab27be515e", kill_on_drop: false }`
[INFO] running `Command { std: "docker" "rm" "-f" "668ec53d861b06f128a1d10bdc8e073f8747a1a2dc93e1a391bc28ab27be515e", kill_on_drop: false }`
[INFO] [stdout] 668ec53d861b06f128a1d10bdc8e073f8747a1a2dc93e1a391bc28ab27be515e
