[INFO] fetching crate ostd 0.9.4...
[INFO] testing ostd-0.9.4 against nightly-2024-10-28 for randomize-layout
[INFO] extracting crate ostd 0.9.4 into /workspace/builds/worker-0-tc1/source
[INFO] validating manifest of crates.io crate ostd 0.9.4 on toolchain nightly-2024-10-28
[INFO] running `Command { std: CARGO_HOME="/workspace/cargo-home" RUSTUP_HOME="/workspace/rustup-home" "/workspace/cargo-home/bin/cargo" "+nightly-2024-10-28" "metadata" "--manifest-path" "Cargo.toml" "--no-deps", kill_on_drop: false }`
[INFO] started tweaking crates.io crate ostd 0.9.4
[INFO] finished tweaking crates.io crate ostd 0.9.4
[INFO] tweaked toml for crates.io crate ostd 0.9.4 written to /workspace/builds/worker-0-tc1/source/Cargo.toml
[INFO] running `Command { std: CARGO_HOME="/workspace/cargo-home" RUSTUP_HOME="/workspace/rustup-home" "/workspace/cargo-home/bin/cargo" "+nightly-2024-10-28" "generate-lockfile" "--manifest-path" "Cargo.toml", kill_on_drop: false }`
[INFO] [stderr]     Updating crates.io index
[INFO] [stderr]      Locking 89 packages to latest compatible versions
[INFO] [stderr]       Adding bitflags v1.3.2 (available: v2.6.0)
[INFO] [stderr]       Adding buddy_system_allocator v0.10.0 (available: v0.11.0)
[INFO] [stderr]       Adding gimli v0.28.1 (available: v0.31.1)
[INFO] [stderr]       Adding owo-colors v3.5.0 (available: v4.1.0)
[INFO] [stderr]       Adding riscv v0.11.1 (available: v0.12.1)
[INFO] [stderr]       Adding volatile v0.4.6 (available: v0.6.1)
[INFO] [stderr]       Adding x86_64 v0.14.12 (available: v0.15.1)
[INFO] running `Command { std: CARGO_HOME="/workspace/cargo-home" RUSTUP_HOME="/workspace/rustup-home" "/workspace/cargo-home/bin/cargo" "+nightly-2024-10-28" "fetch" "--manifest-path" "Cargo.toml", kill_on_drop: false }`
[INFO] [stderr]  Downloading crates ...
[INFO] [stderr]   Downloaded sbi-spec v0.0.7
[INFO] [stderr]   Downloaded unwinding v0.2.3
[INFO] [stderr]   Downloaded ostd-test v0.9.4
[INFO] [stderr]   Downloaded align_ext v0.1.0
[INFO] [stderr]   Downloaded ostd-pod-derive v0.1.1
[INFO] [stderr]   Downloaded tdx-guest v0.1.7
[INFO] [stderr]   Downloaded int-to-c-enum-derive v0.1.0
[INFO] [stderr]   Downloaded ptr_meta v0.2.0
[INFO] [stderr]   Downloaded ostd-macros v0.9.4
[INFO] [stderr]   Downloaded const-assert v1.0.1
[INFO] [stderr]   Downloaded id-alloc v0.1.0
[INFO] [stderr]   Downloaded sbi-rt v0.0.3
[INFO] [stderr]   Downloaded acpi v5.1.0
[INFO] [stderr]   Downloaded uefi-raw v0.8.0
[INFO] [stderr]   Downloaded buddy_system_allocator v0.10.0
[INFO] [stderr]   Downloaded aml v0.16.4
[INFO] [stderr]   Downloaded multiboot2 v0.23.1
[INFO] [stderr]   Downloaded fdt v0.1.5
[INFO] [stderr]   Downloaded uguid v2.2.0
[INFO] [stderr]   Downloaded x86_64 v0.14.12
[INFO] [stderr]   Downloaded xarray v0.1.1
[INFO] [stderr]   Downloaded int-to-c-enum v0.1.0
[INFO] [stderr]   Downloaded linux-boot-params v0.9.4
[INFO] [stderr]   Downloaded ostd-pod v0.1.1
[INFO] [stderr]   Downloaded inherit-methods-macro v0.1.0
[INFO] [stderr]   Downloaded ptr_meta_derive v0.2.0
[INFO] [stderr]   Downloaded multiboot2-common v0.2.1
[INFO] [stderr]   Downloaded iced-x86 v1.21.0
[INFO] running `Command { std: "docker" "create" "-v" "/var/lib/crater-agent-workspace/builds/worker-0-tc1/target:/opt/rustwide/target:rw,Z" "-v" "/var/lib/crater-agent-workspace/builds/worker-0-tc1/source:/opt/rustwide/workdir:ro,Z" "-v" "/var/lib/crater-agent-workspace/cargo-home:/opt/rustwide/cargo-home:ro,Z" "-v" "/var/lib/crater-agent-workspace/rustup-home:/opt/rustwide/rustup-home:ro,Z" "-e" "SOURCE_DIR=/opt/rustwide/workdir" "-e" "CARGO_TARGET_DIR=/opt/rustwide/target" "-e" "CARGO_HOME=/opt/rustwide/cargo-home" "-e" "RUSTUP_HOME=/opt/rustwide/rustup-home" "-w" "/opt/rustwide/workdir" "-m" "1610612736" "--user" "0:0" "--network" "none" "ghcr.io/rust-lang/crates-build-env/linux@sha256:4a844ea9eb2546a2d2c7022eacef16ef2e8229c7fbb2c7d4d55a9ceca922f72d" "/opt/rustwide/cargo-home/bin/cargo" "+nightly-2024-10-28" "metadata" "--no-deps" "--format-version=1", kill_on_drop: false }`
[INFO] [stdout] 1c05992c5ae92ccf92599559773876b6743d0b69e2b4e7794ea3e7460539d669
[INFO] running `Command { std: "docker" "start" "-a" "1c05992c5ae92ccf92599559773876b6743d0b69e2b4e7794ea3e7460539d669", kill_on_drop: false }`
[INFO] running `Command { std: "docker" "inspect" "1c05992c5ae92ccf92599559773876b6743d0b69e2b4e7794ea3e7460539d669", kill_on_drop: false }`
[INFO] running `Command { std: "docker" "rm" "-f" "1c05992c5ae92ccf92599559773876b6743d0b69e2b4e7794ea3e7460539d669", kill_on_drop: false }`
[INFO] [stdout] 1c05992c5ae92ccf92599559773876b6743d0b69e2b4e7794ea3e7460539d669
[INFO] running `Command { std: "docker" "create" "-v" "/var/lib/crater-agent-workspace/builds/worker-0-tc1/target:/opt/rustwide/target:rw,Z" "-v" "/var/lib/crater-agent-workspace/builds/worker-0-tc1/source:/opt/rustwide/workdir:ro,Z" "-v" "/var/lib/crater-agent-workspace/cargo-home:/opt/rustwide/cargo-home:ro,Z" "-v" "/var/lib/crater-agent-workspace/rustup-home:/opt/rustwide/rustup-home:ro,Z" "-e" "SOURCE_DIR=/opt/rustwide/workdir" "-e" "CARGO_TARGET_DIR=/opt/rustwide/target" "-e" "CARGO_INCREMENTAL=0" "-e" "RUST_BACKTRACE=full" "-e" "RUSTFLAGS=--cap-lints=forbid" "-e" "RUSTDOCFLAGS=--cap-lints=forbid" "-e" "CARGO_HOME=/opt/rustwide/cargo-home" "-e" "RUSTUP_HOME=/opt/rustwide/rustup-home" "-w" "/opt/rustwide/workdir" "-m" "1610612736" "--user" "0:0" "--network" "none" "ghcr.io/rust-lang/crates-build-env/linux@sha256:4a844ea9eb2546a2d2c7022eacef16ef2e8229c7fbb2c7d4d55a9ceca922f72d" "/opt/rustwide/cargo-home/bin/cargo" "+nightly-2024-10-28" "build" "--frozen" "--message-format=json", kill_on_drop: false }`
[INFO] [stdout] f888f1bff77382138a52b942fe5af32ab876d35c14b3e27cbe1b9f1cd0516da8
[INFO] running `Command { std: "docker" "start" "-a" "f888f1bff77382138a52b942fe5af32ab876d35c14b3e27cbe1b9f1cd0516da8", kill_on_drop: false }`
[INFO] [stderr]    Compiling syn v2.0.86
[INFO] [stderr]    Compiling syn v1.0.109
[INFO] [stderr]    Compiling num-traits v0.2.19
[INFO] [stderr]    Compiling libc v0.2.161
[INFO] [stderr]    Compiling byteorder v1.5.0
[INFO] [stderr]    Compiling cfg-if v1.0.0
[INFO] [stderr]    Compiling lock_api v0.4.12
[INFO] [stderr]    Compiling ident_case v1.0.1
[INFO] [stderr]    Compiling radium v0.7.0
[INFO] [stderr]    Compiling fnv v1.0.7
[INFO] [stderr]    Compiling strsim v0.10.0
[INFO] [stderr]    Compiling memoffset v0.9.1
[INFO] [stderr]    Compiling scopeguard v1.2.0
[INFO] [stderr]    Compiling tap v1.0.1
[INFO] [stderr]    Compiling funty v2.0.0
[INFO] [stderr]    Compiling gimli v0.31.1
[INFO] [stderr]    Compiling smallvec v1.13.2
[INFO] [stderr]    Compiling linux-boot-params v0.9.4
[INFO] [stderr]    Compiling wyz v0.5.1
[INFO] [stderr]    Compiling align_ext v0.1.0
[INFO] [stderr]    Compiling ostd-test v0.9.4
[INFO] [stderr]    Compiling static_assertions v1.1.0
[INFO] [stderr]    Compiling bitflags v1.3.2
[INFO] [stderr]    Compiling bit_field v0.10.2
[INFO] [stderr]    Compiling owo-colors v3.5.0
[INFO] [stderr]    Compiling const-assert v1.0.1
[INFO] [stderr]    Compiling xarray v0.1.1
[INFO] [stderr]    Compiling buddy_system_allocator v0.10.0
[INFO] [stderr]    Compiling gimli v0.28.1
[INFO] [stderr]    Compiling intrusive-collections v0.9.7
[INFO] [stderr]    Compiling log v0.4.22
[INFO] [stderr]    Compiling volatile v0.4.6
[INFO] [stderr]    Compiling spin v0.9.8
[INFO] [stderr]    Compiling bitvec v1.0.1
[INFO] [stderr]    Compiling lazy_static v1.5.0
[INFO] [stderr]    Compiling getrandom v0.2.15
[INFO] [stderr]    Compiling num-integer v0.1.46
[INFO] [stderr]    Compiling num-complex v0.4.6
[INFO] [stderr]    Compiling rand_core v0.6.4
[INFO] [stderr]    Compiling num-iter v0.1.45
[INFO] [stderr]    Compiling num-rational v0.4.2
[INFO] [stderr]    Compiling num v0.4.3
[INFO] [stderr]    Compiling unwinding v0.2.3
[INFO] [stderr]    Compiling id-alloc v0.1.0
[INFO] [stderr]    Compiling zerocopy-derive v0.7.35
[INFO] [stderr]    Compiling int-to-c-enum-derive v0.1.0
[INFO] [stderr]    Compiling num-derive v0.4.2
[INFO] [stderr]    Compiling int-to-c-enum v0.1.0
[INFO] [stderr]    Compiling darling_core v0.13.4
[INFO] [stderr]    Compiling zerocopy v0.7.35
[INFO] [stderr]    Compiling ostd-pod-derive v0.1.1
[INFO] [stderr]    Compiling ppv-lite86 v0.2.20
[INFO] [stderr]    Compiling ostd-pod v0.1.1
[INFO] [stderr]    Compiling rand_chacha v0.3.1
[INFO] [stderr]    Compiling rand v0.8.5
[INFO] [stderr]    Compiling darling_macro v0.13.4
[INFO] [stderr]    Compiling darling v0.13.4
[INFO] [stderr]    Compiling inherit-methods-macro v0.1.0
[INFO] [stderr]    Compiling ostd-macros v0.9.4
[INFO] [stderr]    Compiling ostd v0.9.4 (/opt/rustwide/workdir)
[INFO] [stdout] error[E0433]: failed to resolve: use of undeclared crate or module `acpi`
[INFO] [stdout]   --> src/arch/x86/boot/smp.rs:30:5
[INFO] [stdout]    |
[INFO] [stdout] 30 | use acpi::platform::PlatformInfo;
[INFO] [stdout]    |     ^^^^ use of undeclared crate or module `acpi`
[INFO] [stdout] 
[INFO] [stdout] 
[INFO] [stdout] error[E0433]: failed to resolve: use of undeclared crate or module `acpi`
[INFO] [stdout]   --> src/arch/x86/device/cmos.rs:12:5
[INFO] [stdout]    |
[INFO] [stdout] 12 | use acpi::fadt::Fadt;
[INFO] [stdout]    |     ^^^^ use of undeclared crate or module `acpi`
[INFO] [stdout] 
[INFO] [stdout] 
[INFO] [stdout] error[E0433]: failed to resolve: use of undeclared crate or module `x86_64`
[INFO] [stdout]   --> src/arch/x86/device/cmos.rs:13:5
[INFO] [stdout]    |
[INFO] [stdout] 13 | use x86_64::instructions::port::{ReadOnlyAccess, WriteOnlyAccess};
[INFO] [stdout]    |     ^^^^^^ use of undeclared crate or module `x86_64`
[INFO] [stdout] 
[INFO] [stdout] 
[INFO] [stdout] error[E0433]: failed to resolve: use of undeclared crate or module `x86_64`
[INFO] [stdout]  --> src/arch/x86/device/io_port.rs:7:9
[INFO] [stdout]   |
[INFO] [stdout] 7 | pub use x86_64::{
[INFO] [stdout]   |         ^^^^^^ use of undeclared crate or module `x86_64`
[INFO] [stdout] 
[INFO] [stdout] 
[INFO] [stdout] error[E0433]: failed to resolve: use of undeclared crate or module `x86`
[INFO] [stdout]  --> src/arch/x86/kernel/apic/x2apic.rs:3:5
[INFO] [stdout]   |
[INFO] [stdout] 3 | use x86::msr::{
[INFO] [stdout]   |     ^^^ use of undeclared crate or module `x86`
[INFO] [stdout] 
[INFO] [stdout] 
[INFO] [stdout] error[E0433]: failed to resolve: use of undeclared crate or module `x86`
[INFO] [stdout]   --> src/arch/x86/kernel/tsc.rs:11:5
[INFO] [stdout]    |
[INFO] [stdout] 11 | use x86::cpuid::cpuid;
[INFO] [stdout]    |     ^^^ use of undeclared crate or module `x86`
[INFO] [stdout] 
[INFO] [stdout] 
[INFO] [stdout] error[E0433]: failed to resolve: use of undeclared crate or module `x86`
[INFO] [stdout]   --> src/arch/x86/timer/apic.rs:13:5
[INFO] [stdout]    |
[INFO] [stdout] 13 | use x86::{
[INFO] [stdout]    |     ^^^ use of undeclared crate or module `x86`
[INFO] [stdout] 
[INFO] [stdout] 
[INFO] [stdout] error[E0433]: failed to resolve: use of undeclared crate or module `x86_64`
[INFO] [stdout]   --> src/arch/x86/trap/gdt.rs:23:5
[INFO] [stdout]    |
[INFO] [stdout] 23 | use x86_64::{
[INFO] [stdout]    |     ^^^^^^ use of undeclared crate or module `x86_64`
[INFO] [stdout] 
[INFO] [stdout] 
[INFO] [stdout] error[E0432]: unresolved import `x86_64`
[INFO] [stdout]   --> src/arch/x86/trap/gdt.rs:23:5
[INFO] [stdout]    |
[INFO] [stdout] 23 | use x86_64::{
[INFO] [stdout]    |     ^^^^^^ use of undeclared crate or module `x86_64`
[INFO] [stdout] 
[INFO] [stdout] 
[INFO] [stdout] error[E0433]: failed to resolve: use of undeclared crate or module `x86_64`
[INFO] [stdout]  --> src/arch/x86/cpu/local.rs:5:5
[INFO] [stdout]   |
[INFO] [stdout] 5 | use x86_64::registers::segmentation::{Segment64, GS};
[INFO] [stdout]   |     ^^^^^^ use of undeclared crate or module `x86_64`
[INFO] [stdout] 
[INFO] [stdout] 
[INFO] [stdout] error[E0433]: failed to resolve: use of undeclared crate or module `x86`
[INFO] [stdout]   --> src/arch/x86/cpu/mod.rs:17:5
[INFO] [stdout]    |
[INFO] [stdout] 17 | use x86::bits64::segmentation::wrfsbase;
[INFO] [stdout]    |     ^^^ use of undeclared crate or module `x86`
[INFO] [stdout] 
[INFO] [stdout] 
[INFO] [stdout] error[E0433]: failed to resolve: use of undeclared crate or module `x86_64`
[INFO] [stdout]   --> src/arch/x86/cpu/mod.rs:18:5
[INFO] [stdout]    |
[INFO] [stdout] 18 | use x86_64::registers::rflags::RFlags;
[INFO] [stdout]    |     ^^^^^^ use of undeclared crate or module `x86_64`
[INFO] [stdout] 
[INFO] [stdout] 
[INFO] [stdout] error[E0433]: failed to resolve: use of undeclared crate or module `x86_64`
[INFO] [stdout]   --> src/arch/x86/irq.rs:11:5
[INFO] [stdout]    |
[INFO] [stdout] 11 | use x86_64::registers::rflags::{self, RFlags};
[INFO] [stdout]    |     ^^^^^^ use of undeclared crate or module `x86_64`
[INFO] [stdout] 
[INFO] [stdout] 
[INFO] [stdout] error[E0433]: failed to resolve: use of undeclared crate or module `acpi`
[INFO] [stdout]  --> src/arch/x86/kernel/acpi/dmar.rs:8:5
[INFO] [stdout]   |
[INFO] [stdout] 8 | use acpi::{
[INFO] [stdout]   |     ^^^^ use of undeclared crate or module `acpi`
[INFO] [stdout] 
[INFO] [stdout] 
[INFO] [stdout] error[E0432]: unresolved import `multiboot2`
[INFO] [stdout]  --> src/arch/x86/boot/multiboot2/mod.rs:9:5
[INFO] [stdout]   |
[INFO] [stdout] 9 | use multiboot2::{BootInformation, BootInformationHeader, MemoryAreaType};
[INFO] [stdout]   |     ^^^^^^^^^^ help: a similar path exists: `super::multiboot2`
[INFO] [stdout] 
[INFO] [stdout] 
[INFO] [stdout] error[E0433]: failed to resolve: use of undeclared crate or module `acpi`
[INFO] [stdout]   --> src/arch/x86/kernel/acpi/mod.rs:11:5
[INFO] [stdout]    |
[INFO] [stdout] 11 | use acpi::{rsdp::Rsdp, AcpiHandler, AcpiTables};
[INFO] [stdout]    |     ^^^^ use of undeclared crate or module `acpi`
[INFO] [stdout] 
[INFO] [stdout] 
[INFO] [stdout] error[E0432]: unresolved import `acpi`
[INFO] [stdout]  --> src/arch/x86/kernel/acpi/dmar.rs:8:5
[INFO] [stdout]   |
[INFO] [stdout] 8 | use acpi::{
[INFO] [stdout]   |     ^^^^ use of undeclared crate or module `acpi`
[INFO] [stdout] 
[INFO] [stdout] 
[INFO] [stdout] error[E0432]: unresolved import `acpi`
[INFO] [stdout]   --> src/arch/x86/kernel/acpi/mod.rs:11:5
[INFO] [stdout]    |
[INFO] [stdout] 11 | use acpi::{rsdp::Rsdp, AcpiHandler, AcpiTables};
[INFO] [stdout]    |     ^^^^ help: a similar path exists: `super::acpi`
[INFO] [stdout] 
[INFO] [stdout] 
[INFO] [stdout] error[E0433]: failed to resolve: use of undeclared crate or module `x86`
[INFO] [stdout]  --> src/arch/x86/kernel/apic/xapic.rs:5:5
[INFO] [stdout]   |
[INFO] [stdout] 5 | use x86::apic::xapic;
[INFO] [stdout]   |     ^^^ use of undeclared crate or module `x86`
[INFO] [stdout] 
[INFO] [stdout] 
[INFO] [stdout] error[E0433]: failed to resolve: use of undeclared crate or module `x86_64`
[INFO] [stdout]   --> src/arch/x86/mm/mod.rs:10:5
[INFO] [stdout]    |
[INFO] [stdout] 10 | use x86_64::{instructions::tlb, structures::paging::PhysFrame, VirtAddr};
[INFO] [stdout]    |     ^^^^^^ use of undeclared crate or module `x86_64`
[INFO] [stdout] 
[INFO] [stdout] 
[INFO] [stdout] error[E0432]: unresolved import `acpi`
[INFO] [stdout]  --> src/arch/x86/kernel/apic/ioapic.rs:7:5
[INFO] [stdout]   |
[INFO] [stdout] 7 | use acpi::PlatformInfo;
[INFO] [stdout]   |     ^^^^ use of undeclared crate or module `acpi`
[INFO] [stdout] 
[INFO] [stdout] 
[INFO] [stdout] error[E0433]: failed to resolve: use of undeclared crate or module `x86_64`
[INFO] [stdout]   --> src/arch/x86/qemu.rs:27:9
[INFO] [stdout]    |
[INFO] [stdout] 27 |     use x86_64::instructions::port::Port;
[INFO] [stdout]    |         ^^^^^^ use of undeclared crate or module `x86_64`
[INFO] [stdout] 
[INFO] [stdout] 
[INFO] [stdout] error[E0432]: unresolved import `x86_64`
[INFO] [stdout]   --> src/arch/x86/mm/mod.rs:10:5
[INFO] [stdout]    |
[INFO] [stdout] 10 | use x86_64::{instructions::tlb, structures::paging::PhysFrame, VirtAddr};
[INFO] [stdout]    |     ^^^^^^ use of undeclared crate or module `x86_64`
[INFO] [stdout] 
[INFO] [stdout] 
[INFO] [stdout] error[E0433]: failed to resolve: use of undeclared crate or module `x86_64`
[INFO] [stdout]   --> src/arch/x86/trap/idt.rs:23:5
[INFO] [stdout]    |
[INFO] [stdout] 23 | use x86_64::{
[INFO] [stdout]    |     ^^^^^^ use of undeclared crate or module `x86_64`
[INFO] [stdout] 
[INFO] [stdout] 
[INFO] [stdout] error[E0432]: unresolved import `acpi`
[INFO] [stdout]  --> src/arch/x86/timer/hpet.rs:7:5
[INFO] [stdout]   |
[INFO] [stdout] 7 | use acpi::{AcpiError, HpetInfo};
[INFO] [stdout]   |     ^^^^ use of undeclared crate or module `acpi`
[INFO] [stdout] 
[INFO] [stdout] 
[INFO] [stdout] error[E0433]: failed to resolve: use of undeclared crate or module `x86`
[INFO] [stdout]   --> src/arch/x86/trap/syscall.rs:21:5
[INFO] [stdout]    |
[INFO] [stdout] 21 | use x86::cpuid::CpuId;
[INFO] [stdout]    |     ^^^ use of undeclared crate or module `x86`
[INFO] [stdout] 
[INFO] [stdout] 
[INFO] [stdout] error[E0433]: failed to resolve: use of undeclared crate or module `x86_64`
[INFO] [stdout]   --> src/arch/x86/trap/syscall.rs:22:5
[INFO] [stdout]    |
[INFO] [stdout] 22 | use x86_64::{
[INFO] [stdout]    |     ^^^^^^ use of undeclared crate or module `x86_64`
[INFO] [stdout] 
[INFO] [stdout] 
[INFO] [stdout] error[E0432]: unresolved import `x86_64`
[INFO] [stdout]   --> src/arch/x86/trap/idt.rs:23:5
[INFO] [stdout]    |
[INFO] [stdout] 23 | use x86_64::{
[INFO] [stdout]    |     ^^^^^^ use of undeclared crate or module `x86_64`
[INFO] [stdout] 
[INFO] [stdout] 
[INFO] [stdout] error[E0433]: failed to resolve: use of undeclared crate or module `x86_64`
[INFO] [stdout]    --> src/arch/x86/mod.rs:180:9
[INFO] [stdout]     |
[INFO] [stdout] 180 |     use x86_64::registers::{control::Cr4Flags, model_specific::EferFlags, xcontrol::XCr0Flags};
[INFO] [stdout]     |         ^^^^^^ use of undeclared crate or module `x86_64`
[INFO] [stdout] 
[INFO] [stdout] 
[INFO] [stdout] error[E0432]: unresolved import `x86_64`
[INFO] [stdout]   --> src/arch/x86/trap/syscall.rs:22:5
[INFO] [stdout]    |
[INFO] [stdout] 22 | use x86_64::{
[INFO] [stdout]    |     ^^^^^^ use of undeclared crate or module `x86_64`
[INFO] [stdout] 
[INFO] [stdout] 
[INFO] [stdout] error[E0432]: unresolved import `tdx_guest`
[INFO] [stdout]  --> src/arch/x86/cpu/tdx.rs:3:5
[INFO] [stdout]   |
[INFO] [stdout] 3 | use tdx_guest::{handle_virtual_exception as do_handle_virtual_exception, tdcall, TdxTrapFrame};
[INFO] [stdout]   |     ^^^^^^^^^ use of undeclared crate or module `tdx_guest`
[INFO] [stdout] 
[INFO] [stdout] 
[INFO] [stdout] error[E0432]: unresolved import `tdx_guest`
[INFO] [stdout]   --> src/arch/x86/kernel/apic/ioapic.rs:20:15
[INFO] [stdout]    |
[INFO] [stdout] 20 |         use ::tdx_guest::tdx_is_enabled;
[INFO] [stdout]    |               ^^^^^^^^^ help: a similar path exists: `self::tdx_guest`
[INFO] [stdout] 
[INFO] [stdout] 
[INFO] [stdout] error[E0433]: failed to resolve: use of undeclared crate or module `tdx_guest`
[INFO] [stdout]  --> src/arch/x86/tdx_guest.rs:4:5
[INFO] [stdout]   |
[INFO] [stdout] 4 | use tdx_guest::{tdcall::accept_page, tdvmcall::map_gpa, TdxTrapFrame};
[INFO] [stdout]   |     ^^^^^^^^^ use of undeclared crate or module `tdx_guest`
[INFO] [stdout] 
[INFO] [stdout] 
[INFO] [stdout] error[E0432]: unresolved import `tdx_guest`
[INFO] [stdout]   --> src/arch/x86/trap/mod.rs:42:13
[INFO] [stdout]    |
[INFO] [stdout] 42 |         use tdx_guest::{tdcall, tdx_is_enabled, handle_virtual_exception};
[INFO] [stdout]    |             ^^^^^^^^^ help: a similar path exists: `super::tdx_guest`
[INFO] [stdout] 
[INFO] [stdout] 
[INFO] [stdout] error[E0432]: unresolved import `tdx_guest`
[INFO] [stdout]  --> src/arch/x86/tdx_guest.rs:4:5
[INFO] [stdout]   |
[INFO] [stdout] 4 | use tdx_guest::{tdcall::accept_page, tdvmcall::map_gpa, TdxTrapFrame};
[INFO] [stdout]   |     ^^^^^^^^^ help: a similar path exists: `super::tdx_guest`
[INFO] [stdout] 
[INFO] [stdout] 
[INFO] [stdout] error[E0433]: failed to resolve: could not find `tdx_guest` in the list of imported crates
[INFO] [stdout]   --> src/arch/x86/mod.rs:28:15
[INFO] [stdout]    |
[INFO] [stdout] 28 |             ::tdx_guest::{init_tdx, tdcall::InitError, tdx_is_enabled},
[INFO] [stdout]    |               ^^^^^^^^^ could not find `tdx_guest` in the list of imported crates
[INFO] [stdout] 
[INFO] [stdout] 
[INFO] [stdout] error[E0432]: unresolved import `tdx_guest`
[INFO] [stdout]   --> src/arch/x86/mod.rs:28:15
[INFO] [stdout]    |
[INFO] [stdout] 28 |             ::tdx_guest::{init_tdx, tdcall::InitError, tdx_is_enabled},
[INFO] [stdout]    |               ^^^^^^^^^ help: a similar path exists: `self::tdx_guest`
[INFO] [stdout] 
[INFO] [stdout] 
[INFO] [stdout] error[E0432]: unresolved import `tdx_guest`
[INFO] [stdout]   --> src/bus/mmio/mod.rs:23:15
[INFO] [stdout]    |
[INFO] [stdout] 23 |         use ::tdx_guest::tdx_is_enabled;
[INFO] [stdout]    |               ^^^^^^^^^ help: a similar path exists: `self::tdx_guest`
[INFO] [stdout] 
[INFO] [stdout] 
[INFO] [stdout] error[E0432]: unresolved import `tdx_guest`
[INFO] [stdout]   --> src/bus/pci/capability/msix.rs:24:15
[INFO] [stdout]    |
[INFO] [stdout] 24 |         use ::tdx_guest::tdx_is_enabled;
[INFO] [stdout]    |               ^^^^^^^^^ help: a similar path exists: `self::tdx_guest`
[INFO] [stdout] 
[INFO] [stdout] 
[INFO] [stdout] error[E0432]: unresolved import `tdx_guest`
[INFO] [stdout]   --> src/mm/dma/dma_coherent.rs:23:15
[INFO] [stdout]    |
[INFO] [stdout] 23 |         use ::tdx_guest::tdx_is_enabled;
[INFO] [stdout]    |               ^^^^^^^^^ help: a similar path exists: `self::tdx_guest`
[INFO] [stdout] 
[INFO] [stdout] 
[INFO] [stdout] error[E0432]: unresolved import `tdx_guest`
[INFO] [stdout]   --> src/mm/dma/dma_stream.rs:20:15
[INFO] [stdout]    |
[INFO] [stdout] 20 |         use ::tdx_guest::tdx_is_enabled;
[INFO] [stdout]    |               ^^^^^^^^^ help: a similar path exists: `self::tdx_guest`
[INFO] [stdout] 
[INFO] [stdout] 
[INFO] [stdout] error[E0433]: failed to resolve: use of undeclared crate or module `x86_64`
[INFO] [stdout]   --> src/arch/x86/cpu/local.rs:18:20
[INFO] [stdout]    |
[INFO] [stdout] 18 |     GS::write_base(x86_64::addr::VirtAddr::new(addr));
[INFO] [stdout]    |                    ^^^^^^ use of undeclared crate or module `x86_64`
[INFO] [stdout] 
[INFO] [stdout] 
[INFO] [stdout] error[E0433]: failed to resolve: use of undeclared crate or module `x86`
[INFO] [stdout]    --> src/arch/x86/cpu/mod.rs:149:43
[INFO] [stdout]     |
[INFO] [stdout] 149 |                 page_fault_addr: unsafe { x86::controlregs::cr2() },
[INFO] [stdout]     |                                           ^^^ use of undeclared crate or module `x86`
[INFO] [stdout] 
[INFO] [stdout] 
[INFO] [stdout] error[E0433]: failed to resolve: use of undeclared crate or module `x86_64`
[INFO] [stdout]   --> src/arch/x86/irq.rs:47:5
[INFO] [stdout]    |
[INFO] [stdout] 47 |     x86_64::instructions::interrupts::enable();
[INFO] [stdout]    |     ^^^^^^ use of undeclared crate or module `x86_64`
[INFO] [stdout] 
[INFO] [stdout] 
[INFO] [stdout] error[E0433]: failed to resolve: use of undeclared crate or module `x86_64`
[INFO] [stdout]   --> src/arch/x86/irq.rs:51:5
[INFO] [stdout]    |
[INFO] [stdout] 51 |     x86_64::instructions::nop();
[INFO] [stdout]    |     ^^^^^^ use of undeclared crate or module `x86_64`
[INFO] [stdout] 
[INFO] [stdout] 
[INFO] [stdout] error[E0433]: failed to resolve: use of undeclared crate or module `x86_64`
[INFO] [stdout]   --> src/arch/x86/irq.rs:55:5
[INFO] [stdout]    |
[INFO] [stdout] 55 |     x86_64::instructions::interrupts::disable();
[INFO] [stdout]    |     ^^^^^^ use of undeclared crate or module `x86_64`
[INFO] [stdout] 
[INFO] [stdout] 
[INFO] [stdout] error[E0433]: failed to resolve: use of undeclared crate or module `acpi`
[INFO] [stdout]   --> src/arch/x86/kernel/acpi/dmar.rs:62:26
[INFO] [stdout]    |
[INFO] [stdout] 62 |     fn header(&self) -> &acpi::sdt::SdtHeader {
[INFO] [stdout]    |                          ^^^^ use of undeclared crate or module `acpi`
[INFO] [stdout] 
[INFO] [stdout] 
[INFO] [stdout] error[E0433]: failed to resolve: use of undeclared crate or module `acpi`
[INFO] [stdout]   --> src/arch/x86/kernel/acpi/mod.rs:33:9
[INFO] [stdout]    |
[INFO] [stdout] 33 |         acpi::PhysicalMapping::new(
[INFO] [stdout]    |         ^^^^ use of undeclared crate or module `acpi`
[INFO] [stdout] 
[INFO] [stdout] 
[INFO] [stdout] error[E0433]: failed to resolve: use of undeclared crate or module `acpi`
[INFO] [stdout]    --> src/arch/x86/kernel/apic/ioapic.rs:194:9
[INFO] [stdout]     |
[INFO] [stdout] 194 |         acpi::InterruptModel::Unknown => panic!("not found APIC in ACPI Table"),
[INFO] [stdout]     |         ^^^^ use of undeclared crate or module `acpi`
[INFO] [stdout] 
[INFO] [stdout] 
[INFO] [stdout] error[E0433]: failed to resolve: use of undeclared crate or module `acpi`
[INFO] [stdout]    --> src/arch/x86/kernel/apic/ioapic.rs:195:9
[INFO] [stdout]     |
[INFO] [stdout] 195 |         acpi::InterruptModel::Apic(apic) => {
[INFO] [stdout]     |         ^^^^ use of undeclared crate or module `acpi`
[INFO] [stdout] 
[INFO] [stdout] 
[INFO] [stdout] error[E0433]: failed to resolve: use of undeclared crate or module `x86_64`
[INFO] [stdout]    --> src/arch/x86/kernel/apic/xapic.rs:117:9
[INFO] [stdout]     |
[INFO] [stdout] 117 |         x86_64::registers::model_specific::Msr::new(IA32_APIC_BASE_MSR)
[INFO] [stdout]     |         ^^^^^^ use of undeclared crate or module `x86_64`
[INFO] [stdout] 
[INFO] [stdout] 
[INFO] [stdout] error[E0433]: failed to resolve: use of undeclared crate or module `x86_64`
[INFO] [stdout]    --> src/arch/x86/kernel/apic/xapic.rs:125:10
[INFO] [stdout]     |
[INFO] [stdout] 125 |         (x86_64::registers::model_specific::Msr::new(IA32_APIC_BASE_MSR).read() & 0xf_ffff_f000)
[INFO] [stdout]     |          ^^^^^^ use of undeclared crate or module `x86_64`
[INFO] [stdout] 
[INFO] [stdout] 
[INFO] [stdout] error[E0433]: failed to resolve: use of undeclared crate or module `x86_64`
[INFO] [stdout]   --> src/arch/x86/kernel/tsc.rs:84:5
[INFO] [stdout]    |
[INFO] [stdout] 84 |     x86_64::instructions::interrupts::enable();
[INFO] [stdout]    |     ^^^^^^ use of undeclared crate or module `x86_64`
[INFO] [stdout] 
[INFO] [stdout] 
[INFO] [stdout] error[E0433]: failed to resolve: use of undeclared crate or module `x86_64`
[INFO] [stdout]   --> src/arch/x86/kernel/tsc.rs:86:9
[INFO] [stdout]    |
[INFO] [stdout] 86 |         x86_64::instructions::hlt();
[INFO] [stdout]    |         ^^^^^^ use of undeclared crate or module `x86_64`
[INFO] [stdout] 
[INFO] [stdout] 
[INFO] [stdout] error[E0433]: failed to resolve: use of undeclared crate or module `x86_64`
[INFO] [stdout]   --> src/arch/x86/kernel/tsc.rs:88:5
[INFO] [stdout]    |
[INFO] [stdout] 88 |     x86_64::instructions::interrupts::disable();
[INFO] [stdout]    |     ^^^^^^ use of undeclared crate or module `x86_64`
[INFO] [stdout] 
[INFO] [stdout] 
[INFO] [stdout] error[E0433]: failed to resolve: use of undeclared crate or module `x86_64`
[INFO] [stdout]   --> src/arch/x86/mm/mod.rs:99:9
[INFO] [stdout]    |
[INFO] [stdout] 99 |         x86_64::registers::control::Cr4::update(|cr4| {
[INFO] [stdout]    |         ^^^^^^ use of undeclared crate or module `x86_64`
[INFO] [stdout] 
[INFO] [stdout] 
[INFO] [stdout] error[E0433]: failed to resolve: use of undeclared crate or module `x86_64`
[INFO] [stdout]    --> src/arch/x86/mm/mod.rs:100:21
[INFO] [stdout]     |
[INFO] [stdout] 100 |             *cr4 -= x86_64::registers::control::Cr4Flags::PAGE_GLOBAL;
[INFO] [stdout]     |                     ^^^^^^ use of undeclared crate or module `x86_64`
[INFO] [stdout] 
[INFO] [stdout] 
[INFO] [stdout] error[E0433]: failed to resolve: use of undeclared crate or module `x86_64`
[INFO] [stdout]    --> src/arch/x86/mm/mod.rs:102:9
[INFO] [stdout]     |
[INFO] [stdout] 102 |         x86_64::registers::control::Cr4::update(|cr4| {
[INFO] [stdout]     |         ^^^^^^ use of undeclared crate or module `x86_64`
[INFO] [stdout] 
[INFO] [stdout] 
[INFO] [stdout] error[E0433]: failed to resolve: use of undeclared crate or module `x86_64`
[INFO] [stdout]    --> src/arch/x86/mm/mod.rs:103:21
[INFO] [stdout]     |
[INFO] [stdout] 103 |             *cr4 |= x86_64::registers::control::Cr4Flags::PAGE_GLOBAL;
[INFO] [stdout]     |                     ^^^^^^ use of undeclared crate or module `x86_64`
[INFO] [stdout] 
[INFO] [stdout] 
[INFO] [stdout] error[E0433]: failed to resolve: use of undeclared crate or module `x86_64`
[INFO] [stdout]    --> src/arch/x86/mm/mod.rs:120:5
[INFO] [stdout]     |
[INFO] [stdout] 120 |     x86_64::registers::control::Cr3::write(
[INFO] [stdout]     |     ^^^^^^ use of undeclared crate or module `x86_64`
[INFO] [stdout] 
[INFO] [stdout] 
[INFO] [stdout] error[E0433]: failed to resolve: use of undeclared crate or module `x86_64`
[INFO] [stdout]    --> src/arch/x86/mm/mod.rs:121:39
[INFO] [stdout]     |
[INFO] [stdout] 121 |         PhysFrame::from_start_address(x86_64::PhysAddr::new(root_paddr as u64)).unwrap(),
[INFO] [stdout]     |                                       ^^^^^^ use of undeclared crate or module `x86_64`
[INFO] [stdout] 
[INFO] [stdout] 
[INFO] [stdout] error[E0433]: failed to resolve: use of undeclared crate or module `x86_64`
[INFO] [stdout]    --> src/arch/x86/mm/mod.rs:123:39
[INFO] [stdout]     |
[INFO] [stdout] 123 |             CachePolicy::Writeback => x86_64::registers::control::Cr3Flags::empty(),
[INFO] [stdout]     |                                       ^^^^^^ use of undeclared crate or module `x86_64`
[INFO] [stdout] 
[INFO] [stdout] 
[INFO] [stdout] error[E0433]: failed to resolve: use of undeclared crate or module `x86_64`
[INFO] [stdout]    --> src/arch/x86/mm/mod.rs:125:17
[INFO] [stdout]     |
[INFO] [stdout] 125 |                 x86_64::registers::control::Cr3Flags::PAGE_LEVEL_WRITETHROUGH
[INFO] [stdout]     |                 ^^^^^^ use of undeclared crate or module `x86_64`
[INFO] [stdout] 
[INFO] [stdout] 
[INFO] [stdout] error[E0433]: failed to resolve: use of undeclared crate or module `x86_64`
[INFO] [stdout]    --> src/arch/x86/mm/mod.rs:128:17
[INFO] [stdout]     |
[INFO] [stdout] 128 |                 x86_64::registers::control::Cr3Flags::PAGE_LEVEL_CACHE_DISABLE
[INFO] [stdout]     |                 ^^^^^^ use of undeclared crate or module `x86_64`
[INFO] [stdout] 
[INFO] [stdout] 
[INFO] [stdout] error[E0433]: failed to resolve: use of undeclared crate or module `x86_64`
[INFO] [stdout]    --> src/arch/x86/mm/mod.rs:136:5
[INFO] [stdout]     |
[INFO] [stdout] 136 |     x86_64::registers::control::Cr3::read_raw()
[INFO] [stdout]     |     ^^^^^^ use of undeclared crate or module `x86_64`
[INFO] [stdout] 
[INFO] [stdout] 
[INFO] [stdout] error[E0433]: failed to resolve: use of undeclared crate or module `x86_64`
[INFO] [stdout]   --> src/arch/x86/timer/apic.rs:91:5
[INFO] [stdout]    |
[INFO] [stdout] 91 |     x86_64::instructions::interrupts::enable();
[INFO] [stdout]    |     ^^^^^^ use of undeclared crate or module `x86_64`
[INFO] [stdout] 
[INFO] [stdout] 
[INFO] [stdout] error[E0433]: failed to resolve: use of undeclared crate or module `x86_64`
[INFO] [stdout]   --> src/arch/x86/timer/apic.rs:93:9
[INFO] [stdout]    |
[INFO] [stdout] 93 |         x86_64::instructions::hlt();
[INFO] [stdout]    |         ^^^^^^ use of undeclared crate or module `x86_64`
[INFO] [stdout] 
[INFO] [stdout] 
[INFO] [stdout] error[E0433]: failed to resolve: use of undeclared crate or module `x86_64`
[INFO] [stdout]   --> src/arch/x86/timer/apic.rs:95:5
[INFO] [stdout]    |
[INFO] [stdout] 95 |     x86_64::instructions::interrupts::disable();
[INFO] [stdout]    |     ^^^^^^ use of undeclared crate or module `x86_64`
[INFO] [stdout] 
[INFO] [stdout] 
[INFO] [stdout] error[E0433]: failed to resolve: use of undeclared crate or module `x86_64`
[INFO] [stdout]    --> src/arch/x86/trap/mod.rs:233:39
[INFO] [stdout]     |
[INFO] [stdout] 233 |                 let page_fault_addr = x86_64::registers::control::Cr2::read_raw();
[INFO] [stdout]     |                                       ^^^^^^ use of undeclared crate or module `x86_64`
[INFO] [stdout] 
[INFO] [stdout] 
[INFO] [stdout] error[E0433]: failed to resolve: use of undeclared crate or module `x86_64`
[INFO] [stdout]    --> src/arch/x86/mod.rs:181:19
[INFO] [stdout]     |
[INFO] [stdout] 181 |     let mut cr4 = x86_64::registers::control::Cr4::read();
[INFO] [stdout]     |                   ^^^^^^ use of undeclared crate or module `x86_64`
[INFO] [stdout] 
[INFO] [stdout] 
[INFO] [stdout] error[E0433]: failed to resolve: use of undeclared crate or module `x86_64`
[INFO] [stdout]    --> src/arch/x86/mod.rs:188:9
[INFO] [stdout]     |
[INFO] [stdout] 188 |         x86_64::registers::control::Cr4::write(cr4);
[INFO] [stdout]     |         ^^^^^^ use of undeclared crate or module `x86_64`
[INFO] [stdout] 
[INFO] [stdout] 
[INFO] [stdout] error[E0433]: failed to resolve: use of undeclared crate or module `x86_64`
[INFO] [stdout]    --> src/arch/x86/mod.rs:191:20
[INFO] [stdout]     |
[INFO] [stdout] 191 |     let mut xcr0 = x86_64::registers::xcontrol::XCr0::read();
[INFO] [stdout]     |                    ^^^^^^ use of undeclared crate or module `x86_64`
[INFO] [stdout] 
[INFO] [stdout] 
[INFO] [stdout] error[E0433]: failed to resolve: use of undeclared crate or module `x86_64`
[INFO] [stdout]    --> src/arch/x86/mod.rs:201:9
[INFO] [stdout]     |
[INFO] [stdout] 201 |         x86_64::registers::xcontrol::XCr0::write(xcr0);
[INFO] [stdout]     |         ^^^^^^ use of undeclared crate or module `x86_64`
[INFO] [stdout] 
[INFO] [stdout] 
[INFO] [stdout] error[E0433]: failed to resolve: use of undeclared crate or module `x86_64`
[INFO] [stdout]    --> src/arch/x86/mod.rs:206:9
[INFO] [stdout]     |
[INFO] [stdout] 206 |         x86_64::registers::model_specific::Efer::update(|efer| {
[INFO] [stdout]     |         ^^^^^^ use of undeclared crate or module `x86_64`
[INFO] [stdout] 
[INFO] [stdout] 
[INFO] [stdout] error[E0425]: cannot find function `init` in module `crate::arch::trap`
[INFO] [stdout]    --> src/arch/x86/mod.rs:65:28
[INFO] [stdout]     |
[INFO] [stdout] 65  |         crate::arch::trap::init(true);
[INFO] [stdout]     |                            ^^^^ not found in `crate::arch::trap`
[INFO] [stdout]     |
[INFO] [stdout] note: found an item that was configured out
[INFO] [stdout]    --> src/arch/x86/trap/mod.rs:120:15
[INFO] [stdout]     |
[INFO] [stdout] 120 | pub unsafe fn init(on_bsp: bool) {
[INFO] [stdout]     |               ^^^^
[INFO] [stdout] note: the item is gated here
[INFO] [stdout]    --> src/arch/x86/trap/mod.rs:119:1
[INFO] [stdout]     |
[INFO] [stdout] 119 | #[cfg(any(target_os = "none", target_os = "uefi"))]
[INFO] [stdout]     | ^^^^^^^^^^^^^^^^^^^^^^^^^^^^^^^^^^^^^^^^^^^^^^^^^^^
[INFO] [stdout] help: consider importing one of these functions
[INFO] [stdout]     |
[INFO] [stdout] 20  + use crate::arch::iommu::init;
[INFO] [stdout]     |
[INFO] [stdout] 20  + use crate::arch::irq::init;
[INFO] [stdout]     |
[INFO] [stdout] 20  + use crate::arch::kernel::acpi::init;
[INFO] [stdout]     |
[INFO] [stdout] 20  + use crate::arch::kernel::apic::init;
[INFO] [stdout]     |
[INFO] [stdout]       and 16 other candidates
[INFO] [stdout] help: if you import `init`, refer to it directly
[INFO] [stdout]     |
[INFO] [stdout] 65  -         crate::arch::trap::init(true);
[INFO] [stdout] 65  +         init(true);
[INFO] [stdout]     |
[INFO] [stdout] 
[INFO] [stdout] 
[INFO] [stdout] error[E0425]: cannot find function `init` in module `crate::arch::trap`
[INFO] [stdout]    --> src/boot/smp.rs:124:28
[INFO] [stdout]     |
[INFO] [stdout] 124 |         crate::arch::trap::init(false);
[INFO] [stdout]     |                            ^^^^ not found in `crate::arch::trap`
[INFO] [stdout]     |
[INFO] [stdout] note: found an item that was configured out
[INFO] [stdout]    --> src/arch/x86/trap/mod.rs:120:15
[INFO] [stdout]     |
[INFO] [stdout] 120 | pub unsafe fn init(on_bsp: bool) {
[INFO] [stdout]     |               ^^^^
[INFO] [stdout] note: the item is gated here
[INFO] [stdout]    --> src/arch/x86/trap/mod.rs:119:1
[INFO] [stdout]     |
[INFO] [stdout] 119 | #[cfg(any(target_os = "none", target_os = "uefi"))]
[INFO] [stdout]     | ^^^^^^^^^^^^^^^^^^^^^^^^^^^^^^^^^^^^^^^^^^^^^^^^^^^
[INFO] [stdout] help: consider importing one of these functions
[INFO] [stdout]     |
[INFO] [stdout] 5   + use crate::arch::iommu::init;
[INFO] [stdout]     |
[INFO] [stdout] 5   + use crate::arch::irq::init;
[INFO] [stdout]     |
[INFO] [stdout] 5   + use crate::arch::serial::init;
[INFO] [stdout]     |
[INFO] [stdout] 5   + use crate::arch::timer::pit::init;
[INFO] [stdout]     |
[INFO] [stdout]       and 11 other candidates
[INFO] [stdout] help: if you import `init`, refer to it directly
[INFO] [stdout]     |
[INFO] [stdout] 124 -         crate::arch::trap::init(false);
[INFO] [stdout] 124 +         init(false);
[INFO] [stdout]     |
[INFO] [stdout] 
[INFO] [stdout] 
[INFO] [stdout] warning: unexpected `cfg` condition name: `ktest`
[INFO] [stdout]    --> src/lib.rs:127:7
[INFO] [stdout]     |
[INFO] [stdout] 127 | #[cfg(ktest)]
[INFO] [stdout]     |       ^^^^^ help: there is a config with a similar name: `test`
[INFO] [stdout]     |
[INFO] [stdout]     = help: consider using a Cargo feature instead
[INFO] [stdout]     = help: or consider adding in `Cargo.toml` the `check-cfg` lint config for the lint:
[INFO] [stdout]              [lints.rust]
[INFO] [stdout]              unexpected_cfgs = { level = "warn", check-cfg = ['cfg(ktest)'] }
[INFO] [stdout]     = help: or consider adding `println!("cargo::rustc-check-cfg=cfg(ktest)");` to the top of the `build.rs`
[INFO] [stdout]     = note: see <https://doc.rust-lang.org/nightly/rustc/check-cfg/cargo-specifics.html> for more information about checking conditional configuration
[INFO] [stdout]     = note: `#[warn(unexpected_cfgs)]` on by default
[INFO] [stdout] 
[INFO] [stdout] 
[INFO] [stdout] warning: unexpected `cfg` condition name: `ktest`
[INFO] [stdout]    --> src/cpu/local/mod.rs:175:7
[INFO] [stdout]     |
[INFO] [stdout] 175 | #[cfg(ktest)]
[INFO] [stdout]     |       ^^^^^ help: there is a config with a similar name: `test`
[INFO] [stdout]     |
[INFO] [stdout]     = help: consider using a Cargo feature instead
[INFO] [stdout]     = help: or consider adding in `Cargo.toml` the `check-cfg` lint config for the lint:
[INFO] [stdout]              [lints.rust]
[INFO] [stdout]              unexpected_cfgs = { level = "warn", check-cfg = ['cfg(ktest)'] }
[INFO] [stdout]     = help: or consider adding `println!("cargo::rustc-check-cfg=cfg(ktest)");` to the top of the `build.rs`
[INFO] [stdout]     = note: see <https://doc.rust-lang.org/nightly/rustc/check-cfg/cargo-specifics.html> for more information about checking conditional configuration
[INFO] [stdout] 
[INFO] [stdout] 
[INFO] [stdout] warning: unexpected `cfg` condition name: `ktest`
[INFO] [stdout]    --> src/mm/dma/dma_coherent.rs:216:7
[INFO] [stdout]     |
[INFO] [stdout] 216 | #[cfg(ktest)]
[INFO] [stdout]     |       ^^^^^ help: there is a config with a similar name: `test`
[INFO] [stdout]     |
[INFO] [stdout]     = help: consider using a Cargo feature instead
[INFO] [stdout]     = help: or consider adding in `Cargo.toml` the `check-cfg` lint config for the lint:
[INFO] [stdout]              [lints.rust]
[INFO] [stdout]              unexpected_cfgs = { level = "warn", check-cfg = ['cfg(ktest)'] }
[INFO] [stdout]     = help: or consider adding `println!("cargo::rustc-check-cfg=cfg(ktest)");` to the top of the `build.rs`
[INFO] [stdout]     = note: see <https://doc.rust-lang.org/nightly/rustc/check-cfg/cargo-specifics.html> for more information about checking conditional configuration
[INFO] [stdout] 
[INFO] [stdout] 
[INFO] [stdout] warning: unexpected `cfg` condition name: `ktest`
[INFO] [stdout]    --> src/mm/dma/dma_stream.rs:312:7
[INFO] [stdout]     |
[INFO] [stdout] 312 | #[cfg(ktest)]
[INFO] [stdout]     |       ^^^^^ help: there is a config with a similar name: `test`
[INFO] [stdout]     |
[INFO] [stdout]     = help: consider using a Cargo feature instead
[INFO] [stdout]     = help: or consider adding in `Cargo.toml` the `check-cfg` lint config for the lint:
[INFO] [stdout]              [lints.rust]
[INFO] [stdout]              unexpected_cfgs = { level = "warn", check-cfg = ['cfg(ktest)'] }
[INFO] [stdout]     = help: or consider adding `println!("cargo::rustc-check-cfg=cfg(ktest)");` to the top of the `build.rs`
[INFO] [stdout]     = note: see <https://doc.rust-lang.org/nightly/rustc/check-cfg/cargo-specifics.html> for more information about checking conditional configuration
[INFO] [stdout] 
[INFO] [stdout] 
[INFO] [stdout] warning: unexpected `cfg` condition name: `ktest`
[INFO] [stdout]    --> src/mm/frame/options.rs:113:7
[INFO] [stdout]     |
[INFO] [stdout] 113 | #[cfg(ktest)]
[INFO] [stdout]     |       ^^^^^ help: there is a config with a similar name: `test`
[INFO] [stdout]     |
[INFO] [stdout]     = help: consider using a Cargo feature instead
[INFO] [stdout]     = help: or consider adding in `Cargo.toml` the `check-cfg` lint config for the lint:
[INFO] [stdout]              [lints.rust]
[INFO] [stdout]              unexpected_cfgs = { level = "warn", check-cfg = ['cfg(ktest)'] }
[INFO] [stdout]     = help: or consider adding `println!("cargo::rustc-check-cfg=cfg(ktest)");` to the top of the `build.rs`
[INFO] [stdout]     = note: see <https://doc.rust-lang.org/nightly/rustc/check-cfg/cargo-specifics.html> for more information about checking conditional configuration
[INFO] [stdout] 
[INFO] [stdout] 
[INFO] [stdout] warning: unexpected `cfg` condition name: `ktest`
[INFO] [stdout]   --> src/mm/page_table/mod.rs:18:7
[INFO] [stdout]    |
[INFO] [stdout] 18 | #[cfg(ktest)]
[INFO] [stdout]    |       ^^^^^ help: there is a config with a similar name: `test`
[INFO] [stdout]    |
[INFO] [stdout]    = help: consider using a Cargo feature instead
[INFO] [stdout]    = help: or consider adding in `Cargo.toml` the `check-cfg` lint config for the lint:
[INFO] [stdout]             [lints.rust]
[INFO] [stdout]             unexpected_cfgs = { level = "warn", check-cfg = ['cfg(ktest)'] }
[INFO] [stdout]    = help: or consider adding `println!("cargo::rustc-check-cfg=cfg(ktest)");` to the top of the `build.rs`
[INFO] [stdout]    = note: see <https://doc.rust-lang.org/nightly/rustc/check-cfg/cargo-specifics.html> for more information about checking conditional configuration
[INFO] [stdout] 
[INFO] [stdout] 
[INFO] [stdout] warning: unexpected `cfg` condition name: `ktest`
[INFO] [stdout]    --> src/mm/page_table/mod.rs:272:7
[INFO] [stdout]     |
[INFO] [stdout] 272 | #[cfg(ktest)]
[INFO] [stdout]     |       ^^^^^ help: there is a config with a similar name: `test`
[INFO] [stdout]     |
[INFO] [stdout]     = help: consider using a Cargo feature instead
[INFO] [stdout]     = help: or consider adding in `Cargo.toml` the `check-cfg` lint config for the lint:
[INFO] [stdout]              [lints.rust]
[INFO] [stdout]              unexpected_cfgs = { level = "warn", check-cfg = ['cfg(ktest)'] }
[INFO] [stdout]     = help: or consider adding `println!("cargo::rustc-check-cfg=cfg(ktest)");` to the top of the `build.rs`
[INFO] [stdout]     = note: see <https://doc.rust-lang.org/nightly/rustc/check-cfg/cargo-specifics.html> for more information about checking conditional configuration
[INFO] [stdout] 
[INFO] [stdout] 
[INFO] [stdout] warning: unexpected `cfg` condition name: `ktest`
[INFO] [stdout]    --> src/mm/page_table/boot_pt.rs:236:7
[INFO] [stdout]     |
[INFO] [stdout] 236 | #[cfg(ktest)]
[INFO] [stdout]     |       ^^^^^ help: there is a config with a similar name: `test`
[INFO] [stdout]     |
[INFO] [stdout]     = help: consider using a Cargo feature instead
[INFO] [stdout]     = help: or consider adding in `Cargo.toml` the `check-cfg` lint config for the lint:
[INFO] [stdout]              [lints.rust]
[INFO] [stdout]              unexpected_cfgs = { level = "warn", check-cfg = ['cfg(ktest)'] }
[INFO] [stdout]     = help: or consider adding `println!("cargo::rustc-check-cfg=cfg(ktest)");` to the top of the `build.rs`
[INFO] [stdout]     = note: see <https://doc.rust-lang.org/nightly/rustc/check-cfg/cargo-specifics.html> for more information about checking conditional configuration
[INFO] [stdout] 
[INFO] [stdout] 
[INFO] [stdout] warning: unexpected `cfg` condition name: `ktest`
[INFO] [stdout]    --> src/mm/page_table/boot_pt.rs:239:7
[INFO] [stdout]     |
[INFO] [stdout] 239 | #[cfg(ktest)]
[INFO] [stdout]     |       ^^^^^ help: there is a config with a similar name: `test`
[INFO] [stdout]     |
[INFO] [stdout]     = help: consider using a Cargo feature instead
[INFO] [stdout]     = help: or consider adding in `Cargo.toml` the `check-cfg` lint config for the lint:
[INFO] [stdout]              [lints.rust]
[INFO] [stdout]              unexpected_cfgs = { level = "warn", check-cfg = ['cfg(ktest)'] }
[INFO] [stdout]     = help: or consider adding `println!("cargo::rustc-check-cfg=cfg(ktest)");` to the top of the `build.rs`
[INFO] [stdout]     = note: see <https://doc.rust-lang.org/nightly/rustc/check-cfg/cargo-specifics.html> for more information about checking conditional configuration
[INFO] [stdout] 
[INFO] [stdout] 
[INFO] [stdout] warning: unexpected `cfg` condition name: `ktest`
[INFO] [stdout]    --> src/mm/page_table/mod.rs:217:11
[INFO] [stdout]     |
[INFO] [stdout] 217 |     #[cfg(ktest)]
[INFO] [stdout]     |           ^^^^^ help: there is a config with a similar name: `test`
[INFO] [stdout]     |
[INFO] [stdout]     = help: consider using a Cargo feature instead
[INFO] [stdout]     = help: or consider adding in `Cargo.toml` the `check-cfg` lint config for the lint:
[INFO] [stdout]              [lints.rust]
[INFO] [stdout]              unexpected_cfgs = { level = "warn", check-cfg = ['cfg(ktest)'] }
[INFO] [stdout]     = help: or consider adding `println!("cargo::rustc-check-cfg=cfg(ktest)");` to the top of the `build.rs`
[INFO] [stdout]     = note: see <https://doc.rust-lang.org/nightly/rustc/check-cfg/cargo-specifics.html> for more information about checking conditional configuration
[INFO] [stdout] 
[INFO] [stdout] 
[INFO] [stdout] warning: unexpected `cfg` condition name: `ktest`
[INFO] [stdout]   --> src/prelude.rs:12:7
[INFO] [stdout]    |
[INFO] [stdout] 12 | #[cfg(ktest)]
[INFO] [stdout]    |       ^^^^^ help: there is a config with a similar name: `test`
[INFO] [stdout]    |
[INFO] [stdout]    = help: consider using a Cargo feature instead
[INFO] [stdout]    = help: or consider adding in `Cargo.toml` the `check-cfg` lint config for the lint:
[INFO] [stdout]             [lints.rust]
[INFO] [stdout]             unexpected_cfgs = { level = "warn", check-cfg = ['cfg(ktest)'] }
[INFO] [stdout]    = help: or consider adding `println!("cargo::rustc-check-cfg=cfg(ktest)");` to the top of the `build.rs`
[INFO] [stdout]    = note: see <https://doc.rust-lang.org/nightly/rustc/check-cfg/cargo-specifics.html> for more information about checking conditional configuration
[INFO] [stdout] 
[INFO] [stdout] 
[INFO] [stdout] warning: unexpected `cfg` condition name: `ktest`
[INFO] [stdout]    --> src/sync/atomic_bits.rs:293:7
[INFO] [stdout]     |
[INFO] [stdout] 293 | #[cfg(ktest)]
[INFO] [stdout]     |       ^^^^^ help: there is a config with a similar name: `test`
[INFO] [stdout]     |
[INFO] [stdout]     = help: consider using a Cargo feature instead
[INFO] [stdout]     = help: or consider adding in `Cargo.toml` the `check-cfg` lint config for the lint:
[INFO] [stdout]              [lints.rust]
[INFO] [stdout]              unexpected_cfgs = { level = "warn", check-cfg = ['cfg(ktest)'] }
[INFO] [stdout]     = help: or consider adding `println!("cargo::rustc-check-cfg=cfg(ktest)");` to the top of the `build.rs`
[INFO] [stdout]     = note: see <https://doc.rust-lang.org/nightly/rustc/check-cfg/cargo-specifics.html> for more information about checking conditional configuration
[INFO] [stdout] 
[INFO] [stdout] 
[INFO] [stdout] warning: unexpected `cfg` condition name: `ktest`
[INFO] [stdout]    --> src/sync/mutex.rs:154:7
[INFO] [stdout]     |
[INFO] [stdout] 154 | #[cfg(ktest)]
[INFO] [stdout]     |       ^^^^^ help: there is a config with a similar name: `test`
[INFO] [stdout]     |
[INFO] [stdout]     = help: consider using a Cargo feature instead
[INFO] [stdout]     = help: or consider adding in `Cargo.toml` the `check-cfg` lint config for the lint:
[INFO] [stdout]              [lints.rust]
[INFO] [stdout]              unexpected_cfgs = { level = "warn", check-cfg = ['cfg(ktest)'] }
[INFO] [stdout]     = help: or consider adding `println!("cargo::rustc-check-cfg=cfg(ktest)");` to the top of the `build.rs`
[INFO] [stdout]     = note: see <https://doc.rust-lang.org/nightly/rustc/check-cfg/cargo-specifics.html> for more information about checking conditional configuration
[INFO] [stdout] 
[INFO] [stdout] 
[INFO] [stdout] warning: unexpected `cfg` condition name: `ktest`
[INFO] [stdout]    --> src/sync/wait.rs:282:7
[INFO] [stdout]     |
[INFO] [stdout] 282 | #[cfg(ktest)]
[INFO] [stdout]     |       ^^^^^ help: there is a config with a similar name: `test`
[INFO] [stdout]     |
[INFO] [stdout]     = help: consider using a Cargo feature instead
[INFO] [stdout]     = help: or consider adding in `Cargo.toml` the `check-cfg` lint config for the lint:
[INFO] [stdout]              [lints.rust]
[INFO] [stdout]              unexpected_cfgs = { level = "warn", check-cfg = ['cfg(ktest)'] }
[INFO] [stdout]     = help: or consider adding `println!("cargo::rustc-check-cfg=cfg(ktest)");` to the top of the `build.rs`
[INFO] [stdout]     = note: see <https://doc.rust-lang.org/nightly/rustc/check-cfg/cargo-specifics.html> for more information about checking conditional configuration
[INFO] [stdout] 
[INFO] [stdout] 
[INFO] [stdout] warning: unexpected `cfg` condition name: `ktest`
[INFO] [stdout]    --> src/task/mod.rs:220:7
[INFO] [stdout]     |
[INFO] [stdout] 220 | #[cfg(ktest)]
[INFO] [stdout]     |       ^^^^^ help: there is a config with a similar name: `test`
[INFO] [stdout]     |
[INFO] [stdout]     = help: consider using a Cargo feature instead
[INFO] [stdout]     = help: or consider adding in `Cargo.toml` the `check-cfg` lint config for the lint:
[INFO] [stdout]              [lints.rust]
[INFO] [stdout]              unexpected_cfgs = { level = "warn", check-cfg = ['cfg(ktest)'] }
[INFO] [stdout]     = help: or consider adding `println!("cargo::rustc-check-cfg=cfg(ktest)");` to the top of the `build.rs`
[INFO] [stdout]     = note: see <https://doc.rust-lang.org/nightly/rustc/check-cfg/cargo-specifics.html> for more information about checking conditional configuration
[INFO] [stdout] 
[INFO] [stdout] 
[INFO] [stdout] warning: the feature `strict_provenance` has been stable since 1.84.0-nightly and no longer requires an attribute to enable
[INFO] [stdout]   --> src/lib.rs:19:12
[INFO] [stdout]    |
[INFO] [stdout] 19 | #![feature(strict_provenance)]
[INFO] [stdout]    |            ^^^^^^^^^^^^^^^^^
[INFO] [stdout]    |
[INFO] [stdout]    = note: `#[warn(stable_features)]` on by default
[INFO] [stdout] 
[INFO] [stdout] 
[INFO] [stdout] error[E0433]: failed to resolve: use of undeclared crate or module `acpi`
[INFO] [stdout]   --> src/arch/x86/kernel/acpi/mod.rs:32:10
[INFO] [stdout]    |
[INFO] [stdout] 32 |     ) -> acpi::PhysicalMapping<Self, T> {
[INFO] [stdout]    |          ^^^^ use of undeclared crate or module `acpi`
[INFO] [stdout] 
[INFO] [stdout] 
[INFO] [stdout] error[E0433]: failed to resolve: use of undeclared crate or module `acpi`
[INFO] [stdout]   --> src/arch/x86/kernel/acpi/mod.rs:42:42
[INFO] [stdout]    |
[INFO] [stdout] 42 |     fn unmap_physical_region<T>(region: &acpi::PhysicalMapping<Self, T>) {}
[INFO] [stdout]    |                                          ^^^^ use of undeclared crate or module `acpi`
[INFO] [stdout] 
[INFO] [stdout] 
[INFO] [stdout] error[E0433]: failed to resolve: use of undeclared crate or module `tdx_guest`
[INFO] [stdout]   --> src/io_mem.rs:52:37
[INFO] [stdout]    |
[INFO] [stdout] 52 |                 let priv_flags = if tdx_guest::tdx_is_enabled() {
[INFO] [stdout]    |                                     ^^^^^^^^^ use of undeclared crate or module `tdx_guest`
[INFO] [stdout] 
[INFO] [stdout] 
[INFO] [stdout] Some errors have detailed explanations: E0425, E0432, E0433.
[INFO] [stdout] 
[INFO] [stdout] For more information about an error, try `rustc --explain E0425`.
[INFO] [stdout] 
[INFO] [stderr] error: could not compile `ostd` (lib) due to 79 previous errors; 16 warnings emitted
[INFO] running `Command { std: "docker" "inspect" "f888f1bff77382138a52b942fe5af32ab876d35c14b3e27cbe1b9f1cd0516da8", kill_on_drop: false }`
[INFO] running `Command { std: "docker" "rm" "-f" "f888f1bff77382138a52b942fe5af32ab876d35c14b3e27cbe1b9f1cd0516da8", kill_on_drop: false }`
[INFO] [stdout] f888f1bff77382138a52b942fe5af32ab876d35c14b3e27cbe1b9f1cd0516da8
