[INFO] fetching crate opl-emu 0.2.3...
[INFO] testing opl-emu-0.2.3 against nightly-2024-10-28+rustflags=-Zrandomize-layout for randomize-layout
[INFO] extracting crate opl-emu 0.2.3 into /workspace/builds/worker-5-tc2/source
[INFO] validating manifest of crates.io crate opl-emu 0.2.3 on toolchain nightly-2024-10-28
[INFO] running `Command { std: CARGO_HOME="/workspace/cargo-home" RUSTUP_HOME="/workspace/rustup-home" "/workspace/cargo-home/bin/cargo" "+nightly-2024-10-28" "metadata" "--manifest-path" "Cargo.toml" "--no-deps", kill_on_drop: false }`
[INFO] started tweaking crates.io crate opl-emu 0.2.3
[INFO] finished tweaking crates.io crate opl-emu 0.2.3
[INFO] tweaked toml for crates.io crate opl-emu 0.2.3 written to /workspace/builds/worker-5-tc2/source/Cargo.toml
[INFO] crate crates.io crate opl-emu 0.2.3 already has a lockfile, it will not be regenerated
[INFO] running `Command { std: CARGO_HOME="/workspace/cargo-home" RUSTUP_HOME="/workspace/rustup-home" "/workspace/cargo-home/bin/cargo" "+nightly-2024-10-28" "fetch" "--manifest-path" "Cargo.toml", kill_on_drop: false }`
[INFO] running `Command { std: "docker" "create" "-v" "/var/lib/crater-agent-workspace/builds/worker-5-tc2/target:/opt/rustwide/target:rw,Z" "-v" "/var/lib/crater-agent-workspace/builds/worker-5-tc2/source:/opt/rustwide/workdir:ro,Z" "-v" "/var/lib/crater-agent-workspace/cargo-home:/opt/rustwide/cargo-home:ro,Z" "-v" "/var/lib/crater-agent-workspace/rustup-home:/opt/rustwide/rustup-home:ro,Z" "-e" "SOURCE_DIR=/opt/rustwide/workdir" "-e" "CARGO_TARGET_DIR=/opt/rustwide/target" "-e" "CARGO_HOME=/opt/rustwide/cargo-home" "-e" "RUSTUP_HOME=/opt/rustwide/rustup-home" "-w" "/opt/rustwide/workdir" "-m" "1610612736" "--user" "0:0" "--network" "none" "ghcr.io/rust-lang/crates-build-env/linux@sha256:4a844ea9eb2546a2d2c7022eacef16ef2e8229c7fbb2c7d4d55a9ceca922f72d" "/opt/rustwide/cargo-home/bin/cargo" "+nightly-2024-10-28" "metadata" "--no-deps" "--format-version=1", kill_on_drop: false }`
[INFO] [stdout] ca8a2226cdc5a14362314a5d970f3d7eb53f8b4ba28b1845f1fec8f7196e024f
[INFO] running `Command { std: "docker" "start" "-a" "ca8a2226cdc5a14362314a5d970f3d7eb53f8b4ba28b1845f1fec8f7196e024f", kill_on_drop: false }`
[INFO] running `Command { std: "docker" "inspect" "ca8a2226cdc5a14362314a5d970f3d7eb53f8b4ba28b1845f1fec8f7196e024f", kill_on_drop: false }`
[INFO] running `Command { std: "docker" "rm" "-f" "ca8a2226cdc5a14362314a5d970f3d7eb53f8b4ba28b1845f1fec8f7196e024f", kill_on_drop: false }`
[INFO] [stdout] ca8a2226cdc5a14362314a5d970f3d7eb53f8b4ba28b1845f1fec8f7196e024f
[INFO] running `Command { std: "docker" "create" "-v" "/var/lib/crater-agent-workspace/builds/worker-5-tc2/target:/opt/rustwide/target:rw,Z" "-v" "/var/lib/crater-agent-workspace/builds/worker-5-tc2/source:/opt/rustwide/workdir:ro,Z" "-v" "/var/lib/crater-agent-workspace/cargo-home:/opt/rustwide/cargo-home:ro,Z" "-v" "/var/lib/crater-agent-workspace/rustup-home:/opt/rustwide/rustup-home:ro,Z" "-e" "SOURCE_DIR=/opt/rustwide/workdir" "-e" "CARGO_TARGET_DIR=/opt/rustwide/target" "-e" "CARGO_INCREMENTAL=0" "-e" "RUST_BACKTRACE=full" "-e" "RUSTFLAGS=--cap-lints=forbid -Zrandomize-layout" "-e" "RUSTDOCFLAGS=--cap-lints=forbid" "-e" "CARGO_HOME=/opt/rustwide/cargo-home" "-e" "RUSTUP_HOME=/opt/rustwide/rustup-home" "-w" "/opt/rustwide/workdir" "-m" "1610612736" "--user" "0:0" "--network" "none" "ghcr.io/rust-lang/crates-build-env/linux@sha256:4a844ea9eb2546a2d2c7022eacef16ef2e8229c7fbb2c7d4d55a9ceca922f72d" "/opt/rustwide/cargo-home/bin/cargo" "+nightly-2024-10-28" "build" "--frozen" "--message-format=json", kill_on_drop: false }`
[INFO] [stdout] 7f7bf8e7e028b1cc4a58aea45cb950c1ceeb8b4872c9e33c068e3537cf4e18e5
[INFO] running `Command { std: "docker" "start" "-a" "7f7bf8e7e028b1cc4a58aea45cb950c1ceeb8b4872c9e33c068e3537cf4e18e5", kill_on_drop: false }`
[INFO] [stderr]    Compiling opl-emu v0.2.3 (/opt/rustwide/workdir)
[INFO] [stdout] error[E0433]: failed to resolve: use of undeclared crate or module `std`
[INFO] [stdout]   --> src/lib.rs:39:5
[INFO] [stdout]    |
[INFO] [stdout] 39 | use std::f64::consts::PI;
[INFO] [stdout]    |     ^^^ use of undeclared crate or module `std`
[INFO] [stdout] 
[INFO] [stdout] 
[INFO] [stdout] error[E0412]: cannot find type `Vec` in this scope
[INFO] [stdout]    --> src/lib.rs:137:15
[INFO] [stdout]     |
[INFO] [stdout] 137 |     pub data: Vec<u8>,
[INFO] [stdout]     |               ^^^ not found in this scope
[INFO] [stdout] 
[INFO] [stdout] 
[INFO] [stdout] error[E0412]: cannot find type `String` in this scope
[INFO] [stdout]    --> src/lib.rs:139:15
[INFO] [stdout]     |
[INFO] [stdout] 139 |     pub name: String,
[INFO] [stdout]     |               ^^^^^^ not found in this scope
[INFO] [stdout] 
[INFO] [stdout] 
[INFO] [stdout] error[E0412]: cannot find type `Vec` in this scope
[INFO] [stdout]    --> src/lib.rs:145:15
[INFO] [stdout]     |
[INFO] [stdout] 145 |     pub data: Vec<u8>,
[INFO] [stdout]     |               ^^^ not found in this scope
[INFO] [stdout] 
[INFO] [stdout] 
[INFO] [stdout] error[E0412]: cannot find type `Vec` in this scope
[INFO] [stdout]    --> src/lib.rs:937:70
[INFO] [stdout]     |
[INFO] [stdout] 937 |     fn generate_block_2(&mut self, total_in: usize, mix_buffer: &mut Vec<i32>) {
[INFO] [stdout]     |                                                                      ^^^ not found in this scope
[INFO] [stdout] 
[INFO] [stdout] 
[INFO] [stdout] error[E0599]: no method named `powf` found for type `f64` in the current scope
[INFO] [stdout]    --> src/lib.rs:426:25
[INFO] [stdout]     |
[INFO] [stdout] 426 |         let p = 2.0_f64.powf(-1.0 + (255.0 - s) * (1.0 / 256.0));
[INFO] [stdout]     |                         ^^^^ method not found in `f64`
[INFO] [stdout] 
[INFO] [stdout] 
[INFO] [stdout] error[E0599]: no method named `sin` found for type `f64` in the current scope
[INFO] [stdout]    --> src/lib.rs:434:69
[INFO] [stdout]     |
[INFO] [stdout] 434 |         wave_table[0x0200 + i] = (((i as f64 + 0.5) * (PI / 512.0)).sin() * 4084.0) as i16;
[INFO] [stdout]     |                                                                     ^^^
[INFO] [stdout]     |
[INFO] [stdout] help: there is a method `min` with a similar name, but with different arguments
[INFO] [stdout]    --> /rustc/df4ca44d3fbc9301ee17f30f4d474e6ae4b05252/library/core/src/num/f64.rs:932:5
[INFO] [stdout] 
[INFO] [stdout] 
[INFO] [stdout] error[E0599]: no method named `powf` found for type `f64` in the current scope
[INFO] [stdout]    --> src/lib.rs:439:25
[INFO] [stdout]     |
[INFO] [stdout] 439 |             + ((2.0f64).powf(-1.0 + (255.0 - i as f64 * 8.0) * (1.0 / 256.0))) * 4085.0)
[INFO] [stdout]     |                         ^^^^ method not found in `f64`
[INFO] [stdout] 
[INFO] [stdout] 
[INFO] [stdout] warning: unused variable: `chip`
[INFO] [stdout]     --> src/lib.rs:1370:5
[INFO] [stdout]      |
[INFO] [stdout] 1370 |     chip: &mut Chip,
[INFO] [stdout]      |     ^^^^ help: if this is intentional, prefix it with an underscore: `_chip`
[INFO] [stdout]      |
[INFO] [stdout]      = note: `#[warn(unused_variables)]` on by default
[INFO] [stdout] 
[INFO] [stdout] 
[INFO] [stdout] warning: unused variable: `channel_ix`
[INFO] [stdout]     --> src/lib.rs:1371:5
[INFO] [stdout]      |
[INFO] [stdout] 1371 |     channel_ix: usize,
[INFO] [stdout]      |     ^^^^^^^^^^ help: if this is intentional, prefix it with an underscore: `_channel_ix`
[INFO] [stdout] 
[INFO] [stdout] 
[INFO] [stdout] warning: unused variable: `output`
[INFO] [stdout]     --> src/lib.rs:1372:5
[INFO] [stdout]      |
[INFO] [stdout] 1372 |     output: &mut [i32],
[INFO] [stdout]      |     ^^^^^^ help: if this is intentional, prefix it with an underscore: `_output`
[INFO] [stdout] 
[INFO] [stdout] 
[INFO] [stdout] warning: unused variable: `opl3_mode`
[INFO] [stdout]     --> src/lib.rs:1373:5
[INFO] [stdout]      |
[INFO] [stdout] 1373 |     opl3_mode: bool,
[INFO] [stdout]      |     ^^^^^^^^^ help: if this is intentional, prefix it with an underscore: `_opl3_mode`
[INFO] [stdout] 
[INFO] [stdout] 
[INFO] [stdout] Some errors have detailed explanations: E0412, E0433, E0599.
[INFO] [stdout] 
[INFO] [stdout] For more information about an error, try `rustc --explain E0412`.
[INFO] [stdout] 
[INFO] [stderr] error: could not compile `opl-emu` (lib) due to 8 previous errors; 4 warnings emitted
[INFO] running `Command { std: "docker" "inspect" "7f7bf8e7e028b1cc4a58aea45cb950c1ceeb8b4872c9e33c068e3537cf4e18e5", kill_on_drop: false }`
[INFO] running `Command { std: "docker" "rm" "-f" "7f7bf8e7e028b1cc4a58aea45cb950c1ceeb8b4872c9e33c068e3537cf4e18e5", kill_on_drop: false }`
[INFO] [stdout] 7f7bf8e7e028b1cc4a58aea45cb950c1ceeb8b4872c9e33c068e3537cf4e18e5
