[INFO] fetching crate opentelemetry-stdout 0.26.0...
[INFO] testing opentelemetry-stdout-0.26.0 against nightly-2024-10-28+rustflags=-Zrandomize-layout for randomize-layout
[INFO] extracting crate opentelemetry-stdout 0.26.0 into /workspace/builds/worker-6-tc2/source
[INFO] validating manifest of crates.io crate opentelemetry-stdout 0.26.0 on toolchain nightly-2024-10-28
[INFO] running `Command { std: CARGO_HOME="/workspace/cargo-home" RUSTUP_HOME="/workspace/rustup-home" "/workspace/cargo-home/bin/cargo" "+nightly-2024-10-28" "metadata" "--manifest-path" "Cargo.toml" "--no-deps", kill_on_drop: false }`
[INFO] started tweaking crates.io crate opentelemetry-stdout 0.26.0
[INFO] removed 0 missing examples
[INFO] finished tweaking crates.io crate opentelemetry-stdout 0.26.0
[INFO] tweaked toml for crates.io crate opentelemetry-stdout 0.26.0 written to /workspace/builds/worker-6-tc2/source/Cargo.toml
[INFO] crate crates.io crate opentelemetry-stdout 0.26.0 already has a lockfile, it will not be regenerated
[INFO] running `Command { std: CARGO_HOME="/workspace/cargo-home" RUSTUP_HOME="/workspace/rustup-home" "/workspace/cargo-home/bin/cargo" "+nightly-2024-10-28" "fetch" "--manifest-path" "Cargo.toml", kill_on_drop: false }`
[INFO] running `Command { std: "docker" "create" "-v" "/var/lib/crater-agent-workspace/builds/worker-6-tc2/target:/opt/rustwide/target:rw,Z" "-v" "/var/lib/crater-agent-workspace/builds/worker-6-tc2/source:/opt/rustwide/workdir:ro,Z" "-v" "/var/lib/crater-agent-workspace/cargo-home:/opt/rustwide/cargo-home:ro,Z" "-v" "/var/lib/crater-agent-workspace/rustup-home:/opt/rustwide/rustup-home:ro,Z" "-e" "SOURCE_DIR=/opt/rustwide/workdir" "-e" "CARGO_TARGET_DIR=/opt/rustwide/target" "-e" "CARGO_HOME=/opt/rustwide/cargo-home" "-e" "RUSTUP_HOME=/opt/rustwide/rustup-home" "-w" "/opt/rustwide/workdir" "-m" "1610612736" "--user" "0:0" "--network" "none" "ghcr.io/rust-lang/crates-build-env/linux@sha256:4a844ea9eb2546a2d2c7022eacef16ef2e8229c7fbb2c7d4d55a9ceca922f72d" "/opt/rustwide/cargo-home/bin/cargo" "+nightly-2024-10-28" "metadata" "--no-deps" "--format-version=1", kill_on_drop: false }`
[INFO] [stdout] 514972f56052c67f6919d6d28e256902fbd2e17a4687e6c9de2ae0736c289b3b
[INFO] running `Command { std: "docker" "start" "-a" "514972f56052c67f6919d6d28e256902fbd2e17a4687e6c9de2ae0736c289b3b", kill_on_drop: false }`
[INFO] running `Command { std: "docker" "inspect" "514972f56052c67f6919d6d28e256902fbd2e17a4687e6c9de2ae0736c289b3b", kill_on_drop: false }`
[INFO] running `Command { std: "docker" "rm" "-f" "514972f56052c67f6919d6d28e256902fbd2e17a4687e6c9de2ae0736c289b3b", kill_on_drop: false }`
[INFO] [stdout] 514972f56052c67f6919d6d28e256902fbd2e17a4687e6c9de2ae0736c289b3b
[INFO] running `Command { std: "docker" "create" "-v" "/var/lib/crater-agent-workspace/builds/worker-6-tc2/target:/opt/rustwide/target:rw,Z" "-v" "/var/lib/crater-agent-workspace/builds/worker-6-tc2/source:/opt/rustwide/workdir:ro,Z" "-v" "/var/lib/crater-agent-workspace/cargo-home:/opt/rustwide/cargo-home:ro,Z" "-v" "/var/lib/crater-agent-workspace/rustup-home:/opt/rustwide/rustup-home:ro,Z" "-e" "SOURCE_DIR=/opt/rustwide/workdir" "-e" "CARGO_TARGET_DIR=/opt/rustwide/target" "-e" "CARGO_INCREMENTAL=0" "-e" "RUST_BACKTRACE=full" "-e" "RUSTFLAGS=--cap-lints=forbid -Zrandomize-layout" "-e" "RUSTDOCFLAGS=--cap-lints=forbid" "-e" "CARGO_HOME=/opt/rustwide/cargo-home" "-e" "RUSTUP_HOME=/opt/rustwide/rustup-home" "-w" "/opt/rustwide/workdir" "-m" "1610612736" "--user" "0:0" "--network" "none" "ghcr.io/rust-lang/crates-build-env/linux@sha256:4a844ea9eb2546a2d2c7022eacef16ef2e8229c7fbb2c7d4d55a9ceca922f72d" "/opt/rustwide/cargo-home/bin/cargo" "+nightly-2024-10-28" "build" "--frozen" "--message-format=json", kill_on_drop: false }`
[INFO] [stdout] 278de61b5e8fe4f34aeab4493013a3485c63a1c70f1a1a0a4c370163c76410a6
[INFO] running `Command { std: "docker" "start" "-a" "278de61b5e8fe4f34aeab4493013a3485c63a1c70f1a1a0a4c370163c76410a6", kill_on_drop: false }`
[INFO] [stderr]    Compiling proc-macro2 v1.0.86
[INFO] [stderr]    Compiling libc v0.2.159
[INFO] [stderr]    Compiling byteorder v1.5.0
[INFO] [stderr]    Compiling futures-core v0.3.30
[INFO] [stderr]    Compiling thiserror v1.0.64
[INFO] [stderr]    Compiling futures-sink v0.3.30
[INFO] [stderr]    Compiling pin-project-lite v0.2.14
[INFO] [stderr]    Compiling slab v0.4.9
[INFO] [stderr]    Compiling num-traits v0.2.19
[INFO] [stderr]    Compiling serde v1.0.210
[INFO] [stderr]    Compiling futures-task v0.3.30
[INFO] [stderr]    Compiling serde_json v1.0.128
[INFO] [stderr]    Compiling once_cell v1.20.1
[INFO] [stderr]    Compiling percent-encoding v2.3.1
[INFO] [stderr]    Compiling glob v0.3.1
[INFO] [stderr]    Compiling futures-channel v0.3.30
[INFO] [stderr]    Compiling quote v1.0.37
[INFO] [stderr]    Compiling syn v2.0.79
[INFO] [stderr]    Compiling getrandom v0.2.15
[INFO] [stderr]    Compiling rand_core v0.6.4
[INFO] [stderr]    Compiling ordered-float v4.3.0
[INFO] [stderr]    Compiling chrono v0.4.38
[INFO] [stderr]    Compiling zerocopy-derive v0.7.35
[INFO] [stderr]    Compiling serde_derive v1.0.210
[INFO] [stderr]    Compiling futures-macro v0.3.30
[INFO] [stderr]    Compiling thiserror-impl v1.0.64
[INFO] [stderr]    Compiling async-trait v0.1.83
[INFO] [stderr]    Compiling zerocopy v0.7.35
[INFO] [stderr]    Compiling futures-util v0.3.30
[INFO] [stderr]    Compiling opentelemetry v0.26.0
[INFO] [stderr]    Compiling ppv-lite86 v0.2.20
[INFO] [stderr]    Compiling rand_chacha v0.3.1
[INFO] [stderr]    Compiling rand v0.8.5
[INFO] [stderr]    Compiling futures-executor v0.3.30
[INFO] [stderr]    Compiling opentelemetry_sdk v0.26.0
[INFO] [stderr]    Compiling opentelemetry-stdout v0.26.0 (/opt/rustwide/workdir)
[INFO] [stderr]     Finished `dev` profile [unoptimized + debuginfo] target(s) in 10.35s
[INFO] running `Command { std: "docker" "inspect" "278de61b5e8fe4f34aeab4493013a3485c63a1c70f1a1a0a4c370163c76410a6", kill_on_drop: false }`
[INFO] running `Command { std: "docker" "rm" "-f" "278de61b5e8fe4f34aeab4493013a3485c63a1c70f1a1a0a4c370163c76410a6", kill_on_drop: false }`
[INFO] [stdout] 278de61b5e8fe4f34aeab4493013a3485c63a1c70f1a1a0a4c370163c76410a6
[INFO] running `Command { std: "docker" "create" "-v" "/var/lib/crater-agent-workspace/builds/worker-6-tc2/target:/opt/rustwide/target:rw,Z" "-v" "/var/lib/crater-agent-workspace/builds/worker-6-tc2/source:/opt/rustwide/workdir:ro,Z" "-v" "/var/lib/crater-agent-workspace/cargo-home:/opt/rustwide/cargo-home:ro,Z" "-v" "/var/lib/crater-agent-workspace/rustup-home:/opt/rustwide/rustup-home:ro,Z" "-e" "SOURCE_DIR=/opt/rustwide/workdir" "-e" "CARGO_TARGET_DIR=/opt/rustwide/target" "-e" "CARGO_INCREMENTAL=0" "-e" "RUST_BACKTRACE=full" "-e" "RUSTFLAGS=--cap-lints=forbid -Zrandomize-layout" "-e" "RUSTDOCFLAGS=--cap-lints=forbid" "-e" "CARGO_HOME=/opt/rustwide/cargo-home" "-e" "RUSTUP_HOME=/opt/rustwide/rustup-home" "-w" "/opt/rustwide/workdir" "-m" "1610612736" "--user" "0:0" "--network" "none" "ghcr.io/rust-lang/crates-build-env/linux@sha256:4a844ea9eb2546a2d2c7022eacef16ef2e8229c7fbb2c7d4d55a9ceca922f72d" "/opt/rustwide/cargo-home/bin/cargo" "+nightly-2024-10-28" "test" "--frozen" "--no-run" "--message-format=json", kill_on_drop: false }`
[INFO] [stdout] 4b6aa76013afe837cb8cf28e963b1aec044691560a1368945b7654ab3dfc8192
[INFO] running `Command { std: "docker" "start" "-a" "4b6aa76013afe837cb8cf28e963b1aec044691560a1368945b7654ab3dfc8192", kill_on_drop: false }`
[INFO] [stderr]    Compiling libc v0.2.159
[INFO] [stderr]    Compiling lock_api v0.4.12
[INFO] [stderr]    Compiling parking_lot_core v0.9.10
[INFO] [stderr]    Compiling smallvec v1.13.2
[INFO] [stderr]    Compiling scopeguard v1.2.0
[INFO] [stderr]    Compiling tracing-core v0.1.32
[INFO] [stderr]    Compiling lazy_static v1.5.0
[INFO] [stderr]    Compiling thread_local v1.1.8
[INFO] [stderr]    Compiling tokio-macros v2.4.0
[INFO] [stderr]    Compiling bytes v1.7.2
[INFO] [stderr]    Compiling sharded-slab v0.1.7
[INFO] [stderr]    Compiling tracing v0.1.40
[INFO] [stderr]    Compiling tracing-subscriber v0.3.18
[INFO] [stderr]    Compiling getrandom v0.2.15
[INFO] [stderr]    Compiling signal-hook-registry v1.4.2
[INFO] [stderr]    Compiling mio v1.0.2
[INFO] [stderr]    Compiling socket2 v0.5.7
[INFO] [stderr]    Compiling rand_core v0.6.4
[INFO] [stderr]    Compiling parking_lot v0.12.3
[INFO] [stderr]    Compiling rand_chacha v0.3.1
[INFO] [stderr]    Compiling tokio v1.40.0
[INFO] [stderr]    Compiling rand v0.8.5
[INFO] [stderr]    Compiling opentelemetry_sdk v0.26.0
[INFO] [stderr]    Compiling opentelemetry-stdout v0.26.0 (/opt/rustwide/workdir)
[INFO] [stdout] error[E0432]: unresolved import `opentelemetry_appender_tracing`
[INFO] [stdout]   --> examples/basic.rs:51:9
[INFO] [stdout]    |
[INFO] [stdout] 51 |     use opentelemetry_appender_tracing::layer;
[INFO] [stdout]    |         ^^^^^^^^^^^^^^^^^^^^^^^^^^^^^^ use of undeclared crate or module `opentelemetry_appender_tracing`
[INFO] [stdout] 
[INFO] [stdout] 
[INFO] [stdout] error[E0433]: failed to resolve: use of undeclared crate or module `opentelemetry_semantic_conventions`
[INFO] [stdout]   --> examples/basic.rs:22:9
[INFO] [stdout]    |
[INFO] [stdout] 22 |         opentelemetry_semantic_conventions::resource::SERVICE_NAME,
[INFO] [stdout]    |         ^^^^^^^^^^^^^^^^^^^^^^^^^^^^^^^^^^ use of undeclared crate or module `opentelemetry_semantic_conventions`
[INFO] [stdout]    |
[INFO] [stdout] help: consider importing this module
[INFO] [stdout]    |
[INFO] [stdout] 3  + use opentelemetry_sdk::resource;
[INFO] [stdout]    |
[INFO] [stdout] help: if you import `resource`, refer to it directly
[INFO] [stdout]    |
[INFO] [stdout] 22 -         opentelemetry_semantic_conventions::resource::SERVICE_NAME,
[INFO] [stdout] 22 +         resource::SERVICE_NAME,
[INFO] [stdout]    |
[INFO] [stdout] 
[INFO] [stdout] 
[INFO] [stdout] error[E0425]: cannot find value `Tokio` in module `runtime`
[INFO] [stdout]   --> examples/basic.rs:40:61
[INFO] [stdout]    |
[INFO] [stdout] 40 |     let reader = PeriodicReader::builder(exporter, runtime::Tokio).build();
[INFO] [stdout]    |                                                             ^^^^^ not found in `runtime`
[INFO] [stdout]    |
[INFO] [stdout] note: found an item that was configured out
[INFO] [stdout]   --> /opt/rustwide/cargo-home/registry/src/index.crates.io-6f17d22bba15001f/opentelemetry_sdk-0.26.0/src/runtime.rs:50:12
[INFO] [stdout]    |
[INFO] [stdout] 50 | pub struct Tokio;
[INFO] [stdout]    |            ^^^^^
[INFO] [stdout] note: the item is gated behind the `rt-tokio` feature
[INFO] [stdout]   --> /opt/rustwide/cargo-home/registry/src/index.crates.io-6f17d22bba15001f/opentelemetry_sdk-0.26.0/src/runtime.rs:47:7
[INFO] [stdout]    |
[INFO] [stdout] 47 | #[cfg(feature = "rt-tokio")]
[INFO] [stdout]    |       ^^^^^^^^^^^^^^^^^^^^
[INFO] [stdout] 
[INFO] [stdout] 
[INFO] [stdout] Some errors have detailed explanations: E0425, E0432, E0433.
[INFO] [stdout] 
[INFO] [stdout] For more information about an error, try `rustc --explain E0425`.
[INFO] [stdout] 
[INFO] [stderr] error: could not compile `opentelemetry-stdout` (example "basic") due to 3 previous errors
[INFO] [stderr] warning: build failed, waiting for other jobs to finish...
[INFO] running `Command { std: "docker" "inspect" "4b6aa76013afe837cb8cf28e963b1aec044691560a1368945b7654ab3dfc8192", kill_on_drop: false }`
[INFO] running `Command { std: "docker" "rm" "-f" "4b6aa76013afe837cb8cf28e963b1aec044691560a1368945b7654ab3dfc8192", kill_on_drop: false }`
[INFO] [stdout] 4b6aa76013afe837cb8cf28e963b1aec044691560a1368945b7654ab3dfc8192
