[INFO] fetching crate opentelemetry-proto 0.26.1...
[INFO] testing opentelemetry-proto-0.26.1 against nightly-2024-10-28 for randomize-layout
[INFO] extracting crate opentelemetry-proto 0.26.1 into /workspace/builds/worker-1-tc1/source
[INFO] validating manifest of crates.io crate opentelemetry-proto 0.26.1 on toolchain nightly-2024-10-28
[INFO] running `Command { std: CARGO_HOME="/workspace/cargo-home" RUSTUP_HOME="/workspace/rustup-home" "/workspace/cargo-home/bin/cargo" "+nightly-2024-10-28" "metadata" "--manifest-path" "Cargo.toml" "--no-deps", kill_on_drop: false }`
[INFO] started tweaking crates.io crate opentelemetry-proto 0.26.1
[INFO] removed 0 missing tests
[INFO] finished tweaking crates.io crate opentelemetry-proto 0.26.1
[INFO] tweaked toml for crates.io crate opentelemetry-proto 0.26.1 written to /workspace/builds/worker-1-tc1/source/Cargo.toml
[INFO] running `Command { std: CARGO_HOME="/workspace/cargo-home" RUSTUP_HOME="/workspace/rustup-home" "/workspace/cargo-home/bin/cargo" "+nightly-2024-10-28" "generate-lockfile" "--manifest-path" "Cargo.toml", kill_on_drop: false }`
[INFO] [stderr]     Updating crates.io index
[INFO] [stderr]      Locking 141 packages to latest compatible versions
[INFO] running `Command { std: CARGO_HOME="/workspace/cargo-home" RUSTUP_HOME="/workspace/rustup-home" "/workspace/cargo-home/bin/cargo" "+nightly-2024-10-28" "fetch" "--manifest-path" "Cargo.toml", kill_on_drop: false }`
[INFO] [stderr]  Downloading crates ...
[INFO] [stderr]   Downloaded opentelemetry v0.26.0
[INFO] [stderr]   Downloaded tonic-build v0.12.3
[INFO] [stderr]   Downloaded opentelemetry_sdk v0.26.0
[INFO] running `Command { std: "docker" "create" "-v" "/var/lib/crater-agent-workspace/builds/worker-1-tc1/target:/opt/rustwide/target:rw,Z" "-v" "/var/lib/crater-agent-workspace/builds/worker-1-tc1/source:/opt/rustwide/workdir:ro,Z" "-v" "/var/lib/crater-agent-workspace/cargo-home:/opt/rustwide/cargo-home:ro,Z" "-v" "/var/lib/crater-agent-workspace/rustup-home:/opt/rustwide/rustup-home:ro,Z" "-e" "SOURCE_DIR=/opt/rustwide/workdir" "-e" "CARGO_TARGET_DIR=/opt/rustwide/target" "-e" "CARGO_HOME=/opt/rustwide/cargo-home" "-e" "RUSTUP_HOME=/opt/rustwide/rustup-home" "-w" "/opt/rustwide/workdir" "-m" "1610612736" "--user" "0:0" "--network" "none" "ghcr.io/rust-lang/crates-build-env/linux@sha256:4a844ea9eb2546a2d2c7022eacef16ef2e8229c7fbb2c7d4d55a9ceca922f72d" "/opt/rustwide/cargo-home/bin/cargo" "+nightly-2024-10-28" "metadata" "--no-deps" "--format-version=1", kill_on_drop: false }`
[INFO] [stdout] 8f1abb49a26dbdb07639645dc9b115667a5be6c5e4f12d21c40c32b312fd5a01
[INFO] running `Command { std: "docker" "start" "-a" "8f1abb49a26dbdb07639645dc9b115667a5be6c5e4f12d21c40c32b312fd5a01", kill_on_drop: false }`
[INFO] running `Command { std: "docker" "inspect" "8f1abb49a26dbdb07639645dc9b115667a5be6c5e4f12d21c40c32b312fd5a01", kill_on_drop: false }`
[INFO] running `Command { std: "docker" "rm" "-f" "8f1abb49a26dbdb07639645dc9b115667a5be6c5e4f12d21c40c32b312fd5a01", kill_on_drop: false }`
[INFO] [stdout] 8f1abb49a26dbdb07639645dc9b115667a5be6c5e4f12d21c40c32b312fd5a01
[INFO] running `Command { std: "docker" "create" "-v" "/var/lib/crater-agent-workspace/builds/worker-1-tc1/target:/opt/rustwide/target:rw,Z" "-v" "/var/lib/crater-agent-workspace/builds/worker-1-tc1/source:/opt/rustwide/workdir:ro,Z" "-v" "/var/lib/crater-agent-workspace/cargo-home:/opt/rustwide/cargo-home:ro,Z" "-v" "/var/lib/crater-agent-workspace/rustup-home:/opt/rustwide/rustup-home:ro,Z" "-e" "SOURCE_DIR=/opt/rustwide/workdir" "-e" "CARGO_TARGET_DIR=/opt/rustwide/target" "-e" "CARGO_INCREMENTAL=0" "-e" "RUST_BACKTRACE=full" "-e" "RUSTFLAGS=--cap-lints=forbid" "-e" "RUSTDOCFLAGS=--cap-lints=forbid" "-e" "CARGO_HOME=/opt/rustwide/cargo-home" "-e" "RUSTUP_HOME=/opt/rustwide/rustup-home" "-w" "/opt/rustwide/workdir" "-m" "1610612736" "--user" "0:0" "--network" "none" "ghcr.io/rust-lang/crates-build-env/linux@sha256:4a844ea9eb2546a2d2c7022eacef16ef2e8229c7fbb2c7d4d55a9ceca922f72d" "/opt/rustwide/cargo-home/bin/cargo" "+nightly-2024-10-28" "build" "--frozen" "--message-format=json", kill_on_drop: false }`
[INFO] [stdout] 84e286a13f04c4a3a17c03713fe7a5efc5a7b99eafa7e92b91b8262dc02545b6
[INFO] running `Command { std: "docker" "start" "-a" "84e286a13f04c4a3a17c03713fe7a5efc5a7b99eafa7e92b91b8262dc02545b6", kill_on_drop: false }`
[INFO] [stderr]    Compiling libc v0.2.161
[INFO] [stderr]    Compiling futures-sink v0.3.31
[INFO] [stderr]    Compiling futures-task v0.3.31
[INFO] [stderr]    Compiling tracing-core v0.1.32
[INFO] [stderr]    Compiling syn v2.0.86
[INFO] [stderr]    Compiling http v1.1.0
[INFO] [stderr]    Compiling tower-service v0.3.3
[INFO] [stderr]    Compiling byteorder v1.5.0
[INFO] [stderr]    Compiling serde v1.0.214
[INFO] [stderr]    Compiling hashbrown v0.15.0
[INFO] [stderr]    Compiling httparse v1.9.5
[INFO] [stderr]    Compiling futures-channel v0.3.31
[INFO] [stderr]    Compiling try-lock v0.2.5
[INFO] [stderr]    Compiling tower-layer v0.3.3
[INFO] [stderr]    Compiling rustversion v1.0.18
[INFO] [stderr]    Compiling want v0.3.1
[INFO] [stderr]    Compiling anyhow v1.0.92
[INFO] [stderr]    Compiling either v1.13.0
[INFO] [stderr]    Compiling indexmap v2.6.0
[INFO] [stderr]    Compiling itertools v0.13.0
[INFO] [stderr]    Compiling mio v1.0.2
[INFO] [stderr]    Compiling socket2 v0.5.7
[INFO] [stderr]    Compiling http-body v1.0.1
[INFO] [stderr]    Compiling getrandom v0.2.15
[INFO] [stderr]    Compiling serde_json v1.0.132
[INFO] [stderr]    Compiling rand_core v0.6.4
[INFO] [stderr]    Compiling glob v0.3.1
[INFO] [stderr]    Compiling base64 v0.22.1
[INFO] [stderr]    Compiling futures-macro v0.3.31
[INFO] [stderr]    Compiling tokio-macros v2.4.0
[INFO] [stderr]    Compiling tracing-attributes v0.1.27
[INFO] [stderr]    Compiling zerocopy-derive v0.7.35
[INFO] [stderr]    Compiling serde_derive v1.0.214
[INFO] [stderr]    Compiling async-trait v0.1.83
[INFO] [stderr]    Compiling pin-project-internal v1.1.7
[INFO] [stderr]    Compiling thiserror-impl v1.0.66
[INFO] [stderr]    Compiling tokio v1.41.0
[INFO] [stderr]    Compiling zerocopy v0.7.35
[INFO] [stderr]    Compiling futures-util v0.3.31
[INFO] [stderr]    Compiling prost-derive v0.13.3
[INFO] [stderr]    Compiling thiserror v1.0.66
[INFO] [stderr]    Compiling async-stream-impl v0.3.6
[INFO] [stderr]    Compiling pin-project v1.1.7
[INFO] [stderr]    Compiling ppv-lite86 v0.2.20
[INFO] [stderr]    Compiling opentelemetry v0.26.0
[INFO] [stderr]    Compiling tracing v0.1.40
[INFO] [stderr]    Compiling async-stream v0.3.6
[INFO] [stderr]    Compiling rand_chacha v0.3.1
[INFO] [stderr]    Compiling rand v0.8.5
[INFO] [stderr]    Compiling prost v0.13.3
[INFO] [stderr]    Compiling http-body-util v0.1.2
[INFO] [stderr]    Compiling tower v0.5.1
[INFO] [stderr]    Compiling futures-executor v0.3.31
[INFO] [stderr]    Compiling axum-core v0.4.5
[INFO] [stderr]    Compiling tokio-util v0.7.12
[INFO] [stderr]    Compiling tokio-stream v0.1.16
[INFO] [stderr]    Compiling h2 v0.4.6
[INFO] [stderr]    Compiling tower v0.4.13
[INFO] [stderr]    Compiling axum v0.7.7
[INFO] [stderr]    Compiling opentelemetry_sdk v0.26.0
[INFO] [stderr]    Compiling hyper v1.5.0
[INFO] [stderr]    Compiling hyper-util v0.1.10
[INFO] [stderr]    Compiling hyper-timeout v0.5.1
[INFO] [stderr]    Compiling tonic v0.12.3
[INFO] [stderr]    Compiling opentelemetry-proto v0.26.1 (/opt/rustwide/workdir)
[INFO] [stderr]     Finished `dev` profile [unoptimized + debuginfo] target(s) in 57.90s
[INFO] running `Command { std: "docker" "inspect" "84e286a13f04c4a3a17c03713fe7a5efc5a7b99eafa7e92b91b8262dc02545b6", kill_on_drop: false }`
[INFO] running `Command { std: "docker" "rm" "-f" "84e286a13f04c4a3a17c03713fe7a5efc5a7b99eafa7e92b91b8262dc02545b6", kill_on_drop: false }`
[INFO] [stdout] 84e286a13f04c4a3a17c03713fe7a5efc5a7b99eafa7e92b91b8262dc02545b6
[INFO] running `Command { std: "docker" "create" "-v" "/var/lib/crater-agent-workspace/builds/worker-1-tc1/target:/opt/rustwide/target:rw,Z" "-v" "/var/lib/crater-agent-workspace/builds/worker-1-tc1/source:/opt/rustwide/workdir:ro,Z" "-v" "/var/lib/crater-agent-workspace/cargo-home:/opt/rustwide/cargo-home:ro,Z" "-v" "/var/lib/crater-agent-workspace/rustup-home:/opt/rustwide/rustup-home:ro,Z" "-e" "SOURCE_DIR=/opt/rustwide/workdir" "-e" "CARGO_TARGET_DIR=/opt/rustwide/target" "-e" "CARGO_INCREMENTAL=0" "-e" "RUST_BACKTRACE=full" "-e" "RUSTFLAGS=--cap-lints=forbid" "-e" "RUSTDOCFLAGS=--cap-lints=forbid" "-e" "CARGO_HOME=/opt/rustwide/cargo-home" "-e" "RUSTUP_HOME=/opt/rustwide/rustup-home" "-w" "/opt/rustwide/workdir" "-m" "1610612736" "--user" "0:0" "--network" "none" "ghcr.io/rust-lang/crates-build-env/linux@sha256:4a844ea9eb2546a2d2c7022eacef16ef2e8229c7fbb2c7d4d55a9ceca922f72d" "/opt/rustwide/cargo-home/bin/cargo" "+nightly-2024-10-28" "test" "--frozen" "--no-run" "--message-format=json", kill_on_drop: false }`
[INFO] [stdout] f7f0b69fad2b274ba1ce1294be99eaaa0d3a2f211c966efd9d5132f18506624f
[INFO] running `Command { std: "docker" "start" "-a" "f7f0b69fad2b274ba1ce1294be99eaaa0d3a2f211c966efd9d5132f18506624f", kill_on_drop: false }`
[INFO] [stderr]    Compiling proc-macro2 v1.0.89
[INFO] [stderr]    Compiling unicode-ident v1.0.13
[INFO] [stderr]    Compiling rustix v0.38.38
[INFO] [stderr]    Compiling prettyplease v0.2.25
[INFO] [stderr]    Compiling linux-raw-sys v0.4.14
[INFO] [stderr]    Compiling regex-syntax v0.8.5
[INFO] [stderr]    Compiling fixedbitset v0.4.2
[INFO] [stderr]    Compiling itertools v0.13.0
[INFO] [stderr]    Compiling multimap v0.10.0
[INFO] [stderr]    Compiling petgraph v0.6.5
[INFO] [stderr]    Compiling quote v1.0.37
[INFO] [stderr]    Compiling syn v2.0.86
[INFO] [stderr]    Compiling regex-automata v0.4.8
[INFO] [stderr]    Compiling tempfile v3.13.0
[INFO] [stderr]    Compiling regex v1.11.1
[INFO] [stderr]    Compiling futures-macro v0.3.31
[INFO] [stderr]    Compiling tokio-macros v2.4.0
[INFO] [stderr]    Compiling zerocopy-derive v0.7.35
[INFO] [stderr]    Compiling tracing-attributes v0.1.27
[INFO] [stderr]    Compiling serde_derive v1.0.214
[INFO] [stderr]    Compiling prost-derive v0.13.3
[INFO] [stderr]    Compiling async-trait v0.1.83
[INFO] [stderr]    Compiling thiserror-impl v1.0.66
[INFO] [stderr]    Compiling tokio v1.41.0
[INFO] [stderr]    Compiling zerocopy v0.7.35
[INFO] [stderr]    Compiling pin-project-internal v1.1.7
[INFO] [stderr]    Compiling futures-util v0.3.31
[INFO] [stderr]    Compiling thiserror v1.0.66
[INFO] [stderr]    Compiling async-stream-impl v0.3.6
[INFO] [stderr]    Compiling ppv-lite86 v0.2.20
[INFO] [stderr]    Compiling prost v0.13.3
[INFO] [stderr]    Compiling async-stream v0.3.6
[INFO] [stderr]    Compiling tracing v0.1.40
[INFO] [stderr]    Compiling opentelemetry v0.26.0
[INFO] [stderr]    Compiling rand_chacha v0.3.1
[INFO] [stderr]    Compiling pin-project v1.1.7
[INFO] [stderr]    Compiling prost-types v0.13.3
[INFO] [stderr]    Compiling rand v0.8.5
[INFO] [stderr]    Compiling serde v1.0.214
[INFO] [stderr]    Compiling http-body-util v0.1.2
[INFO] [stderr]    Compiling tower v0.5.1
[INFO] [stderr]    Compiling futures-executor v0.3.31
[INFO] [stderr]    Compiling prost-build v0.13.3
[INFO] [stderr]    Compiling axum-core v0.4.5
[INFO] [stderr]    Compiling tonic-build v0.12.3
[INFO] [stderr]    Compiling tokio-util v0.7.12
[INFO] [stderr]    Compiling tokio-stream v0.1.16
[INFO] [stderr]    Compiling h2 v0.4.6
[INFO] [stderr]    Compiling tower v0.4.13
[INFO] [stderr]    Compiling serde_json v1.0.132
[INFO] [stderr]    Compiling axum v0.7.7
[INFO] [stderr]    Compiling opentelemetry_sdk v0.26.0
[INFO] [stderr]    Compiling hyper v1.5.0
[INFO] [stderr]    Compiling hyper-util v0.1.10
[INFO] [stderr]    Compiling hyper-timeout v0.5.1
[INFO] [stderr]    Compiling tonic v0.12.3
[INFO] [stderr]    Compiling opentelemetry-proto v0.26.1 (/opt/rustwide/workdir)
[INFO] [stdout] error[E0599]: no function or associated item named `from_u128` found for struct `TraceId` in the current scope
[INFO] [stdout]    --> src/transform/trace.rs:211:22
[INFO] [stdout]     |
[INFO] [stdout] 211 |             TraceId::from_u128(123),
[INFO] [stdout]     |                      ^^^^^^^^^ function or associated item not found in `TraceId`
[INFO] [stdout]     |
[INFO] [stdout] note: if you're trying to build a new `TraceId` consider using one of the following associated functions:
[INFO] [stdout]       TraceId::from_bytes
[INFO] [stdout]       TraceId::from_hex
[INFO] [stdout]    --> /opt/rustwide/cargo-home/registry/src/index.crates.io-6f17d22bba15001f/opentelemetry-0.26.0/src/trace/span_context.rs:105:5
[INFO] [stdout]     |
[INFO] [stdout] 105 |     pub const fn from_bytes(bytes: [u8; 16]) -> Self {
[INFO] [stdout]     |     ^^^^^^^^^^^^^^^^^^^^^^^^^^^^^^^^^^^^^^^^^^^^^^^^
[INFO] [stdout] ...
[INFO] [stdout] 126 |     pub fn from_hex(hex: &str) -> Result<Self, ParseIntError> {
[INFO] [stdout]     |     ^^^^^^^^^^^^^^^^^^^^^^^^^^^^^^^^^^^^^^^^^^^^^^^^^^^^^^^^^
[INFO] [stdout] 
[INFO] [stdout] 
[INFO] [stdout] error[E0599]: no function or associated item named `from_u64` found for struct `SpanId` in the current scope
[INFO] [stdout]    --> src/transform/trace.rs:212:21
[INFO] [stdout]     |
[INFO] [stdout] 212 |             SpanId::from_u64(456),
[INFO] [stdout]     |                     ^^^^^^^^ function or associated item not found in `SpanId`
[INFO] [stdout]     |
[INFO] [stdout] note: if you're trying to build a new `SpanId` consider using one of the following associated functions:
[INFO] [stdout]       SpanId::from_bytes
[INFO] [stdout]       SpanId::from_hex
[INFO] [stdout]    --> /opt/rustwide/cargo-home/registry/src/index.crates.io-6f17d22bba15001f/opentelemetry-0.26.0/src/trace/span_context.rs:166:5
[INFO] [stdout]     |
[INFO] [stdout] 166 |     pub const fn from_bytes(bytes: [u8; 8]) -> Self {
[INFO] [stdout]     |     ^^^^^^^^^^^^^^^^^^^^^^^^^^^^^^^^^^^^^^^^^^^^^^^
[INFO] [stdout] ...
[INFO] [stdout] 187 |     pub fn from_hex(hex: &str) -> Result<Self, ParseIntError> {
[INFO] [stdout]     |     ^^^^^^^^^^^^^^^^^^^^^^^^^^^^^^^^^^^^^^^^^^^^^^^^^^^^^^^^^
[INFO] [stdout] help: there is an associated function `from` with a similar name
[INFO] [stdout]     |
[INFO] [stdout] 212 |             SpanId::from(456),
[INFO] [stdout]     |                     ~~~~
[INFO] [stdout] 
[INFO] [stdout] 
[INFO] [stdout] error[E0599]: no function or associated item named `from_u64` found for struct `SpanId` in the current scope
[INFO] [stdout]    --> src/transform/trace.rs:220:37
[INFO] [stdout]     |
[INFO] [stdout] 220 |             parent_span_id: SpanId::from_u64(0),
[INFO] [stdout]     |                                     ^^^^^^^^ function or associated item not found in `SpanId`
[INFO] [stdout]     |
[INFO] [stdout] note: if you're trying to build a new `SpanId` consider using one of the following associated functions:
[INFO] [stdout]       SpanId::from_bytes
[INFO] [stdout]       SpanId::from_hex
[INFO] [stdout]    --> /opt/rustwide/cargo-home/registry/src/index.crates.io-6f17d22bba15001f/opentelemetry-0.26.0/src/trace/span_context.rs:166:5
[INFO] [stdout]     |
[INFO] [stdout] 166 |     pub const fn from_bytes(bytes: [u8; 8]) -> Self {
[INFO] [stdout]     |     ^^^^^^^^^^^^^^^^^^^^^^^^^^^^^^^^^^^^^^^^^^^^^^^
[INFO] [stdout] ...
[INFO] [stdout] 187 |     pub fn from_hex(hex: &str) -> Result<Self, ParseIntError> {
[INFO] [stdout]     |     ^^^^^^^^^^^^^^^^^^^^^^^^^^^^^^^^^^^^^^^^^^^^^^^^^^^^^^^^^
[INFO] [stdout] help: there is an associated function `from` with a similar name
[INFO] [stdout]     |
[INFO] [stdout] 220 |             parent_span_id: SpanId::from(0),
[INFO] [stdout]     |                                     ~~~~
[INFO] [stdout] 
[INFO] [stdout] 
[INFO] [stdout] For more information about this error, try `rustc --explain E0599`.
[INFO] [stdout] 
[INFO] [stderr] error: could not compile `opentelemetry-proto` (lib test) due to 3 previous errors
[INFO] [stderr] warning: build failed, waiting for other jobs to finish...
[INFO] running `Command { std: "docker" "inspect" "f7f0b69fad2b274ba1ce1294be99eaaa0d3a2f211c966efd9d5132f18506624f", kill_on_drop: false }`
[INFO] running `Command { std: "docker" "rm" "-f" "f7f0b69fad2b274ba1ce1294be99eaaa0d3a2f211c966efd9d5132f18506624f", kill_on_drop: false }`
[INFO] [stdout] f7f0b69fad2b274ba1ce1294be99eaaa0d3a2f211c966efd9d5132f18506624f
