[INFO] fetching crate opentelemetry-jaeger-propagator 0.26.0...
[INFO] testing opentelemetry-jaeger-propagator-0.26.0 against nightly-2024-10-28 for randomize-layout
[INFO] extracting crate opentelemetry-jaeger-propagator 0.26.0 into /workspace/builds/worker-1-tc1/source
[INFO] validating manifest of crates.io crate opentelemetry-jaeger-propagator 0.26.0 on toolchain nightly-2024-10-28
[INFO] running `Command { std: CARGO_HOME="/workspace/cargo-home" RUSTUP_HOME="/workspace/rustup-home" "/workspace/cargo-home/bin/cargo" "+nightly-2024-10-28" "metadata" "--manifest-path" "Cargo.toml" "--no-deps", kill_on_drop: false }`
[INFO] started tweaking crates.io crate opentelemetry-jaeger-propagator 0.26.0
[INFO] finished tweaking crates.io crate opentelemetry-jaeger-propagator 0.26.0
[INFO] tweaked toml for crates.io crate opentelemetry-jaeger-propagator 0.26.0 written to /workspace/builds/worker-1-tc1/source/Cargo.toml
[INFO] running `Command { std: CARGO_HOME="/workspace/cargo-home" RUSTUP_HOME="/workspace/rustup-home" "/workspace/cargo-home/bin/cargo" "+nightly-2024-10-28" "generate-lockfile" "--manifest-path" "Cargo.toml", kill_on_drop: false }`
[INFO] [stderr]     Updating crates.io index
[INFO] [stderr]      Locking 20 packages to latest compatible versions
[INFO] running `Command { std: CARGO_HOME="/workspace/cargo-home" RUSTUP_HOME="/workspace/rustup-home" "/workspace/cargo-home/bin/cargo" "+nightly-2024-10-28" "fetch" "--manifest-path" "Cargo.toml", kill_on_drop: false }`
[INFO] running `Command { std: "docker" "create" "-v" "/var/lib/crater-agent-workspace/builds/worker-1-tc1/target:/opt/rustwide/target:rw,Z" "-v" "/var/lib/crater-agent-workspace/builds/worker-1-tc1/source:/opt/rustwide/workdir:ro,Z" "-v" "/var/lib/crater-agent-workspace/cargo-home:/opt/rustwide/cargo-home:ro,Z" "-v" "/var/lib/crater-agent-workspace/rustup-home:/opt/rustwide/rustup-home:ro,Z" "-e" "SOURCE_DIR=/opt/rustwide/workdir" "-e" "CARGO_TARGET_DIR=/opt/rustwide/target" "-e" "CARGO_HOME=/opt/rustwide/cargo-home" "-e" "RUSTUP_HOME=/opt/rustwide/rustup-home" "-w" "/opt/rustwide/workdir" "-m" "1610612736" "--user" "0:0" "--network" "none" "ghcr.io/rust-lang/crates-build-env/linux@sha256:4a844ea9eb2546a2d2c7022eacef16ef2e8229c7fbb2c7d4d55a9ceca922f72d" "/opt/rustwide/cargo-home/bin/cargo" "+nightly-2024-10-28" "metadata" "--no-deps" "--format-version=1", kill_on_drop: false }`
[INFO] [stdout] 47730b03f856508274bab57212dc9792173e5a8c5b8fa98f33be2d6967f66d7a
[INFO] running `Command { std: "docker" "start" "-a" "47730b03f856508274bab57212dc9792173e5a8c5b8fa98f33be2d6967f66d7a", kill_on_drop: false }`
[INFO] running `Command { std: "docker" "inspect" "47730b03f856508274bab57212dc9792173e5a8c5b8fa98f33be2d6967f66d7a", kill_on_drop: false }`
[INFO] running `Command { std: "docker" "rm" "-f" "47730b03f856508274bab57212dc9792173e5a8c5b8fa98f33be2d6967f66d7a", kill_on_drop: false }`
[INFO] [stdout] 47730b03f856508274bab57212dc9792173e5a8c5b8fa98f33be2d6967f66d7a
[INFO] running `Command { std: "docker" "create" "-v" "/var/lib/crater-agent-workspace/builds/worker-1-tc1/target:/opt/rustwide/target:rw,Z" "-v" "/var/lib/crater-agent-workspace/builds/worker-1-tc1/source:/opt/rustwide/workdir:ro,Z" "-v" "/var/lib/crater-agent-workspace/cargo-home:/opt/rustwide/cargo-home:ro,Z" "-v" "/var/lib/crater-agent-workspace/rustup-home:/opt/rustwide/rustup-home:ro,Z" "-e" "SOURCE_DIR=/opt/rustwide/workdir" "-e" "CARGO_TARGET_DIR=/opt/rustwide/target" "-e" "CARGO_INCREMENTAL=0" "-e" "RUST_BACKTRACE=full" "-e" "RUSTFLAGS=--cap-lints=forbid" "-e" "RUSTDOCFLAGS=--cap-lints=forbid" "-e" "CARGO_HOME=/opt/rustwide/cargo-home" "-e" "RUSTUP_HOME=/opt/rustwide/rustup-home" "-w" "/opt/rustwide/workdir" "-m" "1610612736" "--user" "0:0" "--network" "none" "ghcr.io/rust-lang/crates-build-env/linux@sha256:4a844ea9eb2546a2d2c7022eacef16ef2e8229c7fbb2c7d4d55a9ceca922f72d" "/opt/rustwide/cargo-home/bin/cargo" "+nightly-2024-10-28" "build" "--frozen" "--message-format=json", kill_on_drop: false }`
[INFO] [stdout] 2198f368ed74d4a87618f8a791c5847bbbd659bce7a8f5e7ce923d1bcb7308fa
[INFO] running `Command { std: "docker" "start" "-a" "2198f368ed74d4a87618f8a791c5847bbbd659bce7a8f5e7ce923d1bcb7308fa", kill_on_drop: false }`
[INFO] [stderr]    Compiling futures-sink v0.3.31
[INFO] [stderr]    Compiling syn v2.0.86
[INFO] [stderr]    Compiling thiserror-impl v1.0.66
[INFO] [stderr]    Compiling thiserror v1.0.66
[INFO] [stderr]    Compiling opentelemetry v0.26.0
[INFO] [stderr]    Compiling opentelemetry-jaeger-propagator v0.26.0 (/opt/rustwide/workdir)
[INFO] [stderr]     Finished `dev` profile [unoptimized + debuginfo] target(s) in 3.29s
[INFO] running `Command { std: "docker" "inspect" "2198f368ed74d4a87618f8a791c5847bbbd659bce7a8f5e7ce923d1bcb7308fa", kill_on_drop: false }`
[INFO] running `Command { std: "docker" "rm" "-f" "2198f368ed74d4a87618f8a791c5847bbbd659bce7a8f5e7ce923d1bcb7308fa", kill_on_drop: false }`
[INFO] [stdout] 2198f368ed74d4a87618f8a791c5847bbbd659bce7a8f5e7ce923d1bcb7308fa
[INFO] running `Command { std: "docker" "create" "-v" "/var/lib/crater-agent-workspace/builds/worker-1-tc1/target:/opt/rustwide/target:rw,Z" "-v" "/var/lib/crater-agent-workspace/builds/worker-1-tc1/source:/opt/rustwide/workdir:ro,Z" "-v" "/var/lib/crater-agent-workspace/cargo-home:/opt/rustwide/cargo-home:ro,Z" "-v" "/var/lib/crater-agent-workspace/rustup-home:/opt/rustwide/rustup-home:ro,Z" "-e" "SOURCE_DIR=/opt/rustwide/workdir" "-e" "CARGO_TARGET_DIR=/opt/rustwide/target" "-e" "CARGO_INCREMENTAL=0" "-e" "RUST_BACKTRACE=full" "-e" "RUSTFLAGS=--cap-lints=forbid" "-e" "RUSTDOCFLAGS=--cap-lints=forbid" "-e" "CARGO_HOME=/opt/rustwide/cargo-home" "-e" "RUSTUP_HOME=/opt/rustwide/rustup-home" "-w" "/opt/rustwide/workdir" "-m" "1610612736" "--user" "0:0" "--network" "none" "ghcr.io/rust-lang/crates-build-env/linux@sha256:4a844ea9eb2546a2d2c7022eacef16ef2e8229c7fbb2c7d4d55a9ceca922f72d" "/opt/rustwide/cargo-home/bin/cargo" "+nightly-2024-10-28" "test" "--frozen" "--no-run" "--message-format=json", kill_on_drop: false }`
[INFO] [stdout] d8fbc3e980f1a08e9455265ddf17574606be92851a59867dc94f8dc0f299f4f0
[INFO] running `Command { std: "docker" "start" "-a" "d8fbc3e980f1a08e9455265ddf17574606be92851a59867dc94f8dc0f299f4f0", kill_on_drop: false }`
[INFO] [stderr]    Compiling opentelemetry-jaeger-propagator v0.26.0 (/opt/rustwide/workdir)
[INFO] [stdout] error[E0433]: failed to resolve: could not find `testing` in `opentelemetry`
[INFO] [stdout]    --> src/propagator.rs:220:24
[INFO] [stdout]     |
[INFO] [stdout] 220 |     use opentelemetry::testing::trace::TestSpan;
[INFO] [stdout]     |                        ^^^^^^^ could not find `testing` in `opentelemetry`
[INFO] [stdout]     |
[INFO] [stdout] note: found an item that was configured out
[INFO] [stdout]    --> /opt/rustwide/cargo-home/registry/src/index.crates.io-6f17d22bba15001f/opentelemetry-0.26.0/src/lib.rs:204:9
[INFO] [stdout]     |
[INFO] [stdout] 204 | pub mod testing;
[INFO] [stdout]     |         ^^^^^^^
[INFO] [stdout] note: the item is gated here
[INFO] [stdout]    --> /opt/rustwide/cargo-home/registry/src/index.crates.io-6f17d22bba15001f/opentelemetry-0.26.0/src/lib.rs:202:1
[INFO] [stdout]     |
[INFO] [stdout] 202 | #[cfg(any(feature = "testing", test))]
[INFO] [stdout]     | ^^^^^^^^^^^^^^^^^^^^^^^^^^^^^^^^^^^^^^
[INFO] [stdout] 
[INFO] [stdout] 
[INFO] [stdout] error[E0599]: no function or associated item named `from_u128` found for struct `opentelemetry::trace::TraceId` in the current scope
[INFO] [stdout]    --> src/propagator.rs:237:30
[INFO] [stdout]     |
[INFO] [stdout] 237 |                     TraceId::from_u128(TRACE_ID),
[INFO] [stdout]     |                              ^^^^^^^^^ function or associated item not found in `TraceId`
[INFO] [stdout]     |
[INFO] [stdout] note: if you're trying to build a new `opentelemetry::trace::TraceId` consider using one of the following associated functions:
[INFO] [stdout]       opentelemetry::trace::TraceId::from_bytes
[INFO] [stdout]       opentelemetry::trace::TraceId::from_hex
[INFO] [stdout]    --> /opt/rustwide/cargo-home/registry/src/index.crates.io-6f17d22bba15001f/opentelemetry-0.26.0/src/trace/span_context.rs:105:5
[INFO] [stdout]     |
[INFO] [stdout] 105 |     pub const fn from_bytes(bytes: [u8; 16]) -> Self {
[INFO] [stdout]     |     ^^^^^^^^^^^^^^^^^^^^^^^^^^^^^^^^^^^^^^^^^^^^^^^^
[INFO] [stdout] ...
[INFO] [stdout] 126 |     pub fn from_hex(hex: &str) -> Result<Self, ParseIntError> {
[INFO] [stdout]     |     ^^^^^^^^^^^^^^^^^^^^^^^^^^^^^^^^^^^^^^^^^^^^^^^^^^^^^^^^^
[INFO] [stdout] 
[INFO] [stdout] 
[INFO] [stdout] error[E0599]: no function or associated item named `from_u64` found for struct `opentelemetry::trace::SpanId` in the current scope
[INFO] [stdout]    --> src/propagator.rs:238:29
[INFO] [stdout]     |
[INFO] [stdout] 238 |                     SpanId::from_u64(SPAN_ID),
[INFO] [stdout]     |                             ^^^^^^^^ function or associated item not found in `SpanId`
[INFO] [stdout]     |
[INFO] [stdout] note: if you're trying to build a new `opentelemetry::trace::SpanId` consider using one of the following associated functions:
[INFO] [stdout]       opentelemetry::trace::SpanId::from_bytes
[INFO] [stdout]       opentelemetry::trace::SpanId::from_hex
[INFO] [stdout]    --> /opt/rustwide/cargo-home/registry/src/index.crates.io-6f17d22bba15001f/opentelemetry-0.26.0/src/trace/span_context.rs:166:5
[INFO] [stdout]     |
[INFO] [stdout] 166 |     pub const fn from_bytes(bytes: [u8; 8]) -> Self {
[INFO] [stdout]     |     ^^^^^^^^^^^^^^^^^^^^^^^^^^^^^^^^^^^^^^^^^^^^^^^
[INFO] [stdout] ...
[INFO] [stdout] 187 |     pub fn from_hex(hex: &str) -> Result<Self, ParseIntError> {
[INFO] [stdout]     |     ^^^^^^^^^^^^^^^^^^^^^^^^^^^^^^^^^^^^^^^^^^^^^^^^^^^^^^^^^
[INFO] [stdout] help: there is an associated function `from` with a similar name
[INFO] [stdout]     |
[INFO] [stdout] 238 |                     SpanId::from(SPAN_ID),
[INFO] [stdout]     |                             ~~~~
[INFO] [stdout] 
[INFO] [stdout] 
[INFO] [stdout] error[E0599]: no function or associated item named `from_u128` found for struct `opentelemetry::trace::TraceId` in the current scope
[INFO] [stdout]    --> src/propagator.rs:249:30
[INFO] [stdout]     |
[INFO] [stdout] 249 |                     TraceId::from_u128(TRACE_ID),
[INFO] [stdout]     |                              ^^^^^^^^^ function or associated item not found in `TraceId`
[INFO] [stdout]     |
[INFO] [stdout] note: if you're trying to build a new `opentelemetry::trace::TraceId` consider using one of the following associated functions:
[INFO] [stdout]       opentelemetry::trace::TraceId::from_bytes
[INFO] [stdout]       opentelemetry::trace::TraceId::from_hex
[INFO] [stdout]    --> /opt/rustwide/cargo-home/registry/src/index.crates.io-6f17d22bba15001f/opentelemetry-0.26.0/src/trace/span_context.rs:105:5
[INFO] [stdout]     |
[INFO] [stdout] 105 |     pub const fn from_bytes(bytes: [u8; 16]) -> Self {
[INFO] [stdout]     |     ^^^^^^^^^^^^^^^^^^^^^^^^^^^^^^^^^^^^^^^^^^^^^^^^
[INFO] [stdout] ...
[INFO] [stdout] 126 |     pub fn from_hex(hex: &str) -> Result<Self, ParseIntError> {
[INFO] [stdout]     |     ^^^^^^^^^^^^^^^^^^^^^^^^^^^^^^^^^^^^^^^^^^^^^^^^^^^^^^^^^
[INFO] [stdout] 
[INFO] [stdout] 
[INFO] [stdout] error[E0599]: no function or associated item named `from_u64` found for struct `opentelemetry::trace::SpanId` in the current scope
[INFO] [stdout]    --> src/propagator.rs:250:29
[INFO] [stdout]     |
[INFO] [stdout] 250 |                     SpanId::from_u64(SPAN_ID),
[INFO] [stdout]     |                             ^^^^^^^^ function or associated item not found in `SpanId`
[INFO] [stdout]     |
[INFO] [stdout] note: if you're trying to build a new `opentelemetry::trace::SpanId` consider using one of the following associated functions:
[INFO] [stdout]       opentelemetry::trace::SpanId::from_bytes
[INFO] [stdout]       opentelemetry::trace::SpanId::from_hex
[INFO] [stdout]    --> /opt/rustwide/cargo-home/registry/src/index.crates.io-6f17d22bba15001f/opentelemetry-0.26.0/src/trace/span_context.rs:166:5
[INFO] [stdout]     |
[INFO] [stdout] 166 |     pub const fn from_bytes(bytes: [u8; 8]) -> Self {
[INFO] [stdout]     |     ^^^^^^^^^^^^^^^^^^^^^^^^^^^^^^^^^^^^^^^^^^^^^^^
[INFO] [stdout] ...
[INFO] [stdout] 187 |     pub fn from_hex(hex: &str) -> Result<Self, ParseIntError> {
[INFO] [stdout]     |     ^^^^^^^^^^^^^^^^^^^^^^^^^^^^^^^^^^^^^^^^^^^^^^^^^^^^^^^^^
[INFO] [stdout] help: there is an associated function `from` with a similar name
[INFO] [stdout]     |
[INFO] [stdout] 250 |                     SpanId::from(SPAN_ID),
[INFO] [stdout]     |                             ~~~~
[INFO] [stdout] 
[INFO] [stdout] 
[INFO] [stdout] error[E0599]: no function or associated item named `from_u128` found for struct `opentelemetry::trace::TraceId` in the current scope
[INFO] [stdout]    --> src/propagator.rs:261:30
[INFO] [stdout]     |
[INFO] [stdout] 261 |                     TraceId::from_u128(TRACE_ID),
[INFO] [stdout]     |                              ^^^^^^^^^ function or associated item not found in `TraceId`
[INFO] [stdout]     |
[INFO] [stdout] note: if you're trying to build a new `opentelemetry::trace::TraceId` consider using one of the following associated functions:
[INFO] [stdout]       opentelemetry::trace::TraceId::from_bytes
[INFO] [stdout]       opentelemetry::trace::TraceId::from_hex
[INFO] [stdout]    --> /opt/rustwide/cargo-home/registry/src/index.crates.io-6f17d22bba15001f/opentelemetry-0.26.0/src/trace/span_context.rs:105:5
[INFO] [stdout]     |
[INFO] [stdout] 105 |     pub const fn from_bytes(bytes: [u8; 16]) -> Self {
[INFO] [stdout]     |     ^^^^^^^^^^^^^^^^^^^^^^^^^^^^^^^^^^^^^^^^^^^^^^^^
[INFO] [stdout] ...
[INFO] [stdout] 126 |     pub fn from_hex(hex: &str) -> Result<Self, ParseIntError> {
[INFO] [stdout]     |     ^^^^^^^^^^^^^^^^^^^^^^^^^^^^^^^^^^^^^^^^^^^^^^^^^^^^^^^^^
[INFO] [stdout] 
[INFO] [stdout] 
[INFO] [stdout] error[E0599]: no function or associated item named `from_u64` found for struct `opentelemetry::trace::SpanId` in the current scope
[INFO] [stdout]    --> src/propagator.rs:262:29
[INFO] [stdout]     |
[INFO] [stdout] 262 |                     SpanId::from_u64(SPAN_ID),
[INFO] [stdout]     |                             ^^^^^^^^ function or associated item not found in `SpanId`
[INFO] [stdout]     |
[INFO] [stdout] note: if you're trying to build a new `opentelemetry::trace::SpanId` consider using one of the following associated functions:
[INFO] [stdout]       opentelemetry::trace::SpanId::from_bytes
[INFO] [stdout]       opentelemetry::trace::SpanId::from_hex
[INFO] [stdout]    --> /opt/rustwide/cargo-home/registry/src/index.crates.io-6f17d22bba15001f/opentelemetry-0.26.0/src/trace/span_context.rs:166:5
[INFO] [stdout]     |
[INFO] [stdout] 166 |     pub const fn from_bytes(bytes: [u8; 8]) -> Self {
[INFO] [stdout]     |     ^^^^^^^^^^^^^^^^^^^^^^^^^^^^^^^^^^^^^^^^^^^^^^^
[INFO] [stdout] ...
[INFO] [stdout] 187 |     pub fn from_hex(hex: &str) -> Result<Self, ParseIntError> {
[INFO] [stdout]     |     ^^^^^^^^^^^^^^^^^^^^^^^^^^^^^^^^^^^^^^^^^^^^^^^^^^^^^^^^^
[INFO] [stdout] help: there is an associated function `from` with a similar name
[INFO] [stdout]     |
[INFO] [stdout] 262 |                     SpanId::from(SPAN_ID),
[INFO] [stdout]     |                             ~~~~
[INFO] [stdout] 
[INFO] [stdout] 
[INFO] [stdout] error[E0599]: no function or associated item named `from_u128` found for struct `opentelemetry::trace::TraceId` in the current scope
[INFO] [stdout]    --> src/propagator.rs:273:30
[INFO] [stdout]     |
[INFO] [stdout] 273 |                     TraceId::from_u128(TRACE_ID),
[INFO] [stdout]     |                              ^^^^^^^^^ function or associated item not found in `TraceId`
[INFO] [stdout]     |
[INFO] [stdout] note: if you're trying to build a new `opentelemetry::trace::TraceId` consider using one of the following associated functions:
[INFO] [stdout]       opentelemetry::trace::TraceId::from_bytes
[INFO] [stdout]       opentelemetry::trace::TraceId::from_hex
[INFO] [stdout]    --> /opt/rustwide/cargo-home/registry/src/index.crates.io-6f17d22bba15001f/opentelemetry-0.26.0/src/trace/span_context.rs:105:5
[INFO] [stdout]     |
[INFO] [stdout] 105 |     pub const fn from_bytes(bytes: [u8; 16]) -> Self {
[INFO] [stdout]     |     ^^^^^^^^^^^^^^^^^^^^^^^^^^^^^^^^^^^^^^^^^^^^^^^^
[INFO] [stdout] ...
[INFO] [stdout] 126 |     pub fn from_hex(hex: &str) -> Result<Self, ParseIntError> {
[INFO] [stdout]     |     ^^^^^^^^^^^^^^^^^^^^^^^^^^^^^^^^^^^^^^^^^^^^^^^^^^^^^^^^^
[INFO] [stdout] 
[INFO] [stdout] 
[INFO] [stdout] error[E0599]: no function or associated item named `from_u64` found for struct `opentelemetry::trace::SpanId` in the current scope
[INFO] [stdout]    --> src/propagator.rs:274:29
[INFO] [stdout]     |
[INFO] [stdout] 274 |                     SpanId::from_u64(SPAN_ID),
[INFO] [stdout]     |                             ^^^^^^^^ function or associated item not found in `SpanId`
[INFO] [stdout]     |
[INFO] [stdout] note: if you're trying to build a new `opentelemetry::trace::SpanId` consider using one of the following associated functions:
[INFO] [stdout]       opentelemetry::trace::SpanId::from_bytes
[INFO] [stdout]       opentelemetry::trace::SpanId::from_hex
[INFO] [stdout]    --> /opt/rustwide/cargo-home/registry/src/index.crates.io-6f17d22bba15001f/opentelemetry-0.26.0/src/trace/span_context.rs:166:5
[INFO] [stdout]     |
[INFO] [stdout] 166 |     pub const fn from_bytes(bytes: [u8; 8]) -> Self {
[INFO] [stdout]     |     ^^^^^^^^^^^^^^^^^^^^^^^^^^^^^^^^^^^^^^^^^^^^^^^
[INFO] [stdout] ...
[INFO] [stdout] 187 |     pub fn from_hex(hex: &str) -> Result<Self, ParseIntError> {
[INFO] [stdout]     |     ^^^^^^^^^^^^^^^^^^^^^^^^^^^^^^^^^^^^^^^^^^^^^^^^^^^^^^^^^
[INFO] [stdout] help: there is an associated function `from` with a similar name
[INFO] [stdout]     |
[INFO] [stdout] 274 |                     SpanId::from(SPAN_ID),
[INFO] [stdout]     |                             ~~~~
[INFO] [stdout] 
[INFO] [stdout] 
[INFO] [stdout] error[E0599]: no function or associated item named `from_u128` found for struct `opentelemetry::trace::TraceId` in the current scope
[INFO] [stdout]    --> src/propagator.rs:285:30
[INFO] [stdout]     |
[INFO] [stdout] 285 |                     TraceId::from_u128(TRACE_ID),
[INFO] [stdout]     |                              ^^^^^^^^^ function or associated item not found in `TraceId`
[INFO] [stdout]     |
[INFO] [stdout] note: if you're trying to build a new `opentelemetry::trace::TraceId` consider using one of the following associated functions:
[INFO] [stdout]       opentelemetry::trace::TraceId::from_bytes
[INFO] [stdout]       opentelemetry::trace::TraceId::from_hex
[INFO] [stdout]    --> /opt/rustwide/cargo-home/registry/src/index.crates.io-6f17d22bba15001f/opentelemetry-0.26.0/src/trace/span_context.rs:105:5
[INFO] [stdout]     |
[INFO] [stdout] 105 |     pub const fn from_bytes(bytes: [u8; 16]) -> Self {
[INFO] [stdout]     |     ^^^^^^^^^^^^^^^^^^^^^^^^^^^^^^^^^^^^^^^^^^^^^^^^
[INFO] [stdout] ...
[INFO] [stdout] 126 |     pub fn from_hex(hex: &str) -> Result<Self, ParseIntError> {
[INFO] [stdout]     |     ^^^^^^^^^^^^^^^^^^^^^^^^^^^^^^^^^^^^^^^^^^^^^^^^^^^^^^^^^
[INFO] [stdout] 
[INFO] [stdout] 
[INFO] [stdout] error[E0599]: no function or associated item named `from_u64` found for struct `opentelemetry::trace::SpanId` in the current scope
[INFO] [stdout]    --> src/propagator.rs:286:29
[INFO] [stdout]     |
[INFO] [stdout] 286 |                     SpanId::from_u64(SPAN_ID),
[INFO] [stdout]     |                             ^^^^^^^^ function or associated item not found in `SpanId`
[INFO] [stdout]     |
[INFO] [stdout] note: if you're trying to build a new `opentelemetry::trace::SpanId` consider using one of the following associated functions:
[INFO] [stdout]       opentelemetry::trace::SpanId::from_bytes
[INFO] [stdout]       opentelemetry::trace::SpanId::from_hex
[INFO] [stdout]    --> /opt/rustwide/cargo-home/registry/src/index.crates.io-6f17d22bba15001f/opentelemetry-0.26.0/src/trace/span_context.rs:166:5
[INFO] [stdout]     |
[INFO] [stdout] 166 |     pub const fn from_bytes(bytes: [u8; 8]) -> Self {
[INFO] [stdout]     |     ^^^^^^^^^^^^^^^^^^^^^^^^^^^^^^^^^^^^^^^^^^^^^^^
[INFO] [stdout] ...
[INFO] [stdout] 187 |     pub fn from_hex(hex: &str) -> Result<Self, ParseIntError> {
[INFO] [stdout]     |     ^^^^^^^^^^^^^^^^^^^^^^^^^^^^^^^^^^^^^^^^^^^^^^^^^^^^^^^^^
[INFO] [stdout] help: there is an associated function `from` with a similar name
[INFO] [stdout]     |
[INFO] [stdout] 286 |                     SpanId::from(SPAN_ID),
[INFO] [stdout]     |                             ~~~~
[INFO] [stdout] 
[INFO] [stdout] 
[INFO] [stdout] error[E0599]: no function or associated item named `from_u128` found for struct `opentelemetry::trace::TraceId` in the current scope
[INFO] [stdout]    --> src/propagator.rs:317:30
[INFO] [stdout]     |
[INFO] [stdout] 317 |                     TraceId::from_u128(TRACE_ID),
[INFO] [stdout]     |                              ^^^^^^^^^ function or associated item not found in `TraceId`
[INFO] [stdout]     |
[INFO] [stdout] note: if you're trying to build a new `opentelemetry::trace::TraceId` consider using one of the following associated functions:
[INFO] [stdout]       opentelemetry::trace::TraceId::from_bytes
[INFO] [stdout]       opentelemetry::trace::TraceId::from_hex
[INFO] [stdout]    --> /opt/rustwide/cargo-home/registry/src/index.crates.io-6f17d22bba15001f/opentelemetry-0.26.0/src/trace/span_context.rs:105:5
[INFO] [stdout]     |
[INFO] [stdout] 105 |     pub const fn from_bytes(bytes: [u8; 16]) -> Self {
[INFO] [stdout]     |     ^^^^^^^^^^^^^^^^^^^^^^^^^^^^^^^^^^^^^^^^^^^^^^^^
[INFO] [stdout] ...
[INFO] [stdout] 126 |     pub fn from_hex(hex: &str) -> Result<Self, ParseIntError> {
[INFO] [stdout]     |     ^^^^^^^^^^^^^^^^^^^^^^^^^^^^^^^^^^^^^^^^^^^^^^^^^^^^^^^^^
[INFO] [stdout] 
[INFO] [stdout] 
[INFO] [stdout] error[E0599]: no function or associated item named `from_u64` found for struct `opentelemetry::trace::SpanId` in the current scope
[INFO] [stdout]    --> src/propagator.rs:318:29
[INFO] [stdout]     |
[INFO] [stdout] 318 |                     SpanId::from_u64(SPAN_ID),
[INFO] [stdout]     |                             ^^^^^^^^ function or associated item not found in `SpanId`
[INFO] [stdout]     |
[INFO] [stdout] note: if you're trying to build a new `opentelemetry::trace::SpanId` consider using one of the following associated functions:
[INFO] [stdout]       opentelemetry::trace::SpanId::from_bytes
[INFO] [stdout]       opentelemetry::trace::SpanId::from_hex
[INFO] [stdout]    --> /opt/rustwide/cargo-home/registry/src/index.crates.io-6f17d22bba15001f/opentelemetry-0.26.0/src/trace/span_context.rs:166:5
[INFO] [stdout]     |
[INFO] [stdout] 166 |     pub const fn from_bytes(bytes: [u8; 8]) -> Self {
[INFO] [stdout]     |     ^^^^^^^^^^^^^^^^^^^^^^^^^^^^^^^^^^^^^^^^^^^^^^^
[INFO] [stdout] ...
[INFO] [stdout] 187 |     pub fn from_hex(hex: &str) -> Result<Self, ParseIntError> {
[INFO] [stdout]     |     ^^^^^^^^^^^^^^^^^^^^^^^^^^^^^^^^^^^^^^^^^^^^^^^^^^^^^^^^^
[INFO] [stdout] help: there is an associated function `from` with a similar name
[INFO] [stdout]     |
[INFO] [stdout] 318 |                     SpanId::from(SPAN_ID),
[INFO] [stdout]     |                             ~~~~
[INFO] [stdout] 
[INFO] [stdout] 
[INFO] [stdout] error[E0599]: no function or associated item named `from_u128` found for struct `opentelemetry::trace::TraceId` in the current scope
[INFO] [stdout]    --> src/propagator.rs:327:30
[INFO] [stdout]     |
[INFO] [stdout] 327 |                     TraceId::from_u128(TRACE_ID),
[INFO] [stdout]     |                              ^^^^^^^^^ function or associated item not found in `TraceId`
[INFO] [stdout]     |
[INFO] [stdout] note: if you're trying to build a new `opentelemetry::trace::TraceId` consider using one of the following associated functions:
[INFO] [stdout]       opentelemetry::trace::TraceId::from_bytes
[INFO] [stdout]       opentelemetry::trace::TraceId::from_hex
[INFO] [stdout]    --> /opt/rustwide/cargo-home/registry/src/index.crates.io-6f17d22bba15001f/opentelemetry-0.26.0/src/trace/span_context.rs:105:5
[INFO] [stdout]     |
[INFO] [stdout] 105 |     pub const fn from_bytes(bytes: [u8; 16]) -> Self {
[INFO] [stdout]     |     ^^^^^^^^^^^^^^^^^^^^^^^^^^^^^^^^^^^^^^^^^^^^^^^^
[INFO] [stdout] ...
[INFO] [stdout] 126 |     pub fn from_hex(hex: &str) -> Result<Self, ParseIntError> {
[INFO] [stdout]     |     ^^^^^^^^^^^^^^^^^^^^^^^^^^^^^^^^^^^^^^^^^^^^^^^^^^^^^^^^^
[INFO] [stdout] 
[INFO] [stdout] 
[INFO] [stdout] error[E0599]: no function or associated item named `from_u64` found for struct `opentelemetry::trace::SpanId` in the current scope
[INFO] [stdout]    --> src/propagator.rs:328:29
[INFO] [stdout]     |
[INFO] [stdout] 328 |                     SpanId::from_u64(SPAN_ID),
[INFO] [stdout]     |                             ^^^^^^^^ function or associated item not found in `SpanId`
[INFO] [stdout]     |
[INFO] [stdout] note: if you're trying to build a new `opentelemetry::trace::SpanId` consider using one of the following associated functions:
[INFO] [stdout]       opentelemetry::trace::SpanId::from_bytes
[INFO] [stdout]       opentelemetry::trace::SpanId::from_hex
[INFO] [stdout]    --> /opt/rustwide/cargo-home/registry/src/index.crates.io-6f17d22bba15001f/opentelemetry-0.26.0/src/trace/span_context.rs:166:5
[INFO] [stdout]     |
[INFO] [stdout] 166 |     pub const fn from_bytes(bytes: [u8; 8]) -> Self {
[INFO] [stdout]     |     ^^^^^^^^^^^^^^^^^^^^^^^^^^^^^^^^^^^^^^^^^^^^^^^
[INFO] [stdout] ...
[INFO] [stdout] 187 |     pub fn from_hex(hex: &str) -> Result<Self, ParseIntError> {
[INFO] [stdout]     |     ^^^^^^^^^^^^^^^^^^^^^^^^^^^^^^^^^^^^^^^^^^^^^^^^^^^^^^^^^
[INFO] [stdout] help: there is an associated function `from` with a similar name
[INFO] [stdout]     |
[INFO] [stdout] 328 |                     SpanId::from(SPAN_ID),
[INFO] [stdout]     |                             ~~~~
[INFO] [stdout] 
[INFO] [stdout] 
[INFO] [stdout] error[E0599]: no function or associated item named `from_u128` found for struct `opentelemetry::trace::TraceId` in the current scope
[INFO] [stdout]    --> src/propagator.rs:337:30
[INFO] [stdout]     |
[INFO] [stdout] 337 |                     TraceId::from_u128(TRACE_ID),
[INFO] [stdout]     |                              ^^^^^^^^^ function or associated item not found in `TraceId`
[INFO] [stdout]     |
[INFO] [stdout] note: if you're trying to build a new `opentelemetry::trace::TraceId` consider using one of the following associated functions:
[INFO] [stdout]       opentelemetry::trace::TraceId::from_bytes
[INFO] [stdout]       opentelemetry::trace::TraceId::from_hex
[INFO] [stdout]    --> /opt/rustwide/cargo-home/registry/src/index.crates.io-6f17d22bba15001f/opentelemetry-0.26.0/src/trace/span_context.rs:105:5
[INFO] [stdout]     |
[INFO] [stdout] 105 |     pub const fn from_bytes(bytes: [u8; 16]) -> Self {
[INFO] [stdout]     |     ^^^^^^^^^^^^^^^^^^^^^^^^^^^^^^^^^^^^^^^^^^^^^^^^
[INFO] [stdout] ...
[INFO] [stdout] 126 |     pub fn from_hex(hex: &str) -> Result<Self, ParseIntError> {
[INFO] [stdout]     |     ^^^^^^^^^^^^^^^^^^^^^^^^^^^^^^^^^^^^^^^^^^^^^^^^^^^^^^^^^
[INFO] [stdout] 
[INFO] [stdout] 
[INFO] [stdout] error[E0599]: no function or associated item named `from_u64` found for struct `opentelemetry::trace::SpanId` in the current scope
[INFO] [stdout]    --> src/propagator.rs:338:29
[INFO] [stdout]     |
[INFO] [stdout] 338 |                     SpanId::from_u64(SPAN_ID),
[INFO] [stdout]     |                             ^^^^^^^^ function or associated item not found in `SpanId`
[INFO] [stdout]     |
[INFO] [stdout] note: if you're trying to build a new `opentelemetry::trace::SpanId` consider using one of the following associated functions:
[INFO] [stdout]       opentelemetry::trace::SpanId::from_bytes
[INFO] [stdout]       opentelemetry::trace::SpanId::from_hex
[INFO] [stdout]    --> /opt/rustwide/cargo-home/registry/src/index.crates.io-6f17d22bba15001f/opentelemetry-0.26.0/src/trace/span_context.rs:166:5
[INFO] [stdout]     |
[INFO] [stdout] 166 |     pub const fn from_bytes(bytes: [u8; 8]) -> Self {
[INFO] [stdout]     |     ^^^^^^^^^^^^^^^^^^^^^^^^^^^^^^^^^^^^^^^^^^^^^^^
[INFO] [stdout] ...
[INFO] [stdout] 187 |     pub fn from_hex(hex: &str) -> Result<Self, ParseIntError> {
[INFO] [stdout]     |     ^^^^^^^^^^^^^^^^^^^^^^^^^^^^^^^^^^^^^^^^^^^^^^^^^^^^^^^^^
[INFO] [stdout] help: there is an associated function `from` with a similar name
[INFO] [stdout]     |
[INFO] [stdout] 338 |                     SpanId::from(SPAN_ID),
[INFO] [stdout]     |                             ~~~~
[INFO] [stdout] 
[INFO] [stdout] 
[INFO] [stdout] error[E0599]: no function or associated item named `from_u64` found for struct `opentelemetry::trace::SpanId` in the current scope
[INFO] [stdout]    --> src/propagator.rs:550:24
[INFO] [stdout]     |
[INFO] [stdout] 550 |             Ok(SpanId::from_u64(74565))
[INFO] [stdout]     |                        ^^^^^^^^ function or associated item not found in `SpanId`
[INFO] [stdout]     |
[INFO] [stdout] note: if you're trying to build a new `opentelemetry::trace::SpanId` consider using one of the following associated functions:
[INFO] [stdout]       opentelemetry::trace::SpanId::from_bytes
[INFO] [stdout]       opentelemetry::trace::SpanId::from_hex
[INFO] [stdout]    --> /opt/rustwide/cargo-home/registry/src/index.crates.io-6f17d22bba15001f/opentelemetry-0.26.0/src/trace/span_context.rs:166:5
[INFO] [stdout]     |
[INFO] [stdout] 166 |     pub const fn from_bytes(bytes: [u8; 8]) -> Self {
[INFO] [stdout]     |     ^^^^^^^^^^^^^^^^^^^^^^^^^^^^^^^^^^^^^^^^^^^^^^^
[INFO] [stdout] ...
[INFO] [stdout] 187 |     pub fn from_hex(hex: &str) -> Result<Self, ParseIntError> {
[INFO] [stdout]     |     ^^^^^^^^^^^^^^^^^^^^^^^^^^^^^^^^^^^^^^^^^^^^^^^^^^^^^^^^^
[INFO] [stdout] help: there is an associated function `from` with a similar name
[INFO] [stdout]     |
[INFO] [stdout] 550 |             Ok(SpanId::from(74565))
[INFO] [stdout]     |                        ~~~~
[INFO] [stdout] 
[INFO] [stdout] 
[INFO] [stdout] error[E0599]: no function or associated item named `from_u128` found for struct `opentelemetry::trace::TraceId` in the current scope
[INFO] [stdout]    --> src/propagator.rs:684:26
[INFO] [stdout]     |
[INFO] [stdout] 684 |                 TraceId::from_u128(TRACE_ID),
[INFO] [stdout]     |                          ^^^^^^^^^ function or associated item not found in `TraceId`
[INFO] [stdout]     |
[INFO] [stdout] note: if you're trying to build a new `opentelemetry::trace::TraceId` consider using one of the following associated functions:
[INFO] [stdout]       opentelemetry::trace::TraceId::from_bytes
[INFO] [stdout]       opentelemetry::trace::TraceId::from_hex
[INFO] [stdout]    --> /opt/rustwide/cargo-home/registry/src/index.crates.io-6f17d22bba15001f/opentelemetry-0.26.0/src/trace/span_context.rs:105:5
[INFO] [stdout]     |
[INFO] [stdout] 105 |     pub const fn from_bytes(bytes: [u8; 16]) -> Self {
[INFO] [stdout]     |     ^^^^^^^^^^^^^^^^^^^^^^^^^^^^^^^^^^^^^^^^^^^^^^^^
[INFO] [stdout] ...
[INFO] [stdout] 126 |     pub fn from_hex(hex: &str) -> Result<Self, ParseIntError> {
[INFO] [stdout]     |     ^^^^^^^^^^^^^^^^^^^^^^^^^^^^^^^^^^^^^^^^^^^^^^^^^^^^^^^^^
[INFO] [stdout] 
[INFO] [stdout] 
[INFO] [stdout] error[E0599]: no function or associated item named `from_u64` found for struct `opentelemetry::trace::SpanId` in the current scope
[INFO] [stdout]    --> src/propagator.rs:685:25
[INFO] [stdout]     |
[INFO] [stdout] 685 |                 SpanId::from_u64(SPAN_ID),
[INFO] [stdout]     |                         ^^^^^^^^ function or associated item not found in `SpanId`
[INFO] [stdout]     |
[INFO] [stdout] note: if you're trying to build a new `opentelemetry::trace::SpanId` consider using one of the following associated functions:
[INFO] [stdout]       opentelemetry::trace::SpanId::from_bytes
[INFO] [stdout]       opentelemetry::trace::SpanId::from_hex
[INFO] [stdout]    --> /opt/rustwide/cargo-home/registry/src/index.crates.io-6f17d22bba15001f/opentelemetry-0.26.0/src/trace/span_context.rs:166:5
[INFO] [stdout]     |
[INFO] [stdout] 166 |     pub const fn from_bytes(bytes: [u8; 8]) -> Self {
[INFO] [stdout]     |     ^^^^^^^^^^^^^^^^^^^^^^^^^^^^^^^^^^^^^^^^^^^^^^^
[INFO] [stdout] ...
[INFO] [stdout] 187 |     pub fn from_hex(hex: &str) -> Result<Self, ParseIntError> {
[INFO] [stdout]     |     ^^^^^^^^^^^^^^^^^^^^^^^^^^^^^^^^^^^^^^^^^^^^^^^^^^^^^^^^^
[INFO] [stdout] help: there is an associated function `from` with a similar name
[INFO] [stdout]     |
[INFO] [stdout] 685 |                 SpanId::from(SPAN_ID),
[INFO] [stdout]     |                         ~~~~
[INFO] [stdout] 
[INFO] [stdout] 
[INFO] [stdout] Some errors have detailed explanations: E0433, E0599.
[INFO] [stdout] 
[INFO] [stdout] For more information about an error, try `rustc --explain E0433`.
[INFO] [stdout] 
[INFO] [stderr] error: could not compile `opentelemetry-jaeger-propagator` (lib test) due to 20 previous errors
[INFO] running `Command { std: "docker" "inspect" "d8fbc3e980f1a08e9455265ddf17574606be92851a59867dc94f8dc0f299f4f0", kill_on_drop: false }`
[INFO] running `Command { std: "docker" "rm" "-f" "d8fbc3e980f1a08e9455265ddf17574606be92851a59867dc94f8dc0f299f4f0", kill_on_drop: false }`
[INFO] [stdout] d8fbc3e980f1a08e9455265ddf17574606be92851a59867dc94f8dc0f299f4f0
