[INFO] fetching crate opentelemetry-appender-tracing 0.26.0...
[INFO] testing opentelemetry-appender-tracing-0.26.0 against nightly-2024-10-28+rustflags=-Zrandomize-layout for randomize-layout
[INFO] extracting crate opentelemetry-appender-tracing 0.26.0 into /workspace/builds/worker-6-tc2/source
[INFO] validating manifest of crates.io crate opentelemetry-appender-tracing 0.26.0 on toolchain nightly-2024-10-28
[INFO] running `Command { std: CARGO_HOME="/workspace/cargo-home" RUSTUP_HOME="/workspace/rustup-home" "/workspace/cargo-home/bin/cargo" "+nightly-2024-10-28" "metadata" "--manifest-path" "Cargo.toml" "--no-deps", kill_on_drop: false }`
[INFO] started tweaking crates.io crate opentelemetry-appender-tracing 0.26.0
[INFO] removed 0 missing examples
[INFO] finished tweaking crates.io crate opentelemetry-appender-tracing 0.26.0
[INFO] tweaked toml for crates.io crate opentelemetry-appender-tracing 0.26.0 written to /workspace/builds/worker-6-tc2/source/Cargo.toml
[INFO] crate crates.io crate opentelemetry-appender-tracing 0.26.0 already has a lockfile, it will not be regenerated
[INFO] running `Command { std: CARGO_HOME="/workspace/cargo-home" RUSTUP_HOME="/workspace/rustup-home" "/workspace/cargo-home/bin/cargo" "+nightly-2024-10-28" "fetch" "--manifest-path" "Cargo.toml", kill_on_drop: false }`
[INFO] running `Command { std: "docker" "create" "-v" "/var/lib/crater-agent-workspace/builds/worker-6-tc2/target:/opt/rustwide/target:rw,Z" "-v" "/var/lib/crater-agent-workspace/builds/worker-6-tc2/source:/opt/rustwide/workdir:ro,Z" "-v" "/var/lib/crater-agent-workspace/cargo-home:/opt/rustwide/cargo-home:ro,Z" "-v" "/var/lib/crater-agent-workspace/rustup-home:/opt/rustwide/rustup-home:ro,Z" "-e" "SOURCE_DIR=/opt/rustwide/workdir" "-e" "CARGO_TARGET_DIR=/opt/rustwide/target" "-e" "CARGO_HOME=/opt/rustwide/cargo-home" "-e" "RUSTUP_HOME=/opt/rustwide/rustup-home" "-w" "/opt/rustwide/workdir" "-m" "1610612736" "--user" "0:0" "--network" "none" "ghcr.io/rust-lang/crates-build-env/linux@sha256:4a844ea9eb2546a2d2c7022eacef16ef2e8229c7fbb2c7d4d55a9ceca922f72d" "/opt/rustwide/cargo-home/bin/cargo" "+nightly-2024-10-28" "metadata" "--no-deps" "--format-version=1", kill_on_drop: false }`
[INFO] [stdout] 3eb68f685856d04ba0c482320e3b4ad6ead919ca5eca816296d9ee9994daba55
[INFO] running `Command { std: "docker" "start" "-a" "3eb68f685856d04ba0c482320e3b4ad6ead919ca5eca816296d9ee9994daba55", kill_on_drop: false }`
[INFO] running `Command { std: "docker" "inspect" "3eb68f685856d04ba0c482320e3b4ad6ead919ca5eca816296d9ee9994daba55", kill_on_drop: false }`
[INFO] running `Command { std: "docker" "rm" "-f" "3eb68f685856d04ba0c482320e3b4ad6ead919ca5eca816296d9ee9994daba55", kill_on_drop: false }`
[INFO] [stdout] 3eb68f685856d04ba0c482320e3b4ad6ead919ca5eca816296d9ee9994daba55
[INFO] running `Command { std: "docker" "create" "-v" "/var/lib/crater-agent-workspace/builds/worker-6-tc2/target:/opt/rustwide/target:rw,Z" "-v" "/var/lib/crater-agent-workspace/builds/worker-6-tc2/source:/opt/rustwide/workdir:ro,Z" "-v" "/var/lib/crater-agent-workspace/cargo-home:/opt/rustwide/cargo-home:ro,Z" "-v" "/var/lib/crater-agent-workspace/rustup-home:/opt/rustwide/rustup-home:ro,Z" "-e" "SOURCE_DIR=/opt/rustwide/workdir" "-e" "CARGO_TARGET_DIR=/opt/rustwide/target" "-e" "CARGO_INCREMENTAL=0" "-e" "RUST_BACKTRACE=full" "-e" "RUSTFLAGS=--cap-lints=forbid -Zrandomize-layout" "-e" "RUSTDOCFLAGS=--cap-lints=forbid" "-e" "CARGO_HOME=/opt/rustwide/cargo-home" "-e" "RUSTUP_HOME=/opt/rustwide/rustup-home" "-w" "/opt/rustwide/workdir" "-m" "1610612736" "--user" "0:0" "--network" "none" "ghcr.io/rust-lang/crates-build-env/linux@sha256:4a844ea9eb2546a2d2c7022eacef16ef2e8229c7fbb2c7d4d55a9ceca922f72d" "/opt/rustwide/cargo-home/bin/cargo" "+nightly-2024-10-28" "build" "--frozen" "--message-format=json", kill_on_drop: false }`
[INFO] [stdout] fe18a3a11f8c635ef3801a9b908bb1f0f03f073449cae2efc605afe1230601ea
[INFO] running `Command { std: "docker" "start" "-a" "fe18a3a11f8c635ef3801a9b908bb1f0f03f073449cae2efc605afe1230601ea", kill_on_drop: false }`
[INFO] [stderr]    Compiling once_cell v1.20.1
[INFO] [stderr]    Compiling thiserror v1.0.64
[INFO] [stderr]    Compiling lazy_static v1.5.0
[INFO] [stderr]    Compiling proc-macro2 v1.0.86
[INFO] [stderr]    Compiling sharded-slab v0.1.7
[INFO] [stderr]    Compiling tracing-core v0.1.32
[INFO] [stderr]    Compiling thread_local v1.1.8
[INFO] [stderr]    Compiling quote v1.0.37
[INFO] [stderr]    Compiling syn v2.0.79
[INFO] [stderr]    Compiling tracing v0.1.40
[INFO] [stderr]    Compiling tracing-subscriber v0.3.18
[INFO] [stderr]    Compiling thiserror-impl v1.0.64
[INFO] [stderr]    Compiling opentelemetry v0.26.0
[INFO] [stderr]    Compiling opentelemetry-appender-tracing v0.26.0 (/opt/rustwide/workdir)
[INFO] [stderr]     Finished `dev` profile [unoptimized + debuginfo] target(s) in 5.46s
[INFO] running `Command { std: "docker" "inspect" "fe18a3a11f8c635ef3801a9b908bb1f0f03f073449cae2efc605afe1230601ea", kill_on_drop: false }`
[INFO] running `Command { std: "docker" "rm" "-f" "fe18a3a11f8c635ef3801a9b908bb1f0f03f073449cae2efc605afe1230601ea", kill_on_drop: false }`
[INFO] [stdout] fe18a3a11f8c635ef3801a9b908bb1f0f03f073449cae2efc605afe1230601ea
[INFO] running `Command { std: "docker" "create" "-v" "/var/lib/crater-agent-workspace/builds/worker-6-tc2/target:/opt/rustwide/target:rw,Z" "-v" "/var/lib/crater-agent-workspace/builds/worker-6-tc2/source:/opt/rustwide/workdir:ro,Z" "-v" "/var/lib/crater-agent-workspace/cargo-home:/opt/rustwide/cargo-home:ro,Z" "-v" "/var/lib/crater-agent-workspace/rustup-home:/opt/rustwide/rustup-home:ro,Z" "-e" "SOURCE_DIR=/opt/rustwide/workdir" "-e" "CARGO_TARGET_DIR=/opt/rustwide/target" "-e" "CARGO_INCREMENTAL=0" "-e" "RUST_BACKTRACE=full" "-e" "RUSTFLAGS=--cap-lints=forbid -Zrandomize-layout" "-e" "RUSTDOCFLAGS=--cap-lints=forbid" "-e" "CARGO_HOME=/opt/rustwide/cargo-home" "-e" "RUSTUP_HOME=/opt/rustwide/rustup-home" "-w" "/opt/rustwide/workdir" "-m" "1610612736" "--user" "0:0" "--network" "none" "ghcr.io/rust-lang/crates-build-env/linux@sha256:4a844ea9eb2546a2d2c7022eacef16ef2e8229c7fbb2c7d4d55a9ceca922f72d" "/opt/rustwide/cargo-home/bin/cargo" "+nightly-2024-10-28" "test" "--frozen" "--no-run" "--message-format=json", kill_on_drop: false }`
[INFO] [stdout] b1aa082baf0c524ea6b0649c495ea891285cf5860fa2b0b59d872678754ffea2
[INFO] running `Command { std: "docker" "start" "-a" "b1aa082baf0c524ea6b0649c495ea891285cf5860fa2b0b59d872678754ffea2", kill_on_drop: false }`
[INFO] [stderr]    Compiling libc v0.2.159
[INFO] [stderr]    Compiling crossbeam-utils v0.8.20
[INFO] [stderr]    Compiling serde v1.0.210
[INFO] [stderr]    Compiling rayon-core v1.12.1
[INFO] [stderr]    Compiling serde_json v1.0.128
[INFO] [stderr]    Compiling either v1.13.0
[INFO] [stderr]    Compiling half v2.4.1
[INFO] [stderr]    Compiling num-traits v0.2.19
[INFO] [stderr]    Compiling tracing-core v0.1.32
[INFO] [stderr]    Compiling ahash v0.8.11
[INFO] [stderr]    Compiling lock_api v0.4.12
[INFO] [stderr]    Compiling cc v1.1.22
[INFO] [stderr]    Compiling plotters-backend v0.3.7
[INFO] [stderr]    Compiling regex-syntax v0.8.5
[INFO] [stderr]    Compiling syn v2.0.79
[INFO] [stderr]    Compiling rustix v0.38.37
[INFO] [stderr]    Compiling cpp_demangle v0.4.4
[INFO] [stderr]    Compiling ciborium-io v0.2.2
[INFO] [stderr]    Compiling uuid v1.10.0
[INFO] [stderr]    Compiling itertools v0.10.5
[INFO] [stderr]    Compiling clap_builder v4.5.18
[INFO] [stderr]    Compiling smallvec v1.13.2
[INFO] [stderr]    Compiling bitflags v2.6.0
[INFO] [stderr]    Compiling plotters-svg v0.3.7
[INFO] [stderr]    Compiling ciborium-ll v0.2.2
[INFO] [stderr]    Compiling arrayvec v0.7.6
[INFO] [stderr]    Compiling debugid v0.8.0
[INFO] [stderr]    Compiling adler2 v2.0.0
[INFO] [stderr]    Compiling bytemuck v1.18.0
[INFO] [stderr]    Compiling gimli v0.31.0
[INFO] [stderr]    Compiling symbolic-demangle v12.11.1
[INFO] [stderr]    Compiling linux-raw-sys v0.4.14
[INFO] [stderr]    Compiling cast v0.3.0
[INFO] [stderr]    Compiling zerocopy v0.7.35
[INFO] [stderr]    Compiling same-file v1.0.6
[INFO] [stderr]    Compiling stable_deref_trait v1.2.0
[INFO] [stderr]    Compiling crossbeam-epoch v0.9.18
[INFO] [stderr]    Compiling hashbrown v0.14.5
[INFO] [stderr]    Compiling rustc-demangle v0.1.24
[INFO] [stderr]    Compiling walkdir v2.5.0
[INFO] [stderr]    Compiling rgb v0.8.50
[INFO] [stderr]    Compiling num-format v0.4.4
[INFO] [stderr]    Compiling crossbeam-deque v0.8.5
[INFO] [stderr]    Compiling indexmap v2.5.0
[INFO] [stderr]    Compiling plotters v0.3.7
[INFO] [stderr]    Compiling regex-automata v0.4.8
[INFO] [stderr]    Compiling miniz_oxide v0.8.0
[INFO] [stderr]    Compiling quick-xml v0.26.0
[INFO] [stderr]    Compiling findshlibs v0.10.2
[INFO] [stderr]    Compiling criterion-plot v0.5.0
[INFO] [stderr]    Compiling object v0.36.4
[INFO] [stderr]    Compiling is-terminal v0.4.13
[INFO] [stderr]    Compiling getrandom v0.2.15
[INFO] [stderr]    Compiling memmap2 v0.9.5
[INFO] [stderr]    Compiling rayon v1.10.0
[INFO] [stderr]    Compiling clap v4.5.18
[INFO] [stderr]    Compiling symbolic-common v12.11.1
[INFO] [stderr]    Compiling parking_lot_core v0.9.10
[INFO] [stderr]    Compiling pprof v0.13.0
[INFO] [stderr]    Compiling fastrand v2.1.1
[INFO] [stderr]    Compiling str_stack v0.1.0
[INFO] [stderr]    Compiling anes v0.1.6
[INFO] [stderr]    Compiling oorandom v11.1.4
[INFO] [stderr]    Compiling inferno v0.11.21
[INFO] [stderr]    Compiling tempfile v3.13.0
[INFO] [stderr]    Compiling parking_lot v0.12.3
[INFO] [stderr]    Compiling nix v0.26.4
[INFO] [stderr]    Compiling tracing-subscriber v0.3.18
[INFO] [stderr]    Compiling addr2line v0.24.1
[INFO] [stderr]    Compiling tracing v0.1.40
[INFO] [stderr]    Compiling tracing-log v0.2.0
[INFO] [stderr]    Compiling regex v1.11.0
[INFO] [stderr]    Compiling serde_derive v1.0.210
[INFO] [stderr]    Compiling thiserror-impl v1.0.64
[INFO] [stderr]    Compiling async-trait v0.1.83
[INFO] [stderr]    Compiling thiserror v1.0.64
[INFO] [stderr]    Compiling opentelemetry v0.26.0
[INFO] [stderr]    Compiling backtrace v0.3.74
[INFO] [stderr]    Compiling opentelemetry-appender-tracing v0.26.0 (/opt/rustwide/workdir)
[INFO] [stderr]    Compiling ciborium v0.2.2
[INFO] [stderr]    Compiling tinytemplate v1.2.1
[INFO] [stderr]    Compiling criterion v0.5.1
[INFO] [stdout] error[E0433]: failed to resolve: use of undeclared crate or module `opentelemetry_sdk`
[INFO] [stdout]  --> examples/basic.rs:5:5
[INFO] [stdout]   |
[INFO] [stdout] 5 | use opentelemetry_sdk::{logs::LoggerProvider, Resource};
[INFO] [stdout]   |     ^^^^^^^^^^^^^^^^^ use of undeclared crate or module `opentelemetry_sdk`
[INFO] [stdout]   |
[INFO] [stdout] help: there is a crate or module with a similar name
[INFO] [stdout]   |
[INFO] [stdout] 5 | use opentelemetry::{logs::LoggerProvider, Resource};
[INFO] [stdout]   |     ~~~~~~~~~~~~~
[INFO] [stdout] 
[INFO] [stdout] 
[INFO] [stdout] error[E0433]: failed to resolve: use of undeclared crate or module `opentelemetry_sdk`
[INFO] [stdout]    --> src/layer.rs:215:9
[INFO] [stdout]     |
[INFO] [stdout] 215 |     use opentelemetry_sdk::logs::{LogRecord, LoggerProvider};
[INFO] [stdout]     |         ^^^^^^^^^^^^^^^^^ use of undeclared crate or module `opentelemetry_sdk`
[INFO] [stdout]     |
[INFO] [stdout] help: there is a crate or module with a similar name
[INFO] [stdout]     |
[INFO] [stdout] 215 |     use opentelemetry::logs::{LogRecord, LoggerProvider};
[INFO] [stdout]     |         ~~~~~~~~~~~~~
[INFO] [stdout] 
[INFO] [stdout] 
[INFO] [stdout] error[E0433]: failed to resolve: use of undeclared crate or module `opentelemetry_sdk`
[INFO] [stdout]    --> src/layer.rs:216:9
[INFO] [stdout]     |
[INFO] [stdout] 216 |     use opentelemetry_sdk::testing::logs::InMemoryLogsExporter;
[INFO] [stdout]     |         ^^^^^^^^^^^^^^^^^ use of undeclared crate or module `opentelemetry_sdk`
[INFO] [stdout]     |
[INFO] [stdout] help: there is a crate or module with a similar name
[INFO] [stdout]     |
[INFO] [stdout] 216 |     use opentelemetry::testing::logs::InMemoryLogsExporter;
[INFO] [stdout]     |         ~~~~~~~~~~~~~
[INFO] [stdout] 
[INFO] [stdout] 
[INFO] [stdout] error[E0432]: unresolved import `opentelemetry_sdk`
[INFO] [stdout]  --> examples/basic.rs:5:5
[INFO] [stdout]   |
[INFO] [stdout] 5 | use opentelemetry_sdk::{logs::LoggerProvider, Resource};
[INFO] [stdout]   |     ^^^^^^^^^^^^^^^^^ use of undeclared crate or module `opentelemetry_sdk`
[INFO] [stdout]   |
[INFO] [stdout] help: there is a crate or module with a similar name
[INFO] [stdout]   |
[INFO] [stdout] 5 | use opentelemetry::{logs::LoggerProvider, Resource};
[INFO] [stdout]   |     ~~~~~~~~~~~~~
[INFO] [stdout] 
[INFO] [stdout] 
[INFO] [stdout] error[E0433]: failed to resolve: use of undeclared crate or module `opentelemetry_sdk`
[INFO] [stdout]    --> src/layer.rs:218:9
[INFO] [stdout]     |
[INFO] [stdout] 218 |     use opentelemetry_sdk::trace::{Sampler, TracerProvider};
[INFO] [stdout]     |         ^^^^^^^^^^^^^^^^^ use of undeclared crate or module `opentelemetry_sdk`
[INFO] [stdout]     |
[INFO] [stdout] help: there is a crate or module with a similar name
[INFO] [stdout]     |
[INFO] [stdout] 218 |     use opentelemetry::trace::{Sampler, TracerProvider};
[INFO] [stdout]     |         ~~~~~~~~~~~~~
[INFO] [stdout] 
[INFO] [stdout] 
[INFO] [stdout] error[E0432]: unresolved import `opentelemetry_sdk`
[INFO] [stdout]    --> src/layer.rs:217:9
[INFO] [stdout]     |
[INFO] [stdout] 217 |     use opentelemetry_sdk::trace;
[INFO] [stdout]     |         ^^^^^^^^^^^^^^^^^ use of undeclared crate or module `opentelemetry_sdk`
[INFO] [stdout]     |
[INFO] [stdout] help: there is a crate or module with a similar name
[INFO] [stdout]     |
[INFO] [stdout] 217 |     use opentelemetry::trace;
[INFO] [stdout]     |         ~~~~~~~~~~~~~
[INFO] [stdout] 
[INFO] [stdout] 
[INFO] [stdout] error[E0433]: failed to resolve: use of undeclared crate or module `opentelemetry_stdout`
[INFO] [stdout]   --> examples/basic.rs:10:20
[INFO] [stdout]    |
[INFO] [stdout] 10 |     let exporter = opentelemetry_stdout::LogExporter::default();
[INFO] [stdout]    |                    ^^^^^^^^^^^^^^^^^^^^ use of undeclared crate or module `opentelemetry_stdout`
[INFO] [stdout] 
[INFO] [stdout] 
[INFO] [stdout] Some errors have detailed explanations: E0432, E0433.
[INFO] [stdout] 
[INFO] [stdout] For more information about an error, try `rustc --explain E0432`.
[INFO] [stdout] 
[INFO] [stderr] error: could not compile `opentelemetry-appender-tracing` (example "basic") due to 3 previous errors
[INFO] [stderr] warning: build failed, waiting for other jobs to finish...
[INFO] [stdout] Some errors have detailed explanations: E0432, E0433.
[INFO] [stdout] 
[INFO] [stdout] For more information about an error, try `rustc --explain E0432`.
[INFO] [stdout] 
[INFO] [stderr] error: could not compile `opentelemetry-appender-tracing` (lib test) due to 4 previous errors
[INFO] running `Command { std: "docker" "inspect" "b1aa082baf0c524ea6b0649c495ea891285cf5860fa2b0b59d872678754ffea2", kill_on_drop: false }`
[INFO] running `Command { std: "docker" "rm" "-f" "b1aa082baf0c524ea6b0649c495ea891285cf5860fa2b0b59d872678754ffea2", kill_on_drop: false }`
[INFO] [stdout] b1aa082baf0c524ea6b0649c495ea891285cf5860fa2b0b59d872678754ffea2
