[INFO] fetching crate opentalk-types 0.21.0...
[INFO] testing opentalk-types-0.21.0 against nightly-2024-10-28+rustflags=-Zrandomize-layout for randomize-layout
[INFO] extracting crate opentalk-types 0.21.0 into /workspace/builds/worker-4-tc2/source
[INFO] validating manifest of crates.io crate opentalk-types 0.21.0 on toolchain nightly-2024-10-28
[INFO] running `Command { std: CARGO_HOME="/workspace/cargo-home" RUSTUP_HOME="/workspace/rustup-home" "/workspace/cargo-home/bin/cargo" "+nightly-2024-10-28" "metadata" "--manifest-path" "Cargo.toml" "--no-deps", kill_on_drop: false }`
[INFO] started tweaking crates.io crate opentalk-types 0.21.0
[INFO] finished tweaking crates.io crate opentalk-types 0.21.0
[INFO] tweaked toml for crates.io crate opentalk-types 0.21.0 written to /workspace/builds/worker-4-tc2/source/Cargo.toml
[INFO] running `Command { std: CARGO_HOME="/workspace/cargo-home" RUSTUP_HOME="/workspace/rustup-home" "/workspace/cargo-home/bin/cargo" "+nightly-2024-10-28" "generate-lockfile" "--manifest-path" "Cargo.toml", kill_on_drop: false }`
[INFO] [stderr]     Updating crates.io index
[INFO] [stderr]     Blocking waiting for file lock on package cache
[INFO] [stderr]      Locking 388 packages to latest compatible versions
[INFO] [stderr]       Adding chrono-tz v0.9.0 (available: v0.10.0)
[INFO] [stderr]       Adding http v0.2.12 (available: v1.1.0)
[INFO] [stderr]       Adding opentalk-cache v0.21.0 (available: v0.25.0)
[INFO] [stderr]       Adding opentalk-database v0.21.0 (available: v0.25.0)
[INFO] [stderr]       Adding opentalk-kustos-prefix v0.21.0 (available: v0.25.0)
[INFO] [stderr]       Adding opentalk-types-common v0.21.0 (available: v0.25.0)
[INFO] [stderr]       Adding opentalk-types-signaling v0.21.0 (available: v0.25.0)
[INFO] [stderr]       Adding triomphe v0.1.11 (available: v0.1.14)
[INFO] [stderr]       Adding utoipa v4.2.3 (available: v5.1.3)
[INFO] running `Command { std: CARGO_HOME="/workspace/cargo-home" RUSTUP_HOME="/workspace/rustup-home" "/workspace/cargo-home/bin/cargo" "+nightly-2024-10-28" "fetch" "--manifest-path" "Cargo.toml", kill_on_drop: false }`
[INFO] running `Command { std: "docker" "create" "-v" "/var/lib/crater-agent-workspace/builds/worker-4-tc2/target:/opt/rustwide/target:rw,Z" "-v" "/var/lib/crater-agent-workspace/builds/worker-4-tc2/source:/opt/rustwide/workdir:ro,Z" "-v" "/var/lib/crater-agent-workspace/cargo-home:/opt/rustwide/cargo-home:ro,Z" "-v" "/var/lib/crater-agent-workspace/rustup-home:/opt/rustwide/rustup-home:ro,Z" "-e" "SOURCE_DIR=/opt/rustwide/workdir" "-e" "CARGO_TARGET_DIR=/opt/rustwide/target" "-e" "CARGO_HOME=/opt/rustwide/cargo-home" "-e" "RUSTUP_HOME=/opt/rustwide/rustup-home" "-w" "/opt/rustwide/workdir" "-m" "1610612736" "--user" "0:0" "--network" "none" "ghcr.io/rust-lang/crates-build-env/linux@sha256:4a844ea9eb2546a2d2c7022eacef16ef2e8229c7fbb2c7d4d55a9ceca922f72d" "/opt/rustwide/cargo-home/bin/cargo" "+nightly-2024-10-28" "metadata" "--no-deps" "--format-version=1", kill_on_drop: false }`
[INFO] [stdout] 0aa1775a77465e91c4a52de64687b19ca47e878aad4c776332637f95b7dfe55f
[INFO] running `Command { std: "docker" "start" "-a" "0aa1775a77465e91c4a52de64687b19ca47e878aad4c776332637f95b7dfe55f", kill_on_drop: false }`
[INFO] running `Command { std: "docker" "inspect" "0aa1775a77465e91c4a52de64687b19ca47e878aad4c776332637f95b7dfe55f", kill_on_drop: false }`
[INFO] running `Command { std: "docker" "rm" "-f" "0aa1775a77465e91c4a52de64687b19ca47e878aad4c776332637f95b7dfe55f", kill_on_drop: false }`
[INFO] [stdout] 0aa1775a77465e91c4a52de64687b19ca47e878aad4c776332637f95b7dfe55f
[INFO] running `Command { std: "docker" "create" "-v" "/var/lib/crater-agent-workspace/builds/worker-4-tc2/target:/opt/rustwide/target:rw,Z" "-v" "/var/lib/crater-agent-workspace/builds/worker-4-tc2/source:/opt/rustwide/workdir:ro,Z" "-v" "/var/lib/crater-agent-workspace/cargo-home:/opt/rustwide/cargo-home:ro,Z" "-v" "/var/lib/crater-agent-workspace/rustup-home:/opt/rustwide/rustup-home:ro,Z" "-e" "SOURCE_DIR=/opt/rustwide/workdir" "-e" "CARGO_TARGET_DIR=/opt/rustwide/target" "-e" "CARGO_INCREMENTAL=0" "-e" "RUST_BACKTRACE=full" "-e" "RUSTFLAGS=--cap-lints=forbid -Zrandomize-layout" "-e" "RUSTDOCFLAGS=--cap-lints=forbid" "-e" "CARGO_HOME=/opt/rustwide/cargo-home" "-e" "RUSTUP_HOME=/opt/rustwide/rustup-home" "-w" "/opt/rustwide/workdir" "-m" "1610612736" "--user" "0:0" "--network" "none" "ghcr.io/rust-lang/crates-build-env/linux@sha256:4a844ea9eb2546a2d2c7022eacef16ef2e8229c7fbb2c7d4d55a9ceca922f72d" "/opt/rustwide/cargo-home/bin/cargo" "+nightly-2024-10-28" "build" "--frozen" "--message-format=json", kill_on_drop: false }`
[INFO] [stdout] 4b2134686694549b12388415953cfb0d152ed9999bf7784bf8ab4477af5b1f31
[INFO] running `Command { std: "docker" "start" "-a" "4b2134686694549b12388415953cfb0d152ed9999bf7784bf8ab4477af5b1f31", kill_on_drop: false }`
[INFO] [stderr]    Compiling siphasher v0.3.11
[INFO] [stderr]    Compiling rand_core v0.6.4
[INFO] [stderr]    Compiling regex-syntax v0.8.5
[INFO] [stderr]    Compiling autocfg v1.4.0
[INFO] [stderr]    Compiling heck v0.5.0
[INFO] [stderr]    Compiling rustversion v1.0.18
[INFO] [stderr]    Compiling tinyvec_macros v0.1.1
[INFO] [stderr]    Compiling serde v1.0.214
[INFO] [stderr]    Compiling iana-time-zone v0.1.61
[INFO] [stderr]    Compiling unicode-xid v0.2.6
[INFO] [stderr]    Compiling percent-encoding v2.3.1
[INFO] [stderr]    Compiling unicode-bidi v0.3.17
[INFO] [stderr]    Compiling either v1.13.0
[INFO] [stderr]    Compiling uuid v1.11.0
[INFO] [stderr]    Compiling serde_json v1.0.132
[INFO] [stderr]    Compiling itoa v1.0.11
[INFO] [stderr]    Compiling tinyvec v1.8.0
[INFO] [stderr]    Compiling rand v0.8.5
[INFO] [stderr]    Compiling derive_more-impl v1.0.0
[INFO] [stderr]    Compiling form_urlencoded v1.2.1
[INFO] [stderr]    Compiling ryu v1.0.18
[INFO] [stderr]    Compiling snafu-derive v0.8.5
[INFO] [stderr]    Compiling memchr v2.7.4
[INFO] [stderr]    Compiling phf_shared v0.11.2
[INFO] [stderr]    Compiling log v0.4.22
[INFO] [stderr]    Compiling itertools v0.13.0
[INFO] [stderr]    Compiling phf v0.11.2
[INFO] [stderr]    Compiling num-traits v0.2.19
[INFO] [stderr]    Compiling phf_generator v0.11.2
[INFO] [stderr]    Compiling phf_codegen v0.11.2
[INFO] [stderr]    Compiling strum_macros v0.26.4
[INFO] [stderr]    Compiling unicode-normalization v0.1.24
[INFO] [stderr]    Compiling regex-automata v0.4.8
[INFO] [stderr]    Compiling chrono v0.4.38
[INFO] [stderr]    Compiling snafu v0.8.5
[INFO] [stderr]    Compiling idna v0.5.0
[INFO] [stderr]    Compiling strum v0.26.3
[INFO] [stderr]    Compiling url v2.5.2
[INFO] [stderr]    Compiling derive_more v1.0.0
[INFO] [stderr]    Compiling regex v1.11.1
[INFO] [stderr]    Compiling parse-zoneinfo v0.3.1
[INFO] [stderr]    Compiling email_address v0.2.9
[INFO] [stderr]    Compiling chrono-tz-build v0.3.0
[INFO] [stderr]    Compiling chrono-tz v0.9.0
[INFO] [stderr]    Compiling opentalk-types-common v0.21.0
[INFO] [stderr]    Compiling opentalk-types-signaling v0.21.0
[INFO] [stderr]    Compiling opentalk-types v0.21.0 (/opt/rustwide/workdir)
[INFO] [stderr]     Finished `dev` profile [unoptimized + debuginfo] target(s) in 14.87s
[INFO] running `Command { std: "docker" "inspect" "4b2134686694549b12388415953cfb0d152ed9999bf7784bf8ab4477af5b1f31", kill_on_drop: false }`
[INFO] running `Command { std: "docker" "rm" "-f" "4b2134686694549b12388415953cfb0d152ed9999bf7784bf8ab4477af5b1f31", kill_on_drop: false }`
[INFO] [stdout] 4b2134686694549b12388415953cfb0d152ed9999bf7784bf8ab4477af5b1f31
[INFO] running `Command { std: "docker" "create" "-v" "/var/lib/crater-agent-workspace/builds/worker-4-tc2/target:/opt/rustwide/target:rw,Z" "-v" "/var/lib/crater-agent-workspace/builds/worker-4-tc2/source:/opt/rustwide/workdir:ro,Z" "-v" "/var/lib/crater-agent-workspace/cargo-home:/opt/rustwide/cargo-home:ro,Z" "-v" "/var/lib/crater-agent-workspace/rustup-home:/opt/rustwide/rustup-home:ro,Z" "-e" "SOURCE_DIR=/opt/rustwide/workdir" "-e" "CARGO_TARGET_DIR=/opt/rustwide/target" "-e" "CARGO_INCREMENTAL=0" "-e" "RUST_BACKTRACE=full" "-e" "RUSTFLAGS=--cap-lints=forbid -Zrandomize-layout" "-e" "RUSTDOCFLAGS=--cap-lints=forbid" "-e" "CARGO_HOME=/opt/rustwide/cargo-home" "-e" "RUSTUP_HOME=/opt/rustwide/rustup-home" "-w" "/opt/rustwide/workdir" "-m" "1610612736" "--user" "0:0" "--network" "none" "ghcr.io/rust-lang/crates-build-env/linux@sha256:4a844ea9eb2546a2d2c7022eacef16ef2e8229c7fbb2c7d4d55a9ceca922f72d" "/opt/rustwide/cargo-home/bin/cargo" "+nightly-2024-10-28" "test" "--frozen" "--no-run" "--message-format=json", kill_on_drop: false }`
[INFO] [stdout] 6b37ab66bf68fd1e2034cef2cef9613f975d781d7740c4fd9941b6d3a8d1ba10
[INFO] running `Command { std: "docker" "start" "-a" "6b37ab66bf68fd1e2034cef2cef9613f975d781d7740c4fd9941b6d3a8d1ba10", kill_on_drop: false }`
[INFO] [stderr]    Compiling diff v0.1.13
[INFO] [stderr]    Compiling yansi v1.0.1
[INFO] [stderr]    Compiling serde_urlencoded v0.7.1
[INFO] [stderr]    Compiling pretty_assertions v1.4.1
[INFO] [stderr]    Compiling opentalk-types v0.21.0 (/opt/rustwide/workdir)
[INFO] [stdout] warning: unused import: `pretty_assertions::assert_eq`
[INFO] [stdout]   --> src/api/v1/pagination/page_pagination_query.rs:73:9
[INFO] [stdout]    |
[INFO] [stdout] 73 |     use pretty_assertions::assert_eq;
[INFO] [stdout]    |         ^^^^^^^^^^^^^^^^^^^^^^^^^^^^
[INFO] [stdout]    |
[INFO] [stdout] note: the lint level is defined here
[INFO] [stdout]   --> src/lib.rs:80:5
[INFO] [stdout]    |
[INFO] [stdout] 80 |     unused,
[INFO] [stdout]    |     ^^^^^^
[INFO] [stdout]    = note: `#[warn(unused_imports)]` implied by `#[warn(unused)]`
[INFO] [stdout] 
[INFO] [stdout] 
[INFO] [stdout] warning: unused import: `super::*`
[INFO] [stdout]   --> src/api/v1/pagination/page_pagination_query.rs:75:9
[INFO] [stdout]    |
[INFO] [stdout] 75 |     use super::*;
[INFO] [stdout]    |         ^^^^^^^^
[INFO] [stdout] 
[INFO] [stdout] 
[INFO] [stdout] warning: unused import: `pretty_assertions::assert_eq`
[INFO] [stdout]    --> src/api/v1/users.rs:309:9
[INFO] [stdout]     |
[INFO] [stdout] 309 |     use pretty_assertions::assert_eq;
[INFO] [stdout]     |         ^^^^^^^^^^^^^^^^^^^^^^^^^^^^
[INFO] [stdout] 
[INFO] [stdout] 
[INFO] [stdout] warning: unused import: `super::*`
[INFO] [stdout]    --> src/api/v1/users.rs:313:9
[INFO] [stdout]     |
[INFO] [stdout] 313 |     use super::*;
[INFO] [stdout]     |         ^^^^^^^^
[INFO] [stdout] 
[INFO] [stdout] 
[INFO] [stdout] warning: unused import: `pretty_assertions::assert_eq`
[INFO] [stdout]    --> src/api/v1/order.rs:153:9
[INFO] [stdout]     |
[INFO] [stdout] 153 |     use pretty_assertions::assert_eq;
[INFO] [stdout]     |         ^^^^^^^^^^^^^^^^^^^^^^^^^^^^
[INFO] [stdout] 
[INFO] [stdout] 
[INFO] [stdout] warning: unused import: `super::*`
[INFO] [stdout]    --> src/api/v1/order.rs:155:9
[INFO] [stdout]     |
[INFO] [stdout] 155 |     use super::*;
[INFO] [stdout]     |         ^^^^^^^^
[INFO] [stdout] 
[INFO] [stdout] 
[INFO] [stdout] warning: unused import: `super::*`
[INFO] [stdout]   --> src/signaling/media/peer_state.rs:33:9
[INFO] [stdout]    |
[INFO] [stdout] 33 |     use super::*;
[INFO] [stdout]    |         ^^^^^^^^
[INFO] [stdout] 
[INFO] [stdout] 
[INFO] [stdout] warning: unused import: `super::*`
[INFO] [stdout]   --> src/signaling/media/mod.rs:87:9
[INFO] [stdout]    |
[INFO] [stdout] 87 |     use super::*;
[INFO] [stdout]    |         ^^^^^^^^
[INFO] [stdout] 
[INFO] [stdout] 
[INFO] [stdout] warning: unused import: `pretty_assertions::assert_eq`
[INFO] [stdout]   --> src/signaling/meeting_report/command.rs:24:9
[INFO] [stdout]    |
[INFO] [stdout] 24 |     use pretty_assertions::assert_eq;
[INFO] [stdout]    |         ^^^^^^^^^^^^^^^^^^^^^^^^^^^^
[INFO] [stdout] 
[INFO] [stdout] 
[INFO] [stdout] warning: unused import: `serde_json::json`
[INFO] [stdout]   --> src/signaling/meeting_report/command.rs:25:9
[INFO] [stdout]    |
[INFO] [stdout] 25 |     use serde_json::json;
[INFO] [stdout]    |         ^^^^^^^^^^^^^^^^
[INFO] [stdout] 
[INFO] [stdout] 
[INFO] [stdout] warning: unused import: `super::*`
[INFO] [stdout]   --> src/signaling/meeting_report/command.rs:27:9
[INFO] [stdout]    |
[INFO] [stdout] 27 |     use super::*;
[INFO] [stdout]    |         ^^^^^^^^
[INFO] [stdout] 
[INFO] [stdout] 
[INFO] [stdout] error[E0277]: the trait bound `opentalk_types_common::streaming::RoomStreamingTarget: serde::ser::Serialize` is not satisfied
[INFO] [stdout]    --> src/api/v1/rooms/streaming_targets.rs:131:45
[INFO] [stdout]     |
[INFO] [stdout] 131 |           let produced = serde_json::to_value(RoomStreamingTarget {
[INFO] [stdout]     |  ________________________--------------------_^
[INFO] [stdout]     | |                        |
[INFO] [stdout]     | |                        required by a bound introduced by this call
[INFO] [stdout] 132 | |             id: StreamingTargetId::nil(),
[INFO] [stdout] 133 | |             streaming_target: StreamingTarget {
[INFO] [stdout] 134 | |                 name: "my streaming target".to_string(),
[INFO] [stdout] ...   |
[INFO] [stdout] 140 | |             },
[INFO] [stdout] 141 | |         })
[INFO] [stdout]     | |_________^ the trait `serde::ser::Serialize` is not implemented for `opentalk_types_common::streaming::RoomStreamingTarget`
[INFO] [stdout]     |
[INFO] [stdout]     = note: for local types consider adding `#[derive(serde::Serialize)]` to your `opentalk_types_common::streaming::RoomStreamingTarget` type
[INFO] [stdout]     = note: for types from other crates check whether the crate offers a `serde` feature flag
[INFO] [stdout]     = help: the following other types implement trait `serde::ser::Serialize`:
[INFO] [stdout]               &'a T
[INFO] [stdout]               &'a mut T
[INFO] [stdout]               ()
[INFO] [stdout]               (T,)
[INFO] [stdout]               (T0, T1)
[INFO] [stdout]               (T0, T1, T2)
[INFO] [stdout]               (T0, T1, T2, T3)
[INFO] [stdout]               (T0, T1, T2, T3, T4)
[INFO] [stdout]             and 132 others
[INFO] [stdout] note: required by a bound in `to_value`
[INFO] [stdout]    --> /opt/rustwide/cargo-home/registry/src/index.crates.io-6f17d22bba15001f/serde_json-1.0.132/src/value/mod.rs:990:8
[INFO] [stdout]     |
[INFO] [stdout] 988 | pub fn to_value<T>(value: T) -> Result<Value, Error>
[INFO] [stdout]     |        -------- required by a bound in this function
[INFO] [stdout] 989 | where
[INFO] [stdout] 990 |     T: Serialize,
[INFO] [stdout]     |        ^^^^^^^^^ required by this bound in `to_value`
[INFO] [stdout] 
[INFO] [stdout] 
[INFO] [stdout] error[E0277]: the trait bound `chat::command::ChatCommand: serde::de::DeserializeOwned` is not satisfied
[INFO] [stdout]     --> src/signaling/chat/command.rs:74:32
[INFO] [stdout]      |
[INFO] [stdout] 74   |         let msg: ChatCommand = serde_json::from_value(json).unwrap();
[INFO] [stdout]      |                                ^^^^^^^^^^^^^^^^^^^^^^^^^^^^ the trait `for<'de> serde::de::Deserialize<'de>` is not implemented for `chat::command::ChatCommand`, which is required by `chat::command::ChatCommand: serde::de::DeserializeOwned`
[INFO] [stdout]      |
[INFO] [stdout]      = help: the following other types implement trait `serde::de::Deserialize<'de>`:
[INFO] [stdout]                &'a Path
[INFO] [stdout]                &'a [u8]
[INFO] [stdout]                &'a str
[INFO] [stdout]                ()
[INFO] [stdout]                (T,)
[INFO] [stdout]                (T0, T1)
[INFO] [stdout]                (T0, T1, T2)
[INFO] [stdout]                (T0, T1, T2, T3)
[INFO] [stdout]              and 143 others
[INFO] [stdout]      = note: required for `chat::command::ChatCommand` to implement `serde::de::DeserializeOwned`
[INFO] [stdout] note: required by a bound in `from_value`
[INFO] [stdout]     --> /opt/rustwide/cargo-home/registry/src/index.crates.io-6f17d22bba15001f/serde_json-1.0.132/src/value/mod.rs:1032:8
[INFO] [stdout]      |
[INFO] [stdout] 1030 | pub fn from_value<T>(value: Value) -> Result<T, Error>
[INFO] [stdout]      |        ---------- required by a bound in this function
[INFO] [stdout] 1031 | where
[INFO] [stdout] 1032 |     T: DeserializeOwned,
[INFO] [stdout]      |        ^^^^^^^^^^^^^^^^ required by this bound in `from_value`
[INFO] [stdout] 
[INFO] [stdout] 
[INFO] [stdout] error[E0277]: the trait bound `chat::command::ChatCommand: serde::de::DeserializeOwned` is not satisfied
[INFO] [stdout]     --> src/signaling/chat/command.rs:93:32
[INFO] [stdout]      |
[INFO] [stdout] 93   |         let msg: ChatCommand = serde_json::from_value(json).unwrap();
[INFO] [stdout]      |                                ^^^^^^^^^^^^^^^^^^^^^^^^^^^^ the trait `for<'de> serde::de::Deserialize<'de>` is not implemented for `chat::command::ChatCommand`, which is required by `chat::command::ChatCommand: serde::de::DeserializeOwned`
[INFO] [stdout]      |
[INFO] [stdout]      = help: the following other types implement trait `serde::de::Deserialize<'de>`:
[INFO] [stdout]                &'a Path
[INFO] [stdout]                &'a [u8]
[INFO] [stdout]                &'a str
[INFO] [stdout]                ()
[INFO] [stdout]                (T,)
[INFO] [stdout]                (T0, T1)
[INFO] [stdout]                (T0, T1, T2)
[INFO] [stdout]                (T0, T1, T2, T3)
[INFO] [stdout]              and 143 others
[INFO] [stdout]      = note: required for `chat::command::ChatCommand` to implement `serde::de::DeserializeOwned`
[INFO] [stdout] note: required by a bound in `from_value`
[INFO] [stdout]     --> /opt/rustwide/cargo-home/registry/src/index.crates.io-6f17d22bba15001f/serde_json-1.0.132/src/value/mod.rs:1032:8
[INFO] [stdout]      |
[INFO] [stdout] 1030 | pub fn from_value<T>(value: Value) -> Result<T, Error>
[INFO] [stdout]      |        ---------- required by a bound in this function
[INFO] [stdout] 1031 | where
[INFO] [stdout] 1032 |     T: DeserializeOwned,
[INFO] [stdout]      |        ^^^^^^^^^^^^^^^^ required by this bound in `from_value`
[INFO] [stdout] 
[INFO] [stdout] 
[INFO] [stdout] error[E0277]: the trait bound `chat::command::ChatCommand: serde::de::DeserializeOwned` is not satisfied
[INFO] [stdout]     --> src/signaling/chat/command.rs:114:32
[INFO] [stdout]      |
[INFO] [stdout] 114  |         let msg: ChatCommand = serde_json::from_value(json).unwrap();
[INFO] [stdout]      |                                ^^^^^^^^^^^^^^^^^^^^^^^^^^^^ the trait `for<'de> serde::de::Deserialize<'de>` is not implemented for `chat::command::ChatCommand`, which is required by `chat::command::ChatCommand: serde::de::DeserializeOwned`
[INFO] [stdout]      |
[INFO] [stdout]      = help: the following other types implement trait `serde::de::Deserialize<'de>`:
[INFO] [stdout]                &'a Path
[INFO] [stdout]                &'a [u8]
[INFO] [stdout]                &'a str
[INFO] [stdout]                ()
[INFO] [stdout]                (T,)
[INFO] [stdout]                (T0, T1)
[INFO] [stdout]                (T0, T1, T2)
[INFO] [stdout]                (T0, T1, T2, T3)
[INFO] [stdout]              and 143 others
[INFO] [stdout]      = note: required for `chat::command::ChatCommand` to implement `serde::de::DeserializeOwned`
[INFO] [stdout] note: required by a bound in `from_value`
[INFO] [stdout]     --> /opt/rustwide/cargo-home/registry/src/index.crates.io-6f17d22bba15001f/serde_json-1.0.132/src/value/mod.rs:1032:8
[INFO] [stdout]      |
[INFO] [stdout] 1030 | pub fn from_value<T>(value: Value) -> Result<T, Error>
[INFO] [stdout]      |        ---------- required by a bound in this function
[INFO] [stdout] 1031 | where
[INFO] [stdout] 1032 |     T: DeserializeOwned,
[INFO] [stdout]      |        ^^^^^^^^^^^^^^^^ required by this bound in `from_value`
[INFO] [stdout] 
[INFO] [stdout] 
[INFO] [stdout] error[E0277]: the trait bound `chat::event::ChatEvent: serde::ser::Serialize` is not satisfied
[INFO] [stdout]    --> src/signaling/chat/event.rs:134:45
[INFO] [stdout]     |
[INFO] [stdout] 134 |           let produced = serde_json::to_value(ChatEvent::MessageSent(MessageSent {
[INFO] [stdout]     |  ________________________--------------------_^
[INFO] [stdout]     | |                        |
[INFO] [stdout]     | |                        required by a bound introduced by this call
[INFO] [stdout] 135 | |             id: MessageId::nil(),
[INFO] [stdout] 136 | |             source: ParticipantId::nil(),
[INFO] [stdout] 137 | |             content: "Hello All!".to_string(),
[INFO] [stdout] 138 | |             scope: Scope::Global,
[INFO] [stdout] 139 | |         }))
[INFO] [stdout]     | |__________^ the trait `serde::ser::Serialize` is not implemented for `chat::event::ChatEvent`
[INFO] [stdout]     |
[INFO] [stdout]     = note: for local types consider adding `#[derive(serde::Serialize)]` to your `chat::event::ChatEvent` type
[INFO] [stdout]     = note: for types from other crates check whether the crate offers a `serde` feature flag
[INFO] [stdout]     = help: the following other types implement trait `serde::ser::Serialize`:
[INFO] [stdout]               &'a T
[INFO] [stdout]               &'a mut T
[INFO] [stdout]               ()
[INFO] [stdout]               (T,)
[INFO] [stdout]               (T0, T1)
[INFO] [stdout]               (T0, T1, T2)
[INFO] [stdout]               (T0, T1, T2, T3)
[INFO] [stdout]               (T0, T1, T2, T3, T4)
[INFO] [stdout]             and 132 others
[INFO] [stdout] note: required by a bound in `to_value`
[INFO] [stdout]    --> /opt/rustwide/cargo-home/registry/src/index.crates.io-6f17d22bba15001f/serde_json-1.0.132/src/value/mod.rs:990:8
[INFO] [stdout]     |
[INFO] [stdout] 988 | pub fn to_value<T>(value: T) -> Result<Value, Error>
[INFO] [stdout]     |        -------- required by a bound in this function
[INFO] [stdout] 989 | where
[INFO] [stdout] 990 |     T: Serialize,
[INFO] [stdout]     |        ^^^^^^^^^ required by this bound in `to_value`
[INFO] [stdout] 
[INFO] [stdout] 
[INFO] [stdout] error[E0277]: the trait bound `chat::event::ChatEvent: serde::ser::Serialize` is not satisfied
[INFO] [stdout]    --> src/signaling/chat/event.rs:155:45
[INFO] [stdout]     |
[INFO] [stdout] 155 |           let produced = serde_json::to_value(ChatEvent::MessageSent(MessageSent {
[INFO] [stdout]     |  ________________________--------------------_^
[INFO] [stdout]     | |                        |
[INFO] [stdout]     | |                        required by a bound introduced by this call
[INFO] [stdout] 156 | |             id: MessageId::nil(),
[INFO] [stdout] 157 | |             source: ParticipantId::nil(),
[INFO] [stdout] 158 | |             content: "Hello managers!".to_string(),
[INFO] [stdout] 159 | |             scope: Scope::Group(GroupName::from("management".to_owned())),
[INFO] [stdout] 160 | |         }))
[INFO] [stdout]     | |__________^ the trait `serde::ser::Serialize` is not implemented for `chat::event::ChatEvent`
[INFO] [stdout]     |
[INFO] [stdout]     = note: for local types consider adding `#[derive(serde::Serialize)]` to your `chat::event::ChatEvent` type
[INFO] [stdout]     = note: for types from other crates check whether the crate offers a `serde` feature flag
[INFO] [stdout]     = help: the following other types implement trait `serde::ser::Serialize`:
[INFO] [stdout]               &'a T
[INFO] [stdout]               &'a mut T
[INFO] [stdout]               ()
[INFO] [stdout]               (T,)
[INFO] [stdout]               (T0, T1)
[INFO] [stdout]               (T0, T1, T2)
[INFO] [stdout]               (T0, T1, T2, T3)
[INFO] [stdout]               (T0, T1, T2, T3, T4)
[INFO] [stdout]             and 132 others
[INFO] [stdout] note: required by a bound in `to_value`
[INFO] [stdout]    --> /opt/rustwide/cargo-home/registry/src/index.crates.io-6f17d22bba15001f/serde_json-1.0.132/src/value/mod.rs:990:8
[INFO] [stdout]     |
[INFO] [stdout] 988 | pub fn to_value<T>(value: T) -> Result<Value, Error>
[INFO] [stdout]     |        -------- required by a bound in this function
[INFO] [stdout] 989 | where
[INFO] [stdout] 990 |     T: Serialize,
[INFO] [stdout]     |        ^^^^^^^^^ required by this bound in `to_value`
[INFO] [stdout] 
[INFO] [stdout] 
[INFO] [stdout] error[E0277]: the trait bound `chat::event::ChatEvent: serde::ser::Serialize` is not satisfied
[INFO] [stdout]    --> src/signaling/chat/event.rs:175:45
[INFO] [stdout]     |
[INFO] [stdout] 175 |           let produced = serde_json::to_value(ChatEvent::MessageSent(MessageSent {
[INFO] [stdout]     |  ________________________--------------------_^
[INFO] [stdout]     | |                        |
[INFO] [stdout]     | |                        required by a bound introduced by this call
[INFO] [stdout] 176 | |             id: MessageId::nil(),
[INFO] [stdout] 177 | |             source: ParticipantId::nil(),
[INFO] [stdout] 178 | |             content: "Hello All!".to_string(),
[INFO] [stdout] 179 | |             scope: Scope::Private(ParticipantId::from_u128(1)),
[INFO] [stdout] 180 | |         }))
[INFO] [stdout]     | |__________^ the trait `serde::ser::Serialize` is not implemented for `chat::event::ChatEvent`
[INFO] [stdout]     |
[INFO] [stdout]     = note: for local types consider adding `#[derive(serde::Serialize)]` to your `chat::event::ChatEvent` type
[INFO] [stdout]     = note: for types from other crates check whether the crate offers a `serde` feature flag
[INFO] [stdout]     = help: the following other types implement trait `serde::ser::Serialize`:
[INFO] [stdout]               &'a T
[INFO] [stdout]               &'a mut T
[INFO] [stdout]               ()
[INFO] [stdout]               (T,)
[INFO] [stdout]               (T0, T1)
[INFO] [stdout]               (T0, T1, T2)
[INFO] [stdout]               (T0, T1, T2, T3)
[INFO] [stdout]               (T0, T1, T2, T3, T4)
[INFO] [stdout]             and 132 others
[INFO] [stdout] note: required by a bound in `to_value`
[INFO] [stdout]    --> /opt/rustwide/cargo-home/registry/src/index.crates.io-6f17d22bba15001f/serde_json-1.0.132/src/value/mod.rs:990:8
[INFO] [stdout]     |
[INFO] [stdout] 988 | pub fn to_value<T>(value: T) -> Result<Value, Error>
[INFO] [stdout]     |        -------- required by a bound in this function
[INFO] [stdout] 989 | where
[INFO] [stdout] 990 |     T: Serialize,
[INFO] [stdout]     |        ^^^^^^^^^ required by this bound in `to_value`
[INFO] [stdout] 
[INFO] [stdout] 
[INFO] [stdout] error[E0277]: the trait bound `chat::event::ChatEvent: serde::ser::Serialize` is not satisfied
[INFO] [stdout]    --> src/signaling/chat/event.rs:196:45
[INFO] [stdout]     |
[INFO] [stdout] 196 |         let produced = serde_json::to_value(ChatEvent::Error(Error::ChatDisabled)).unwrap();
[INFO] [stdout]     |                        -------------------- ^^^^^^^^^^^^^^^^^^^^^^^^^^^^^^^^^^^^^ the trait `serde::ser::Serialize` is not implemented for `chat::event::ChatEvent`
[INFO] [stdout]     |                        |
[INFO] [stdout]     |                        required by a bound introduced by this call
[INFO] [stdout]     |
[INFO] [stdout]     = note: for local types consider adding `#[derive(serde::Serialize)]` to your `chat::event::ChatEvent` type
[INFO] [stdout]     = note: for types from other crates check whether the crate offers a `serde` feature flag
[INFO] [stdout]     = help: the following other types implement trait `serde::ser::Serialize`:
[INFO] [stdout]               &'a T
[INFO] [stdout]               &'a mut T
[INFO] [stdout]               ()
[INFO] [stdout]               (T,)
[INFO] [stdout]               (T0, T1)
[INFO] [stdout]               (T0, T1, T2)
[INFO] [stdout]               (T0, T1, T2, T3)
[INFO] [stdout]               (T0, T1, T2, T3, T4)
[INFO] [stdout]             and 132 others
[INFO] [stdout] note: required by a bound in `to_value`
[INFO] [stdout]    --> /opt/rustwide/cargo-home/registry/src/index.crates.io-6f17d22bba15001f/serde_json-1.0.132/src/value/mod.rs:990:8
[INFO] [stdout]     |
[INFO] [stdout] 988 | pub fn to_value<T>(value: T) -> Result<Value, Error>
[INFO] [stdout]     |        -------- required by a bound in this function
[INFO] [stdout] 989 | where
[INFO] [stdout] 990 |     T: Serialize,
[INFO] [stdout]     |        ^^^^^^^^^ required by this bound in `to_value`
[INFO] [stdout] 
[INFO] [stdout] 
[INFO] [stdout] error[E0277]: the trait bound `chat::state::StoredMessage: serde::ser::Serialize` is not satisfied
[INFO] [stdout]    --> src/signaling/chat/state.rs:118:45
[INFO] [stdout]     |
[INFO] [stdout] 118 |           let produced = serde_json::to_value(StoredMessage {
[INFO] [stdout]     |  ________________________--------------------_^
[INFO] [stdout]     | |                        |
[INFO] [stdout]     | |                        required by a bound introduced by this call
[INFO] [stdout] 119 | |             id: MessageId::nil(),
[INFO] [stdout] 120 | |             source: ParticipantId::nil(),
[INFO] [stdout] 121 | |             timestamp: DateTime::from_str("2021-06-24T14:00:11.873753715Z")
[INFO] [stdout] ...   |
[INFO] [stdout] 125 | |             scope: Scope::Global,
[INFO] [stdout] 126 | |         })
[INFO] [stdout]     | |_________^ the trait `serde::ser::Serialize` is not implemented for `chat::state::StoredMessage`
[INFO] [stdout]     |
[INFO] [stdout]     = note: for local types consider adding `#[derive(serde::Serialize)]` to your `chat::state::StoredMessage` type
[INFO] [stdout]     = note: for types from other crates check whether the crate offers a `serde` feature flag
[INFO] [stdout]     = help: the following other types implement trait `serde::ser::Serialize`:
[INFO] [stdout]               &'a T
[INFO] [stdout]               &'a mut T
[INFO] [stdout]               ()
[INFO] [stdout]               (T,)
[INFO] [stdout]               (T0, T1)
[INFO] [stdout]               (T0, T1, T2)
[INFO] [stdout]               (T0, T1, T2, T3)
[INFO] [stdout]               (T0, T1, T2, T3, T4)
[INFO] [stdout]             and 132 others
[INFO] [stdout] note: required by a bound in `to_value`
[INFO] [stdout]    --> /opt/rustwide/cargo-home/registry/src/index.crates.io-6f17d22bba15001f/serde_json-1.0.132/src/value/mod.rs:990:8
[INFO] [stdout]     |
[INFO] [stdout] 988 | pub fn to_value<T>(value: T) -> Result<Value, Error>
[INFO] [stdout]     |        -------- required by a bound in this function
[INFO] [stdout] 989 | where
[INFO] [stdout] 990 |     T: Serialize,
[INFO] [stdout]     |        ^^^^^^^^^ required by this bound in `to_value`
[INFO] [stdout] 
[INFO] [stdout] 
[INFO] [stdout] error[E0277]: the trait bound `media::command::MediaCommand: serde::de::DeserializeOwned` is not satisfied
[INFO] [stdout]     --> src/signaling/media/command.rs:234:33
[INFO] [stdout]      |
[INFO] [stdout] 234  |         let msg: MediaCommand = serde_json::from_value(json).unwrap();
[INFO] [stdout]      |                                 ^^^^^^^^^^^^^^^^^^^^^^^^^^^^ the trait `for<'de> serde::de::Deserialize<'de>` is not implemented for `media::command::MediaCommand`, which is required by `media::command::MediaCommand: serde::de::DeserializeOwned`
[INFO] [stdout]      |
[INFO] [stdout]      = help: the following other types implement trait `serde::de::Deserialize<'de>`:
[INFO] [stdout]                &'a Path
[INFO] [stdout]                &'a [u8]
[INFO] [stdout]                &'a str
[INFO] [stdout]                ()
[INFO] [stdout]                (T,)
[INFO] [stdout]                (T0, T1)
[INFO] [stdout]                (T0, T1, T2)
[INFO] [stdout]                (T0, T1, T2, T3)
[INFO] [stdout]              and 143 others
[INFO] [stdout]      = note: required for `media::command::MediaCommand` to implement `serde::de::DeserializeOwned`
[INFO] [stdout] note: required by a bound in `from_value`
[INFO] [stdout]     --> /opt/rustwide/cargo-home/registry/src/index.crates.io-6f17d22bba15001f/serde_json-1.0.132/src/value/mod.rs:1032:8
[INFO] [stdout]      |
[INFO] [stdout] 1030 | pub fn from_value<T>(value: Value) -> Result<T, Error>
[INFO] [stdout]      |        ---------- required by a bound in this function
[INFO] [stdout] 1031 | where
[INFO] [stdout] 1032 |     T: DeserializeOwned,
[INFO] [stdout]      |        ^^^^^^^^^^^^^^^^ required by this bound in `from_value`
[INFO] [stdout] 
[INFO] [stdout] 
[INFO] [stdout] error[E0277]: the trait bound `media::command::MediaCommand: serde::de::DeserializeOwned` is not satisfied
[INFO] [stdout]     --> src/signaling/media/command.rs:256:33
[INFO] [stdout]      |
[INFO] [stdout] 256  |         let msg: MediaCommand = serde_json::from_value(json).unwrap();
[INFO] [stdout]      |                                 ^^^^^^^^^^^^^^^^^^^^^^^^^^^^ the trait `for<'de> serde::de::Deserialize<'de>` is not implemented for `media::command::MediaCommand`, which is required by `media::command::MediaCommand: serde::de::DeserializeOwned`
[INFO] [stdout]      |
[INFO] [stdout]      = help: the following other types implement trait `serde::de::Deserialize<'de>`:
[INFO] [stdout]                &'a Path
[INFO] [stdout]                &'a [u8]
[INFO] [stdout]                &'a str
[INFO] [stdout]                ()
[INFO] [stdout]                (T,)
[INFO] [stdout]                (T0, T1)
[INFO] [stdout]                (T0, T1, T2)
[INFO] [stdout]                (T0, T1, T2, T3)
[INFO] [stdout]              and 143 others
[INFO] [stdout]      = note: required for `media::command::MediaCommand` to implement `serde::de::DeserializeOwned`
[INFO] [stdout] note: required by a bound in `from_value`
[INFO] [stdout]     --> /opt/rustwide/cargo-home/registry/src/index.crates.io-6f17d22bba15001f/serde_json-1.0.132/src/value/mod.rs:1032:8
[INFO] [stdout]      |
[INFO] [stdout] 1030 | pub fn from_value<T>(value: Value) -> Result<T, Error>
[INFO] [stdout]      |        ---------- required by a bound in this function
[INFO] [stdout] 1031 | where
[INFO] [stdout] 1032 |     T: DeserializeOwned,
[INFO] [stdout]      |        ^^^^^^^^^^^^^^^^ required by this bound in `from_value`
[INFO] [stdout] 
[INFO] [stdout] 
[INFO] [stdout] error[E0277]: the trait bound `media::command::MediaCommand: serde::de::DeserializeOwned` is not satisfied
[INFO] [stdout]     --> src/signaling/media/command.rs:276:33
[INFO] [stdout]      |
[INFO] [stdout] 276  |         let msg: MediaCommand = serde_json::from_value(json).unwrap();
[INFO] [stdout]      |                                 ^^^^^^^^^^^^^^^^^^^^^^^^^^^^ the trait `for<'de> serde::de::Deserialize<'de>` is not implemented for `media::command::MediaCommand`, which is required by `media::command::MediaCommand: serde::de::DeserializeOwned`
[INFO] [stdout]      |
[INFO] [stdout]      = help: the following other types implement trait `serde::de::Deserialize<'de>`:
[INFO] [stdout]                &'a Path
[INFO] [stdout]                &'a [u8]
[INFO] [stdout]                &'a str
[INFO] [stdout]                ()
[INFO] [stdout]                (T,)
[INFO] [stdout]                (T0, T1)
[INFO] [stdout]                (T0, T1, T2)
[INFO] [stdout]                (T0, T1, T2, T3)
[INFO] [stdout]              and 143 others
[INFO] [stdout]      = note: required for `media::command::MediaCommand` to implement `serde::de::DeserializeOwned`
[INFO] [stdout] note: required by a bound in `from_value`
[INFO] [stdout]     --> /opt/rustwide/cargo-home/registry/src/index.crates.io-6f17d22bba15001f/serde_json-1.0.132/src/value/mod.rs:1032:8
[INFO] [stdout]      |
[INFO] [stdout] 1030 | pub fn from_value<T>(value: Value) -> Result<T, Error>
[INFO] [stdout]      |        ---------- required by a bound in this function
[INFO] [stdout] 1031 | where
[INFO] [stdout] 1032 |     T: DeserializeOwned,
[INFO] [stdout]      |        ^^^^^^^^^^^^^^^^ required by this bound in `from_value`
[INFO] [stdout] 
[INFO] [stdout] 
[INFO] [stdout] error[E0277]: the trait bound `media::command::MediaCommand: serde::de::DeserializeOwned` is not satisfied
[INFO] [stdout]     --> src/signaling/media/command.rs:298:33
[INFO] [stdout]      |
[INFO] [stdout] 298  |         let msg: MediaCommand = serde_json::from_value(json).unwrap();
[INFO] [stdout]      |                                 ^^^^^^^^^^^^^^^^^^^^^^^^^^^^ the trait `for<'de> serde::de::Deserialize<'de>` is not implemented for `media::command::MediaCommand`, which is required by `media::command::MediaCommand: serde::de::DeserializeOwned`
[INFO] [stdout]      |
[INFO] [stdout]      = help: the following other types implement trait `serde::de::Deserialize<'de>`:
[INFO] [stdout]                &'a Path
[INFO] [stdout]                &'a [u8]
[INFO] [stdout]                &'a str
[INFO] [stdout]                ()
[INFO] [stdout]                (T,)
[INFO] [stdout]                (T0, T1)
[INFO] [stdout]                (T0, T1, T2)
[INFO] [stdout]                (T0, T1, T2, T3)
[INFO] [stdout]              and 143 others
[INFO] [stdout]      = note: required for `media::command::MediaCommand` to implement `serde::de::DeserializeOwned`
[INFO] [stdout] note: required by a bound in `from_value`
[INFO] [stdout]     --> /opt/rustwide/cargo-home/registry/src/index.crates.io-6f17d22bba15001f/serde_json-1.0.132/src/value/mod.rs:1032:8
[INFO] [stdout]      |
[INFO] [stdout] 1030 | pub fn from_value<T>(value: Value) -> Result<T, Error>
[INFO] [stdout]      |        ---------- required by a bound in this function
[INFO] [stdout] 1031 | where
[INFO] [stdout] 1032 |     T: DeserializeOwned,
[INFO] [stdout]      |        ^^^^^^^^^^^^^^^^ required by this bound in `from_value`
[INFO] [stdout] 
[INFO] [stdout] 
[INFO] [stdout] error[E0277]: the trait bound `media::command::MediaCommand: serde::de::DeserializeOwned` is not satisfied
[INFO] [stdout]     --> src/signaling/media/command.rs:316:33
[INFO] [stdout]      |
[INFO] [stdout] 316  |         let msg: MediaCommand = serde_json::from_value(json).unwrap();
[INFO] [stdout]      |                                 ^^^^^^^^^^^^^^^^^^^^^^^^^^^^ the trait `for<'de> serde::de::Deserialize<'de>` is not implemented for `media::command::MediaCommand`, which is required by `media::command::MediaCommand: serde::de::DeserializeOwned`
[INFO] [stdout]      |
[INFO] [stdout]      = help: the following other types implement trait `serde::de::Deserialize<'de>`:
[INFO] [stdout]                &'a Path
[INFO] [stdout]                &'a [u8]
[INFO] [stdout]                &'a str
[INFO] [stdout]                ()
[INFO] [stdout]                (T,)
[INFO] [stdout]                (T0, T1)
[INFO] [stdout]                (T0, T1, T2)
[INFO] [stdout]                (T0, T1, T2, T3)
[INFO] [stdout]              and 143 others
[INFO] [stdout]      = note: required for `media::command::MediaCommand` to implement `serde::de::DeserializeOwned`
[INFO] [stdout] note: required by a bound in `from_value`
[INFO] [stdout]     --> /opt/rustwide/cargo-home/registry/src/index.crates.io-6f17d22bba15001f/serde_json-1.0.132/src/value/mod.rs:1032:8
[INFO] [stdout]      |
[INFO] [stdout] 1030 | pub fn from_value<T>(value: Value) -> Result<T, Error>
[INFO] [stdout]      |        ---------- required by a bound in this function
[INFO] [stdout] 1031 | where
[INFO] [stdout] 1032 |     T: DeserializeOwned,
[INFO] [stdout]      |        ^^^^^^^^^^^^^^^^ required by this bound in `from_value`
[INFO] [stdout] 
[INFO] [stdout] 
[INFO] [stdout] error[E0277]: the trait bound `media::command::MediaCommand: serde::de::DeserializeOwned` is not satisfied
[INFO] [stdout]     --> src/signaling/media/command.rs:334:33
[INFO] [stdout]      |
[INFO] [stdout] 334  |         let msg: MediaCommand = serde_json::from_value(json).unwrap();
[INFO] [stdout]      |                                 ^^^^^^^^^^^^^^^^^^^^^^^^^^^^ the trait `for<'de> serde::de::Deserialize<'de>` is not implemented for `media::command::MediaCommand`, which is required by `media::command::MediaCommand: serde::de::DeserializeOwned`
[INFO] [stdout]      |
[INFO] [stdout]      = help: the following other types implement trait `serde::de::Deserialize<'de>`:
[INFO] [stdout]                &'a Path
[INFO] [stdout]                &'a [u8]
[INFO] [stdout]                &'a str
[INFO] [stdout]                ()
[INFO] [stdout]                (T,)
[INFO] [stdout]                (T0, T1)
[INFO] [stdout]                (T0, T1, T2)
[INFO] [stdout]                (T0, T1, T2, T3)
[INFO] [stdout]              and 143 others
[INFO] [stdout]      = note: required for `media::command::MediaCommand` to implement `serde::de::DeserializeOwned`
[INFO] [stdout] note: required by a bound in `from_value`
[INFO] [stdout]     --> /opt/rustwide/cargo-home/registry/src/index.crates.io-6f17d22bba15001f/serde_json-1.0.132/src/value/mod.rs:1032:8
[INFO] [stdout]      |
[INFO] [stdout] 1030 | pub fn from_value<T>(value: Value) -> Result<T, Error>
[INFO] [stdout]      |        ---------- required by a bound in this function
[INFO] [stdout] 1031 | where
[INFO] [stdout] 1032 |     T: DeserializeOwned,
[INFO] [stdout]      |        ^^^^^^^^^^^^^^^^ required by this bound in `from_value`
[INFO] [stdout] 
[INFO] [stdout] 
[INFO] [stdout] error[E0277]: the trait bound `media::command::MediaCommand: serde::de::DeserializeOwned` is not satisfied
[INFO] [stdout]     --> src/signaling/media/command.rs:352:33
[INFO] [stdout]      |
[INFO] [stdout] 352  |         let msg: MediaCommand = serde_json::from_value(json).unwrap();
[INFO] [stdout]      |                                 ^^^^^^^^^^^^^^^^^^^^^^^^^^^^ the trait `for<'de> serde::de::Deserialize<'de>` is not implemented for `media::command::MediaCommand`, which is required by `media::command::MediaCommand: serde::de::DeserializeOwned`
[INFO] [stdout]      |
[INFO] [stdout]      = help: the following other types implement trait `serde::de::Deserialize<'de>`:
[INFO] [stdout]                &'a Path
[INFO] [stdout]                &'a [u8]
[INFO] [stdout]                &'a str
[INFO] [stdout]                ()
[INFO] [stdout]                (T,)
[INFO] [stdout]                (T0, T1)
[INFO] [stdout]                (T0, T1, T2)
[INFO] [stdout]                (T0, T1, T2, T3)
[INFO] [stdout]              and 143 others
[INFO] [stdout]      = note: required for `media::command::MediaCommand` to implement `serde::de::DeserializeOwned`
[INFO] [stdout] note: required by a bound in `from_value`
[INFO] [stdout]     --> /opt/rustwide/cargo-home/registry/src/index.crates.io-6f17d22bba15001f/serde_json-1.0.132/src/value/mod.rs:1032:8
[INFO] [stdout]      |
[INFO] [stdout] 1030 | pub fn from_value<T>(value: Value) -> Result<T, Error>
[INFO] [stdout]      |        ---------- required by a bound in this function
[INFO] [stdout] 1031 | where
[INFO] [stdout] 1032 |     T: DeserializeOwned,
[INFO] [stdout]      |        ^^^^^^^^^^^^^^^^ required by this bound in `from_value`
[INFO] [stdout] 
[INFO] [stdout] 
[INFO] [stdout] error[E0277]: the trait bound `media::command::MediaCommand: serde::de::DeserializeOwned` is not satisfied
[INFO] [stdout]     --> src/signaling/media/command.rs:370:33
[INFO] [stdout]      |
[INFO] [stdout] 370  |         let msg: MediaCommand = serde_json::from_value(json).unwrap();
[INFO] [stdout]      |                                 ^^^^^^^^^^^^^^^^^^^^^^^^^^^^ the trait `for<'de> serde::de::Deserialize<'de>` is not implemented for `media::command::MediaCommand`, which is required by `media::command::MediaCommand: serde::de::DeserializeOwned`
[INFO] [stdout]      |
[INFO] [stdout]      = help: the following other types implement trait `serde::de::Deserialize<'de>`:
[INFO] [stdout]                &'a Path
[INFO] [stdout]                &'a [u8]
[INFO] [stdout]                &'a str
[INFO] [stdout]                ()
[INFO] [stdout]                (T,)
[INFO] [stdout]                (T0, T1)
[INFO] [stdout]                (T0, T1, T2)
[INFO] [stdout]                (T0, T1, T2, T3)
[INFO] [stdout]              and 143 others
[INFO] [stdout]      = note: required for `media::command::MediaCommand` to implement `serde::de::DeserializeOwned`
[INFO] [stdout] note: required by a bound in `from_value`
[INFO] [stdout]     --> /opt/rustwide/cargo-home/registry/src/index.crates.io-6f17d22bba15001f/serde_json-1.0.132/src/value/mod.rs:1032:8
[INFO] [stdout]      |
[INFO] [stdout] 1030 | pub fn from_value<T>(value: Value) -> Result<T, Error>
[INFO] [stdout]      |        ---------- required by a bound in this function
[INFO] [stdout] 1031 | where
[INFO] [stdout] 1032 |     T: DeserializeOwned,
[INFO] [stdout]      |        ^^^^^^^^^^^^^^^^ required by this bound in `from_value`
[INFO] [stdout] 
[INFO] [stdout] 
[INFO] [stdout] error[E0277]: the trait bound `media::command::MediaCommand: serde::de::DeserializeOwned` is not satisfied
[INFO] [stdout]     --> src/signaling/media/command.rs:396:33
[INFO] [stdout]      |
[INFO] [stdout] 396  |         let msg: MediaCommand = serde_json::from_value(json).unwrap();
[INFO] [stdout]      |                                 ^^^^^^^^^^^^^^^^^^^^^^^^^^^^ the trait `for<'de> serde::de::Deserialize<'de>` is not implemented for `media::command::MediaCommand`, which is required by `media::command::MediaCommand: serde::de::DeserializeOwned`
[INFO] [stdout]      |
[INFO] [stdout]      = help: the following other types implement trait `serde::de::Deserialize<'de>`:
[INFO] [stdout]                &'a Path
[INFO] [stdout]                &'a [u8]
[INFO] [stdout]                &'a str
[INFO] [stdout]                ()
[INFO] [stdout]                (T,)
[INFO] [stdout]                (T0, T1)
[INFO] [stdout]                (T0, T1, T2)
[INFO] [stdout]                (T0, T1, T2, T3)
[INFO] [stdout]              and 143 others
[INFO] [stdout]      = note: required for `media::command::MediaCommand` to implement `serde::de::DeserializeOwned`
[INFO] [stdout] note: required by a bound in `from_value`
[INFO] [stdout]     --> /opt/rustwide/cargo-home/registry/src/index.crates.io-6f17d22bba15001f/serde_json-1.0.132/src/value/mod.rs:1032:8
[INFO] [stdout]      |
[INFO] [stdout] 1030 | pub fn from_value<T>(value: Value) -> Result<T, Error>
[INFO] [stdout]      |        ---------- required by a bound in this function
[INFO] [stdout] 1031 | where
[INFO] [stdout] 1032 |     T: DeserializeOwned,
[INFO] [stdout]      |        ^^^^^^^^^^^^^^^^ required by this bound in `from_value`
[INFO] [stdout] 
[INFO] [stdout] 
[INFO] [stdout] error[E0277]: the trait bound `media::command::MediaCommand: serde::de::DeserializeOwned` is not satisfied
[INFO] [stdout]     --> src/signaling/media/command.rs:424:33
[INFO] [stdout]      |
[INFO] [stdout] 424  |         let msg: MediaCommand = serde_json::from_value(json).unwrap();
[INFO] [stdout]      |                                 ^^^^^^^^^^^^^^^^^^^^^^^^^^^^ the trait `for<'de> serde::de::Deserialize<'de>` is not implemented for `media::command::MediaCommand`, which is required by `media::command::MediaCommand: serde::de::DeserializeOwned`
[INFO] [stdout]      |
[INFO] [stdout]      = help: the following other types implement trait `serde::de::Deserialize<'de>`:
[INFO] [stdout]                &'a Path
[INFO] [stdout]                &'a [u8]
[INFO] [stdout]                &'a str
[INFO] [stdout]                ()
[INFO] [stdout]                (T,)
[INFO] [stdout]                (T0, T1)
[INFO] [stdout]                (T0, T1, T2)
[INFO] [stdout]                (T0, T1, T2, T3)
[INFO] [stdout]              and 143 others
[INFO] [stdout]      = note: required for `media::command::MediaCommand` to implement `serde::de::DeserializeOwned`
[INFO] [stdout] note: required by a bound in `from_value`
[INFO] [stdout]     --> /opt/rustwide/cargo-home/registry/src/index.crates.io-6f17d22bba15001f/serde_json-1.0.132/src/value/mod.rs:1032:8
[INFO] [stdout]      |
[INFO] [stdout] 1030 | pub fn from_value<T>(value: Value) -> Result<T, Error>
[INFO] [stdout]      |        ---------- required by a bound in this function
[INFO] [stdout] 1031 | where
[INFO] [stdout] 1032 |     T: DeserializeOwned,
[INFO] [stdout]      |        ^^^^^^^^^^^^^^^^ required by this bound in `from_value`
[INFO] [stdout] 
[INFO] [stdout] 
[INFO] [stdout] error[E0277]: the trait bound `media::command::MediaCommand: serde::de::DeserializeOwned` is not satisfied
[INFO] [stdout]     --> src/signaling/media/command.rs:455:33
[INFO] [stdout]      |
[INFO] [stdout] 455  |         let msg: MediaCommand = serde_json::from_value(json).unwrap();
[INFO] [stdout]      |                                 ^^^^^^^^^^^^^^^^^^^^^^^^^^^^ the trait `for<'de> serde::de::Deserialize<'de>` is not implemented for `media::command::MediaCommand`, which is required by `media::command::MediaCommand: serde::de::DeserializeOwned`
[INFO] [stdout]      |
[INFO] [stdout]      = help: the following other types implement trait `serde::de::Deserialize<'de>`:
[INFO] [stdout]                &'a Path
[INFO] [stdout]                &'a [u8]
[INFO] [stdout]                &'a str
[INFO] [stdout]                ()
[INFO] [stdout]                (T,)
[INFO] [stdout]                (T0, T1)
[INFO] [stdout]                (T0, T1, T2)
[INFO] [stdout]                (T0, T1, T2, T3)
[INFO] [stdout]              and 143 others
[INFO] [stdout]      = note: required for `media::command::MediaCommand` to implement `serde::de::DeserializeOwned`
[INFO] [stdout] note: required by a bound in `from_value`
[INFO] [stdout]     --> /opt/rustwide/cargo-home/registry/src/index.crates.io-6f17d22bba15001f/serde_json-1.0.132/src/value/mod.rs:1032:8
[INFO] [stdout]      |
[INFO] [stdout] 1030 | pub fn from_value<T>(value: Value) -> Result<T, Error>
[INFO] [stdout]      |        ---------- required by a bound in this function
[INFO] [stdout] 1031 | where
[INFO] [stdout] 1032 |     T: DeserializeOwned,
[INFO] [stdout]      |        ^^^^^^^^^^^^^^^^ required by this bound in `from_value`
[INFO] [stdout] 
[INFO] [stdout] 
[INFO] [stdout] error[E0277]: the trait bound `media::command::MediaCommand: serde::de::DeserializeOwned` is not satisfied
[INFO] [stdout]     --> src/signaling/media/command.rs:490:33
[INFO] [stdout]      |
[INFO] [stdout] 490  |         let msg: MediaCommand = serde_json::from_value(json).unwrap();
[INFO] [stdout]      |                                 ^^^^^^^^^^^^^^^^^^^^^^^^^^^^ the trait `for<'de> serde::de::Deserialize<'de>` is not implemented for `media::command::MediaCommand`, which is required by `media::command::MediaCommand: serde::de::DeserializeOwned`
[INFO] [stdout]      |
[INFO] [stdout]      = help: the following other types implement trait `serde::de::Deserialize<'de>`:
[INFO] [stdout]                &'a Path
[INFO] [stdout]                &'a [u8]
[INFO] [stdout]                &'a str
[INFO] [stdout]                ()
[INFO] [stdout]                (T,)
[INFO] [stdout]                (T0, T1)
[INFO] [stdout]                (T0, T1, T2)
[INFO] [stdout]                (T0, T1, T2, T3)
[INFO] [stdout]              and 143 others
[INFO] [stdout]      = note: required for `media::command::MediaCommand` to implement `serde::de::DeserializeOwned`
[INFO] [stdout] note: required by a bound in `from_value`
[INFO] [stdout]     --> /opt/rustwide/cargo-home/registry/src/index.crates.io-6f17d22bba15001f/serde_json-1.0.132/src/value/mod.rs:1032:8
[INFO] [stdout]      |
[INFO] [stdout] 1030 | pub fn from_value<T>(value: Value) -> Result<T, Error>
[INFO] [stdout]      |        ---------- required by a bound in this function
[INFO] [stdout] 1031 | where
[INFO] [stdout] 1032 |     T: DeserializeOwned,
[INFO] [stdout]      |        ^^^^^^^^^^^^^^^^ required by this bound in `from_value`
[INFO] [stdout] 
[INFO] [stdout] 
[INFO] [stdout] error[E0277]: the trait bound `media::command::MediaCommand: serde::de::DeserializeOwned` is not satisfied
[INFO] [stdout]     --> src/signaling/media/command.rs:512:33
[INFO] [stdout]      |
[INFO] [stdout] 512  |         let msg: MediaCommand = serde_json::from_value(json).unwrap();
[INFO] [stdout]      |                                 ^^^^^^^^^^^^^^^^^^^^^^^^^^^^ the trait `for<'de> serde::de::Deserialize<'de>` is not implemented for `media::command::MediaCommand`, which is required by `media::command::MediaCommand: serde::de::DeserializeOwned`
[INFO] [stdout]      |
[INFO] [stdout]      = help: the following other types implement trait `serde::de::Deserialize<'de>`:
[INFO] [stdout]                &'a Path
[INFO] [stdout]                &'a [u8]
[INFO] [stdout]                &'a str
[INFO] [stdout]                ()
[INFO] [stdout]                (T,)
[INFO] [stdout]                (T0, T1)
[INFO] [stdout]                (T0, T1, T2)
[INFO] [stdout]                (T0, T1, T2, T3)
[INFO] [stdout]              and 143 others
[INFO] [stdout]      = note: required for `media::command::MediaCommand` to implement `serde::de::DeserializeOwned`
[INFO] [stdout] note: required by a bound in `from_value`
[INFO] [stdout]     --> /opt/rustwide/cargo-home/registry/src/index.crates.io-6f17d22bba15001f/serde_json-1.0.132/src/value/mod.rs:1032:8
[INFO] [stdout]      |
[INFO] [stdout] 1030 | pub fn from_value<T>(value: Value) -> Result<T, Error>
[INFO] [stdout]      |        ---------- required by a bound in this function
[INFO] [stdout] 1031 | where
[INFO] [stdout] 1032 |     T: DeserializeOwned,
[INFO] [stdout]      |        ^^^^^^^^^^^^^^^^ required by this bound in `from_value`
[INFO] [stdout] 
[INFO] [stdout] 
[INFO] [stdout] error[E0277]: the trait bound `media::command::MediaCommand: serde::de::DeserializeOwned` is not satisfied
[INFO] [stdout]     --> src/signaling/media/command.rs:538:33
[INFO] [stdout]      |
[INFO] [stdout] 538  |         let msg: MediaCommand = serde_json::from_value(json).unwrap();
[INFO] [stdout]      |                                 ^^^^^^^^^^^^^^^^^^^^^^^^^^^^ the trait `for<'de> serde::de::Deserialize<'de>` is not implemented for `media::command::MediaCommand`, which is required by `media::command::MediaCommand: serde::de::DeserializeOwned`
[INFO] [stdout]      |
[INFO] [stdout]      = help: the following other types implement trait `serde::de::Deserialize<'de>`:
[INFO] [stdout]                &'a Path
[INFO] [stdout]                &'a [u8]
[INFO] [stdout]                &'a str
[INFO] [stdout]                ()
[INFO] [stdout]                (T,)
[INFO] [stdout]                (T0, T1)
[INFO] [stdout]                (T0, T1, T2)
[INFO] [stdout]                (T0, T1, T2, T3)
[INFO] [stdout]              and 143 others
[INFO] [stdout]      = note: required for `media::command::MediaCommand` to implement `serde::de::DeserializeOwned`
[INFO] [stdout] note: required by a bound in `from_value`
[INFO] [stdout]     --> /opt/rustwide/cargo-home/registry/src/index.crates.io-6f17d22bba15001f/serde_json-1.0.132/src/value/mod.rs:1032:8
[INFO] [stdout]      |
[INFO] [stdout] 1030 | pub fn from_value<T>(value: Value) -> Result<T, Error>
[INFO] [stdout]      |        ---------- required by a bound in this function
[INFO] [stdout] 1031 | where
[INFO] [stdout] 1032 |     T: DeserializeOwned,
[INFO] [stdout]      |        ^^^^^^^^^^^^^^^^ required by this bound in `from_value`
[INFO] [stdout] 
[INFO] [stdout] 
[INFO] [stdout] error[E0277]: the trait bound `media::command::MediaCommand: serde::de::DeserializeOwned` is not satisfied
[INFO] [stdout]     --> src/signaling/media/command.rs:557:33
[INFO] [stdout]      |
[INFO] [stdout] 557  |         let msg: MediaCommand = serde_json::from_value(json).unwrap();
[INFO] [stdout]      |                                 ^^^^^^^^^^^^^^^^^^^^^^^^^^^^ the trait `for<'de> serde::de::Deserialize<'de>` is not implemented for `media::command::MediaCommand`, which is required by `media::command::MediaCommand: serde::de::DeserializeOwned`
[INFO] [stdout]      |
[INFO] [stdout]      = help: the following other types implement trait `serde::de::Deserialize<'de>`:
[INFO] [stdout]                &'a Path
[INFO] [stdout]                &'a [u8]
[INFO] [stdout]                &'a str
[INFO] [stdout]                ()
[INFO] [stdout]                (T,)
[INFO] [stdout]                (T0, T1)
[INFO] [stdout]                (T0, T1, T2)
[INFO] [stdout]                (T0, T1, T2, T3)
[INFO] [stdout]              and 143 others
[INFO] [stdout]      = note: required for `media::command::MediaCommand` to implement `serde::de::DeserializeOwned`
[INFO] [stdout] note: required by a bound in `from_value`
[INFO] [stdout]     --> /opt/rustwide/cargo-home/registry/src/index.crates.io-6f17d22bba15001f/serde_json-1.0.132/src/value/mod.rs:1032:8
[INFO] [stdout]      |
[INFO] [stdout] 1030 | pub fn from_value<T>(value: Value) -> Result<T, Error>
[INFO] [stdout]      |        ---------- required by a bound in this function
[INFO] [stdout] 1031 | where
[INFO] [stdout] 1032 |     T: DeserializeOwned,
[INFO] [stdout]      |        ^^^^^^^^^^^^^^^^ required by this bound in `from_value`
[INFO] [stdout] 
[INFO] [stdout] 
[INFO] [stdout] error[E0277]: the trait bound `media::event::MediaEvent: serde::ser::Serialize` is not satisfied
[INFO] [stdout]    --> src/signaling/media/event.rs:237:34
[INFO] [stdout]     |
[INFO] [stdout] 237 |             serde_json::to_value(sdp_offer).unwrap(),
[INFO] [stdout]     |             -------------------- ^^^^^^^^^ the trait `serde::ser::Serialize` is not implemented for `media::event::MediaEvent`
[INFO] [stdout]     |             |
[INFO] [stdout]     |             required by a bound introduced by this call
[INFO] [stdout]     |
[INFO] [stdout]     = note: for local types consider adding `#[derive(serde::Serialize)]` to your `media::event::MediaEvent` type
[INFO] [stdout]     = note: for types from other crates check whether the crate offers a `serde` feature flag
[INFO] [stdout]     = help: the following other types implement trait `serde::ser::Serialize`:
[INFO] [stdout]               &'a T
[INFO] [stdout]               &'a mut T
[INFO] [stdout]               ()
[INFO] [stdout]               (T,)
[INFO] [stdout]               (T0, T1)
[INFO] [stdout]               (T0, T1, T2)
[INFO] [stdout]               (T0, T1, T2, T3)
[INFO] [stdout]               (T0, T1, T2, T3, T4)
[INFO] [stdout]             and 132 others
[INFO] [stdout] note: required by a bound in `to_value`
[INFO] [stdout]    --> /opt/rustwide/cargo-home/registry/src/index.crates.io-6f17d22bba15001f/serde_json-1.0.132/src/value/mod.rs:990:8
[INFO] [stdout]     |
[INFO] [stdout] 988 | pub fn to_value<T>(value: T) -> Result<Value, Error>
[INFO] [stdout]     |        -------- required by a bound in this function
[INFO] [stdout] 989 | where
[INFO] [stdout] 990 |     T: Serialize,
[INFO] [stdout]     |        ^^^^^^^^^ required by this bound in `to_value`
[INFO] [stdout] 
[INFO] [stdout] 
[INFO] [stdout] error[E0277]: the trait bound `media::event::MediaEvent: serde::ser::Serialize` is not satisfied
[INFO] [stdout]    --> src/signaling/media/event.rs:258:34
[INFO] [stdout]     |
[INFO] [stdout] 258 |             serde_json::to_value(sdp_answer).unwrap(),
[INFO] [stdout]     |             -------------------- ^^^^^^^^^^ the trait `serde::ser::Serialize` is not implemented for `media::event::MediaEvent`
[INFO] [stdout]     |             |
[INFO] [stdout]     |             required by a bound introduced by this call
[INFO] [stdout]     |
[INFO] [stdout]     = note: for local types consider adding `#[derive(serde::Serialize)]` to your `media::event::MediaEvent` type
[INFO] [stdout]     = note: for types from other crates check whether the crate offers a `serde` feature flag
[INFO] [stdout]     = help: the following other types implement trait `serde::ser::Serialize`:
[INFO] [stdout]               &'a T
[INFO] [stdout]               &'a mut T
[INFO] [stdout]               ()
[INFO] [stdout]               (T,)
[INFO] [stdout]               (T0, T1)
[INFO] [stdout]               (T0, T1, T2)
[INFO] [stdout]               (T0, T1, T2, T3)
[INFO] [stdout]               (T0, T1, T2, T3, T4)
[INFO] [stdout]             and 132 others
[INFO] [stdout] note: required by a bound in `to_value`
[INFO] [stdout]    --> /opt/rustwide/cargo-home/registry/src/index.crates.io-6f17d22bba15001f/serde_json-1.0.132/src/value/mod.rs:990:8
[INFO] [stdout]     |
[INFO] [stdout] 988 | pub fn to_value<T>(value: T) -> Result<Value, Error>
[INFO] [stdout]     |        -------- required by a bound in this function
[INFO] [stdout] 989 | where
[INFO] [stdout] 990 |     T: Serialize,
[INFO] [stdout]     |        ^^^^^^^^^ required by this bound in `to_value`
[INFO] [stdout] 
[INFO] [stdout] 
[INFO] [stdout] error[E0277]: the trait bound `media::event::MediaEvent: serde::ser::Serialize` is not satisfied
[INFO] [stdout]    --> src/signaling/media/event.rs:282:34
[INFO] [stdout]     |
[INFO] [stdout] 282 |             serde_json::to_value(sdp_candidate).unwrap(),
[INFO] [stdout]     |             -------------------- ^^^^^^^^^^^^^ the trait `serde::ser::Serialize` is not implemented for `media::event::MediaEvent`
[INFO] [stdout]     |             |
[INFO] [stdout]     |             required by a bound introduced by this call
[INFO] [stdout]     |
[INFO] [stdout]     = note: for local types consider adding `#[derive(serde::Serialize)]` to your `media::event::MediaEvent` type
[INFO] [stdout]     = note: for types from other crates check whether the crate offers a `serde` feature flag
[INFO] [stdout]     = help: the following other types implement trait `serde::ser::Serialize`:
[INFO] [stdout]               &'a T
[INFO] [stdout]               &'a mut T
[INFO] [stdout]               ()
[INFO] [stdout]               (T,)
[INFO] [stdout]               (T0, T1)
[INFO] [stdout]               (T0, T1, T2)
[INFO] [stdout]               (T0, T1, T2, T3)
[INFO] [stdout]               (T0, T1, T2, T3, T4)
[INFO] [stdout]             and 132 others
[INFO] [stdout] note: required by a bound in `to_value`
[INFO] [stdout]    --> /opt/rustwide/cargo-home/registry/src/index.crates.io-6f17d22bba15001f/serde_json-1.0.132/src/value/mod.rs:990:8
[INFO] [stdout]     |
[INFO] [stdout] 988 | pub fn to_value<T>(value: T) -> Result<Value, Error>
[INFO] [stdout]     |        -------- required by a bound in this function
[INFO] [stdout] 989 | where
[INFO] [stdout] 990 |     T: Serialize,
[INFO] [stdout]     |        ^^^^^^^^^ required by this bound in `to_value`
[INFO] [stdout] 
[INFO] [stdout] 
[INFO] [stdout] error[E0277]: the trait bound `media::event::MediaEvent: serde::ser::Serialize` is not satisfied
[INFO] [stdout]    --> src/signaling/media/event.rs:303:34
[INFO] [stdout]     |
[INFO] [stdout] 303 |             serde_json::to_value(webrtc_up).unwrap(),
[INFO] [stdout]     |             -------------------- ^^^^^^^^^ the trait `serde::ser::Serialize` is not implemented for `media::event::MediaEvent`
[INFO] [stdout]     |             |
[INFO] [stdout]     |             required by a bound introduced by this call
[INFO] [stdout]     |
[INFO] [stdout]     = note: for local types consider adding `#[derive(serde::Serialize)]` to your `media::event::MediaEvent` type
[INFO] [stdout]     = note: for types from other crates check whether the crate offers a `serde` feature flag
[INFO] [stdout]     = help: the following other types implement trait `serde::ser::Serialize`:
[INFO] [stdout]               &'a T
[INFO] [stdout]               &'a mut T
[INFO] [stdout]               ()
[INFO] [stdout]               (T,)
[INFO] [stdout]               (T0, T1)
[INFO] [stdout]               (T0, T1, T2)
[INFO] [stdout]               (T0, T1, T2, T3)
[INFO] [stdout]               (T0, T1, T2, T3, T4)
[INFO] [stdout]             and 132 others
[INFO] [stdout] note: required by a bound in `to_value`
[INFO] [stdout]    --> /opt/rustwide/cargo-home/registry/src/index.crates.io-6f17d22bba15001f/serde_json-1.0.132/src/value/mod.rs:990:8
[INFO] [stdout]     |
[INFO] [stdout] 988 | pub fn to_value<T>(value: T) -> Result<Value, Error>
[INFO] [stdout]     |        -------- required by a bound in this function
[INFO] [stdout] 989 | where
[INFO] [stdout] 990 |     T: Serialize,
[INFO] [stdout]     |        ^^^^^^^^^ required by this bound in `to_value`
[INFO] [stdout] 
[INFO] [stdout] 
[INFO] [stdout] error[E0277]: the trait bound `media::event::MediaEvent: serde::ser::Serialize` is not satisfied
[INFO] [stdout]    --> src/signaling/media/event.rs:320:34
[INFO] [stdout]     |
[INFO] [stdout] 320 |             serde_json::to_value(webrtc_down).unwrap(),
[INFO] [stdout]     |             -------------------- ^^^^^^^^^^^ the trait `serde::ser::Serialize` is not implemented for `media::event::MediaEvent`
[INFO] [stdout]     |             |
[INFO] [stdout]     |             required by a bound introduced by this call
[INFO] [stdout]     |
[INFO] [stdout]     = note: for local types consider adding `#[derive(serde::Serialize)]` to your `media::event::MediaEvent` type
[INFO] [stdout]     = note: for types from other crates check whether the crate offers a `serde` feature flag
[INFO] [stdout]     = help: the following other types implement trait `serde::ser::Serialize`:
[INFO] [stdout]               &'a T
[INFO] [stdout]               &'a mut T
[INFO] [stdout]               ()
[INFO] [stdout]               (T,)
[INFO] [stdout]               (T0, T1)
[INFO] [stdout]               (T0, T1, T2)
[INFO] [stdout]               (T0, T1, T2, T3)
[INFO] [stdout]               (T0, T1, T2, T3, T4)
[INFO] [stdout]             and 132 others
[INFO] [stdout] note: required by a bound in `to_value`
[INFO] [stdout]    --> /opt/rustwide/cargo-home/registry/src/index.crates.io-6f17d22bba15001f/serde_json-1.0.132/src/value/mod.rs:990:8
[INFO] [stdout]     |
[INFO] [stdout] 988 | pub fn to_value<T>(value: T) -> Result<Value, Error>
[INFO] [stdout]     |        -------- required by a bound in this function
[INFO] [stdout] 989 | where
[INFO] [stdout] 990 |     T: Serialize,
[INFO] [stdout]     |        ^^^^^^^^^ required by this bound in `to_value`
[INFO] [stdout] 
[INFO] [stdout] 
[INFO] [stdout] error[E0277]: the trait bound `media::event::MediaEvent: serde::ser::Serialize` is not satisfied
[INFO] [stdout]    --> src/signaling/media/event.rs:341:34
[INFO] [stdout]     |
[INFO] [stdout] 341 |             serde_json::to_value(webrtc_down).unwrap(),
[INFO] [stdout]     |             -------------------- ^^^^^^^^^^^ the trait `serde::ser::Serialize` is not implemented for `media::event::MediaEvent`
[INFO] [stdout]     |             |
[INFO] [stdout]     |             required by a bound introduced by this call
[INFO] [stdout]     |
[INFO] [stdout]     = note: for local types consider adding `#[derive(serde::Serialize)]` to your `media::event::MediaEvent` type
[INFO] [stdout]     = note: for types from other crates check whether the crate offers a `serde` feature flag
[INFO] [stdout]     = help: the following other types implement trait `serde::ser::Serialize`:
[INFO] [stdout]               &'a T
[INFO] [stdout]               &'a mut T
[INFO] [stdout]               ()
[INFO] [stdout]               (T,)
[INFO] [stdout]               (T0, T1)
[INFO] [stdout]               (T0, T1, T2)
[INFO] [stdout]               (T0, T1, T2, T3)
[INFO] [stdout]               (T0, T1, T2, T3, T4)
[INFO] [stdout]             and 132 others
[INFO] [stdout] note: required by a bound in `to_value`
[INFO] [stdout]    --> /opt/rustwide/cargo-home/registry/src/index.crates.io-6f17d22bba15001f/serde_json-1.0.132/src/value/mod.rs:990:8
[INFO] [stdout]     |
[INFO] [stdout] 988 | pub fn to_value<T>(value: T) -> Result<Value, Error>
[INFO] [stdout]     |        -------- required by a bound in this function
[INFO] [stdout] 989 | where
[INFO] [stdout] 990 |     T: Serialize,
[INFO] [stdout]     |        ^^^^^^^^^ required by this bound in `to_value`
[INFO] [stdout] 
[INFO] [stdout] 
[INFO] [stdout] error[E0277]: the trait bound `media::event::MediaEvent: serde::ser::Serialize` is not satisfied
[INFO] [stdout]    --> src/signaling/media/event.rs:363:34
[INFO] [stdout]     |
[INFO] [stdout] 363 |             serde_json::to_value(web_rtc_slow).unwrap(),
[INFO] [stdout]     |             -------------------- ^^^^^^^^^^^^ the trait `serde::ser::Serialize` is not implemented for `media::event::MediaEvent`
[INFO] [stdout]     |             |
[INFO] [stdout]     |             required by a bound introduced by this call
[INFO] [stdout]     |
[INFO] [stdout]     = note: for local types consider adding `#[derive(serde::Serialize)]` to your `media::event::MediaEvent` type
[INFO] [stdout]     = note: for types from other crates check whether the crate offers a `serde` feature flag
[INFO] [stdout]     = help: the following other types implement trait `serde::ser::Serialize`:
[INFO] [stdout]               &'a T
[INFO] [stdout]               &'a mut T
[INFO] [stdout]               ()
[INFO] [stdout]               (T,)
[INFO] [stdout]               (T0, T1)
[INFO] [stdout]               (T0, T1, T2)
[INFO] [stdout]               (T0, T1, T2, T3)
[INFO] [stdout]               (T0, T1, T2, T3, T4)
[INFO] [stdout]             and 132 others
[INFO] [stdout] note: required by a bound in `to_value`
[INFO] [stdout]    --> /opt/rustwide/cargo-home/registry/src/index.crates.io-6f17d22bba15001f/serde_json-1.0.132/src/value/mod.rs:990:8
[INFO] [stdout]     |
[INFO] [stdout] 988 | pub fn to_value<T>(value: T) -> Result<Value, Error>
[INFO] [stdout]     |        -------- required by a bound in this function
[INFO] [stdout] 989 | where
[INFO] [stdout] 990 |     T: Serialize,
[INFO] [stdout]     |        ^^^^^^^^^ required by this bound in `to_value`
[INFO] [stdout] 
[INFO] [stdout] 
[INFO] [stdout] error[E0277]: the trait bound `media::event::MediaEvent: serde::ser::Serialize` is not satisfied
[INFO] [stdout]    --> src/signaling/media/event.rs:381:34
[INFO] [stdout]     |
[INFO] [stdout] 381 |             serde_json::to_value(request_mute).unwrap(),
[INFO] [stdout]     |             -------------------- ^^^^^^^^^^^^ the trait `serde::ser::Serialize` is not implemented for `media::event::MediaEvent`
[INFO] [stdout]     |             |
[INFO] [stdout]     |             required by a bound introduced by this call
[INFO] [stdout]     |
[INFO] [stdout]     = note: for local types consider adding `#[derive(serde::Serialize)]` to your `media::event::MediaEvent` type
[INFO] [stdout]     = note: for types from other crates check whether the crate offers a `serde` feature flag
[INFO] [stdout]     = help: the following other types implement trait `serde::ser::Serialize`:
[INFO] [stdout]               &'a T
[INFO] [stdout]               &'a mut T
[INFO] [stdout]               ()
[INFO] [stdout]               (T,)
[INFO] [stdout]               (T0, T1)
[INFO] [stdout]               (T0, T1, T2)
[INFO] [stdout]               (T0, T1, T2, T3)
[INFO] [stdout]               (T0, T1, T2, T3, T4)
[INFO] [stdout]             and 132 others
[INFO] [stdout] note: required by a bound in `to_value`
[INFO] [stdout]    --> /opt/rustwide/cargo-home/registry/src/index.crates.io-6f17d22bba15001f/serde_json-1.0.132/src/value/mod.rs:990:8
[INFO] [stdout]     |
[INFO] [stdout] 988 | pub fn to_value<T>(value: T) -> Result<Value, Error>
[INFO] [stdout]     |        -------- required by a bound in this function
[INFO] [stdout] 989 | where
[INFO] [stdout] 990 |     T: Serialize,
[INFO] [stdout]     |        ^^^^^^^^^ required by this bound in `to_value`
[INFO] [stdout] 
[INFO] [stdout] 
[INFO] [stdout] error[E0277]: the trait bound `media::event::Error: serde::ser::Serialize` is not satisfied
[INFO] [stdout]    --> src/signaling/media/event.rs:434:49
[INFO] [stdout]     |
[INFO] [stdout] 434 |             let produced = serde_json::to_value(error).unwrap();
[INFO] [stdout]     |                            -------------------- ^^^^^ the trait `serde::ser::Serialize` is not implemented for `media::event::Error`
[INFO] [stdout]     |                            |
[INFO] [stdout]     |                            required by a bound introduced by this call
[INFO] [stdout]     |
[INFO] [stdout]     = note: for local types consider adding `#[derive(serde::Serialize)]` to your `media::event::Error` type
[INFO] [stdout]     = note: for types from other crates check whether the crate offers a `serde` feature flag
[INFO] [stdout]     = help: the following other types implement trait `serde::ser::Serialize`:
[INFO] [stdout]               &'a T
[INFO] [stdout]               &'a mut T
[INFO] [stdout]               ()
[INFO] [stdout]               (T,)
[INFO] [stdout]               (T0, T1)
[INFO] [stdout]               (T0, T1, T2)
[INFO] [stdout]               (T0, T1, T2, T3)
[INFO] [stdout]               (T0, T1, T2, T3, T4)
[INFO] [stdout]             and 132 others
[INFO] [stdout] note: required by a bound in `to_value`
[INFO] [stdout]    --> /opt/rustwide/cargo-home/registry/src/index.crates.io-6f17d22bba15001f/serde_json-1.0.132/src/value/mod.rs:990:8
[INFO] [stdout]     |
[INFO] [stdout] 988 | pub fn to_value<T>(value: T) -> Result<Value, Error>
[INFO] [stdout]     |        -------- required by a bound in this function
[INFO] [stdout] 989 | where
[INFO] [stdout] 990 |     T: Serialize,
[INFO] [stdout]     |        ^^^^^^^^^ required by this bound in `to_value`
[INFO] [stdout] 
[INFO] [stdout] 
[INFO] [stdout] error[E0277]: the trait bound `media::event::MediaEvent: serde::ser::Serialize` is not satisfied
[INFO] [stdout]    --> src/signaling/media/event.rs:445:34
[INFO] [stdout]     |
[INFO] [stdout] 445 |             serde_json::to_value(presenter_granted).unwrap(),
[INFO] [stdout]     |             -------------------- ^^^^^^^^^^^^^^^^^ the trait `serde::ser::Serialize` is not implemented for `media::event::MediaEvent`
[INFO] [stdout]     |             |
[INFO] [stdout]     |             required by a bound introduced by this call
[INFO] [stdout]     |
[INFO] [stdout]     = note: for local types consider adding `#[derive(serde::Serialize)]` to your `media::event::MediaEvent` type
[INFO] [stdout]     = note: for types from other crates check whether the crate offers a `serde` feature flag
[INFO] [stdout]     = help: the following other types implement trait `serde::ser::Serialize`:
[INFO] [stdout]               &'a T
[INFO] [stdout]               &'a mut T
[INFO] [stdout]               ()
[INFO] [stdout]               (T,)
[INFO] [stdout]               (T0, T1)
[INFO] [stdout]               (T0, T1, T2)
[INFO] [stdout]               (T0, T1, T2, T3)
[INFO] [stdout]               (T0, T1, T2, T3, T4)
[INFO] [stdout]             and 132 others
[INFO] [stdout] note: required by a bound in `to_value`
[INFO] [stdout]    --> /opt/rustwide/cargo-home/registry/src/index.crates.io-6f17d22bba15001f/serde_json-1.0.132/src/value/mod.rs:990:8
[INFO] [stdout]     |
[INFO] [stdout] 988 | pub fn to_value<T>(value: T) -> Result<Value, Error>
[INFO] [stdout]     |        -------- required by a bound in this function
[INFO] [stdout] 989 | where
[INFO] [stdout] 990 |     T: Serialize,
[INFO] [stdout]     |        ^^^^^^^^^ required by this bound in `to_value`
[INFO] [stdout] 
[INFO] [stdout] 
[INFO] [stdout] error[E0277]: the trait bound `media::event::MediaEvent: serde::ser::Serialize` is not satisfied
[INFO] [stdout]    --> src/signaling/media/event.rs:457:34
[INFO] [stdout]     |
[INFO] [stdout] 457 |             serde_json::to_value(presenter_revoked).unwrap(),
[INFO] [stdout]     |             -------------------- ^^^^^^^^^^^^^^^^^ the trait `serde::ser::Serialize` is not implemented for `media::event::MediaEvent`
[INFO] [stdout]     |             |
[INFO] [stdout]     |             required by a bound introduced by this call
[INFO] [stdout]     |
[INFO] [stdout]     = note: for local types consider adding `#[derive(serde::Serialize)]` to your `media::event::MediaEvent` type
[INFO] [stdout]     = note: for types from other crates check whether the crate offers a `serde` feature flag
[INFO] [stdout]     = help: the following other types implement trait `serde::ser::Serialize`:
[INFO] [stdout]               &'a T
[INFO] [stdout]               &'a mut T
[INFO] [stdout]               ()
[INFO] [stdout]               (T,)
[INFO] [stdout]               (T0, T1)
[INFO] [stdout]               (T0, T1, T2)
[INFO] [stdout]               (T0, T1, T2, T3)
[INFO] [stdout]               (T0, T1, T2, T3, T4)
[INFO] [stdout]             and 132 others
[INFO] [stdout] note: required by a bound in `to_value`
[INFO] [stdout]    --> /opt/rustwide/cargo-home/registry/src/index.crates.io-6f17d22bba15001f/serde_json-1.0.132/src/value/mod.rs:990:8
[INFO] [stdout]     |
[INFO] [stdout] 988 | pub fn to_value<T>(value: T) -> Result<Value, Error>
[INFO] [stdout]     |        -------- required by a bound in this function
[INFO] [stdout] 989 | where
[INFO] [stdout] 990 |     T: Serialize,
[INFO] [stdout]     |        ^^^^^^^^^ required by this bound in `to_value`
[INFO] [stdout] 
[INFO] [stdout] 
[INFO] [stdout] error[E0277]: the trait bound `meeting_notes::command::MeetingNotesCommand: serde::de::DeserializeOwned` is not satisfied
[INFO] [stdout]     --> src/signaling/meeting_notes/command.rs:58:13
[INFO] [stdout]      |
[INFO] [stdout] 58   |             serde_json::from_value(json_str).unwrap()
[INFO] [stdout]      |             ^^^^^^^^^^^^^^^^^^^^^^^^^^^^^^^^ the trait `for<'de> serde::de::Deserialize<'de>` is not implemented for `meeting_notes::command::MeetingNotesCommand`, which is required by `meeting_notes::command::MeetingNotesCommand: serde::de::DeserializeOwned`
[INFO] [stdout]      |
[INFO] [stdout]      = help: the following other types implement trait `serde::de::Deserialize<'de>`:
[INFO] [stdout]                &'a Path
[INFO] [stdout]                &'a [u8]
[INFO] [stdout]                &'a str
[INFO] [stdout]                ()
[INFO] [stdout]                (T,)
[INFO] [stdout]                (T0, T1)
[INFO] [stdout]                (T0, T1, T2)
[INFO] [stdout]                (T0, T1, T2, T3)
[INFO] [stdout]              and 143 others
[INFO] [stdout]      = note: required for `meeting_notes::command::MeetingNotesCommand` to implement `serde::de::DeserializeOwned`
[INFO] [stdout] note: required by a bound in `from_value`
[INFO] [stdout]     --> /opt/rustwide/cargo-home/registry/src/index.crates.io-6f17d22bba15001f/serde_json-1.0.132/src/value/mod.rs:1032:8
[INFO] [stdout]      |
[INFO] [stdout] 1030 | pub fn from_value<T>(value: Value) -> Result<T, Error>
[INFO] [stdout]      |        ---------- required by a bound in this function
[INFO] [stdout] 1031 | where
[INFO] [stdout] 1032 |     T: DeserializeOwned,
[INFO] [stdout]      |        ^^^^^^^^^^^^^^^^ required by this bound in `from_value`
[INFO] [stdout] 
[INFO] [stdout] 
[INFO] [stdout] error[E0277]: the trait bound `meeting_notes::command::MeetingNotesCommand: serde::de::DeserializeOwned` is not satisfied
[INFO] [stdout]     --> src/signaling/meeting_notes/command.rs:76:13
[INFO] [stdout]      |
[INFO] [stdout] 76   |             serde_json::from_value(json_str).unwrap()
[INFO] [stdout]      |             ^^^^^^^^^^^^^^^^^^^^^^^^^^^^^^^^ the trait `for<'de> serde::de::Deserialize<'de>` is not implemented for `meeting_notes::command::MeetingNotesCommand`, which is required by `meeting_notes::command::MeetingNotesCommand: serde::de::DeserializeOwned`
[INFO] [stdout]      |
[INFO] [stdout]      = help: the following other types implement trait `serde::de::Deserialize<'de>`:
[INFO] [stdout]                &'a Path
[INFO] [stdout]                &'a [u8]
[INFO] [stdout]                &'a str
[INFO] [stdout]                ()
[INFO] [stdout]                (T,)
[INFO] [stdout]                (T0, T1)
[INFO] [stdout]                (T0, T1, T2)
[INFO] [stdout]                (T0, T1, T2, T3)
[INFO] [stdout]              and 143 others
[INFO] [stdout]      = note: required for `meeting_notes::command::MeetingNotesCommand` to implement `serde::de::DeserializeOwned`
[INFO] [stdout] note: required by a bound in `from_value`
[INFO] [stdout]     --> /opt/rustwide/cargo-home/registry/src/index.crates.io-6f17d22bba15001f/serde_json-1.0.132/src/value/mod.rs:1032:8
[INFO] [stdout]      |
[INFO] [stdout] 1030 | pub fn from_value<T>(value: Value) -> Result<T, Error>
[INFO] [stdout]      |        ---------- required by a bound in this function
[INFO] [stdout] 1031 | where
[INFO] [stdout] 1032 |     T: DeserializeOwned,
[INFO] [stdout]      |        ^^^^^^^^^^^^^^^^ required by this bound in `from_value`
[INFO] [stdout] 
[INFO] [stdout] 
[INFO] [stdout] error[E0277]: the trait bound `meeting_notes::command::MeetingNotesCommand: serde::de::DeserializeOwned` is not satisfied
[INFO] [stdout]     --> src/signaling/meeting_notes/command.rs:91:51
[INFO] [stdout]      |
[INFO] [stdout] 91   |         if let MeetingNotesCommand::GeneratePdf = serde_json::from_value(json).unwrap() {
[INFO] [stdout]      |                                                   ^^^^^^^^^^^^^^^^^^^^^^^^^^^^ the trait `for<'de> serde::de::Deserialize<'de>` is not implemented for `meeting_notes::command::MeetingNotesCommand`, which is required by `meeting_notes::command::MeetingNotesCommand: serde::de::DeserializeOwned`
[INFO] [stdout]      |
[INFO] [stdout]      = help: the following other types implement trait `serde::de::Deserialize<'de>`:
[INFO] [stdout]                &'a Path
[INFO] [stdout]                &'a [u8]
[INFO] [stdout]                &'a str
[INFO] [stdout]                ()
[INFO] [stdout]                (T,)
[INFO] [stdout]                (T0, T1)
[INFO] [stdout]                (T0, T1, T2)
[INFO] [stdout]                (T0, T1, T2, T3)
[INFO] [stdout]              and 143 others
[INFO] [stdout]      = note: required for `meeting_notes::command::MeetingNotesCommand` to implement `serde::de::DeserializeOwned`
[INFO] [stdout] note: required by a bound in `from_value`
[INFO] [stdout]     --> /opt/rustwide/cargo-home/registry/src/index.crates.io-6f17d22bba15001f/serde_json-1.0.132/src/value/mod.rs:1032:8
[INFO] [stdout]      |
[INFO] [stdout] 1030 | pub fn from_value<T>(value: Value) -> Result<T, Error>
[INFO] [stdout]      |        ---------- required by a bound in this function
[INFO] [stdout] 1031 | where
[INFO] [stdout] 1032 |     T: DeserializeOwned,
[INFO] [stdout]      |        ^^^^^^^^^^^^^^^^ required by this bound in `from_value`
[INFO] [stdout] 
[INFO] [stdout] 
[INFO] [stdout] error[E0277]: the trait bound `meeting_notes::event::MeetingNotesEvent: serde::ser::Serialize` is not satisfied
[INFO] [stdout]    --> src/signaling/meeting_notes/event.rs:110:43
[INFO] [stdout]     |
[INFO] [stdout] 110 |         let actual = serde_json::to_value(message).unwrap();
[INFO] [stdout]     |                      -------------------- ^^^^^^^ the trait `serde::ser::Serialize` is not implemented for `meeting_notes::event::MeetingNotesEvent`
[INFO] [stdout]     |                      |
[INFO] [stdout]     |                      required by a bound introduced by this call
[INFO] [stdout]     |
[INFO] [stdout]     = note: for local types consider adding `#[derive(serde::Serialize)]` to your `meeting_notes::event::MeetingNotesEvent` type
[INFO] [stdout]     = note: for types from other crates check whether the crate offers a `serde` feature flag
[INFO] [stdout]     = help: the following other types implement trait `serde::ser::Serialize`:
[INFO] [stdout]               &'a T
[INFO] [stdout]               &'a mut T
[INFO] [stdout]               ()
[INFO] [stdout]               (T,)
[INFO] [stdout]               (T0, T1)
[INFO] [stdout]               (T0, T1, T2)
[INFO] [stdout]               (T0, T1, T2, T3)
[INFO] [stdout]               (T0, T1, T2, T3, T4)
[INFO] [stdout]             and 132 others
[INFO] [stdout] note: required by a bound in `to_value`
[INFO] [stdout]    --> /opt/rustwide/cargo-home/registry/src/index.crates.io-6f17d22bba15001f/serde_json-1.0.132/src/value/mod.rs:990:8
[INFO] [stdout]     |
[INFO] [stdout] 988 | pub fn to_value<T>(value: T) -> Result<Value, Error>
[INFO] [stdout]     |        -------- required by a bound in this function
[INFO] [stdout] 989 | where
[INFO] [stdout] 990 |     T: Serialize,
[INFO] [stdout]     |        ^^^^^^^^^ required by this bound in `to_value`
[INFO] [stdout] 
[INFO] [stdout] 
[INFO] [stdout] error[E0277]: the trait bound `meeting_notes::event::MeetingNotesEvent: serde::ser::Serialize` is not satisfied
[INFO] [stdout]    --> src/signaling/meeting_notes/event.rs:127:43
[INFO] [stdout]     |
[INFO] [stdout] 127 |         let actual = serde_json::to_value(message).unwrap();
[INFO] [stdout]     |                      -------------------- ^^^^^^^ the trait `serde::ser::Serialize` is not implemented for `meeting_notes::event::MeetingNotesEvent`
[INFO] [stdout]     |                      |
[INFO] [stdout]     |                      required by a bound introduced by this call
[INFO] [stdout]     |
[INFO] [stdout]     = note: for local types consider adding `#[derive(serde::Serialize)]` to your `meeting_notes::event::MeetingNotesEvent` type
[INFO] [stdout]     = note: for types from other crates check whether the crate offers a `serde` feature flag
[INFO] [stdout]     = help: the following other types implement trait `serde::ser::Serialize`:
[INFO] [stdout]               &'a T
[INFO] [stdout]               &'a mut T
[INFO] [stdout]               ()
[INFO] [stdout]               (T,)
[INFO] [stdout]               (T0, T1)
[INFO] [stdout]               (T0, T1, T2)
[INFO] [stdout]               (T0, T1, T2, T3)
[INFO] [stdout]               (T0, T1, T2, T3, T4)
[INFO] [stdout]             and 132 others
[INFO] [stdout] note: required by a bound in `to_value`
[INFO] [stdout]    --> /opt/rustwide/cargo-home/registry/src/index.crates.io-6f17d22bba15001f/serde_json-1.0.132/src/value/mod.rs:990:8
[INFO] [stdout]     |
[INFO] [stdout] 988 | pub fn to_value<T>(value: T) -> Result<Value, Error>
[INFO] [stdout]     |        -------- required by a bound in this function
[INFO] [stdout] 989 | where
[INFO] [stdout] 990 |     T: Serialize,
[INFO] [stdout]     |        ^^^^^^^^^ required by this bound in `to_value`
[INFO] [stdout] 
[INFO] [stdout] 
[INFO] [stdout] error[E0277]: the trait bound `meeting_notes::event::MeetingNotesEvent: serde::ser::Serialize` is not satisfied
[INFO] [stdout]    --> src/signaling/meeting_notes/event.rs:138:43
[INFO] [stdout]     |
[INFO] [stdout] 138 |         let actual = serde_json::to_value(message).unwrap();
[INFO] [stdout]     |                      -------------------- ^^^^^^^ the trait `serde::ser::Serialize` is not implemented for `meeting_notes::event::MeetingNotesEvent`
[INFO] [stdout]     |                      |
[INFO] [stdout]     |                      required by a bound introduced by this call
[INFO] [stdout]     |
[INFO] [stdout]     = note: for local types consider adding `#[derive(serde::Serialize)]` to your `meeting_notes::event::MeetingNotesEvent` type
[INFO] [stdout]     = note: for types from other crates check whether the crate offers a `serde` feature flag
[INFO] [stdout]     = help: the following other types implement trait `serde::ser::Serialize`:
[INFO] [stdout]               &'a T
[INFO] [stdout]               &'a mut T
[INFO] [stdout]               ()
[INFO] [stdout]               (T,)
[INFO] [stdout]               (T0, T1)
[INFO] [stdout]               (T0, T1, T2)
[INFO] [stdout]               (T0, T1, T2, T3)
[INFO] [stdout]               (T0, T1, T2, T3, T4)
[INFO] [stdout]             and 132 others
[INFO] [stdout] note: required by a bound in `to_value`
[INFO] [stdout]    --> /opt/rustwide/cargo-home/registry/src/index.crates.io-6f17d22bba15001f/serde_json-1.0.132/src/value/mod.rs:990:8
[INFO] [stdout]     |
[INFO] [stdout] 988 | pub fn to_value<T>(value: T) -> Result<Value, Error>
[INFO] [stdout]     |        -------- required by a bound in this function
[INFO] [stdout] 989 | where
[INFO] [stdout] 990 |     T: Serialize,
[INFO] [stdout]     |        ^^^^^^^^^ required by this bound in `to_value`
[INFO] [stdout] 
[INFO] [stdout] 
[INFO] [stdout] error[E0277]: the trait bound `meeting_notes::event::MeetingNotesEvent: serde::ser::Serialize` is not satisfied
[INFO] [stdout]    --> src/signaling/meeting_notes/event.rs:149:43
[INFO] [stdout]     |
[INFO] [stdout] 149 |         let actual = serde_json::to_value(message).unwrap();
[INFO] [stdout]     |                      -------------------- ^^^^^^^ the trait `serde::ser::Serialize` is not implemented for `meeting_notes::event::MeetingNotesEvent`
[INFO] [stdout]     |                      |
[INFO] [stdout]     |                      required by a bound introduced by this call
[INFO] [stdout]     |
[INFO] [stdout]     = note: for local types consider adding `#[derive(serde::Serialize)]` to your `meeting_notes::event::MeetingNotesEvent` type
[INFO] [stdout]     = note: for types from other crates check whether the crate offers a `serde` feature flag
[INFO] [stdout]     = help: the following other types implement trait `serde::ser::Serialize`:
[INFO] [stdout]               &'a T
[INFO] [stdout]               &'a mut T
[INFO] [stdout]               ()
[INFO] [stdout]               (T,)
[INFO] [stdout]               (T0, T1)
[INFO] [stdout]               (T0, T1, T2)
[INFO] [stdout]               (T0, T1, T2, T3)
[INFO] [stdout]               (T0, T1, T2, T3, T4)
[INFO] [stdout]             and 132 others
[INFO] [stdout] note: required by a bound in `to_value`
[INFO] [stdout]    --> /opt/rustwide/cargo-home/registry/src/index.crates.io-6f17d22bba15001f/serde_json-1.0.132/src/value/mod.rs:990:8
[INFO] [stdout]     |
[INFO] [stdout] 988 | pub fn to_value<T>(value: T) -> Result<Value, Error>
[INFO] [stdout]     |        -------- required by a bound in this function
[INFO] [stdout] 989 | where
[INFO] [stdout] 990 |     T: Serialize,
[INFO] [stdout]     |        ^^^^^^^^^ required by this bound in `to_value`
[INFO] [stdout] 
[INFO] [stdout] 
[INFO] [stdout] error[E0277]: the trait bound `meeting_notes::event::MeetingNotesEvent: serde::ser::Serialize` is not satisfied
[INFO] [stdout]    --> src/signaling/meeting_notes/event.rs:160:43
[INFO] [stdout]     |
[INFO] [stdout] 160 |         let actual = serde_json::to_value(message).unwrap();
[INFO] [stdout]     |                      -------------------- ^^^^^^^ the trait `serde::ser::Serialize` is not implemented for `meeting_notes::event::MeetingNotesEvent`
[INFO] [stdout]     |                      |
[INFO] [stdout]     |                      required by a bound introduced by this call
[INFO] [stdout]     |
[INFO] [stdout]     = note: for local types consider adding `#[derive(serde::Serialize)]` to your `meeting_notes::event::MeetingNotesEvent` type
[INFO] [stdout]     = note: for types from other crates check whether the crate offers a `serde` feature flag
[INFO] [stdout]     = help: the following other types implement trait `serde::ser::Serialize`:
[INFO] [stdout]               &'a T
[INFO] [stdout]               &'a mut T
[INFO] [stdout]               ()
[INFO] [stdout]               (T,)
[INFO] [stdout]               (T0, T1)
[INFO] [stdout]               (T0, T1, T2)
[INFO] [stdout]               (T0, T1, T2, T3)
[INFO] [stdout]               (T0, T1, T2, T3, T4)
[INFO] [stdout]             and 132 others
[INFO] [stdout] note: required by a bound in `to_value`
[INFO] [stdout]    --> /opt/rustwide/cargo-home/registry/src/index.crates.io-6f17d22bba15001f/serde_json-1.0.132/src/value/mod.rs:990:8
[INFO] [stdout]     |
[INFO] [stdout] 988 | pub fn to_value<T>(value: T) -> Result<Value, Error>
[INFO] [stdout]     |        -------- required by a bound in this function
[INFO] [stdout] 989 | where
[INFO] [stdout] 990 |     T: Serialize,
[INFO] [stdout]     |        ^^^^^^^^^ required by this bound in `to_value`
[INFO] [stdout] 
[INFO] [stdout] 
[INFO] [stdout] error[E0277]: the trait bound `meeting_notes::event::MeetingNotesEvent: serde::ser::Serialize` is not satisfied
[INFO] [stdout]    --> src/signaling/meeting_notes/event.rs:171:43
[INFO] [stdout]     |
[INFO] [stdout] 171 |         let actual = serde_json::to_value(message).unwrap();
[INFO] [stdout]     |                      -------------------- ^^^^^^^ the trait `serde::ser::Serialize` is not implemented for `meeting_notes::event::MeetingNotesEvent`
[INFO] [stdout]     |                      |
[INFO] [stdout]     |                      required by a bound introduced by this call
[INFO] [stdout]     |
[INFO] [stdout]     = note: for local types consider adding `#[derive(serde::Serialize)]` to your `meeting_notes::event::MeetingNotesEvent` type
[INFO] [stdout]     = note: for types from other crates check whether the crate offers a `serde` feature flag
[INFO] [stdout]     = help: the following other types implement trait `serde::ser::Serialize`:
[INFO] [stdout]               &'a T
[INFO] [stdout]               &'a mut T
[INFO] [stdout]               ()
[INFO] [stdout]               (T,)
[INFO] [stdout]               (T0, T1)
[INFO] [stdout]               (T0, T1, T2)
[INFO] [stdout]               (T0, T1, T2, T3)
[INFO] [stdout]               (T0, T1, T2, T3, T4)
[INFO] [stdout]             and 132 others
[INFO] [stdout] note: required by a bound in `to_value`
[INFO] [stdout]    --> /opt/rustwide/cargo-home/registry/src/index.crates.io-6f17d22bba15001f/serde_json-1.0.132/src/value/mod.rs:990:8
[INFO] [stdout]     |
[INFO] [stdout] 988 | pub fn to_value<T>(value: T) -> Result<Value, Error>
[INFO] [stdout]     |        -------- required by a bound in this function
[INFO] [stdout] 989 | where
[INFO] [stdout] 990 |     T: Serialize,
[INFO] [stdout]     |        ^^^^^^^^^ required by this bound in `to_value`
[INFO] [stdout] 
[INFO] [stdout] 
[INFO] [stdout] error[E0277]: the trait bound `MeetingReportEvent: serde::ser::Serialize` is not satisfied
[INFO] [stdout]    --> src/signaling/meeting_report/event.rs:81:42
[INFO] [stdout]     |
[INFO] [stdout] 81  |         let value = serde_json::to_value(pdf_event).expect("Must be serializable");
[INFO] [stdout]     |                     -------------------- ^^^^^^^^^ the trait `serde::ser::Serialize` is not implemented for `MeetingReportEvent`
[INFO] [stdout]     |                     |
[INFO] [stdout]     |                     required by a bound introduced by this call
[INFO] [stdout]     |
[INFO] [stdout]     = note: for local types consider adding `#[derive(serde::Serialize)]` to your `MeetingReportEvent` type
[INFO] [stdout]     = note: for types from other crates check whether the crate offers a `serde` feature flag
[INFO] [stdout]     = help: the following other types implement trait `serde::ser::Serialize`:
[INFO] [stdout]               &'a T
[INFO] [stdout]               &'a mut T
[INFO] [stdout]               ()
[INFO] [stdout]               (T,)
[INFO] [stdout]               (T0, T1)
[INFO] [stdout]               (T0, T1, T2)
[INFO] [stdout]               (T0, T1, T2, T3)
[INFO] [stdout]               (T0, T1, T2, T3, T4)
[INFO] [stdout]             and 132 others
[INFO] [stdout] note: required by a bound in `to_value`
[INFO] [stdout]    --> /opt/rustwide/cargo-home/registry/src/index.crates.io-6f17d22bba15001f/serde_json-1.0.132/src/value/mod.rs:990:8
[INFO] [stdout]     |
[INFO] [stdout] 988 | pub fn to_value<T>(value: T) -> Result<Value, Error>
[INFO] [stdout]     |        -------- required by a bound in this function
[INFO] [stdout] 989 | where
[INFO] [stdout] 990 |     T: Serialize,
[INFO] [stdout]     |        ^^^^^^^^^ required by this bound in `to_value`
[INFO] [stdout] 
[INFO] [stdout] 
[INFO] [stdout] error[E0277]: the trait bound `MeetingReportEvent: serde::ser::Serialize` is not satisfied
[INFO] [stdout]    --> src/signaling/meeting_report/event.rs:95:42
[INFO] [stdout]     |
[INFO] [stdout] 95  |         let value = serde_json::to_value(pdf_event).expect("Must be serializable");
[INFO] [stdout]     |                     -------------------- ^^^^^^^^^ the trait `serde::ser::Serialize` is not implemented for `MeetingReportEvent`
[INFO] [stdout]     |                     |
[INFO] [stdout]     |                     required by a bound introduced by this call
[INFO] [stdout]     |
[INFO] [stdout]     = note: for local types consider adding `#[derive(serde::Serialize)]` to your `MeetingReportEvent` type
[INFO] [stdout]     = note: for types from other crates check whether the crate offers a `serde` feature flag
[INFO] [stdout]     = help: the following other types implement trait `serde::ser::Serialize`:
[INFO] [stdout]               &'a T
[INFO] [stdout]               &'a mut T
[INFO] [stdout]               ()
[INFO] [stdout]               (T,)
[INFO] [stdout]               (T0, T1)
[INFO] [stdout]               (T0, T1, T2)
[INFO] [stdout]               (T0, T1, T2, T3)
[INFO] [stdout]               (T0, T1, T2, T3, T4)
[INFO] [stdout]             and 132 others
[INFO] [stdout] note: required by a bound in `to_value`
[INFO] [stdout]    --> /opt/rustwide/cargo-home/registry/src/index.crates.io-6f17d22bba15001f/serde_json-1.0.132/src/value/mod.rs:990:8
[INFO] [stdout]     |
[INFO] [stdout] 988 | pub fn to_value<T>(value: T) -> Result<Value, Error>
[INFO] [stdout]     |        -------- required by a bound in this function
[INFO] [stdout] 989 | where
[INFO] [stdout] 990 |     T: Serialize,
[INFO] [stdout]     |        ^^^^^^^^^ required by this bound in `to_value`
[INFO] [stdout] 
[INFO] [stdout] 
[INFO] [stdout] error[E0277]: the trait bound `moderation::command::ModerationCommand: serde::de::DeserializeOwned` is not satisfied
[INFO] [stdout]     --> src/signaling/moderation/command.rs:97:38
[INFO] [stdout]      |
[INFO] [stdout] 97   |         let msg: ModerationCommand = serde_json::from_value(json).unwrap();
[INFO] [stdout]      |                                      ^^^^^^^^^^^^^^^^^^^^^^^^^^^^ the trait `for<'de> serde::de::Deserialize<'de>` is not implemented for `moderation::command::ModerationCommand`, which is required by `moderation::command::ModerationCommand: serde::de::DeserializeOwned`
[INFO] [stdout]      |
[INFO] [stdout]      = help: the following other types implement trait `serde::de::Deserialize<'de>`:
[INFO] [stdout]                &'a Path
[INFO] [stdout]                &'a [u8]
[INFO] [stdout]                &'a str
[INFO] [stdout]                ()
[INFO] [stdout]                (T,)
[INFO] [stdout]                (T0, T1)
[INFO] [stdout]                (T0, T1, T2)
[INFO] [stdout]                (T0, T1, T2, T3)
[INFO] [stdout]              and 143 others
[INFO] [stdout]      = note: required for `moderation::command::ModerationCommand` to implement `serde::de::DeserializeOwned`
[INFO] [stdout] note: required by a bound in `from_value`
[INFO] [stdout]     --> /opt/rustwide/cargo-home/registry/src/index.crates.io-6f17d22bba15001f/serde_json-1.0.132/src/value/mod.rs:1032:8
[INFO] [stdout]      |
[INFO] [stdout] 1030 | pub fn from_value<T>(value: Value) -> Result<T, Error>
[INFO] [stdout]      |        ---------- required by a bound in this function
[INFO] [stdout] 1031 | where
[INFO] [stdout] 1032 |     T: DeserializeOwned,
[INFO] [stdout]      |        ^^^^^^^^^^^^^^^^ required by this bound in `from_value`
[INFO] [stdout] 
[INFO] [stdout] 
[INFO] [stdout] error[E0277]: the trait bound `moderation::command::ModerationCommand: serde::de::DeserializeOwned` is not satisfied
[INFO] [stdout]     --> src/signaling/moderation/command.rs:113:38
[INFO] [stdout]      |
[INFO] [stdout] 113  |         let msg: ModerationCommand = serde_json::from_value(json).unwrap();
[INFO] [stdout]      |                                      ^^^^^^^^^^^^^^^^^^^^^^^^^^^^ the trait `for<'de> serde::de::Deserialize<'de>` is not implemented for `moderation::command::ModerationCommand`, which is required by `moderation::command::ModerationCommand: serde::de::DeserializeOwned`
[INFO] [stdout]      |
[INFO] [stdout]      = help: the following other types implement trait `serde::de::Deserialize<'de>`:
[INFO] [stdout]                &'a Path
[INFO] [stdout]                &'a [u8]
[INFO] [stdout]                &'a str
[INFO] [stdout]                ()
[INFO] [stdout]                (T,)
[INFO] [stdout]                (T0, T1)
[INFO] [stdout]                (T0, T1, T2)
[INFO] [stdout]                (T0, T1, T2, T3)
[INFO] [stdout]              and 143 others
[INFO] [stdout]      = note: required for `moderation::command::ModerationCommand` to implement `serde::de::DeserializeOwned`
[INFO] [stdout] note: required by a bound in `from_value`
[INFO] [stdout]     --> /opt/rustwide/cargo-home/registry/src/index.crates.io-6f17d22bba15001f/serde_json-1.0.132/src/value/mod.rs:1032:8
[INFO] [stdout]      |
[INFO] [stdout] 1030 | pub fn from_value<T>(value: Value) -> Result<T, Error>
[INFO] [stdout]      |        ---------- required by a bound in this function
[INFO] [stdout] 1031 | where
[INFO] [stdout] 1032 |     T: DeserializeOwned,
[INFO] [stdout]      |        ^^^^^^^^^^^^^^^^ required by this bound in `from_value`
[INFO] [stdout] 
[INFO] [stdout] 
[INFO] [stdout] error[E0277]: the trait bound `moderation::command::ModerationCommand: serde::de::DeserializeOwned` is not satisfied
[INFO] [stdout]     --> src/signaling/moderation/command.rs:129:38
[INFO] [stdout]      |
[INFO] [stdout] 129  |         let msg: ModerationCommand = serde_json::from_value(json).unwrap();
[INFO] [stdout]      |                                      ^^^^^^^^^^^^^^^^^^^^^^^^^^^^ the trait `for<'de> serde::de::Deserialize<'de>` is not implemented for `moderation::command::ModerationCommand`, which is required by `moderation::command::ModerationCommand: serde::de::DeserializeOwned`
[INFO] [stdout]      |
[INFO] [stdout]      = help: the following other types implement trait `serde::de::Deserialize<'de>`:
[INFO] [stdout]                &'a Path
[INFO] [stdout]                &'a [u8]
[INFO] [stdout]                &'a str
[INFO] [stdout]                ()
[INFO] [stdout]                (T,)
[INFO] [stdout]                (T0, T1)
[INFO] [stdout]                (T0, T1, T2)
[INFO] [stdout]                (T0, T1, T2, T3)
[INFO] [stdout]              and 143 others
[INFO] [stdout]      = note: required for `moderation::command::ModerationCommand` to implement `serde::de::DeserializeOwned`
[INFO] [stdout] note: required by a bound in `from_value`
[INFO] [stdout]     --> /opt/rustwide/cargo-home/registry/src/index.crates.io-6f17d22bba15001f/serde_json-1.0.132/src/value/mod.rs:1032:8
[INFO] [stdout]      |
[INFO] [stdout] 1030 | pub fn from_value<T>(value: Value) -> Result<T, Error>
[INFO] [stdout]      |        ---------- required by a bound in this function
[INFO] [stdout] 1031 | where
[INFO] [stdout] 1032 |     T: DeserializeOwned,
[INFO] [stdout]      |        ^^^^^^^^^^^^^^^^ required by this bound in `from_value`
[INFO] [stdout] 
[INFO] [stdout] 
[INFO] [stdout] error[E0277]: the trait bound `moderation::command::ModerationCommand: serde::de::DeserializeOwned` is not satisfied
[INFO] [stdout]     --> src/signaling/moderation/command.rs:144:38
[INFO] [stdout]      |
[INFO] [stdout] 144  |         let msg: ModerationCommand = serde_json::from_value(json).unwrap();
[INFO] [stdout]      |                                      ^^^^^^^^^^^^^^^^^^^^^^^^^^^^ the trait `for<'de> serde::de::Deserialize<'de>` is not implemented for `moderation::command::ModerationCommand`, which is required by `moderation::command::ModerationCommand: serde::de::DeserializeOwned`
[INFO] [stdout]      |
[INFO] [stdout]      = help: the following other types implement trait `serde::de::Deserialize<'de>`:
[INFO] [stdout]                &'a Path
[INFO] [stdout]                &'a [u8]
[INFO] [stdout]                &'a str
[INFO] [stdout]                ()
[INFO] [stdout]                (T,)
[INFO] [stdout]                (T0, T1)
[INFO] [stdout]                (T0, T1, T2)
[INFO] [stdout]                (T0, T1, T2, T3)
[INFO] [stdout]              and 143 others
[INFO] [stdout]      = note: required for `moderation::command::ModerationCommand` to implement `serde::de::DeserializeOwned`
[INFO] [stdout] note: required by a bound in `from_value`
[INFO] [stdout]     --> /opt/rustwide/cargo-home/registry/src/index.crates.io-6f17d22bba15001f/serde_json-1.0.132/src/value/mod.rs:1032:8
[INFO] [stdout]      |
[INFO] [stdout] 1030 | pub fn from_value<T>(value: Value) -> Result<T, Error>
[INFO] [stdout]      |        ---------- required by a bound in this function
[INFO] [stdout] 1031 | where
[INFO] [stdout] 1032 |     T: DeserializeOwned,
[INFO] [stdout]      |        ^^^^^^^^^^^^^^^^ required by this bound in `from_value`
[INFO] [stdout] 
[INFO] [stdout] 
[INFO] [stdout] error[E0277]: the trait bound `moderation::command::ModerationCommand: serde::de::DeserializeOwned` is not satisfied
[INFO] [stdout]     --> src/signaling/moderation/command.rs:160:38
[INFO] [stdout]      |
[INFO] [stdout] 160  |         let msg: ModerationCommand = serde_json::from_value(json).unwrap();
[INFO] [stdout]      |                                      ^^^^^^^^^^^^^^^^^^^^^^^^^^^^ the trait `for<'de> serde::de::Deserialize<'de>` is not implemented for `moderation::command::ModerationCommand`, which is required by `moderation::command::ModerationCommand: serde::de::DeserializeOwned`
[INFO] [stdout]      |
[INFO] [stdout]      = help: the following other types implement trait `serde::de::Deserialize<'de>`:
[INFO] [stdout]                &'a Path
[INFO] [stdout]                &'a [u8]
[INFO] [stdout]                &'a str
[INFO] [stdout]                ()
[INFO] [stdout]                (T,)
[INFO] [stdout]                (T0, T1)
[INFO] [stdout]                (T0, T1, T2)
[INFO] [stdout]                (T0, T1, T2, T3)
[INFO] [stdout]              and 143 others
[INFO] [stdout]      = note: required for `moderation::command::ModerationCommand` to implement `serde::de::DeserializeOwned`
[INFO] [stdout] note: required by a bound in `from_value`
[INFO] [stdout]     --> /opt/rustwide/cargo-home/registry/src/index.crates.io-6f17d22bba15001f/serde_json-1.0.132/src/value/mod.rs:1032:8
[INFO] [stdout]      |
[INFO] [stdout] 1030 | pub fn from_value<T>(value: Value) -> Result<T, Error>
[INFO] [stdout]      |        ---------- required by a bound in this function
[INFO] [stdout] 1031 | where
[INFO] [stdout] 1032 |     T: DeserializeOwned,
[INFO] [stdout]      |        ^^^^^^^^^^^^^^^^ required by this bound in `from_value`
[INFO] [stdout] 
[INFO] [stdout] 
[INFO] [stdout] error[E0277]: the trait bound `moderation::command::ModerationCommand: serde::de::DeserializeOwned` is not satisfied
[INFO] [stdout]     --> src/signaling/moderation/command.rs:176:38
[INFO] [stdout]      |
[INFO] [stdout] 176  |         let msg: ModerationCommand = serde_json::from_value(json).unwrap();
[INFO] [stdout]      |                                      ^^^^^^^^^^^^^^^^^^^^^^^^^^^^ the trait `for<'de> serde::de::Deserialize<'de>` is not implemented for `moderation::command::ModerationCommand`, which is required by `moderation::command::ModerationCommand: serde::de::DeserializeOwned`
[INFO] [stdout]      |
[INFO] [stdout]      = help: the following other types implement trait `serde::de::Deserialize<'de>`:
[INFO] [stdout]                &'a Path
[INFO] [stdout]                &'a [u8]
[INFO] [stdout]                &'a str
[INFO] [stdout]                ()
[INFO] [stdout]                (T,)
[INFO] [stdout]                (T0, T1)
[INFO] [stdout]                (T0, T1, T2)
[INFO] [stdout]                (T0, T1, T2, T3)
[INFO] [stdout]              and 143 others
[INFO] [stdout]      = note: required for `moderation::command::ModerationCommand` to implement `serde::de::DeserializeOwned`
[INFO] [stdout] note: required by a bound in `from_value`
[INFO] [stdout]     --> /opt/rustwide/cargo-home/registry/src/index.crates.io-6f17d22bba15001f/serde_json-1.0.132/src/value/mod.rs:1032:8
[INFO] [stdout]      |
[INFO] [stdout] 1030 | pub fn from_value<T>(value: Value) -> Result<T, Error>
[INFO] [stdout]      |        ---------- required by a bound in this function
[INFO] [stdout] 1031 | where
[INFO] [stdout] 1032 |     T: DeserializeOwned,
[INFO] [stdout]      |        ^^^^^^^^^^^^^^^^ required by this bound in `from_value`
[INFO] [stdout] 
[INFO] [stdout] 
[INFO] [stdout] error[E0277]: the trait bound `moderation::command::ModerationCommand: serde::de::DeserializeOwned` is not satisfied
[INFO] [stdout]     --> src/signaling/moderation/command.rs:197:38
[INFO] [stdout]      |
[INFO] [stdout] 197  |         let msg: ModerationCommand = serde_json::from_value(json).unwrap();
[INFO] [stdout]      |                                      ^^^^^^^^^^^^^^^^^^^^^^^^^^^^ the trait `for<'de> serde::de::Deserialize<'de>` is not implemented for `moderation::command::ModerationCommand`, which is required by `moderation::command::ModerationCommand: serde::de::DeserializeOwned`
[INFO] [stdout]      |
[INFO] [stdout]      = help: the following other types implement trait `serde::de::Deserialize<'de>`:
[INFO] [stdout]                &'a Path
[INFO] [stdout]                &'a [u8]
[INFO] [stdout]                &'a str
[INFO] [stdout]                ()
[INFO] [stdout]                (T,)
[INFO] [stdout]                (T0, T1)
[INFO] [stdout]                (T0, T1, T2)
[INFO] [stdout]                (T0, T1, T2, T3)
[INFO] [stdout]              and 143 others
[INFO] [stdout]      = note: required for `moderation::command::ModerationCommand` to implement `serde::de::DeserializeOwned`
[INFO] [stdout] note: required by a bound in `from_value`
[INFO] [stdout]     --> /opt/rustwide/cargo-home/registry/src/index.crates.io-6f17d22bba15001f/serde_json-1.0.132/src/value/mod.rs:1032:8
[INFO] [stdout]      |
[INFO] [stdout] 1030 | pub fn from_value<T>(value: Value) -> Result<T, Error>
[INFO] [stdout]      |        ---------- required by a bound in this function
[INFO] [stdout] 1031 | where
[INFO] [stdout] 1032 |     T: DeserializeOwned,
[INFO] [stdout]      |        ^^^^^^^^^^^^^^^^ required by this bound in `from_value`
[INFO] [stdout] 
[INFO] [stdout] 
[INFO] [stdout] error[E0277]: the trait bound `moderation::event::ModerationEvent: serde::ser::Serialize` is not satisfied
[INFO] [stdout]    --> src/signaling/moderation/event.rs:139:45
[INFO] [stdout]     |
[INFO] [stdout] 139 |         let produced = serde_json::to_value(ModerationEvent::Kicked).unwrap();
[INFO] [stdout]     |                        -------------------- ^^^^^^^^^^^^^^^^^^^^^^^ the trait `serde::ser::Serialize` is not implemented for `moderation::event::ModerationEvent`
[INFO] [stdout]     |                        |
[INFO] [stdout]     |                        required by a bound introduced by this call
[INFO] [stdout]     |
[INFO] [stdout]     = note: for local types consider adding `#[derive(serde::Serialize)]` to your `moderation::event::ModerationEvent` type
[INFO] [stdout]     = note: for types from other crates check whether the crate offers a `serde` feature flag
[INFO] [stdout]     = help: the following other types implement trait `serde::ser::Serialize`:
[INFO] [stdout]               &'a T
[INFO] [stdout]               &'a mut T
[INFO] [stdout]               ()
[INFO] [stdout]               (T,)
[INFO] [stdout]               (T0, T1)
[INFO] [stdout]               (T0, T1, T2)
[INFO] [stdout]               (T0, T1, T2, T3)
[INFO] [stdout]               (T0, T1, T2, T3, T4)
[INFO] [stdout]             and 132 others
[INFO] [stdout] note: required by a bound in `to_value`
[INFO] [stdout]    --> /opt/rustwide/cargo-home/registry/src/index.crates.io-6f17d22bba15001f/serde_json-1.0.132/src/value/mod.rs:990:8
[INFO] [stdout]     |
[INFO] [stdout] 988 | pub fn to_value<T>(value: T) -> Result<Value, Error>
[INFO] [stdout]     |        -------- required by a bound in this function
[INFO] [stdout] 989 | where
[INFO] [stdout] 990 |     T: Serialize,
[INFO] [stdout]     |        ^^^^^^^^^ required by this bound in `to_value`
[INFO] [stdout] 
[INFO] [stdout] 
[INFO] [stdout] error[E0277]: the trait bound `moderation::event::ModerationEvent: serde::ser::Serialize` is not satisfied
[INFO] [stdout]    --> src/signaling/moderation/event.rs:148:45
[INFO] [stdout]     |
[INFO] [stdout] 148 |         let produced = serde_json::to_value(ModerationEvent::Banned).unwrap();
[INFO] [stdout]     |                        -------------------- ^^^^^^^^^^^^^^^^^^^^^^^ the trait `serde::ser::Serialize` is not implemented for `moderation::event::ModerationEvent`
[INFO] [stdout]     |                        |
[INFO] [stdout]     |                        required by a bound introduced by this call
[INFO] [stdout]     |
[INFO] [stdout]     = note: for local types consider adding `#[derive(serde::Serialize)]` to your `moderation::event::ModerationEvent` type
[INFO] [stdout]     = note: for types from other crates check whether the crate offers a `serde` feature flag
[INFO] [stdout]     = help: the following other types implement trait `serde::ser::Serialize`:
[INFO] [stdout]               &'a T
[INFO] [stdout]               &'a mut T
[INFO] [stdout]               ()
[INFO] [stdout]               (T,)
[INFO] [stdout]               (T0, T1)
[INFO] [stdout]               (T0, T1, T2)
[INFO] [stdout]               (T0, T1, T2, T3)
[INFO] [stdout]               (T0, T1, T2, T3, T4)
[INFO] [stdout]             and 132 others
[INFO] [stdout] note: required by a bound in `to_value`
[INFO] [stdout]    --> /opt/rustwide/cargo-home/registry/src/index.crates.io-6f17d22bba15001f/serde_json-1.0.132/src/value/mod.rs:990:8
[INFO] [stdout]     |
[INFO] [stdout] 988 | pub fn to_value<T>(value: T) -> Result<Value, Error>
[INFO] [stdout]     |        -------- required by a bound in this function
[INFO] [stdout] 989 | where
[INFO] [stdout] 990 |     T: Serialize,
[INFO] [stdout]     |        ^^^^^^^^^ required by this bound in `to_value`
[INFO] [stdout] 
[INFO] [stdout] 
[INFO] [stdout] error[E0277]: the trait bound `moderation::event::ModerationEvent: serde::ser::Serialize` is not satisfied
[INFO] [stdout]    --> src/signaling/moderation/event.rs:160:45
[INFO] [stdout]     |
[INFO] [stdout] 160 |           let produced = serde_json::to_value(ModerationEvent::SessionEnded {
[INFO] [stdout]     |  ________________________--------------------_^
[INFO] [stdout]     | |                        |
[INFO] [stdout]     | |                        required by a bound introduced by this call
[INFO] [stdout] 161 | |             issued_by: ParticipantId::nil(),
[INFO] [stdout] 162 | |         })
[INFO] [stdout]     | |_________^ the trait `serde::ser::Serialize` is not implemented for `moderation::event::ModerationEvent`
[INFO] [stdout]     |
[INFO] [stdout]     = note: for local types consider adding `#[derive(serde::Serialize)]` to your `moderation::event::ModerationEvent` type
[INFO] [stdout]     = note: for types from other crates check whether the crate offers a `serde` feature flag
[INFO] [stdout]     = help: the following other types implement trait `serde::ser::Serialize`:
[INFO] [stdout]               &'a T
[INFO] [stdout]               &'a mut T
[INFO] [stdout]               ()
[INFO] [stdout]               (T,)
[INFO] [stdout]               (T0, T1)
[INFO] [stdout]               (T0, T1, T2)
[INFO] [stdout]               (T0, T1, T2, T3)
[INFO] [stdout]               (T0, T1, T2, T3, T4)
[INFO] [stdout]             and 132 others
[INFO] [stdout] note: required by a bound in `to_value`
[INFO] [stdout]    --> /opt/rustwide/cargo-home/registry/src/index.crates.io-6f17d22bba15001f/serde_json-1.0.132/src/value/mod.rs:990:8
[INFO] [stdout]     |
[INFO] [stdout] 988 | pub fn to_value<T>(value: T) -> Result<Value, Error>
[INFO] [stdout]     |        -------- required by a bound in this function
[INFO] [stdout] 989 | where
[INFO] [stdout] 990 |     T: Serialize,
[INFO] [stdout]     |        ^^^^^^^^^ required by this bound in `to_value`
[INFO] [stdout] 
[INFO] [stdout] 
[INFO] [stdout] error[E0277]: the trait bound `moderation::event::ModerationEvent: serde::ser::Serialize` is not satisfied
[INFO] [stdout]    --> src/signaling/moderation/event.rs:175:45
[INFO] [stdout]     |
[INFO] [stdout] 175 |           let produced = serde_json::to_value(ModerationEvent::DebriefingStarted {
[INFO] [stdout]     |  ________________________--------------------_^
[INFO] [stdout]     | |                        |
[INFO] [stdout]     | |                        required by a bound introduced by this call
[INFO] [stdout] 176 | |             issued_by: ParticipantId::nil(),
[INFO] [stdout] 177 | |         })
[INFO] [stdout]     | |_________^ the trait `serde::ser::Serialize` is not implemented for `moderation::event::ModerationEvent`
[INFO] [stdout]     |
[INFO] [stdout]     = note: for local types consider adding `#[derive(serde::Serialize)]` to your `moderation::event::ModerationEvent` type
[INFO] [stdout]     = note: for types from other crates check whether the crate offers a `serde` feature flag
[INFO] [stdout]     = help: the following other types implement trait `serde::ser::Serialize`:
[INFO] [stdout]               &'a T
[INFO] [stdout]               &'a mut T
[INFO] [stdout]               ()
[INFO] [stdout]               (T,)
[INFO] [stdout]               (T0, T1)
[INFO] [stdout]               (T0, T1, T2)
[INFO] [stdout]               (T0, T1, T2, T3)
[INFO] [stdout]               (T0, T1, T2, T3, T4)
[INFO] [stdout]             and 132 others
[INFO] [stdout] note: required by a bound in `to_value`
[INFO] [stdout]    --> /opt/rustwide/cargo-home/registry/src/index.crates.io-6f17d22bba15001f/serde_json-1.0.132/src/value/mod.rs:990:8
[INFO] [stdout]     |
[INFO] [stdout] 988 | pub fn to_value<T>(value: T) -> Result<Value, Error>
[INFO] [stdout]     |        -------- required by a bound in this function
[INFO] [stdout] 989 | where
[INFO] [stdout] 990 |     T: Serialize,
[INFO] [stdout]     |        ^^^^^^^^^ required by this bound in `to_value`
[INFO] [stdout] 
[INFO] [stdout] 
[INFO] [stdout] error[E0277]: the trait bound `moderation::event::ModerationEvent: serde::ser::Serialize` is not satisfied
[INFO] [stdout]    --> src/signaling/moderation/event.rs:187:45
[INFO] [stdout]     |
[INFO] [stdout] 187 |         let produced = serde_json::to_value(ModerationEvent::InWaitingRoom).unwrap();
[INFO] [stdout]     |                        -------------------- ^^^^^^^^^^^^^^^^^^^^^^^^^^^^^^ the trait `serde::ser::Serialize` is not implemented for `moderation::event::ModerationEvent`
[INFO] [stdout]     |                        |
[INFO] [stdout]     |                        required by a bound introduced by this call
[INFO] [stdout]     |
[INFO] [stdout]     = note: for local types consider adding `#[derive(serde::Serialize)]` to your `moderation::event::ModerationEvent` type
[INFO] [stdout]     = note: for types from other crates check whether the crate offers a `serde` feature flag
[INFO] [stdout]     = help: the following other types implement trait `serde::ser::Serialize`:
[INFO] [stdout]               &'a T
[INFO] [stdout]               &'a mut T
[INFO] [stdout]               ()
[INFO] [stdout]               (T,)
[INFO] [stdout]               (T0, T1)
[INFO] [stdout]               (T0, T1, T2)
[INFO] [stdout]               (T0, T1, T2, T3)
[INFO] [stdout]               (T0, T1, T2, T3, T4)
[INFO] [stdout]             and 132 others
[INFO] [stdout] note: required by a bound in `to_value`
[INFO] [stdout]    --> /opt/rustwide/cargo-home/registry/src/index.crates.io-6f17d22bba15001f/serde_json-1.0.132/src/value/mod.rs:990:8
[INFO] [stdout]     |
[INFO] [stdout] 988 | pub fn to_value<T>(value: T) -> Result<Value, Error>
[INFO] [stdout]     |        -------- required by a bound in this function
[INFO] [stdout] 989 | where
[INFO] [stdout] 990 |     T: Serialize,
[INFO] [stdout]     |        ^^^^^^^^^ required by this bound in `to_value`
[INFO] [stdout] 
[INFO] [stdout] 
[INFO] [stdout] error[E0277]: the trait bound `moderation::event::ModerationEvent: serde::ser::Serialize` is not satisfied
[INFO] [stdout]    --> src/signaling/moderation/event.rs:203:34
[INFO] [stdout]     |
[INFO] [stdout] 203 |               serde_json::to_value(ModerationEvent::DisplayNameChanged(DisplayNameChanged {
[INFO] [stdout]     |  _____________--------------------_^
[INFO] [stdout]     | |             |
[INFO] [stdout]     | |             required by a bound introduced by this call
[INFO] [stdout] 204 | |                 target: ParticipantId::nil(),
[INFO] [stdout] 205 | |                 issued_by: ParticipantId::nil(),
[INFO] [stdout] 206 | |                 old_name: "Alice".into(),
[INFO] [stdout] 207 | |                 new_name: "Bob".into(),
[INFO] [stdout] 208 | |             }))
[INFO] [stdout]     | |______________^ the trait `serde::ser::Serialize` is not implemented for `moderation::event::ModerationEvent`
[INFO] [stdout]     |
[INFO] [stdout]     = note: for local types consider adding `#[derive(serde::Serialize)]` to your `moderation::event::ModerationEvent` type
[INFO] [stdout]     = note: for types from other crates check whether the crate offers a `serde` feature flag
[INFO] [stdout]     = help: the following other types implement trait `serde::ser::Serialize`:
[INFO] [stdout]               &'a T
[INFO] [stdout]               &'a mut T
[INFO] [stdout]               ()
[INFO] [stdout]               (T,)
[INFO] [stdout]               (T0, T1)
[INFO] [stdout]               (T0, T1, T2)
[INFO] [stdout]               (T0, T1, T2, T3)
[INFO] [stdout]               (T0, T1, T2, T3, T4)
[INFO] [stdout]             and 132 others
[INFO] [stdout] note: required by a bound in `to_value`
[INFO] [stdout]    --> /opt/rustwide/cargo-home/registry/src/index.crates.io-6f17d22bba15001f/serde_json-1.0.132/src/value/mod.rs:990:8
[INFO] [stdout]     |
[INFO] [stdout] 988 | pub fn to_value<T>(value: T) -> Result<Value, Error>
[INFO] [stdout]     |        -------- required by a bound in this function
[INFO] [stdout] 989 | where
[INFO] [stdout] 990 |     T: Serialize,
[INFO] [stdout]     |        ^^^^^^^^^ required by this bound in `to_value`
[INFO] [stdout] 
[INFO] [stdout] 
[INFO] [stdout] error[E0277]: the trait bound `polls::command::PollsCommand: serde::de::DeserializeOwned` is not satisfied
[INFO] [stdout]     --> src/signaling/polls/command.rs:121:37
[INFO] [stdout]      |
[INFO] [stdout] 121  |         let message: PollsCommand = serde_json::from_value(json).unwrap();
[INFO] [stdout]      |                                     ^^^^^^^^^^^^^^^^^^^^^^^^^^^^ the trait `for<'de> serde::de::Deserialize<'de>` is not implemented for `polls::command::PollsCommand`, which is required by `polls::command::PollsCommand: serde::de::DeserializeOwned`
[INFO] [stdout]      |
[INFO] [stdout]      = help: the following other types implement trait `serde::de::Deserialize<'de>`:
[INFO] [stdout]                &'a Path
[INFO] [stdout]                &'a [u8]
[INFO] [stdout]                &'a str
[INFO] [stdout]                ()
[INFO] [stdout]                (T,)
[INFO] [stdout]                (T0, T1)
[INFO] [stdout]                (T0, T1, T2)
[INFO] [stdout]                (T0, T1, T2, T3)
[INFO] [stdout]              and 143 others
[INFO] [stdout]      = note: required for `polls::command::PollsCommand` to implement `serde::de::DeserializeOwned`
[INFO] [stdout] note: required by a bound in `from_value`
[INFO] [stdout]     --> /opt/rustwide/cargo-home/registry/src/index.crates.io-6f17d22bba15001f/serde_json-1.0.132/src/value/mod.rs:1032:8
[INFO] [stdout]      |
[INFO] [stdout] 1030 | pub fn from_value<T>(value: Value) -> Result<T, Error>
[INFO] [stdout]      |        ---------- required by a bound in this function
[INFO] [stdout] 1031 | where
[INFO] [stdout] 1032 |     T: DeserializeOwned,
[INFO] [stdout]      |        ^^^^^^^^^^^^^^^^ required by this bound in `from_value`
[INFO] [stdout] 
[INFO] [stdout] 
[INFO] [stdout] error[E0277]: the trait bound `polls::command::PollsCommand: serde::de::DeserializeOwned` is not satisfied
[INFO] [stdout]     --> src/signaling/polls/command.rs:149:37
[INFO] [stdout]      |
[INFO] [stdout] 149  |         let message: PollsCommand = serde_json::from_value(json).unwrap();
[INFO] [stdout]      |                                     ^^^^^^^^^^^^^^^^^^^^^^^^^^^^ the trait `for<'de> serde::de::Deserialize<'de>` is not implemented for `polls::command::PollsCommand`, which is required by `polls::command::PollsCommand: serde::de::DeserializeOwned`
[INFO] [stdout]      |
[INFO] [stdout]      = help: the following other types implement trait `serde::de::Deserialize<'de>`:
[INFO] [stdout]                &'a Path
[INFO] [stdout]                &'a [u8]
[INFO] [stdout]                &'a str
[INFO] [stdout]                ()
[INFO] [stdout]                (T,)
[INFO] [stdout]                (T0, T1)
[INFO] [stdout]                (T0, T1, T2)
[INFO] [stdout]                (T0, T1, T2, T3)
[INFO] [stdout]              and 143 others
[INFO] [stdout]      = note: required for `polls::command::PollsCommand` to implement `serde::de::DeserializeOwned`
[INFO] [stdout] note: required by a bound in `from_value`
[INFO] [stdout]     --> /opt/rustwide/cargo-home/registry/src/index.crates.io-6f17d22bba15001f/serde_json-1.0.132/src/value/mod.rs:1032:8
[INFO] [stdout]      |
[INFO] [stdout] 1030 | pub fn from_value<T>(value: Value) -> Result<T, Error>
[INFO] [stdout]      |        ---------- required by a bound in this function
[INFO] [stdout] 1031 | where
[INFO] [stdout] 1032 |     T: DeserializeOwned,
[INFO] [stdout]      |        ^^^^^^^^^^^^^^^^ required by this bound in `from_value`
[INFO] [stdout] 
[INFO] [stdout] 
[INFO] [stdout] error[E0277]: the trait bound `polls::command::PollsCommand: serde::de::DeserializeOwned` is not satisfied
[INFO] [stdout]     --> src/signaling/polls/command.rs:172:37
[INFO] [stdout]      |
[INFO] [stdout] 172  |         let message: PollsCommand = serde_json::from_value(json).unwrap();
[INFO] [stdout]      |                                     ^^^^^^^^^^^^^^^^^^^^^^^^^^^^ the trait `for<'de> serde::de::Deserialize<'de>` is not implemented for `polls::command::PollsCommand`, which is required by `polls::command::PollsCommand: serde::de::DeserializeOwned`
[INFO] [stdout]      |
[INFO] [stdout]      = help: the following other types implement trait `serde::de::Deserialize<'de>`:
[INFO] [stdout]                &'a Path
[INFO] [stdout]                &'a [u8]
[INFO] [stdout]                &'a str
[INFO] [stdout]                ()
[INFO] [stdout]                (T,)
[INFO] [stdout]                (T0, T1)
[INFO] [stdout]                (T0, T1, T2)
[INFO] [stdout]                (T0, T1, T2, T3)
[INFO] [stdout]              and 143 others
[INFO] [stdout]      = note: required for `polls::command::PollsCommand` to implement `serde::de::DeserializeOwned`
[INFO] [stdout] note: required by a bound in `from_value`
[INFO] [stdout]     --> /opt/rustwide/cargo-home/registry/src/index.crates.io-6f17d22bba15001f/serde_json-1.0.132/src/value/mod.rs:1032:8
[INFO] [stdout]      |
[INFO] [stdout] 1030 | pub fn from_value<T>(value: Value) -> Result<T, Error>
[INFO] [stdout]      |        ---------- required by a bound in this function
[INFO] [stdout] 1031 | where
[INFO] [stdout] 1032 |     T: DeserializeOwned,
[INFO] [stdout]      |        ^^^^^^^^^^^^^^^^ required by this bound in `from_value`
[INFO] [stdout] 
[INFO] [stdout] 
[INFO] [stdout] error[E0277]: the trait bound `polls::command::PollsCommand: serde::de::DeserializeOwned` is not satisfied
[INFO] [stdout]     --> src/signaling/polls/command.rs:196:37
[INFO] [stdout]      |
[INFO] [stdout] 196  |         let message: PollsCommand = serde_json::from_value(json).unwrap();
[INFO] [stdout]      |                                     ^^^^^^^^^^^^^^^^^^^^^^^^^^^^ the trait `for<'de> serde::de::Deserialize<'de>` is not implemented for `polls::command::PollsCommand`, which is required by `polls::command::PollsCommand: serde::de::DeserializeOwned`
[INFO] [stdout]      |
[INFO] [stdout]      = help: the following other types implement trait `serde::de::Deserialize<'de>`:
[INFO] [stdout]                &'a Path
[INFO] [stdout]                &'a [u8]
[INFO] [stdout]                &'a str
[INFO] [stdout]                ()
[INFO] [stdout]                (T,)
[INFO] [stdout]                (T0, T1)
[INFO] [stdout]                (T0, T1, T2)
[INFO] [stdout]                (T0, T1, T2, T3)
[INFO] [stdout]              and 143 others
[INFO] [stdout]      = note: required for `polls::command::PollsCommand` to implement `serde::de::DeserializeOwned`
[INFO] [stdout] note: required by a bound in `from_value`
[INFO] [stdout]     --> /opt/rustwide/cargo-home/registry/src/index.crates.io-6f17d22bba15001f/serde_json-1.0.132/src/value/mod.rs:1032:8
[INFO] [stdout]      |
[INFO] [stdout] 1030 | pub fn from_value<T>(value: Value) -> Result<T, Error>
[INFO] [stdout]      |        ---------- required by a bound in this function
[INFO] [stdout] 1031 | where
[INFO] [stdout] 1032 |     T: DeserializeOwned,
[INFO] [stdout]      |        ^^^^^^^^^^^^^^^^ required by this bound in `from_value`
[INFO] [stdout] 
[INFO] [stdout] 
[INFO] [stdout] error[E0277]: the trait bound `polls::command::PollsCommand: serde::de::DeserializeOwned` is not satisfied
[INFO] [stdout]     --> src/signaling/polls/command.rs:218:37
[INFO] [stdout]      |
[INFO] [stdout] 218  |         let message: PollsCommand = serde_json::from_value(json).unwrap();
[INFO] [stdout]      |                                     ^^^^^^^^^^^^^^^^^^^^^^^^^^^^ the trait `for<'de> serde::de::Deserialize<'de>` is not implemented for `polls::command::PollsCommand`, which is required by `polls::command::PollsCommand: serde::de::DeserializeOwned`
[INFO] [stdout]      |
[INFO] [stdout]      = help: the following other types implement trait `serde::de::Deserialize<'de>`:
[INFO] [stdout]                &'a Path
[INFO] [stdout]                &'a [u8]
[INFO] [stdout]                &'a str
[INFO] [stdout]                ()
[INFO] [stdout]                (T,)
[INFO] [stdout]                (T0, T1)
[INFO] [stdout]                (T0, T1, T2)
[INFO] [stdout]                (T0, T1, T2, T3)
[INFO] [stdout]              and 143 others
[INFO] [stdout]      = note: required for `polls::command::PollsCommand` to implement `serde::de::DeserializeOwned`
[INFO] [stdout] note: required by a bound in `from_value`
[INFO] [stdout]     --> /opt/rustwide/cargo-home/registry/src/index.crates.io-6f17d22bba15001f/serde_json-1.0.132/src/value/mod.rs:1032:8
[INFO] [stdout]      |
[INFO] [stdout] 1030 | pub fn from_value<T>(value: Value) -> Result<T, Error>
[INFO] [stdout]      |        ---------- required by a bound in this function
[INFO] [stdout] 1031 | where
[INFO] [stdout] 1032 |     T: DeserializeOwned,
[INFO] [stdout]      |        ^^^^^^^^^^^^^^^^ required by this bound in `from_value`
[INFO] [stdout] 
[INFO] [stdout] 
[INFO] [stdout] error[E0277]: the trait bound `polls::event::PollsEvent: serde::ser::Serialize` is not satisfied
[INFO] [stdout]    --> src/signaling/polls/event.rs:138:34
[INFO] [stdout]     |
[INFO] [stdout] 138 |             serde_json::to_value(started).unwrap(),
[INFO] [stdout]     |             -------------------- ^^^^^^^ the trait `serde::ser::Serialize` is not implemented for `polls::event::PollsEvent`
[INFO] [stdout]     |             |
[INFO] [stdout]     |             required by a bound introduced by this call
[INFO] [stdout]     |
[INFO] [stdout]     = note: for local types consider adding `#[derive(serde::Serialize)]` to your `polls::event::PollsEvent` type
[INFO] [stdout]     = note: for types from other crates check whether the crate offers a `serde` feature flag
[INFO] [stdout]     = help: the following other types implement trait `serde::ser::Serialize`:
[INFO] [stdout]               &'a T
[INFO] [stdout]               &'a mut T
[INFO] [stdout]               ()
[INFO] [stdout]               (T,)
[INFO] [stdout]               (T0, T1)
[INFO] [stdout]               (T0, T1, T2)
[INFO] [stdout]               (T0, T1, T2, T3)
[INFO] [stdout]               (T0, T1, T2, T3, T4)
[INFO] [stdout]             and 132 others
[INFO] [stdout] note: required by a bound in `to_value`
[INFO] [stdout]    --> /opt/rustwide/cargo-home/registry/src/index.crates.io-6f17d22bba15001f/serde_json-1.0.132/src/value/mod.rs:990:8
[INFO] [stdout]     |
[INFO] [stdout] 988 | pub fn to_value<T>(value: T) -> Result<Value, Error>
[INFO] [stdout]     |        -------- required by a bound in this function
[INFO] [stdout] 989 | where
[INFO] [stdout] 990 |     T: Serialize,
[INFO] [stdout]     |        ^^^^^^^^^ required by this bound in `to_value`
[INFO] [stdout] 
[INFO] [stdout] 
[INFO] [stdout] error[E0277]: the trait bound `polls::event::PollsEvent: serde::ser::Serialize` is not satisfied
[INFO] [stdout]    --> src/signaling/polls/event.rs:177:34
[INFO] [stdout]     |
[INFO] [stdout] 177 |             serde_json::to_value(live_update).unwrap(),
[INFO] [stdout]     |             -------------------- ^^^^^^^^^^^ the trait `serde::ser::Serialize` is not implemented for `polls::event::PollsEvent`
[INFO] [stdout]     |             |
[INFO] [stdout]     |             required by a bound introduced by this call
[INFO] [stdout]     |
[INFO] [stdout]     = note: for local types consider adding `#[derive(serde::Serialize)]` to your `polls::event::PollsEvent` type
[INFO] [stdout]     = note: for types from other crates check whether the crate offers a `serde` feature flag
[INFO] [stdout]     = help: the following other types implement trait `serde::ser::Serialize`:
[INFO] [stdout]               &'a T
[INFO] [stdout]               &'a mut T
[INFO] [stdout]               ()
[INFO] [stdout]               (T,)
[INFO] [stdout]               (T0, T1)
[INFO] [stdout]               (T0, T1, T2)
[INFO] [stdout]               (T0, T1, T2, T3)
[INFO] [stdout]               (T0, T1, T2, T3, T4)
[INFO] [stdout]             and 132 others
[INFO] [stdout] note: required by a bound in `to_value`
[INFO] [stdout]    --> /opt/rustwide/cargo-home/registry/src/index.crates.io-6f17d22bba15001f/serde_json-1.0.132/src/value/mod.rs:990:8
[INFO] [stdout]     |
[INFO] [stdout] 988 | pub fn to_value<T>(value: T) -> Result<Value, Error>
[INFO] [stdout]     |        -------- required by a bound in this function
[INFO] [stdout] 989 | where
[INFO] [stdout] 990 |     T: Serialize,
[INFO] [stdout]     |        ^^^^^^^^^ required by this bound in `to_value`
[INFO] [stdout] 
[INFO] [stdout] 
[INFO] [stdout] error[E0277]: the trait bound `polls::event::PollsEvent: serde::ser::Serialize` is not satisfied
[INFO] [stdout]    --> src/signaling/polls/event.rs:212:34
[INFO] [stdout]     |
[INFO] [stdout] 212 |             serde_json::to_value(done).unwrap(),
[INFO] [stdout]     |             -------------------- ^^^^ the trait `serde::ser::Serialize` is not implemented for `polls::event::PollsEvent`
[INFO] [stdout]     |             |
[INFO] [stdout]     |             required by a bound introduced by this call
[INFO] [stdout]     |
[INFO] [stdout]     = note: for local types consider adding `#[derive(serde::Serialize)]` to your `polls::event::PollsEvent` type
[INFO] [stdout]     = note: for types from other crates check whether the crate offers a `serde` feature flag
[INFO] [stdout]     = help: the following other types implement trait `serde::ser::Serialize`:
[INFO] [stdout]               &'a T
[INFO] [stdout]               &'a mut T
[INFO] [stdout]               ()
[INFO] [stdout]               (T,)
[INFO] [stdout]               (T0, T1)
[INFO] [stdout]               (T0, T1, T2)
[INFO] [stdout]               (T0, T1, T2, T3)
[INFO] [stdout]               (T0, T1, T2, T3, T4)
[INFO] [stdout]             and 132 others
[INFO] [stdout] note: required by a bound in `to_value`
[INFO] [stdout]    --> /opt/rustwide/cargo-home/registry/src/index.crates.io-6f17d22bba15001f/serde_json-1.0.132/src/value/mod.rs:990:8
[INFO] [stdout]     |
[INFO] [stdout] 988 | pub fn to_value<T>(value: T) -> Result<Value, Error>
[INFO] [stdout]     |        -------- required by a bound in this function
[INFO] [stdout] 989 | where
[INFO] [stdout] 990 |     T: Serialize,
[INFO] [stdout]     |        ^^^^^^^^^ required by this bound in `to_value`
[INFO] [stdout] 
[INFO] [stdout] 
[INFO] [stdout] error[E0277]: the trait bound `RecordingCommand: serde::ser::Serialize` is not satisfied
[INFO] [stdout]    --> src/signaling/recording/command.rs:102:48
[INFO] [stdout]     |
[INFO] [stdout] 102 |         let serialized = serde_json::to_value(&value);
[INFO] [stdout]     |                          --------------------  ^^^^^ the trait `serde::ser::Serialize` is not implemented for `RecordingCommand`, which is required by `&RecordingCommand: serde::ser::Serialize`
[INFO] [stdout]     |                          |
[INFO] [stdout]     |                          required by a bound introduced by this call
[INFO] [stdout]     |
[INFO] [stdout]     = note: for local types consider adding `#[derive(serde::Serialize)]` to your `RecordingCommand` type
[INFO] [stdout]     = note: for types from other crates check whether the crate offers a `serde` feature flag
[INFO] [stdout]     = help: the following other types implement trait `serde::ser::Serialize`:
[INFO] [stdout]               &'a T
[INFO] [stdout]               &'a mut T
[INFO] [stdout]               ()
[INFO] [stdout]               (T,)
[INFO] [stdout]               (T0, T1)
[INFO] [stdout]               (T0, T1, T2)
[INFO] [stdout]               (T0, T1, T2, T3)
[INFO] [stdout]               (T0, T1, T2, T3, T4)
[INFO] [stdout]             and 132 others
[INFO] [stdout]     = note: required for `&RecordingCommand` to implement `serde::ser::Serialize`
[INFO] [stdout] note: required by a bound in `to_value`
[INFO] [stdout]    --> /opt/rustwide/cargo-home/registry/src/index.crates.io-6f17d22bba15001f/serde_json-1.0.132/src/value/mod.rs:990:8
[INFO] [stdout]     |
[INFO] [stdout] 988 | pub fn to_value<T>(value: T) -> Result<Value, Error>
[INFO] [stdout]     |        -------- required by a bound in this function
[INFO] [stdout] 989 | where
[INFO] [stdout] 990 |     T: Serialize,
[INFO] [stdout]     |        ^^^^^^^^^ required by this bound in `to_value`
[INFO] [stdout] 
[INFO] [stdout] 
[INFO] [stdout] error[E0277]: the trait bound `RecordingCommand: serde::de::DeserializeOwned` is not satisfied
[INFO] [stdout]     --> src/signaling/recording/command.rs:107:28
[INFO] [stdout]      |
[INFO] [stdout] 107  |         let deserialized = serde_json::from_value(json);
[INFO] [stdout]      |                            ^^^^^^^^^^^^^^^^^^^^^^^^^^^^ the trait `for<'de> serde::de::Deserialize<'de>` is not implemented for `RecordingCommand`, which is required by `RecordingCommand: serde::de::DeserializeOwned`
[INFO] [stdout]      |
[INFO] [stdout]      = help: the following other types implement trait `serde::de::Deserialize<'de>`:
[INFO] [stdout]                &'a Path
[INFO] [stdout]                &'a [u8]
[INFO] [stdout]                &'a str
[INFO] [stdout]                ()
[INFO] [stdout]                (T,)
[INFO] [stdout]                (T0, T1)
[INFO] [stdout]                (T0, T1, T2)
[INFO] [stdout]                (T0, T1, T2, T3)
[INFO] [stdout]              and 143 others
[INFO] [stdout]      = note: required for `RecordingCommand` to implement `serde::de::DeserializeOwned`
[INFO] [stdout] note: required by a bound in `from_value`
[INFO] [stdout]     --> /opt/rustwide/cargo-home/registry/src/index.crates.io-6f17d22bba15001f/serde_json-1.0.132/src/value/mod.rs:1032:8
[INFO] [stdout]      |
[INFO] [stdout] 1030 | pub fn from_value<T>(value: Value) -> Result<T, Error>
[INFO] [stdout]      |        ---------- required by a bound in this function
[INFO] [stdout] 1031 | where
[INFO] [stdout] 1032 |     T: DeserializeOwned,
[INFO] [stdout]      |        ^^^^^^^^^^^^^^^^ required by this bound in `from_value`
[INFO] [stdout] 
[INFO] [stdout] 
[INFO] [stdout] error[E0277]: the trait bound `RecordingCommand: serde::ser::Serialize` is not satisfied
[INFO] [stdout]    --> src/signaling/recording/command.rs:128:48
[INFO] [stdout]     |
[INFO] [stdout] 128 |         let serialized = serde_json::to_value(&value);
[INFO] [stdout]     |                          --------------------  ^^^^^ the trait `serde::ser::Serialize` is not implemented for `RecordingCommand`, which is required by `&RecordingCommand: serde::ser::Serialize`
[INFO] [stdout]     |                          |
[INFO] [stdout]     |                          required by a bound introduced by this call
[INFO] [stdout]     |
[INFO] [stdout]     = note: for local types consider adding `#[derive(serde::Serialize)]` to your `RecordingCommand` type
[INFO] [stdout]     = note: for types from other crates check whether the crate offers a `serde` feature flag
[INFO] [stdout]     = help: the following other types implement trait `serde::ser::Serialize`:
[INFO] [stdout]               &'a T
[INFO] [stdout]               &'a mut T
[INFO] [stdout]               ()
[INFO] [stdout]               (T,)
[INFO] [stdout]               (T0, T1)
[INFO] [stdout]               (T0, T1, T2)
[INFO] [stdout]               (T0, T1, T2, T3)
[INFO] [stdout]               (T0, T1, T2, T3, T4)
[INFO] [stdout]             and 132 others
[INFO] [stdout]     = note: required for `&RecordingCommand` to implement `serde::ser::Serialize`
[INFO] [stdout] note: required by a bound in `to_value`
[INFO] [stdout]    --> /opt/rustwide/cargo-home/registry/src/index.crates.io-6f17d22bba15001f/serde_json-1.0.132/src/value/mod.rs:990:8
[INFO] [stdout]     |
[INFO] [stdout] 988 | pub fn to_value<T>(value: T) -> Result<Value, Error>
[INFO] [stdout]     |        -------- required by a bound in this function
[INFO] [stdout] 989 | where
[INFO] [stdout] 990 |     T: Serialize,
[INFO] [stdout]     |        ^^^^^^^^^ required by this bound in `to_value`
[INFO] [stdout] 
[INFO] [stdout] 
[INFO] [stdout] error[E0277]: the trait bound `RecordingCommand: serde::de::DeserializeOwned` is not satisfied
[INFO] [stdout]     --> src/signaling/recording/command.rs:133:28
[INFO] [stdout]      |
[INFO] [stdout] 133  |         let deserialized = serde_json::from_value(json);
[INFO] [stdout]      |                            ^^^^^^^^^^^^^^^^^^^^^^^^^^^^ the trait `for<'de> serde::de::Deserialize<'de>` is not implemented for `RecordingCommand`, which is required by `RecordingCommand: serde::de::DeserializeOwned`
[INFO] [stdout]      |
[INFO] [stdout]      = help: the following other types implement trait `serde::de::Deserialize<'de>`:
[INFO] [stdout]                &'a Path
[INFO] [stdout]                &'a [u8]
[INFO] [stdout]                &'a str
[INFO] [stdout]                ()
[INFO] [stdout]                (T,)
[INFO] [stdout]                (T0, T1)
[INFO] [stdout]                (T0, T1, T2)
[INFO] [stdout]                (T0, T1, T2, T3)
[INFO] [stdout]              and 143 others
[INFO] [stdout]      = note: required for `RecordingCommand` to implement `serde::de::DeserializeOwned`
[INFO] [stdout] note: required by a bound in `from_value`
[INFO] [stdout]     --> /opt/rustwide/cargo-home/registry/src/index.crates.io-6f17d22bba15001f/serde_json-1.0.132/src/value/mod.rs:1032:8
[INFO] [stdout]      |
[INFO] [stdout] 1030 | pub fn from_value<T>(value: Value) -> Result<T, Error>
[INFO] [stdout]      |        ---------- required by a bound in this function
[INFO] [stdout] 1031 | where
[INFO] [stdout] 1032 |     T: DeserializeOwned,
[INFO] [stdout]      |        ^^^^^^^^^^^^^^^^ required by this bound in `from_value`
[INFO] [stdout] 
[INFO] [stdout] 
[INFO] [stdout] error[E0277]: the trait bound `RecordingCommand: serde::ser::Serialize` is not satisfied
[INFO] [stdout]    --> src/signaling/recording/command.rs:154:48
[INFO] [stdout]     |
[INFO] [stdout] 154 |         let serialized = serde_json::to_value(&value);
[INFO] [stdout]     |                          --------------------  ^^^^^ the trait `serde::ser::Serialize` is not implemented for `RecordingCommand`, which is required by `&RecordingCommand: serde::ser::Serialize`
[INFO] [stdout]     |                          |
[INFO] [stdout]     |                          required by a bound introduced by this call
[INFO] [stdout]     |
[INFO] [stdout]     = note: for local types consider adding `#[derive(serde::Serialize)]` to your `RecordingCommand` type
[INFO] [stdout]     = note: for types from other crates check whether the crate offers a `serde` feature flag
[INFO] [stdout]     = help: the following other types implement trait `serde::ser::Serialize`:
[INFO] [stdout]               &'a T
[INFO] [stdout]               &'a mut T
[INFO] [stdout]               ()
[INFO] [stdout]               (T,)
[INFO] [stdout]               (T0, T1)
[INFO] [stdout]               (T0, T1, T2)
[INFO] [stdout]               (T0, T1, T2, T3)
[INFO] [stdout]               (T0, T1, T2, T3, T4)
[INFO] [stdout]             and 132 others
[INFO] [stdout]     = note: required for `&RecordingCommand` to implement `serde::ser::Serialize`
[INFO] [stdout] note: required by a bound in `to_value`
[INFO] [stdout]    --> /opt/rustwide/cargo-home/registry/src/index.crates.io-6f17d22bba15001f/serde_json-1.0.132/src/value/mod.rs:990:8
[INFO] [stdout]     |
[INFO] [stdout] 988 | pub fn to_value<T>(value: T) -> Result<Value, Error>
[INFO] [stdout]     |        -------- required by a bound in this function
[INFO] [stdout] 989 | where
[INFO] [stdout] 990 |     T: Serialize,
[INFO] [stdout]     |        ^^^^^^^^^ required by this bound in `to_value`
[INFO] [stdout] 
[INFO] [stdout] 
[INFO] [stdout] error[E0277]: the trait bound `RecordingCommand: serde::de::DeserializeOwned` is not satisfied
[INFO] [stdout]     --> src/signaling/recording/command.rs:159:28
[INFO] [stdout]      |
[INFO] [stdout] 159  |         let deserialized = serde_json::from_value(json);
[INFO] [stdout]      |                            ^^^^^^^^^^^^^^^^^^^^^^^^^^^^ the trait `for<'de> serde::de::Deserialize<'de>` is not implemented for `RecordingCommand`, which is required by `RecordingCommand: serde::de::DeserializeOwned`
[INFO] [stdout]      |
[INFO] [stdout]      = help: the following other types implement trait `serde::de::Deserialize<'de>`:
[INFO] [stdout]                &'a Path
[INFO] [stdout]                &'a [u8]
[INFO] [stdout]                &'a str
[INFO] [stdout]                ()
[INFO] [stdout]                (T,)
[INFO] [stdout]                (T0, T1)
[INFO] [stdout]                (T0, T1, T2)
[INFO] [stdout]                (T0, T1, T2, T3)
[INFO] [stdout]              and 143 others
[INFO] [stdout]      = note: required for `RecordingCommand` to implement `serde::de::DeserializeOwned`
[INFO] [stdout] note: required by a bound in `from_value`
[INFO] [stdout]     --> /opt/rustwide/cargo-home/registry/src/index.crates.io-6f17d22bba15001f/serde_json-1.0.132/src/value/mod.rs:1032:8
[INFO] [stdout]      |
[INFO] [stdout] 1030 | pub fn from_value<T>(value: Value) -> Result<T, Error>
[INFO] [stdout]      |        ---------- required by a bound in this function
[INFO] [stdout] 1031 | where
[INFO] [stdout] 1032 |     T: DeserializeOwned,
[INFO] [stdout]      |        ^^^^^^^^^^^^^^^^ required by this bound in `from_value`
[INFO] [stdout] 
[INFO] [stdout] 
[INFO] [stdout] error[E0277]: the trait bound `RecordingCommand: serde::ser::Serialize` is not satisfied
[INFO] [stdout]    --> src/signaling/recording/command.rs:180:48
[INFO] [stdout]     |
[INFO] [stdout] 180 |         let serialized = serde_json::to_value(&value);
[INFO] [stdout]     |                          --------------------  ^^^^^ the trait `serde::ser::Serialize` is not implemented for `RecordingCommand`, which is required by `&RecordingCommand: serde::ser::Serialize`
[INFO] [stdout]     |                          |
[INFO] [stdout]     |                          required by a bound introduced by this call
[INFO] [stdout]     |
[INFO] [stdout]     = note: for local types consider adding `#[derive(serde::Serialize)]` to your `RecordingCommand` type
[INFO] [stdout]     = note: for types from other crates check whether the crate offers a `serde` feature flag
[INFO] [stdout]     = help: the following other types implement trait `serde::ser::Serialize`:
[INFO] [stdout]               &'a T
[INFO] [stdout]               &'a mut T
[INFO] [stdout]               ()
[INFO] [stdout]               (T,)
[INFO] [stdout]               (T0, T1)
[INFO] [stdout]               (T0, T1, T2)
[INFO] [stdout]               (T0, T1, T2, T3)
[INFO] [stdout]               (T0, T1, T2, T3, T4)
[INFO] [stdout]             and 132 others
[INFO] [stdout]     = note: required for `&RecordingCommand` to implement `serde::ser::Serialize`
[INFO] [stdout] note: required by a bound in `to_value`
[INFO] [stdout]    --> /opt/rustwide/cargo-home/registry/src/index.crates.io-6f17d22bba15001f/serde_json-1.0.132/src/value/mod.rs:990:8
[INFO] [stdout]     |
[INFO] [stdout] 988 | pub fn to_value<T>(value: T) -> Result<Value, Error>
[INFO] [stdout]     |        -------- required by a bound in this function
[INFO] [stdout] 989 | where
[INFO] [stdout] 990 |     T: Serialize,
[INFO] [stdout]     |        ^^^^^^^^^ required by this bound in `to_value`
[INFO] [stdout] 
[INFO] [stdout] 
[INFO] [stdout] error[E0277]: the trait bound `RecordingCommand: serde::de::DeserializeOwned` is not satisfied
[INFO] [stdout]     --> src/signaling/recording/command.rs:185:28
[INFO] [stdout]      |
[INFO] [stdout] 185  |         let deserialized = serde_json::from_value(json);
[INFO] [stdout]      |                            ^^^^^^^^^^^^^^^^^^^^^^^^^^^^ the trait `for<'de> serde::de::Deserialize<'de>` is not implemented for `RecordingCommand`, which is required by `RecordingCommand: serde::de::DeserializeOwned`
[INFO] [stdout]      |
[INFO] [stdout]      = help: the following other types implement trait `serde::de::Deserialize<'de>`:
[INFO] [stdout]                &'a Path
[INFO] [stdout]                &'a [u8]
[INFO] [stdout]                &'a str
[INFO] [stdout]                ()
[INFO] [stdout]                (T,)
[INFO] [stdout]                (T0, T1)
[INFO] [stdout]                (T0, T1, T2)
[INFO] [stdout]                (T0, T1, T2, T3)
[INFO] [stdout]              and 143 others
[INFO] [stdout]      = note: required for `RecordingCommand` to implement `serde::de::DeserializeOwned`
[INFO] [stdout] note: required by a bound in `from_value`
[INFO] [stdout]     --> /opt/rustwide/cargo-home/registry/src/index.crates.io-6f17d22bba15001f/serde_json-1.0.132/src/value/mod.rs:1032:8
[INFO] [stdout]      |
[INFO] [stdout] 1030 | pub fn from_value<T>(value: Value) -> Result<T, Error>
[INFO] [stdout]      |        ---------- required by a bound in this function
[INFO] [stdout] 1031 | where
[INFO] [stdout] 1032 |     T: DeserializeOwned,
[INFO] [stdout]      |        ^^^^^^^^^^^^^^^^ required by this bound in `from_value`
[INFO] [stdout] 
[INFO] [stdout] 
[INFO] [stdout] error[E0277]: the trait bound `RecordingState: serde::ser::Serialize` is not satisfied
[INFO] [stdout]    --> src/signaling/recording/state.rs:193:48
[INFO] [stdout]     |
[INFO] [stdout] 193 |         let serialized = serde_json::to_value(&value);
[INFO] [stdout]     |                          --------------------  ^^^^^ the trait `serde::ser::Serialize` is not implemented for `RecordingState`, which is required by `&RecordingState: serde::ser::Serialize`
[INFO] [stdout]     |                          |
[INFO] [stdout]     |                          required by a bound introduced by this call
[INFO] [stdout]     |
[INFO] [stdout]     = note: for local types consider adding `#[derive(serde::Serialize)]` to your `RecordingState` type
[INFO] [stdout]     = note: for types from other crates check whether the crate offers a `serde` feature flag
[INFO] [stdout]     = help: the following other types implement trait `serde::ser::Serialize`:
[INFO] [stdout]               &'a T
[INFO] [stdout]               &'a mut T
[INFO] [stdout]               ()
[INFO] [stdout]               (T,)
[INFO] [stdout]               (T0, T1)
[INFO] [stdout]               (T0, T1, T2)
[INFO] [stdout]               (T0, T1, T2, T3)
[INFO] [stdout]               (T0, T1, T2, T3, T4)
[INFO] [stdout]             and 132 others
[INFO] [stdout]     = note: required for `&RecordingState` to implement `serde::ser::Serialize`
[INFO] [stdout] note: required by a bound in `to_value`
[INFO] [stdout]    --> /opt/rustwide/cargo-home/registry/src/index.crates.io-6f17d22bba15001f/serde_json-1.0.132/src/value/mod.rs:990:8
[INFO] [stdout]     |
[INFO] [stdout] 988 | pub fn to_value<T>(value: T) -> Result<Value, Error>
[INFO] [stdout]     |        -------- required by a bound in this function
[INFO] [stdout] 989 | where
[INFO] [stdout] 990 |     T: Serialize,
[INFO] [stdout]     |        ^^^^^^^^^ required by this bound in `to_value`
[INFO] [stdout] 
[INFO] [stdout] 
[INFO] [stdout] error[E0277]: the trait bound `RecordingState: serde::de::DeserializeOwned` is not satisfied
[INFO] [stdout]     --> src/signaling/recording/state.rs:197:53
[INFO] [stdout]      |
[INFO] [stdout] 197  |         let deserialized = serde_json::from_value::<RecordingState>(json);
[INFO] [stdout]      |                                                     ^^^^^^^^^^^^^^ the trait `for<'de> serde::de::Deserialize<'de>` is not implemented for `RecordingState`, which is required by `RecordingState: serde::de::DeserializeOwned`
[INFO] [stdout]      |
[INFO] [stdout]      = help: the following other types implement trait `serde::de::Deserialize<'de>`:
[INFO] [stdout]                &'a Path
[INFO] [stdout]                &'a [u8]
[INFO] [stdout]                &'a str
[INFO] [stdout]                ()
[INFO] [stdout]                (T,)
[INFO] [stdout]                (T0, T1)
[INFO] [stdout]                (T0, T1, T2)
[INFO] [stdout]                (T0, T1, T2, T3)
[INFO] [stdout]              and 143 others
[INFO] [stdout]      = note: required for `RecordingState` to implement `serde::de::DeserializeOwned`
[INFO] [stdout] note: required by a bound in `from_value`
[INFO] [stdout]     --> /opt/rustwide/cargo-home/registry/src/index.crates.io-6f17d22bba15001f/serde_json-1.0.132/src/value/mod.rs:1032:8
[INFO] [stdout]      |
[INFO] [stdout] 1030 | pub fn from_value<T>(value: Value) -> Result<T, Error>
[INFO] [stdout]      |        ---------- required by a bound in this function
[INFO] [stdout] 1031 | where
[INFO] [stdout] 1032 |     T: DeserializeOwned,
[INFO] [stdout]      |        ^^^^^^^^^^^^^^^^ required by this bound in `from_value`
[INFO] [stdout] 
[INFO] [stdout] 
[INFO] [stdout] error[E0277]: the trait bound `timer::command::Message: serde::de::DeserializeOwned` is not satisfied
[INFO] [stdout]     --> src/signaling/timer/command.rs:97:15
[INFO] [stdout]      |
[INFO] [stdout] 97   |         match serde_json::from_value(json).unwrap() {
[INFO] [stdout]      |               ^^^^^^^^^^^^^^^^^^^^^^^^^^^^ the trait `for<'de> serde::de::Deserialize<'de>` is not implemented for `timer::command::Message`, which is required by `timer::command::Message: serde::de::DeserializeOwned`
[INFO] [stdout]      |
[INFO] [stdout]      = help: the following other types implement trait `serde::de::Deserialize<'de>`:
[INFO] [stdout]                &'a Path
[INFO] [stdout]                &'a [u8]
[INFO] [stdout]                &'a str
[INFO] [stdout]                ()
[INFO] [stdout]                (T,)
[INFO] [stdout]                (T0, T1)
[INFO] [stdout]                (T0, T1, T2)
[INFO] [stdout]                (T0, T1, T2, T3)
[INFO] [stdout]              and 143 others
[INFO] [stdout]      = note: required for `timer::command::Message` to implement `serde::de::DeserializeOwned`
[INFO] [stdout] note: required by a bound in `from_value`
[INFO] [stdout]     --> /opt/rustwide/cargo-home/registry/src/index.crates.io-6f17d22bba15001f/serde_json-1.0.132/src/value/mod.rs:1032:8
[INFO] [stdout]      |
[INFO] [stdout] 1030 | pub fn from_value<T>(value: Value) -> Result<T, Error>
[INFO] [stdout]      |        ---------- required by a bound in this function
[INFO] [stdout] 1031 | where
[INFO] [stdout] 1032 |     T: DeserializeOwned,
[INFO] [stdout]      |        ^^^^^^^^^^^^^^^^ required by this bound in `from_value`
[INFO] [stdout] 
[INFO] [stdout] 
[INFO] [stdout] error[E0277]: the trait bound `timer::command::Message: serde::de::DeserializeOwned` is not satisfied
[INFO] [stdout]     --> src/signaling/timer/command.rs:122:15
[INFO] [stdout]      |
[INFO] [stdout] 122  |         match serde_json::from_value(json).unwrap() {
[INFO] [stdout]      |               ^^^^^^^^^^^^^^^^^^^^^^^^^^^^ the trait `for<'de> serde::de::Deserialize<'de>` is not implemented for `timer::command::Message`, which is required by `timer::command::Message: serde::de::DeserializeOwned`
[INFO] [stdout]      |
[INFO] [stdout]      = help: the following other types implement trait `serde::de::Deserialize<'de>`:
[INFO] [stdout]                &'a Path
[INFO] [stdout]                &'a [u8]
[INFO] [stdout]                &'a str
[INFO] [stdout]                ()
[INFO] [stdout]                (T,)
[INFO] [stdout]                (T0, T1)
[INFO] [stdout]                (T0, T1, T2)
[INFO] [stdout]                (T0, T1, T2, T3)
[INFO] [stdout]              and 143 others
[INFO] [stdout]      = note: required for `timer::command::Message` to implement `serde::de::DeserializeOwned`
[INFO] [stdout] note: required by a bound in `from_value`
[INFO] [stdout]     --> /opt/rustwide/cargo-home/registry/src/index.crates.io-6f17d22bba15001f/serde_json-1.0.132/src/value/mod.rs:1032:8
[INFO] [stdout]      |
[INFO] [stdout] 1030 | pub fn from_value<T>(value: Value) -> Result<T, Error>
[INFO] [stdout]      |        ---------- required by a bound in this function
[INFO] [stdout] 1031 | where
[INFO] [stdout] 1032 |     T: DeserializeOwned,
[INFO] [stdout]      |        ^^^^^^^^^^^^^^^^ required by this bound in `from_value`
[INFO] [stdout] 
[INFO] [stdout] 
[INFO] [stdout] error[E0277]: the trait bound `timer::command::Message: serde::de::DeserializeOwned` is not satisfied
[INFO] [stdout]     --> src/signaling/timer/command.rs:146:15
[INFO] [stdout]      |
[INFO] [stdout] 146  |         match serde_json::from_value(json).unwrap() {
[INFO] [stdout]      |               ^^^^^^^^^^^^^^^^^^^^^^^^^^^^ the trait `for<'de> serde::de::Deserialize<'de>` is not implemented for `timer::command::Message`, which is required by `timer::command::Message: serde::de::DeserializeOwned`
[INFO] [stdout]      |
[INFO] [stdout]      = help: the following other types implement trait `serde::de::Deserialize<'de>`:
[INFO] [stdout]                &'a Path
[INFO] [stdout]                &'a [u8]
[INFO] [stdout]                &'a str
[INFO] [stdout]                ()
[INFO] [stdout]                (T,)
[INFO] [stdout]                (T0, T1)
[INFO] [stdout]                (T0, T1, T2)
[INFO] [stdout]                (T0, T1, T2, T3)
[INFO] [stdout]              and 143 others
[INFO] [stdout]      = note: required for `timer::command::Message` to implement `serde::de::DeserializeOwned`
[INFO] [stdout] note: required by a bound in `from_value`
[INFO] [stdout]     --> /opt/rustwide/cargo-home/registry/src/index.crates.io-6f17d22bba15001f/serde_json-1.0.132/src/value/mod.rs:1032:8
[INFO] [stdout]      |
[INFO] [stdout] 1030 | pub fn from_value<T>(value: Value) -> Result<T, Error>
[INFO] [stdout]      |        ---------- required by a bound in this function
[INFO] [stdout] 1031 | where
[INFO] [stdout] 1032 |     T: DeserializeOwned,
[INFO] [stdout]      |        ^^^^^^^^^^^^^^^^ required by this bound in `from_value`
[INFO] [stdout] 
[INFO] [stdout] 
[INFO] [stdout] error[E0277]: the trait bound `timer::command::Message: serde::de::DeserializeOwned` is not satisfied
[INFO] [stdout]     --> src/signaling/timer/command.rs:163:15
[INFO] [stdout]      |
[INFO] [stdout] 163  |         match serde_json::from_value(json).unwrap() {
[INFO] [stdout]      |               ^^^^^^^^^^^^^^^^^^^^^^^^^^^^ the trait `for<'de> serde::de::Deserialize<'de>` is not implemented for `timer::command::Message`, which is required by `timer::command::Message: serde::de::DeserializeOwned`
[INFO] [stdout]      |
[INFO] [stdout]      = help: the following other types implement trait `serde::de::Deserialize<'de>`:
[INFO] [stdout]                &'a Path
[INFO] [stdout]                &'a [u8]
[INFO] [stdout]                &'a str
[INFO] [stdout]                ()
[INFO] [stdout]                (T,)
[INFO] [stdout]                (T0, T1)
[INFO] [stdout]                (T0, T1, T2)
[INFO] [stdout]                (T0, T1, T2, T3)
[INFO] [stdout]              and 143 others
[INFO] [stdout]      = note: required for `timer::command::Message` to implement `serde::de::DeserializeOwned`
[INFO] [stdout] note: required by a bound in `from_value`
[INFO] [stdout]     --> /opt/rustwide/cargo-home/registry/src/index.crates.io-6f17d22bba15001f/serde_json-1.0.132/src/value/mod.rs:1032:8
[INFO] [stdout]      |
[INFO] [stdout] 1030 | pub fn from_value<T>(value: Value) -> Result<T, Error>
[INFO] [stdout]      |        ---------- required by a bound in this function
[INFO] [stdout] 1031 | where
[INFO] [stdout] 1032 |     T: DeserializeOwned,
[INFO] [stdout]      |        ^^^^^^^^^^^^^^^^ required by this bound in `from_value`
[INFO] [stdout] 
[INFO] [stdout] 
[INFO] [stdout] error[E0277]: the trait bound `timer::event::Message: serde::ser::Serialize` is not satisfied
[INFO] [stdout]    --> src/signaling/timer/event.rs:151:34
[INFO] [stdout]     |
[INFO] [stdout] 151 |             serde_json::to_value(started).unwrap(),
[INFO] [stdout]     |             -------------------- ^^^^^^^ the trait `serde::ser::Serialize` is not implemented for `timer::event::Message`
[INFO] [stdout]     |             |
[INFO] [stdout]     |             required by a bound introduced by this call
[INFO] [stdout]     |
[INFO] [stdout]     = note: for local types consider adding `#[derive(serde::Serialize)]` to your `timer::event::Message` type
[INFO] [stdout]     = note: for types from other crates check whether the crate offers a `serde` feature flag
[INFO] [stdout]     = help: the following other types implement trait `serde::ser::Serialize`:
[INFO] [stdout]               &'a T
[INFO] [stdout]               &'a mut T
[INFO] [stdout]               ()
[INFO] [stdout]               (T,)
[INFO] [stdout]               (T0, T1)
[INFO] [stdout]               (T0, T1, T2)
[INFO] [stdout]               (T0, T1, T2, T3)
[INFO] [stdout]               (T0, T1, T2, T3, T4)
[INFO] [stdout]             and 132 others
[INFO] [stdout] note: required by a bound in `to_value`
[INFO] [stdout]    --> /opt/rustwide/cargo-home/registry/src/index.crates.io-6f17d22bba15001f/serde_json-1.0.132/src/value/mod.rs:990:8
[INFO] [stdout]     |
[INFO] [stdout] 988 | pub fn to_value<T>(value: T) -> Result<Value, Error>
[INFO] [stdout]     |        -------- required by a bound in this function
[INFO] [stdout] 989 | where
[INFO] [stdout] 990 |     T: Serialize,
[INFO] [stdout]     |        ^^^^^^^^^ required by this bound in `to_value`
[INFO] [stdout] 
[INFO] [stdout] 
[INFO] [stdout] error[E0277]: the trait bound `timer::event::Message: serde::ser::Serialize` is not satisfied
[INFO] [stdout]    --> src/signaling/timer/event.rs:180:34
[INFO] [stdout]     |
[INFO] [stdout] 180 |             serde_json::to_value(started).unwrap(),
[INFO] [stdout]     |             -------------------- ^^^^^^^ the trait `serde::ser::Serialize` is not implemented for `timer::event::Message`
[INFO] [stdout]     |             |
[INFO] [stdout]     |             required by a bound introduced by this call
[INFO] [stdout]     |
[INFO] [stdout]     = note: for local types consider adding `#[derive(serde::Serialize)]` to your `timer::event::Message` type
[INFO] [stdout]     = note: for types from other crates check whether the crate offers a `serde` feature flag
[INFO] [stdout]     = help: the following other types implement trait `serde::ser::Serialize`:
[INFO] [stdout]               &'a T
[INFO] [stdout]               &'a mut T
[INFO] [stdout]               ()
[INFO] [stdout]               (T,)
[INFO] [stdout]               (T0, T1)
[INFO] [stdout]               (T0, T1, T2)
[INFO] [stdout]               (T0, T1, T2, T3)
[INFO] [stdout]               (T0, T1, T2, T3, T4)
[INFO] [stdout]             and 132 others
[INFO] [stdout] note: required by a bound in `to_value`
[INFO] [stdout]    --> /opt/rustwide/cargo-home/registry/src/index.crates.io-6f17d22bba15001f/serde_json-1.0.132/src/value/mod.rs:990:8
[INFO] [stdout]     |
[INFO] [stdout] 988 | pub fn to_value<T>(value: T) -> Result<Value, Error>
[INFO] [stdout]     |        -------- required by a bound in this function
[INFO] [stdout] 989 | where
[INFO] [stdout] 990 |     T: Serialize,
[INFO] [stdout]     |        ^^^^^^^^^ required by this bound in `to_value`
[INFO] [stdout] 
[INFO] [stdout] 
[INFO] [stdout] error[E0277]: the trait bound `timer::event::Message: serde::ser::Serialize` is not satisfied
[INFO] [stdout]    --> src/signaling/timer/event.rs:201:34
[INFO] [stdout]     |
[INFO] [stdout] 201 |             serde_json::to_value(stopped).unwrap(),
[INFO] [stdout]     |             -------------------- ^^^^^^^ the trait `serde::ser::Serialize` is not implemented for `timer::event::Message`
[INFO] [stdout]     |             |
[INFO] [stdout]     |             required by a bound introduced by this call
[INFO] [stdout]     |
[INFO] [stdout]     = note: for local types consider adding `#[derive(serde::Serialize)]` to your `timer::event::Message` type
[INFO] [stdout]     = note: for types from other crates check whether the crate offers a `serde` feature flag
[INFO] [stdout]     = help: the following other types implement trait `serde::ser::Serialize`:
[INFO] [stdout]               &'a T
[INFO] [stdout]               &'a mut T
[INFO] [stdout]               ()
[INFO] [stdout]               (T,)
[INFO] [stdout]               (T0, T1)
[INFO] [stdout]               (T0, T1, T2)
[INFO] [stdout]               (T0, T1, T2, T3)
[INFO] [stdout]               (T0, T1, T2, T3, T4)
[INFO] [stdout]             and 132 others
[INFO] [stdout] note: required by a bound in `to_value`
[INFO] [stdout]    --> /opt/rustwide/cargo-home/registry/src/index.crates.io-6f17d22bba15001f/serde_json-1.0.132/src/value/mod.rs:990:8
[INFO] [stdout]     |
[INFO] [stdout] 988 | pub fn to_value<T>(value: T) -> Result<Value, Error>
[INFO] [stdout]     |        -------- required by a bound in this function
[INFO] [stdout] 989 | where
[INFO] [stdout] 990 |     T: Serialize,
[INFO] [stdout]     |        ^^^^^^^^^ required by this bound in `to_value`
[INFO] [stdout] 
[INFO] [stdout] 
[INFO] [stdout] error[E0277]: the trait bound `timer::event::Message: serde::ser::Serialize` is not satisfied
[INFO] [stdout]    --> src/signaling/timer/event.rs:221:34
[INFO] [stdout]     |
[INFO] [stdout] 221 |             serde_json::to_value(stopped).unwrap(),
[INFO] [stdout]     |             -------------------- ^^^^^^^ the trait `serde::ser::Serialize` is not implemented for `timer::event::Message`
[INFO] [stdout]     |             |
[INFO] [stdout]     |             required by a bound introduced by this call
[INFO] [stdout]     |
[INFO] [stdout]     = note: for local types consider adding `#[derive(serde::Serialize)]` to your `timer::event::Message` type
[INFO] [stdout]     = note: for types from other crates check whether the crate offers a `serde` feature flag
[INFO] [stdout]     = help: the following other types implement trait `serde::ser::Serialize`:
[INFO] [stdout]               &'a T
[INFO] [stdout]               &'a mut T
[INFO] [stdout]               ()
[INFO] [stdout]               (T,)
[INFO] [stdout]               (T0, T1)
[INFO] [stdout]               (T0, T1, T2)
[INFO] [stdout]               (T0, T1, T2, T3)
[INFO] [stdout]               (T0, T1, T2, T3, T4)
[INFO] [stdout]             and 132 others
[INFO] [stdout] note: required by a bound in `to_value`
[INFO] [stdout]    --> /opt/rustwide/cargo-home/registry/src/index.crates.io-6f17d22bba15001f/serde_json-1.0.132/src/value/mod.rs:990:8
[INFO] [stdout]     |
[INFO] [stdout] 988 | pub fn to_value<T>(value: T) -> Result<Value, Error>
[INFO] [stdout]     |        -------- required by a bound in this function
[INFO] [stdout] 989 | where
[INFO] [stdout] 990 |     T: Serialize,
[INFO] [stdout]     |        ^^^^^^^^^ required by this bound in `to_value`
[INFO] [stdout] 
[INFO] [stdout] 
[INFO] [stdout] error[E0277]: the trait bound `timer::event::Message: serde::ser::Serialize` is not satisfied
[INFO] [stdout]    --> src/signaling/timer/event.rs:235:34
[INFO] [stdout]     |
[INFO] [stdout] 235 |             serde_json::to_value(stopped).unwrap(),
[INFO] [stdout]     |             -------------------- ^^^^^^^ the trait `serde::ser::Serialize` is not implemented for `timer::event::Message`
[INFO] [stdout]     |             |
[INFO] [stdout]     |             required by a bound introduced by this call
[INFO] [stdout]     |
[INFO] [stdout]     = note: for local types consider adding `#[derive(serde::Serialize)]` to your `timer::event::Message` type
[INFO] [stdout]     = note: for types from other crates check whether the crate offers a `serde` feature flag
[INFO] [stdout]     = help: the following other types implement trait `serde::ser::Serialize`:
[INFO] [stdout]               &'a T
[INFO] [stdout]               &'a mut T
[INFO] [stdout]               ()
[INFO] [stdout]               (T,)
[INFO] [stdout]               (T0, T1)
[INFO] [stdout]               (T0, T1, T2)
[INFO] [stdout]               (T0, T1, T2, T3)
[INFO] [stdout]               (T0, T1, T2, T3, T4)
[INFO] [stdout]             and 132 others
[INFO] [stdout] note: required by a bound in `to_value`
[INFO] [stdout]    --> /opt/rustwide/cargo-home/registry/src/index.crates.io-6f17d22bba15001f/serde_json-1.0.132/src/value/mod.rs:990:8
[INFO] [stdout]     |
[INFO] [stdout] 988 | pub fn to_value<T>(value: T) -> Result<Value, Error>
[INFO] [stdout]     |        -------- required by a bound in this function
[INFO] [stdout] 989 | where
[INFO] [stdout] 990 |     T: Serialize,
[INFO] [stdout]     |        ^^^^^^^^^ required by this bound in `to_value`
[INFO] [stdout] 
[INFO] [stdout] 
[INFO] [stdout] For more information about this error, try `rustc --explain E0277`.
[INFO] [stdout] 
[INFO] [stderr] error: could not compile `opentalk-types` (lib test) due to 86 previous errors; 11 warnings emitted
[INFO] running `Command { std: "docker" "inspect" "6b37ab66bf68fd1e2034cef2cef9613f975d781d7740c4fd9941b6d3a8d1ba10", kill_on_drop: false }`
[INFO] running `Command { std: "docker" "rm" "-f" "6b37ab66bf68fd1e2034cef2cef9613f975d781d7740c4fd9941b6d3a8d1ba10", kill_on_drop: false }`
[INFO] [stdout] 6b37ab66bf68fd1e2034cef2cef9613f975d781d7740c4fd9941b6d3a8d1ba10
