[INFO] fetching crate openpgp-ca-restd 0.12.0...
[INFO] testing openpgp-ca-restd-0.12.0 against nightly-2024-10-28 for randomize-layout
[INFO] extracting crate openpgp-ca-restd 0.12.0 into /workspace/builds/worker-0-tc1/source
[INFO] validating manifest of crates.io crate openpgp-ca-restd 0.12.0 on toolchain nightly-2024-10-28
[INFO] running `Command { std: CARGO_HOME="/workspace/cargo-home" RUSTUP_HOME="/workspace/rustup-home" "/workspace/cargo-home/bin/cargo" "+nightly-2024-10-28" "metadata" "--manifest-path" "Cargo.toml" "--no-deps", kill_on_drop: false }`
[INFO] started tweaking crates.io crate openpgp-ca-restd 0.12.0
[INFO] finished tweaking crates.io crate openpgp-ca-restd 0.12.0
[INFO] tweaked toml for crates.io crate openpgp-ca-restd 0.12.0 written to /workspace/builds/worker-0-tc1/source/Cargo.toml
[INFO] crate crates.io crate openpgp-ca-restd 0.12.0 already has a lockfile, it will not be regenerated
[INFO] running `Command { std: CARGO_HOME="/workspace/cargo-home" RUSTUP_HOME="/workspace/rustup-home" "/workspace/cargo-home/bin/cargo" "+nightly-2024-10-28" "fetch" "--manifest-path" "Cargo.toml", kill_on_drop: false }`
[INFO] [stderr]     Updating crates.io index
[INFO] [stderr]     Blocking waiting for file lock on package cache
[INFO] [stderr]  Downloading crates ...
[INFO] [stderr]   Downloaded memsec v0.6.2
[INFO] [stderr]   Downloaded cxxbridge-flags v1.0.89
[INFO] [stderr]   Downloaded darling_macro v0.12.4
[INFO] [stderr]   Downloaded derive_builder_macro v0.10.2
[INFO] [stderr]   Downloaded migrations_internals v1.4.1
[INFO] [stderr]   Downloaded lalrpop-util v0.19.8
[INFO] [stderr]   Downloaded xxhash-rust v0.8.6
[INFO] [stderr]   Downloaded openpgp-card-pcsc v0.3.0
[INFO] [stderr]   Downloaded aead v0.5.1
[INFO] [stderr]   Downloaded diesel_derives v1.4.1
[INFO] [stderr]   Downloaded spin v0.9.4
[INFO] [stderr]   Downloaded openpgp-card v0.3.3
[INFO] [stderr]   Downloaded expectrl v0.6.0
[INFO] [stderr]   Downloaded conpty v0.3.0
[INFO] [stderr]   Downloaded ptyprocess v0.3.0
[INFO] [stderr]   Downloaded derive_builder v0.10.2
[INFO] [stderr]   Downloaded chbs v0.1.1
[INFO] [stderr]   Downloaded darling_core v0.12.4
[INFO] [stderr]   Downloaded rocket_codegen v0.5.0-rc.2
[INFO] [stderr]   Downloaded aes-gcm v0.10.1
[INFO] [stderr]   Downloaded cxx-build v1.0.89
[INFO] [stderr]   Downloaded nix v0.21.2
[INFO] [stderr]   Downloaded petgraph v0.6.2
[INFO] [stderr]   Downloaded diesel v1.4.8
[INFO] [stderr]   Downloaded psl v2.1.3
[INFO] [stderr]   Downloaded rocket v0.5.0-rc.2
[INFO] [stderr]   Downloaded lalrpop v0.19.8
[INFO] [stderr]   Downloaded aes v0.8.2
[INFO] [stderr]   Downloaded hkdf v0.12.3
[INFO] [stderr]   Downloaded base64 v0.20.0
[INFO] [stderr]   Downloaded rocket_http v0.5.0-rc.2
[INFO] [stderr]   Downloaded openpgp-ca-lib v0.12.0
[INFO] [stderr]   Downloaded figment v0.10.8
[INFO] [stderr]   Downloaded anyhow v1.0.68
[INFO] [stderr]   Downloaded buffered-reader v1.1.4
[INFO] [stderr]   Downloaded cxxbridge-macro v1.0.89
[INFO] [stderr]   Downloaded psl-types v2.0.11
[INFO] [stderr]   Downloaded addr v0.15.6
[INFO] [stderr]   Downloaded darling v0.12.4
[INFO] [stderr]   Downloaded derive_builder_core v0.10.2
[INFO] [stderr]   Downloaded multer v2.0.4
[INFO] [stderr]   Downloaded nettle v7.2.0
[INFO] [stderr]   Downloaded polyval v0.6.0
[INFO] [stderr]   Downloaded generator v0.7.2
[INFO] [stderr]   Downloaded tokio-stream v0.1.11
[INFO] [stderr]   Downloaded windows_x86_64_msvc v0.29.0
[INFO] [stderr]   Downloaded cxx v1.0.89
[INFO] [stderr]   Downloaded windows_x86_64_msvc v0.39.0
[INFO] [stderr]   Downloaded windows_aarch64_msvc v0.29.0
[INFO] [stderr]   Downloaded windows_aarch64_msvc v0.39.0
[INFO] [stderr]   Downloaded ena v0.14.0
[INFO] [stderr]   Downloaded diesel_migrations v1.4.0
[INFO] [stderr]   Downloaded windows_i686_gnu v0.29.0
[INFO] [stderr]   Downloaded windows_i686_msvc v0.29.0
[INFO] [stderr]   Downloaded sha1collisiondetection v0.2.6
[INFO] [stderr]   Downloaded windows_x86_64_gnu v0.29.0
[INFO] [stderr]   Downloaded windows_i686_gnu v0.39.0
[INFO] [stderr]   Downloaded windows_x86_64_gnu v0.39.0
[INFO] [stderr]   Downloaded windows_i686_msvc v0.39.0
[INFO] [stderr]   Downloaded pcsc-sys v1.2.0
[INFO] [stderr]   Downloaded pcsc v2.8.0
[INFO] [stderr]   Downloaded blanket v0.2.0
[INFO] [stderr]   Downloaded hex-slice v0.1.4
[INFO] [stderr]   Downloaded openpgp-keylist v0.2.0
[INFO] [stderr]   Downloaded zbase32 v0.1.2
[INFO] [stderr]   Downloaded cipher v0.4.3
[INFO] [stderr]   Downloaded ghash v0.5.0
[INFO] [stderr]   Downloaded ref-cast v1.0.14
[INFO] [stderr]   Downloaded migrations_macros v1.4.2
[INFO] [stderr]   Downloaded ubyte v0.10.3
[INFO] [stderr]   Downloaded flate2 v1.0.25
[INFO] [stderr]   Downloaded bindgen v0.63.0
[INFO] [stderr]   Downloaded openpgp-card-sequoia v0.1.0
[INFO] [stderr]   Downloaded state v0.5.3
[INFO] [stderr]   Downloaded nettle-sys v2.1.1
[INFO] [stderr]   Downloaded iso7816-tlv v0.4.2
[INFO] [stderr]   Downloaded sequoia-net v0.25.0
[INFO] [stderr]   Downloaded universal-hash v0.5.0
[INFO] [stderr]   Downloaded ref-cast-impl v1.0.14
[INFO] [stderr]   Downloaded uncased v0.9.7
[INFO] [stderr]   Downloaded string_cache v0.8.4
[INFO] [stderr]   Downloaded libsqlite3-sys v0.22.2
[INFO] [stderr]   Downloaded sequoia-openpgp v1.13.0
[INFO] [stderr]   Downloaded windows v0.29.0
[INFO] [stderr]   Downloaded windows v0.39.0
[INFO] running `Command { std: "docker" "create" "-v" "/var/lib/crater-agent-workspace/builds/worker-0-tc1/target:/opt/rustwide/target:rw,Z" "-v" "/var/lib/crater-agent-workspace/builds/worker-0-tc1/source:/opt/rustwide/workdir:ro,Z" "-v" "/var/lib/crater-agent-workspace/cargo-home:/opt/rustwide/cargo-home:ro,Z" "-v" "/var/lib/crater-agent-workspace/rustup-home:/opt/rustwide/rustup-home:ro,Z" "-e" "SOURCE_DIR=/opt/rustwide/workdir" "-e" "CARGO_TARGET_DIR=/opt/rustwide/target" "-e" "CARGO_HOME=/opt/rustwide/cargo-home" "-e" "RUSTUP_HOME=/opt/rustwide/rustup-home" "-w" "/opt/rustwide/workdir" "-m" "1610612736" "--user" "0:0" "--network" "none" "ghcr.io/rust-lang/crates-build-env/linux@sha256:4a844ea9eb2546a2d2c7022eacef16ef2e8229c7fbb2c7d4d55a9ceca922f72d" "/opt/rustwide/cargo-home/bin/cargo" "+nightly-2024-10-28" "metadata" "--no-deps" "--format-version=1", kill_on_drop: false }`
[INFO] [stdout] 55988cb76f5fb81d46499f5bd951229f1359cc6c641a2163db28568962fa9c9d
[INFO] running `Command { std: "docker" "start" "-a" "55988cb76f5fb81d46499f5bd951229f1359cc6c641a2163db28568962fa9c9d", kill_on_drop: false }`
[INFO] running `Command { std: "docker" "inspect" "55988cb76f5fb81d46499f5bd951229f1359cc6c641a2163db28568962fa9c9d", kill_on_drop: false }`
[INFO] running `Command { std: "docker" "rm" "-f" "55988cb76f5fb81d46499f5bd951229f1359cc6c641a2163db28568962fa9c9d", kill_on_drop: false }`
[INFO] [stdout] 55988cb76f5fb81d46499f5bd951229f1359cc6c641a2163db28568962fa9c9d
[INFO] running `Command { std: "docker" "create" "-v" "/var/lib/crater-agent-workspace/builds/worker-0-tc1/target:/opt/rustwide/target:rw,Z" "-v" "/var/lib/crater-agent-workspace/builds/worker-0-tc1/source:/opt/rustwide/workdir:ro,Z" "-v" "/var/lib/crater-agent-workspace/cargo-home:/opt/rustwide/cargo-home:ro,Z" "-v" "/var/lib/crater-agent-workspace/rustup-home:/opt/rustwide/rustup-home:ro,Z" "-e" "SOURCE_DIR=/opt/rustwide/workdir" "-e" "CARGO_TARGET_DIR=/opt/rustwide/target" "-e" "CARGO_INCREMENTAL=0" "-e" "RUST_BACKTRACE=full" "-e" "RUSTFLAGS=--cap-lints=forbid" "-e" "RUSTDOCFLAGS=--cap-lints=forbid" "-e" "CARGO_HOME=/opt/rustwide/cargo-home" "-e" "RUSTUP_HOME=/opt/rustwide/rustup-home" "-w" "/opt/rustwide/workdir" "-m" "1610612736" "--user" "0:0" "--network" "none" "ghcr.io/rust-lang/crates-build-env/linux@sha256:4a844ea9eb2546a2d2c7022eacef16ef2e8229c7fbb2c7d4d55a9ceca922f72d" "/opt/rustwide/cargo-home/bin/cargo" "+nightly-2024-10-28" "build" "--frozen" "--message-format=json", kill_on_drop: false }`
[INFO] [stdout] 376ab7732c73a5825ec598a7bb3d6eea354b886aa39d0c986717738ad577e0cd
[INFO] running `Command { std: "docker" "start" "-a" "376ab7732c73a5825ec598a7bb3d6eea354b886aa39d0c986717738ad577e0cd", kill_on_drop: false }`
[INFO] [stderr]    Compiling proc-macro2 v1.0.50
[INFO] [stderr]    Compiling unicode-ident v1.0.6
[INFO] [stderr]    Compiling quote v1.0.23
[INFO] [stderr]    Compiling syn v1.0.107
[INFO] [stderr]    Compiling libc v0.2.139
[INFO] [stderr]    Compiling pkg-config v0.3.26
[INFO] [stderr]    Compiling serde_derive v1.0.152
[INFO] [stderr]    Compiling serde v1.0.152
[INFO] [stderr]    Compiling bitflags v1.2.1
[INFO] [stderr]    Compiling typenum v1.16.0
[INFO] [stderr]    Compiling generic-array v0.14.6
[INFO] [stderr]    Compiling cc v1.0.79
[INFO] [stderr]    Compiling once_cell v1.17.0
[INFO] [stderr]    Compiling fnv v1.0.7
[INFO] [stderr]    Compiling pin-project-lite v0.2.9
[INFO] [stdout] error[E0422]: cannot find struct, variant or union type `LineColumn` in crate `proc_macro`
[INFO] [stdout]    --> /opt/rustwide/cargo-home/registry/src/index.crates.io-6f17d22bba15001f/proc-macro2-1.0.50/src/wrapper.rs:475:33
[INFO] [stdout]     |
[INFO] [stdout] 475 |                 let proc_macro::LineColumn { line, column } = s.start();
[INFO] [stdout]     |                                 ^^^^^^^^^^ not found in `proc_macro`
[INFO] [stdout]     |
[INFO] [stdout] help: consider importing this struct through its public re-export
[INFO] [stdout]     |
[INFO] [stdout] 1   + use crate::LineColumn;
[INFO] [stdout]     |
[INFO] [stdout] help: if you import `LineColumn`, refer to it directly
[INFO] [stdout]     |
[INFO] [stdout] 475 -                 let proc_macro::LineColumn { line, column } = s.start();
[INFO] [stdout] 475 +                 let LineColumn { line, column } = s.start();
[INFO] [stdout]     |
[INFO] [stdout] 
[INFO] [stdout] 
[INFO] [stderr]    Compiling futures-core v0.3.26
[INFO] [stderr]    Compiling indexmap v1.9.2
[INFO] [stdout] error[E0422]: cannot find struct, variant or union type `LineColumn` in crate `proc_macro`
[INFO] [stdout]    --> /opt/rustwide/cargo-home/registry/src/index.crates.io-6f17d22bba15001f/proc-macro2-1.0.50/src/wrapper.rs:489:33
[INFO] [stdout]     |
[INFO] [stdout] 489 |                 let proc_macro::LineColumn { line, column } = s.end();
[INFO] [stdout]     |                                 ^^^^^^^^^^ not found in `proc_macro`
[INFO] [stdout]     |
[INFO] [stdout] help: consider importing this struct through its public re-export
[INFO] [stdout]     |
[INFO] [stdout] 1   + use crate::LineColumn;
[INFO] [stdout]     |
[INFO] [stdout] help: if you import `LineColumn`, refer to it directly
[INFO] [stdout]     |
[INFO] [stdout] 489 -                 let proc_macro::LineColumn { line, column } = s.end();
[INFO] [stdout] 489 +                 let LineColumn { line, column } = s.end();
[INFO] [stdout]     |
[INFO] [stdout] 
[INFO] [stdout] 
[INFO] [stdout] error[E0635]: unknown feature `proc_macro_span_shrink`
[INFO] [stdout]   --> /opt/rustwide/cargo-home/registry/src/index.crates.io-6f17d22bba15001f/proc-macro2-1.0.50/src/lib.rs:92:30
[INFO] [stdout]    |
[INFO] [stdout] 92 |     feature(proc_macro_span, proc_macro_span_shrink)
[INFO] [stdout]    |                              ^^^^^^^^^^^^^^^^^^^^^^
[INFO] [stdout] 
[INFO] [stdout] 
[INFO] [stderr]    Compiling itoa v1.0.5
[INFO] [stderr]    Compiling bytes v1.4.0
[INFO] [stderr]    Compiling regex-syntax v0.6.28
[INFO] [stdout] Some errors have detailed explanations: E0422, E0635.
[INFO] [stdout] 
[INFO] [stdout] For more information about an error, try `rustc --explain E0422`.
[INFO] [stdout] 
[INFO] [stderr]    Compiling tokio v1.25.0
[INFO] [stderr] error: could not compile `proc-macro2` (lib) due to 3 previous errors
[INFO] [stderr] warning: build failed, waiting for other jobs to finish...
[INFO] running `Command { std: "docker" "inspect" "376ab7732c73a5825ec598a7bb3d6eea354b886aa39d0c986717738ad577e0cd", kill_on_drop: false }`
[INFO] running `Command { std: "docker" "rm" "-f" "376ab7732c73a5825ec598a7bb3d6eea354b886aa39d0c986717738ad577e0cd", kill_on_drop: false }`
[INFO] [stdout] 376ab7732c73a5825ec598a7bb3d6eea354b886aa39d0c986717738ad577e0cd
