[INFO] fetching crate open-payments-iso20022 1.0.2...
[INFO] testing open-payments-iso20022-1.0.2 against nightly-2024-10-28 for randomize-layout
[INFO] extracting crate open-payments-iso20022 1.0.2 into /workspace/builds/worker-3-tc1/source
[INFO] validating manifest of crates.io crate open-payments-iso20022 1.0.2 on toolchain nightly-2024-10-28
[INFO] running `Command { std: CARGO_HOME="/workspace/cargo-home" RUSTUP_HOME="/workspace/rustup-home" "/workspace/cargo-home/bin/cargo" "+nightly-2024-10-28" "metadata" "--manifest-path" "Cargo.toml" "--no-deps", kill_on_drop: false }`
[INFO] started tweaking crates.io crate open-payments-iso20022 1.0.2
[INFO] removed 0 missing examples
[INFO] finished tweaking crates.io crate open-payments-iso20022 1.0.2
[INFO] tweaked toml for crates.io crate open-payments-iso20022 1.0.2 written to /workspace/builds/worker-3-tc1/source/Cargo.toml
[INFO] crate crates.io crate open-payments-iso20022 1.0.2 already has a lockfile, it will not be regenerated
[INFO] running `Command { std: CARGO_HOME="/workspace/cargo-home" RUSTUP_HOME="/workspace/rustup-home" "/workspace/cargo-home/bin/cargo" "+nightly-2024-10-28" "fetch" "--manifest-path" "Cargo.toml", kill_on_drop: false }`
[INFO] [stderr]     Blocking waiting for file lock on package cache
[INFO] [stderr]     Updating crates.io index
[INFO] [stderr]     Blocking waiting for file lock on package cache
[INFO] [stderr]  Downloading crates ...
[INFO] [stderr]   Downloaded open-payments-iso20022-remt v1.0.2
[INFO] [stderr]   Downloaded open-payments-iso20022-admi v1.0.2
[INFO] [stderr]   Downloaded open-payments-iso20022-head v1.0.2
[INFO] [stderr]   Downloaded open-payments-iso20022-pacs v1.0.2
[INFO] [stderr]   Downloaded open-payments-iso20022-pain v1.0.2
[INFO] [stderr]   Downloaded open-payments-iso20022-reda v1.0.2
[INFO] [stderr]   Downloaded open-payments-iso20022-acmt v1.0.2
[INFO] [stderr]   Downloaded open-payments-iso20022-auth v1.0.2
[INFO] [stderr]   Downloaded open-payments-iso20022-camt v1.0.2
[INFO] running `Command { std: "docker" "create" "-v" "/var/lib/crater-agent-workspace/builds/worker-3-tc1/target:/opt/rustwide/target:rw,Z" "-v" "/var/lib/crater-agent-workspace/builds/worker-3-tc1/source:/opt/rustwide/workdir:ro,Z" "-v" "/var/lib/crater-agent-workspace/cargo-home:/opt/rustwide/cargo-home:ro,Z" "-v" "/var/lib/crater-agent-workspace/rustup-home:/opt/rustwide/rustup-home:ro,Z" "-e" "SOURCE_DIR=/opt/rustwide/workdir" "-e" "CARGO_TARGET_DIR=/opt/rustwide/target" "-e" "CARGO_HOME=/opt/rustwide/cargo-home" "-e" "RUSTUP_HOME=/opt/rustwide/rustup-home" "-w" "/opt/rustwide/workdir" "-m" "1610612736" "--user" "0:0" "--network" "none" "ghcr.io/rust-lang/crates-build-env/linux@sha256:4a844ea9eb2546a2d2c7022eacef16ef2e8229c7fbb2c7d4d55a9ceca922f72d" "/opt/rustwide/cargo-home/bin/cargo" "+nightly-2024-10-28" "metadata" "--no-deps" "--format-version=1", kill_on_drop: false }`
[INFO] [stdout] 9c74f22d7b1bcf8e57722803078648438e4e2f13daa1b5b61e240edf1a9233d1
[INFO] running `Command { std: "docker" "start" "-a" "9c74f22d7b1bcf8e57722803078648438e4e2f13daa1b5b61e240edf1a9233d1", kill_on_drop: false }`
[INFO] running `Command { std: "docker" "inspect" "9c74f22d7b1bcf8e57722803078648438e4e2f13daa1b5b61e240edf1a9233d1", kill_on_drop: false }`
[INFO] running `Command { std: "docker" "rm" "-f" "9c74f22d7b1bcf8e57722803078648438e4e2f13daa1b5b61e240edf1a9233d1", kill_on_drop: false }`
[INFO] [stdout] 9c74f22d7b1bcf8e57722803078648438e4e2f13daa1b5b61e240edf1a9233d1
[INFO] running `Command { std: "docker" "create" "-v" "/var/lib/crater-agent-workspace/builds/worker-3-tc1/target:/opt/rustwide/target:rw,Z" "-v" "/var/lib/crater-agent-workspace/builds/worker-3-tc1/source:/opt/rustwide/workdir:ro,Z" "-v" "/var/lib/crater-agent-workspace/cargo-home:/opt/rustwide/cargo-home:ro,Z" "-v" "/var/lib/crater-agent-workspace/rustup-home:/opt/rustwide/rustup-home:ro,Z" "-e" "SOURCE_DIR=/opt/rustwide/workdir" "-e" "CARGO_TARGET_DIR=/opt/rustwide/target" "-e" "CARGO_INCREMENTAL=0" "-e" "RUST_BACKTRACE=full" "-e" "RUSTFLAGS=--cap-lints=forbid" "-e" "RUSTDOCFLAGS=--cap-lints=forbid" "-e" "CARGO_HOME=/opt/rustwide/cargo-home" "-e" "RUSTUP_HOME=/opt/rustwide/rustup-home" "-w" "/opt/rustwide/workdir" "-m" "1610612736" "--user" "0:0" "--network" "none" "ghcr.io/rust-lang/crates-build-env/linux@sha256:4a844ea9eb2546a2d2c7022eacef16ef2e8229c7fbb2c7d4d55a9ceca922f72d" "/opt/rustwide/cargo-home/bin/cargo" "+nightly-2024-10-28" "build" "--frozen" "--message-format=json", kill_on_drop: false }`
[INFO] [stdout] 3a8dec644e29535767de76e1b637095cc05d11b7f8dd4473a1df70a1fbd1aa6a
[INFO] running `Command { std: "docker" "start" "-a" "3a8dec644e29535767de76e1b637095cc05d11b7f8dd4473a1df70a1fbd1aa6a", kill_on_drop: false }`
[INFO] [stderr]    Compiling serde v1.0.213
[INFO] [stderr]    Compiling thiserror v1.0.65
[INFO] [stderr]    Compiling xml-rs v0.8.22
[INFO] [stderr]    Compiling aho-corasick v1.1.3
[INFO] [stderr]    Compiling syn v2.0.85
[INFO] [stderr]    Compiling regex-automata v0.4.8
[INFO] [stderr]    Compiling thiserror-impl v1.0.65
[INFO] [stderr]    Compiling serde_json v1.0.132
[INFO] [stderr]    Compiling serde_path_to_error v0.1.16
[INFO] [stderr]    Compiling serde-xml-rs v0.6.0
[INFO] [stderr]    Compiling regex v1.11.1
[INFO] [stderr]    Compiling open-payments-iso20022-head v1.0.2
[INFO] [stderr]    Compiling open-payments-iso20022 v1.0.2 (/opt/rustwide/workdir)
[INFO] [stderr]     Finished `dev` profile [unoptimized + debuginfo] target(s) in 4.57s
[INFO] running `Command { std: "docker" "inspect" "3a8dec644e29535767de76e1b637095cc05d11b7f8dd4473a1df70a1fbd1aa6a", kill_on_drop: false }`
[INFO] running `Command { std: "docker" "rm" "-f" "3a8dec644e29535767de76e1b637095cc05d11b7f8dd4473a1df70a1fbd1aa6a", kill_on_drop: false }`
[INFO] [stdout] 3a8dec644e29535767de76e1b637095cc05d11b7f8dd4473a1df70a1fbd1aa6a
[INFO] running `Command { std: "docker" "create" "-v" "/var/lib/crater-agent-workspace/builds/worker-3-tc1/target:/opt/rustwide/target:rw,Z" "-v" "/var/lib/crater-agent-workspace/builds/worker-3-tc1/source:/opt/rustwide/workdir:ro,Z" "-v" "/var/lib/crater-agent-workspace/cargo-home:/opt/rustwide/cargo-home:ro,Z" "-v" "/var/lib/crater-agent-workspace/rustup-home:/opt/rustwide/rustup-home:ro,Z" "-e" "SOURCE_DIR=/opt/rustwide/workdir" "-e" "CARGO_TARGET_DIR=/opt/rustwide/target" "-e" "CARGO_INCREMENTAL=0" "-e" "RUST_BACKTRACE=full" "-e" "RUSTFLAGS=--cap-lints=forbid" "-e" "RUSTDOCFLAGS=--cap-lints=forbid" "-e" "CARGO_HOME=/opt/rustwide/cargo-home" "-e" "RUSTUP_HOME=/opt/rustwide/rustup-home" "-w" "/opt/rustwide/workdir" "-m" "1610612736" "--user" "0:0" "--network" "none" "ghcr.io/rust-lang/crates-build-env/linux@sha256:4a844ea9eb2546a2d2c7022eacef16ef2e8229c7fbb2c7d4d55a9ceca922f72d" "/opt/rustwide/cargo-home/bin/cargo" "+nightly-2024-10-28" "test" "--frozen" "--no-run" "--message-format=json", kill_on_drop: false }`
[INFO] [stdout] 639dc48064dd65e398fa885c5d06600ccd583b6eaed68070d51a4e5769a8bcdc
[INFO] running `Command { std: "docker" "start" "-a" "639dc48064dd65e398fa885c5d06600ccd583b6eaed68070d51a4e5769a8bcdc", kill_on_drop: false }`
[INFO] [stderr]    Compiling open-payments-iso20022 v1.0.2 (/opt/rustwide/workdir)
[INFO] [stdout] error[E0433]: failed to resolve: use of undeclared crate or module `open_payments_iso20022_admi`
[INFO] [stdout]  --> examples/simple-iso20022.rs:5:5
[INFO] [stdout]   |
[INFO] [stdout] 5 | use open_payments_iso20022_admi::admi_002_001_01::Admi00200101;
[INFO] [stdout]   |     ^^^^^^^^^^^^^^^^^^^^^^^^^^^ use of undeclared crate or module `open_payments_iso20022_admi`
[INFO] [stdout]   |
[INFO] [stdout] help: there is a crate or module with a similar name
[INFO] [stdout]   |
[INFO] [stdout] 5 | use open_payments_iso20022_head::admi_002_001_01::Admi00200101;
[INFO] [stdout]   |     ~~~~~~~~~~~~~~~~~~~~~~~~~~~
[INFO] [stdout] 
[INFO] [stdout] 
[INFO] [stdout] error[E0432]: unresolved import `serde`
[INFO] [stdout]   --> examples/convert-iso20022.rs:15:5
[INFO] [stdout]    |
[INFO] [stdout] 15 | use serde::{Deserialize, Serialize};
[INFO] [stdout]    |     ^^^^^ use of undeclared crate or module `serde`
[INFO] [stdout] 
[INFO] [stdout] 
[INFO] [stdout] error[E0599]: no variant or associated item named `Admi00200101` found for enum `Document` in the current scope
[INFO] [stdout]  --> examples/simple-iso20022.rs:8:25
[INFO] [stdout]   |
[INFO] [stdout] 8 |     let doc = Document::Admi00200101(Box::new(Admi00200101::default()));
[INFO] [stdout]   |                         ^^^^^^^^^^^^ variant or associated item not found in `Document`
[INFO] [stdout] 
[INFO] [stdout] 
[INFO] [stdout] error: cannot find attribute `serde` in this scope
[INFO] [stdout]   --> examples/convert-iso20022.rs:18:3
[INFO] [stdout]    |
[INFO] [stdout] 18 | #[serde(rename = "Document")]
[INFO] [stdout]    |   ^^^^^
[INFO] [stdout] 
[INFO] [stdout] 
[INFO] [stdout] Some errors have detailed explanations: E0433, E0599.
[INFO] [stdout] 
[INFO] [stdout] For more information about an error, try `rustc --explain E0433`.
[INFO] [stdout] 
[INFO] [stdout] error: cannot find attribute `serde` in this scope
[INFO] [stdout]   --> examples/convert-iso20022.rs:20:7
[INFO] [stdout]    |
[INFO] [stdout] 20 |     #[serde(rename = "$value")]
[INFO] [stdout]    |       ^^^^^
[INFO] [stdout] 
[INFO] [stdout] 
[INFO] [stderr] error: could not compile `open-payments-iso20022` (example "simple-iso20022") due to 2 previous errors
[INFO] [stderr] warning: build failed, waiting for other jobs to finish...
[INFO] [stdout] error[E0277]: the trait bound `ISO20022Message: serde::de::Deserialize<'_>` is not satisfied
[INFO] [stdout]   --> examples/convert-iso20022.rs:54:92
[INFO] [stdout]    |
[INFO] [stdout] 54 |     let result: Result<ISO20022Message, serde_path_to_error::Error<serde_xml_rs::Error>> = deserialize(&mut deserializer);
[INFO] [stdout]    |                                                                                            ^^^^^^^^^^^^^^^^^^^^^^^^^^^^^^ the trait `serde::de::Deserialize<'_>` is not implemented for `ISO20022Message`
[INFO] [stdout]    |
[INFO] [stdout]    = note: for local types consider adding `#[derive(serde::Deserialize)]` to your `ISO20022Message` type
[INFO] [stdout]    = note: for types from other crates check whether the crate offers a `serde` feature flag
[INFO] [stdout]    = help: the following other types implement trait `serde::de::Deserialize<'de>`:
[INFO] [stdout]              &'a [u8]
[INFO] [stdout]              &'a std::path::Path
[INFO] [stdout]              &'a str
[INFO] [stdout]              ()
[INFO] [stdout]              (T,)
[INFO] [stdout]              (T0, T1)
[INFO] [stdout]              (T0, T1, T2)
[INFO] [stdout]              (T0, T1, T2, T3)
[INFO] [stdout]            and 142 others
[INFO] [stdout] note: required by a bound in `deserialize`
[INFO] [stdout]   --> /opt/rustwide/cargo-home/registry/src/index.crates.io-6f17d22bba15001f/serde_path_to_error-0.1.16/src/de.rs:10:8
[INFO] [stdout]    |
[INFO] [stdout] 7  | pub fn deserialize<'de, D, T>(deserializer: D) -> Result<T, Error<D::Error>>
[INFO] [stdout]    |        ----------- required by a bound in this function
[INFO] [stdout] ...
[INFO] [stdout] 10 |     T: Deserialize<'de>,
[INFO] [stdout]    |        ^^^^^^^^^^^^^^^^ required by this bound in `deserialize`
[INFO] [stdout] 
[INFO] [stdout] 
[INFO] [stdout] error[E0277]: the trait bound `ISO20022Message: serde::ser::Serialize` is not satisfied
[INFO] [stdout]     --> examples/convert-iso20022.rs:62:58
[INFO] [stdout]      |
[INFO] [stdout] 62   |             let json_data = serde_json::to_string_pretty(&data).unwrap();
[INFO] [stdout]      |                             ---------------------------- ^^^^^ the trait `serde::ser::Serialize` is not implemented for `ISO20022Message`
[INFO] [stdout]      |                             |
[INFO] [stdout]      |                             required by a bound introduced by this call
[INFO] [stdout]      |
[INFO] [stdout]      = note: for local types consider adding `#[derive(serde::Serialize)]` to your `ISO20022Message` type
[INFO] [stdout]      = note: for types from other crates check whether the crate offers a `serde` feature flag
[INFO] [stdout]      = help: the following other types implement trait `serde::ser::Serialize`:
[INFO] [stdout]                &'a T
[INFO] [stdout]                &'a mut T
[INFO] [stdout]                ()
[INFO] [stdout]                (T,)
[INFO] [stdout]                (T0, T1)
[INFO] [stdout]                (T0, T1, T2)
[INFO] [stdout]                (T0, T1, T2, T3)
[INFO] [stdout]                (T0, T1, T2, T3, T4)
[INFO] [stdout]              and 131 others
[INFO] [stdout] note: required by a bound in `to_string_pretty`
[INFO] [stdout]     --> /opt/rustwide/cargo-home/registry/src/index.crates.io-6f17d22bba15001f/serde_json-1.0.132/src/ser.rs:2230:17
[INFO] [stdout]      |
[INFO] [stdout] 2228 | pub fn to_string_pretty<T>(value: &T) -> Result<String>
[INFO] [stdout]      |        ---------------- required by a bound in this function
[INFO] [stdout] 2229 | where
[INFO] [stdout] 2230 |     T: ?Sized + Serialize,
[INFO] [stdout]      |                 ^^^^^^^^^ required by this bound in `to_string_pretty`
[INFO] [stdout] 
[INFO] [stdout] 
[INFO] [stdout] Some errors have detailed explanations: E0277, E0432.
[INFO] [stdout] 
[INFO] [stdout] For more information about an error, try `rustc --explain E0277`.
[INFO] [stdout] 
[INFO] [stderr] error: could not compile `open-payments-iso20022` (example "convert-iso20022") due to 5 previous errors
[INFO] running `Command { std: "docker" "inspect" "639dc48064dd65e398fa885c5d06600ccd583b6eaed68070d51a4e5769a8bcdc", kill_on_drop: false }`
[INFO] running `Command { std: "docker" "rm" "-f" "639dc48064dd65e398fa885c5d06600ccd583b6eaed68070d51a4e5769a8bcdc", kill_on_drop: false }`
[INFO] [stdout] 639dc48064dd65e398fa885c5d06600ccd583b6eaed68070d51a4e5769a8bcdc
