[INFO] fetching crate open-payments-fednow 1.0.2...
[INFO] testing open-payments-fednow-1.0.2 against nightly-2024-10-28+rustflags=-Zrandomize-layout for randomize-layout
[INFO] extracting crate open-payments-fednow 1.0.2 into /workspace/builds/worker-7-tc2/source
[INFO] validating manifest of crates.io crate open-payments-fednow 1.0.2 on toolchain nightly-2024-10-28
[INFO] running `Command { std: CARGO_HOME="/workspace/cargo-home" RUSTUP_HOME="/workspace/rustup-home" "/workspace/cargo-home/bin/cargo" "+nightly-2024-10-28" "metadata" "--manifest-path" "Cargo.toml" "--no-deps", kill_on_drop: false }`
[INFO] started tweaking crates.io crate open-payments-fednow 1.0.2
[INFO] removed 0 missing examples
[INFO] finished tweaking crates.io crate open-payments-fednow 1.0.2
[INFO] tweaked toml for crates.io crate open-payments-fednow 1.0.2 written to /workspace/builds/worker-7-tc2/source/Cargo.toml
[INFO] crate crates.io crate open-payments-fednow 1.0.2 already has a lockfile, it will not be regenerated
[INFO] running `Command { std: CARGO_HOME="/workspace/cargo-home" RUSTUP_HOME="/workspace/rustup-home" "/workspace/cargo-home/bin/cargo" "+nightly-2024-10-28" "fetch" "--manifest-path" "Cargo.toml", kill_on_drop: false }`
[INFO] [stderr]     Blocking waiting for file lock on package cache
[INFO] [stderr]     Blocking waiting for file lock on package cache
[INFO] running `Command { std: "docker" "create" "-v" "/var/lib/crater-agent-workspace/builds/worker-7-tc2/target:/opt/rustwide/target:rw,Z" "-v" "/var/lib/crater-agent-workspace/builds/worker-7-tc2/source:/opt/rustwide/workdir:ro,Z" "-v" "/var/lib/crater-agent-workspace/cargo-home:/opt/rustwide/cargo-home:ro,Z" "-v" "/var/lib/crater-agent-workspace/rustup-home:/opt/rustwide/rustup-home:ro,Z" "-e" "SOURCE_DIR=/opt/rustwide/workdir" "-e" "CARGO_TARGET_DIR=/opt/rustwide/target" "-e" "CARGO_HOME=/opt/rustwide/cargo-home" "-e" "RUSTUP_HOME=/opt/rustwide/rustup-home" "-w" "/opt/rustwide/workdir" "-m" "1610612736" "--user" "0:0" "--network" "none" "ghcr.io/rust-lang/crates-build-env/linux@sha256:4a844ea9eb2546a2d2c7022eacef16ef2e8229c7fbb2c7d4d55a9ceca922f72d" "/opt/rustwide/cargo-home/bin/cargo" "+nightly-2024-10-28" "metadata" "--no-deps" "--format-version=1", kill_on_drop: false }`
[INFO] [stdout] beebbc077e16109ac6fd73d55fca713a162b8a71fab1128b7bb5a90fe9581253
[INFO] running `Command { std: "docker" "start" "-a" "beebbc077e16109ac6fd73d55fca713a162b8a71fab1128b7bb5a90fe9581253", kill_on_drop: false }`
[INFO] running `Command { std: "docker" "inspect" "beebbc077e16109ac6fd73d55fca713a162b8a71fab1128b7bb5a90fe9581253", kill_on_drop: false }`
[INFO] running `Command { std: "docker" "rm" "-f" "beebbc077e16109ac6fd73d55fca713a162b8a71fab1128b7bb5a90fe9581253", kill_on_drop: false }`
[INFO] [stdout] beebbc077e16109ac6fd73d55fca713a162b8a71fab1128b7bb5a90fe9581253
[INFO] running `Command { std: "docker" "create" "-v" "/var/lib/crater-agent-workspace/builds/worker-7-tc2/target:/opt/rustwide/target:rw,Z" "-v" "/var/lib/crater-agent-workspace/builds/worker-7-tc2/source:/opt/rustwide/workdir:ro,Z" "-v" "/var/lib/crater-agent-workspace/cargo-home:/opt/rustwide/cargo-home:ro,Z" "-v" "/var/lib/crater-agent-workspace/rustup-home:/opt/rustwide/rustup-home:ro,Z" "-e" "SOURCE_DIR=/opt/rustwide/workdir" "-e" "CARGO_TARGET_DIR=/opt/rustwide/target" "-e" "CARGO_INCREMENTAL=0" "-e" "RUST_BACKTRACE=full" "-e" "RUSTFLAGS=--cap-lints=forbid -Zrandomize-layout" "-e" "RUSTDOCFLAGS=--cap-lints=forbid" "-e" "CARGO_HOME=/opt/rustwide/cargo-home" "-e" "RUSTUP_HOME=/opt/rustwide/rustup-home" "-w" "/opt/rustwide/workdir" "-m" "1610612736" "--user" "0:0" "--network" "none" "ghcr.io/rust-lang/crates-build-env/linux@sha256:4a844ea9eb2546a2d2c7022eacef16ef2e8229c7fbb2c7d4d55a9ceca922f72d" "/opt/rustwide/cargo-home/bin/cargo" "+nightly-2024-10-28" "build" "--frozen" "--message-format=json", kill_on_drop: false }`
[INFO] [stdout] a79f48488a5cf85f8a1a4216b405b33f596c84b9d5f931779e30eca46311d04a
[INFO] running `Command { std: "docker" "start" "-a" "a79f48488a5cf85f8a1a4216b405b33f596c84b9d5f931779e30eca46311d04a", kill_on_drop: false }`
[INFO] [stderr]    Compiling serde v1.0.213
[INFO] [stderr]    Compiling thiserror v1.0.65
[INFO] [stderr]    Compiling regex-syntax v0.8.5
[INFO] [stderr]    Compiling xml-rs v0.8.22
[INFO] [stderr]    Compiling syn v2.0.85
[INFO] [stderr]    Compiling thiserror-impl v1.0.65
[INFO] [stderr]    Compiling regex-automata v0.4.8
[INFO] [stderr]    Compiling serde_path_to_error v0.1.16
[INFO] [stderr]    Compiling serde-xml-rs v0.6.0
[INFO] [stderr]    Compiling serde_json v1.0.132
[INFO] [stderr]    Compiling regex v1.11.1
[INFO] [stderr]    Compiling open-payments-fednow v1.0.2 (/opt/rustwide/workdir)
[INFO] [stdout] warning: unused import: `regex::Regex`
[INFO] [stdout]   --> src/iso/admi_002_001_01.rs:26:5
[INFO] [stdout]    |
[INFO] [stdout] 26 | use regex::Regex;
[INFO] [stdout]    |     ^^^^^^^^^^^^
[INFO] [stdout]    |
[INFO] [stdout]    = note: `#[warn(unused_imports)]` on by default
[INFO] [stdout] 
[INFO] [stdout] 
[INFO] [stdout] warning: unused import: `regex::Regex`
[INFO] [stdout]   --> src/iso/admi_998_001_02.rs:26:5
[INFO] [stdout]    |
[INFO] [stdout] 26 | use regex::Regex;
[INFO] [stdout]    |     ^^^^^^^^^^^^
[INFO] [stdout] 
[INFO] [stdout] 
[INFO] [stdout] warning: unused import: `regex::Regex`
[INFO] [stdout]   --> src/fednow_incoming_external.rs:26:5
[INFO] [stdout]    |
[INFO] [stdout] 26 | use regex::Regex;
[INFO] [stdout]    |     ^^^^^^^^^^^^
[INFO] [stdout] 
[INFO] [stdout] 
[INFO] [stdout] warning: unused import: `regex::Regex`
[INFO] [stdout]   --> src/fednow_outgoing_external.rs:26:5
[INFO] [stdout]    |
[INFO] [stdout] 26 | use regex::Regex;
[INFO] [stdout]    |     ^^^^^^^^^^^^
[INFO] [stdout] 
[INFO] [stdout] 
[INFO] [stderr]     Finished `dev` profile [unoptimized + debuginfo] target(s) in 9.20s
[INFO] running `Command { std: "docker" "inspect" "a79f48488a5cf85f8a1a4216b405b33f596c84b9d5f931779e30eca46311d04a", kill_on_drop: false }`
[INFO] running `Command { std: "docker" "rm" "-f" "a79f48488a5cf85f8a1a4216b405b33f596c84b9d5f931779e30eca46311d04a", kill_on_drop: false }`
[INFO] [stdout] a79f48488a5cf85f8a1a4216b405b33f596c84b9d5f931779e30eca46311d04a
[INFO] running `Command { std: "docker" "create" "-v" "/var/lib/crater-agent-workspace/builds/worker-7-tc2/target:/opt/rustwide/target:rw,Z" "-v" "/var/lib/crater-agent-workspace/builds/worker-7-tc2/source:/opt/rustwide/workdir:ro,Z" "-v" "/var/lib/crater-agent-workspace/cargo-home:/opt/rustwide/cargo-home:ro,Z" "-v" "/var/lib/crater-agent-workspace/rustup-home:/opt/rustwide/rustup-home:ro,Z" "-e" "SOURCE_DIR=/opt/rustwide/workdir" "-e" "CARGO_TARGET_DIR=/opt/rustwide/target" "-e" "CARGO_INCREMENTAL=0" "-e" "RUST_BACKTRACE=full" "-e" "RUSTFLAGS=--cap-lints=forbid -Zrandomize-layout" "-e" "RUSTDOCFLAGS=--cap-lints=forbid" "-e" "CARGO_HOME=/opt/rustwide/cargo-home" "-e" "RUSTUP_HOME=/opt/rustwide/rustup-home" "-w" "/opt/rustwide/workdir" "-m" "1610612736" "--user" "0:0" "--network" "none" "ghcr.io/rust-lang/crates-build-env/linux@sha256:4a844ea9eb2546a2d2c7022eacef16ef2e8229c7fbb2c7d4d55a9ceca922f72d" "/opt/rustwide/cargo-home/bin/cargo" "+nightly-2024-10-28" "test" "--frozen" "--no-run" "--message-format=json", kill_on_drop: false }`
[INFO] [stdout] 20fd35b6bdecaa912763606c54eaa894515f4518c391142949cd5b8df4f7c166
[INFO] running `Command { std: "docker" "start" "-a" "20fd35b6bdecaa912763606c54eaa894515f4518c391142949cd5b8df4f7c166", kill_on_drop: false }`
[INFO] [stderr]    Compiling open-payments-fednow v1.0.2 (/opt/rustwide/workdir)
[INFO] [stdout] warning: unused import: `regex::Regex`
[INFO] [stdout]   --> src/iso/admi_002_001_01.rs:26:5
[INFO] [stdout]    |
[INFO] [stdout] 26 | use regex::Regex;
[INFO] [stdout]    |     ^^^^^^^^^^^^
[INFO] [stdout]    |
[INFO] [stdout]    = note: `#[warn(unused_imports)]` on by default
[INFO] [stdout] 
[INFO] [stdout] 
[INFO] [stdout] warning: unused import: `regex::Regex`
[INFO] [stdout]   --> src/iso/admi_998_001_02.rs:26:5
[INFO] [stdout]    |
[INFO] [stdout] 26 | use regex::Regex;
[INFO] [stdout]    |     ^^^^^^^^^^^^
[INFO] [stdout] 
[INFO] [stdout] 
[INFO] [stdout] warning: unused import: `regex::Regex`
[INFO] [stdout]   --> src/fednow_incoming_external.rs:26:5
[INFO] [stdout]    |
[INFO] [stdout] 26 | use regex::Regex;
[INFO] [stdout]    |     ^^^^^^^^^^^^
[INFO] [stdout] 
[INFO] [stdout] 
[INFO] [stdout] warning: unused import: `regex::Regex`
[INFO] [stdout]   --> src/fednow_outgoing_external.rs:26:5
[INFO] [stdout]    |
[INFO] [stdout] 26 | use regex::Regex;
[INFO] [stdout]    |     ^^^^^^^^^^^^
[INFO] [stdout] 
[INFO] [stdout] 
[INFO] [stdout] error[E0277]: the trait bound `FednowMessage: serde::de::Deserialize<'_>` is not satisfied
[INFO] [stdout]   --> examples/convert-fednow.rs:45:90
[INFO] [stdout]    |
[INFO] [stdout] 45 |     let result: Result<FednowMessage, serde_path_to_error::Error<serde_xml_rs::Error>> = deserialize(&mut deserializer);
[INFO] [stdout]    |                                                                                          ^^^^^^^^^^^^^^^^^^^^^^^^^^^^^^ the trait `serde::de::Deserialize<'_>` is not implemented for `FednowMessage`
[INFO] [stdout]    |
[INFO] [stdout]    = note: for local types consider adding `#[derive(serde::Deserialize)]` to your `FednowMessage` type
[INFO] [stdout]    = note: for types from other crates check whether the crate offers a `serde` feature flag
[INFO] [stdout]    = help: the following other types implement trait `serde::de::Deserialize<'de>`:
[INFO] [stdout]              &'a [u8]
[INFO] [stdout]              &'a std::path::Path
[INFO] [stdout]              &'a str
[INFO] [stdout]              ()
[INFO] [stdout]              (T,)
[INFO] [stdout]              (T0, T1)
[INFO] [stdout]              (T0, T1, T2)
[INFO] [stdout]              (T0, T1, T2, T3)
[INFO] [stdout]            and 142 others
[INFO] [stdout] note: required by a bound in `deserialize`
[INFO] [stdout]   --> /opt/rustwide/cargo-home/registry/src/index.crates.io-6f17d22bba15001f/serde_path_to_error-0.1.16/src/de.rs:10:8
[INFO] [stdout]    |
[INFO] [stdout] 7  | pub fn deserialize<'de, D, T>(deserializer: D) -> Result<T, Error<D::Error>>
[INFO] [stdout]    |        ----------- required by a bound in this function
[INFO] [stdout] ...
[INFO] [stdout] 10 |     T: Deserialize<'de>,
[INFO] [stdout]    |        ^^^^^^^^^^^^^^^^ required by this bound in `deserialize`
[INFO] [stdout] 
[INFO] [stdout] 
[INFO] [stdout] error[E0277]: the trait bound `FednowMessage: serde::ser::Serialize` is not satisfied
[INFO] [stdout]     --> examples/convert-fednow.rs:53:58
[INFO] [stdout]      |
[INFO] [stdout] 53   |             let json_data = serde_json::to_string_pretty(&data).unwrap();
[INFO] [stdout]      |                             ---------------------------- ^^^^^ the trait `serde::ser::Serialize` is not implemented for `FednowMessage`
[INFO] [stdout]      |                             |
[INFO] [stdout]      |                             required by a bound introduced by this call
[INFO] [stdout]      |
[INFO] [stdout]      = note: for local types consider adding `#[derive(serde::Serialize)]` to your `FednowMessage` type
[INFO] [stdout]      = note: for types from other crates check whether the crate offers a `serde` feature flag
[INFO] [stdout]      = help: the following other types implement trait `serde::ser::Serialize`:
[INFO] [stdout]                &'a T
[INFO] [stdout]                &'a mut T
[INFO] [stdout]                ()
[INFO] [stdout]                (T,)
[INFO] [stdout]                (T0, T1)
[INFO] [stdout]                (T0, T1, T2)
[INFO] [stdout]                (T0, T1, T2, T3)
[INFO] [stdout]                (T0, T1, T2, T3, T4)
[INFO] [stdout]              and 131 others
[INFO] [stdout] note: required by a bound in `to_string_pretty`
[INFO] [stdout]     --> /opt/rustwide/cargo-home/registry/src/index.crates.io-6f17d22bba15001f/serde_json-1.0.132/src/ser.rs:2230:17
[INFO] [stdout]      |
[INFO] [stdout] 2228 | pub fn to_string_pretty<T>(value: &T) -> Result<String>
[INFO] [stdout]      |        ---------------- required by a bound in this function
[INFO] [stdout] 2229 | where
[INFO] [stdout] 2230 |     T: ?Sized + Serialize,
[INFO] [stdout]      |                 ^^^^^^^^^ required by this bound in `to_string_pretty`
[INFO] [stdout] 
[INFO] [stdout] 
[INFO] [stdout] For more information about this error, try `rustc --explain E0277`.
[INFO] [stdout] 
[INFO] [stderr] error: could not compile `open-payments-fednow` (example "convert-fednow") due to 2 previous errors
[INFO] [stderr] warning: build failed, waiting for other jobs to finish...
[INFO] [stdout] error[E0599]: no function or associated item named `default` found for struct `open_payments_fednow::iso::pacs_008_001_08::FIToFICustomerCreditTransferV08` in the current scope
[INFO] [stdout]   --> examples/simple-fednow.rs:10:103
[INFO] [stdout]    |
[INFO] [stdout] 10 |     let mut doc = Document::FIToFICustomerCreditTransferV08(Box::new(FIToFICustomerCreditTransferV08::default()));
[INFO] [stdout]    |                                                                                                       ^^^^^^^ function or associated item not found in `FIToFICustomerCreditTransferV08`
[INFO] [stdout] 
[INFO] [stdout] 
[INFO] [stdout] error[E0277]: the trait bound `open_payments_fednow::document::Document: serde::ser::Serialize` is not satisfied
[INFO] [stdout]   --> examples/simple-fednow.rs:18:53
[INFO] [stdout]    |
[INFO] [stdout] 18 |     let reserialized_item = serde_xml_rs::to_string(&doc).unwrap();
[INFO] [stdout]    |                             ----------------------- ^^^^ the trait `serde::ser::Serialize` is not implemented for `open_payments_fednow::document::Document`
[INFO] [stdout]    |                             |
[INFO] [stdout]    |                             required by a bound introduced by this call
[INFO] [stdout]    |
[INFO] [stdout]    = note: for local types consider adding `#[derive(serde::Serialize)]` to your `open_payments_fednow::document::Document` type
[INFO] [stdout]    = note: for types from other crates check whether the crate offers a `serde` feature flag
[INFO] [stdout]    = help: the following other types implement trait `serde::ser::Serialize`:
[INFO] [stdout]              &'a T
[INFO] [stdout]              &'a mut T
[INFO] [stdout]              ()
[INFO] [stdout]              (T,)
[INFO] [stdout]              (T0, T1)
[INFO] [stdout]              (T0, T1, T2)
[INFO] [stdout]              (T0, T1, T2, T3)
[INFO] [stdout]              (T0, T1, T2, T3, T4)
[INFO] [stdout]            and 128 others
[INFO] [stdout] note: required by a bound in `serde_xml_rs::to_string`
[INFO] [stdout]   --> /opt/rustwide/cargo-home/registry/src/index.crates.io-6f17d22bba15001f/serde-xml-rs-0.6.0/src/ser/mod.rs:65:21
[INFO] [stdout]    |
[INFO] [stdout] 65 | pub fn to_string<S: Serialize>(value: &S) -> Result<String> {
[INFO] [stdout]    |                     ^^^^^^^^^ required by this bound in `to_string`
[INFO] [stdout] 
[INFO] [stdout] 
[INFO] [stdout] Some errors have detailed explanations: E0277, E0599.
[INFO] [stdout] 
[INFO] [stdout] For more information about an error, try `rustc --explain E0277`.
[INFO] [stdout] 
[INFO] [stderr] error: could not compile `open-payments-fednow` (example "simple-fednow") due to 2 previous errors
[INFO] [stdout] warning: unused import: `regex::Regex`
[INFO] [stdout]   --> src/iso/admi_002_001_01.rs:26:5
[INFO] [stdout]    |
[INFO] [stdout] 26 | use regex::Regex;
[INFO] [stdout]    |     ^^^^^^^^^^^^
[INFO] [stdout]    |
[INFO] [stdout]    = note: `#[warn(unused_imports)]` on by default
[INFO] [stdout] 
[INFO] [stdout] 
[INFO] [stdout] warning: unused import: `regex::Regex`
[INFO] [stdout]   --> src/iso/admi_998_001_02.rs:26:5
[INFO] [stdout]    |
[INFO] [stdout] 26 | use regex::Regex;
[INFO] [stdout]    |     ^^^^^^^^^^^^
[INFO] [stdout] 
[INFO] [stdout] 
[INFO] [stdout] warning: unused import: `regex::Regex`
[INFO] [stdout]   --> src/fednow_incoming_external.rs:26:5
[INFO] [stdout]    |
[INFO] [stdout] 26 | use regex::Regex;
[INFO] [stdout]    |     ^^^^^^^^^^^^
[INFO] [stdout] 
[INFO] [stdout] 
[INFO] [stdout] warning: unused import: `regex::Regex`
[INFO] [stdout]   --> src/fednow_outgoing_external.rs:26:5
[INFO] [stdout]    |
[INFO] [stdout] 26 | use regex::Regex;
[INFO] [stdout]    |     ^^^^^^^^^^^^
[INFO] [stdout] 
[INFO] [stdout] 
[INFO] running `Command { std: "docker" "inspect" "20fd35b6bdecaa912763606c54eaa894515f4518c391142949cd5b8df4f7c166", kill_on_drop: false }`
[INFO] running `Command { std: "docker" "rm" "-f" "20fd35b6bdecaa912763606c54eaa894515f4518c391142949cd5b8df4f7c166", kill_on_drop: false }`
[INFO] [stdout] 20fd35b6bdecaa912763606c54eaa894515f4518c391142949cd5b8df4f7c166
