[INFO] fetching crate open-feature 0.2.4...
[INFO] testing open-feature-0.2.4 against nightly-2024-10-28 for randomize-layout
[INFO] extracting crate open-feature 0.2.4 into /workspace/builds/worker-1-tc1/source
[INFO] validating manifest of crates.io crate open-feature 0.2.4 on toolchain nightly-2024-10-28
[INFO] running `Command { std: CARGO_HOME="/workspace/cargo-home" RUSTUP_HOME="/workspace/rustup-home" "/workspace/cargo-home/bin/cargo" "+nightly-2024-10-28" "metadata" "--manifest-path" "Cargo.toml" "--no-deps", kill_on_drop: false }`
[INFO] started tweaking crates.io crate open-feature 0.2.4
[INFO] finished tweaking crates.io crate open-feature 0.2.4
[INFO] tweaked toml for crates.io crate open-feature 0.2.4 written to /workspace/builds/worker-1-tc1/source/Cargo.toml
[INFO] running `Command { std: CARGO_HOME="/workspace/cargo-home" RUSTUP_HOME="/workspace/rustup-home" "/workspace/cargo-home/bin/cargo" "+nightly-2024-10-28" "generate-lockfile" "--manifest-path" "Cargo.toml", kill_on_drop: false }`
[INFO] [stderr]     Updating crates.io index
[INFO] [stderr]      Locking 64 packages to latest compatible versions
[INFO] [stderr]       Adding typed-builder v0.19.1 (available: v0.20.0)
[INFO] running `Command { std: CARGO_HOME="/workspace/cargo-home" RUSTUP_HOME="/workspace/rustup-home" "/workspace/cargo-home/bin/cargo" "+nightly-2024-10-28" "fetch" "--manifest-path" "Cargo.toml", kill_on_drop: false }`
[INFO] running `Command { std: "docker" "create" "-v" "/var/lib/crater-agent-workspace/builds/worker-1-tc1/target:/opt/rustwide/target:rw,Z" "-v" "/var/lib/crater-agent-workspace/builds/worker-1-tc1/source:/opt/rustwide/workdir:ro,Z" "-v" "/var/lib/crater-agent-workspace/cargo-home:/opt/rustwide/cargo-home:ro,Z" "-v" "/var/lib/crater-agent-workspace/rustup-home:/opt/rustwide/rustup-home:ro,Z" "-e" "SOURCE_DIR=/opt/rustwide/workdir" "-e" "CARGO_TARGET_DIR=/opt/rustwide/target" "-e" "CARGO_HOME=/opt/rustwide/cargo-home" "-e" "RUSTUP_HOME=/opt/rustwide/rustup-home" "-w" "/opt/rustwide/workdir" "-m" "1610612736" "--user" "0:0" "--network" "none" "ghcr.io/rust-lang/crates-build-env/linux@sha256:4a844ea9eb2546a2d2c7022eacef16ef2e8229c7fbb2c7d4d55a9ceca922f72d" "/opt/rustwide/cargo-home/bin/cargo" "+nightly-2024-10-28" "metadata" "--no-deps" "--format-version=1", kill_on_drop: false }`
[INFO] [stdout] be1fda1fdf6c1ea219f26600da0268d24456f0072e7a09d2284eda0588549867
[INFO] running `Command { std: "docker" "start" "-a" "be1fda1fdf6c1ea219f26600da0268d24456f0072e7a09d2284eda0588549867", kill_on_drop: false }`
[INFO] running `Command { std: "docker" "inspect" "be1fda1fdf6c1ea219f26600da0268d24456f0072e7a09d2284eda0588549867", kill_on_drop: false }`
[INFO] running `Command { std: "docker" "rm" "-f" "be1fda1fdf6c1ea219f26600da0268d24456f0072e7a09d2284eda0588549867", kill_on_drop: false }`
[INFO] [stdout] be1fda1fdf6c1ea219f26600da0268d24456f0072e7a09d2284eda0588549867
[INFO] running `Command { std: "docker" "create" "-v" "/var/lib/crater-agent-workspace/builds/worker-1-tc1/target:/opt/rustwide/target:rw,Z" "-v" "/var/lib/crater-agent-workspace/builds/worker-1-tc1/source:/opt/rustwide/workdir:ro,Z" "-v" "/var/lib/crater-agent-workspace/cargo-home:/opt/rustwide/cargo-home:ro,Z" "-v" "/var/lib/crater-agent-workspace/rustup-home:/opt/rustwide/rustup-home:ro,Z" "-e" "SOURCE_DIR=/opt/rustwide/workdir" "-e" "CARGO_TARGET_DIR=/opt/rustwide/target" "-e" "CARGO_INCREMENTAL=0" "-e" "RUST_BACKTRACE=full" "-e" "RUSTFLAGS=--cap-lints=forbid" "-e" "RUSTDOCFLAGS=--cap-lints=forbid" "-e" "CARGO_HOME=/opt/rustwide/cargo-home" "-e" "RUSTUP_HOME=/opt/rustwide/rustup-home" "-w" "/opt/rustwide/workdir" "-m" "1610612736" "--user" "0:0" "--network" "none" "ghcr.io/rust-lang/crates-build-env/linux@sha256:4a844ea9eb2546a2d2c7022eacef16ef2e8229c7fbb2c7d4d55a9ceca922f72d" "/opt/rustwide/cargo-home/bin/cargo" "+nightly-2024-10-28" "build" "--frozen" "--message-format=json", kill_on_drop: false }`
[INFO] [stdout] 9426c4107f15023157447c1f8f16a0d06c1deef7606c36785fb9a01f56c2d706
[INFO] running `Command { std: "docker" "start" "-a" "9426c4107f15023157447c1f8f16a0d06c1deef7606c36785fb9a01f56c2d706", kill_on_drop: false }`
[INFO] [stderr]    Compiling mockall_derive v0.13.0
[INFO] [stderr]    Compiling predicates-core v1.0.8
[INFO] [stderr]    Compiling smallvec v1.13.2
[INFO] [stderr]    Compiling termtree v0.4.1
[INFO] [stderr]    Compiling anstyle v1.0.9
[INFO] [stderr]    Compiling syn v2.0.86
[INFO] [stderr]    Compiling signal-hook-registry v1.4.2
[INFO] [stderr]    Compiling downcast v0.11.0
[INFO] [stderr]    Compiling predicates v3.1.2
[INFO] [stderr]    Compiling pin-project-lite v0.2.15
[INFO] [stderr]    Compiling fragile v2.0.0
[INFO] [stderr]    Compiling predicates-tree v1.0.11
[INFO] [stderr]    Compiling bytes v1.8.0
[INFO] [stderr]    Compiling time v0.3.36
[INFO] [stderr]    Compiling parking_lot_core v0.9.10
[INFO] [stderr]    Compiling parking_lot v0.12.3
[INFO] [stderr]    Compiling tokio-macros v2.4.0
[INFO] [stderr]    Compiling typed-builder-macro v0.19.1
[INFO] [stderr]    Compiling async-trait v0.1.83
[INFO] [stderr]    Compiling tokio v1.41.0
[INFO] [stderr]    Compiling typed-builder v0.19.1
[INFO] [stderr]    Compiling mockall v0.13.0
[INFO] [stderr]    Compiling open-feature v0.2.4 (/opt/rustwide/workdir)
[INFO] [stderr]     Finished `dev` profile [unoptimized + debuginfo] target(s) in 17.47s
[INFO] running `Command { std: "docker" "inspect" "9426c4107f15023157447c1f8f16a0d06c1deef7606c36785fb9a01f56c2d706", kill_on_drop: false }`
[INFO] running `Command { std: "docker" "rm" "-f" "9426c4107f15023157447c1f8f16a0d06c1deef7606c36785fb9a01f56c2d706", kill_on_drop: false }`
[INFO] [stdout] 9426c4107f15023157447c1f8f16a0d06c1deef7606c36785fb9a01f56c2d706
[INFO] running `Command { std: "docker" "create" "-v" "/var/lib/crater-agent-workspace/builds/worker-1-tc1/target:/opt/rustwide/target:rw,Z" "-v" "/var/lib/crater-agent-workspace/builds/worker-1-tc1/source:/opt/rustwide/workdir:ro,Z" "-v" "/var/lib/crater-agent-workspace/cargo-home:/opt/rustwide/cargo-home:ro,Z" "-v" "/var/lib/crater-agent-workspace/rustup-home:/opt/rustwide/rustup-home:ro,Z" "-e" "SOURCE_DIR=/opt/rustwide/workdir" "-e" "CARGO_TARGET_DIR=/opt/rustwide/target" "-e" "CARGO_INCREMENTAL=0" "-e" "RUST_BACKTRACE=full" "-e" "RUSTFLAGS=--cap-lints=forbid" "-e" "RUSTDOCFLAGS=--cap-lints=forbid" "-e" "CARGO_HOME=/opt/rustwide/cargo-home" "-e" "RUSTUP_HOME=/opt/rustwide/rustup-home" "-w" "/opt/rustwide/workdir" "-m" "1610612736" "--user" "0:0" "--network" "none" "ghcr.io/rust-lang/crates-build-env/linux@sha256:4a844ea9eb2546a2d2c7022eacef16ef2e8229c7fbb2c7d4d55a9ceca922f72d" "/opt/rustwide/cargo-home/bin/cargo" "+nightly-2024-10-28" "test" "--frozen" "--no-run" "--message-format=json", kill_on_drop: false }`
[INFO] [stdout] ed9f4379b93506ea96d78f1706b7b1242868db7cdffedf9d5bb560e65646408a
[INFO] running `Command { std: "docker" "start" "-a" "ed9f4379b93506ea96d78f1706b7b1242868db7cdffedf9d5bb560e65646408a", kill_on_drop: false }`
[INFO] [stderr]    Compiling open-feature v0.2.4 (/opt/rustwide/workdir)
[INFO] [stdout] error[E0432]: unresolved import `spec`
[INFO] [stdout]    --> src/api/api.rs:110:9
[INFO] [stdout]     |
[INFO] [stdout] 110 |     use spec::spec;
[INFO] [stdout]     |         ^^^^ use of undeclared crate or module `spec`
[INFO] [stdout] 
[INFO] [stdout] 
[INFO] [stdout] error[E0432]: unresolved import `spec`
[INFO] [stdout]    --> src/api/client.rs:307:9
[INFO] [stdout]     |
[INFO] [stdout] 307 |     use spec::spec;
[INFO] [stdout]     |         ^^^^ use of undeclared crate or module `spec`
[INFO] [stdout] 
[INFO] [stdout] 
[INFO] [stdout] error[E0432]: unresolved import `spec`
[INFO] [stdout]   --> src/evaluation/context.rs:76:9
[INFO] [stdout]    |
[INFO] [stdout] 76 |     use spec::spec;
[INFO] [stdout]    |         ^^^^ use of undeclared crate or module `spec`
[INFO] [stdout] 
[INFO] [stdout] 
[INFO] [stdout] error[E0432]: unresolved import `spec`
[INFO] [stdout]   --> src/provider/no_op_provider.rs:93:9
[INFO] [stdout]    |
[INFO] [stdout] 93 |     use spec::spec;
[INFO] [stdout]    |         ^^^^ use of undeclared crate or module `spec`
[INFO] [stdout] 
[INFO] [stdout] 
[INFO] [stdout] For more information about this error, try `rustc --explain E0432`.
[INFO] [stdout] 
[INFO] [stderr] error: could not compile `open-feature` (lib test) due to 4 previous errors
[INFO] running `Command { std: "docker" "inspect" "ed9f4379b93506ea96d78f1706b7b1242868db7cdffedf9d5bb560e65646408a", kill_on_drop: false }`
[INFO] running `Command { std: "docker" "rm" "-f" "ed9f4379b93506ea96d78f1706b7b1242868db7cdffedf9d5bb560e65646408a", kill_on_drop: false }`
[INFO] [stdout] ed9f4379b93506ea96d78f1706b7b1242868db7cdffedf9d5bb560e65646408a
