[INFO] fetching crate op-alloy-protocol 0.5.1...
[INFO] testing op-alloy-protocol-0.5.1 against nightly-2024-10-28+rustflags=-Zrandomize-layout for randomize-layout
[INFO] extracting crate op-alloy-protocol 0.5.1 into /workspace/builds/worker-0-tc2/source
[INFO] validating manifest of crates.io crate op-alloy-protocol 0.5.1 on toolchain nightly-2024-10-28
[INFO] running `Command { std: CARGO_HOME="/workspace/cargo-home" RUSTUP_HOME="/workspace/rustup-home" "/workspace/cargo-home/bin/cargo" "+nightly-2024-10-28" "metadata" "--manifest-path" "Cargo.toml" "--no-deps", kill_on_drop: false }`
[INFO] started tweaking crates.io crate op-alloy-protocol 0.5.1
[INFO] finished tweaking crates.io crate op-alloy-protocol 0.5.1
[INFO] tweaked toml for crates.io crate op-alloy-protocol 0.5.1 written to /workspace/builds/worker-0-tc2/source/Cargo.toml
[INFO] running `Command { std: CARGO_HOME="/workspace/cargo-home" RUSTUP_HOME="/workspace/rustup-home" "/workspace/cargo-home/bin/cargo" "+nightly-2024-10-28" "generate-lockfile" "--manifest-path" "Cargo.toml", kill_on_drop: false }`
[INFO] [stderr]     Updating crates.io index
[INFO] [stderr]      Locking 220 packages to latest compatible versions
[INFO] [stderr]       Adding revm v14.0.3 (available: v17.1.0)
[INFO] [stderr]       Adding rstest v0.22.0 (available: v0.23.0)
[INFO] running `Command { std: CARGO_HOME="/workspace/cargo-home" RUSTUP_HOME="/workspace/rustup-home" "/workspace/cargo-home/bin/cargo" "+nightly-2024-10-28" "fetch" "--manifest-path" "Cargo.toml", kill_on_drop: false }`
[INFO] running `Command { std: "docker" "create" "-v" "/var/lib/crater-agent-workspace/builds/worker-0-tc2/target:/opt/rustwide/target:rw,Z" "-v" "/var/lib/crater-agent-workspace/builds/worker-0-tc2/source:/opt/rustwide/workdir:ro,Z" "-v" "/var/lib/crater-agent-workspace/cargo-home:/opt/rustwide/cargo-home:ro,Z" "-v" "/var/lib/crater-agent-workspace/rustup-home:/opt/rustwide/rustup-home:ro,Z" "-e" "SOURCE_DIR=/opt/rustwide/workdir" "-e" "CARGO_TARGET_DIR=/opt/rustwide/target" "-e" "CARGO_HOME=/opt/rustwide/cargo-home" "-e" "RUSTUP_HOME=/opt/rustwide/rustup-home" "-w" "/opt/rustwide/workdir" "-m" "1610612736" "--user" "0:0" "--network" "none" "ghcr.io/rust-lang/crates-build-env/linux@sha256:4a844ea9eb2546a2d2c7022eacef16ef2e8229c7fbb2c7d4d55a9ceca922f72d" "/opt/rustwide/cargo-home/bin/cargo" "+nightly-2024-10-28" "metadata" "--no-deps" "--format-version=1", kill_on_drop: false }`
[INFO] [stdout] 0f9deaebe2385e613d3c86db913671792c0fc2ef575d366cd69371728fa7ba63
[INFO] running `Command { std: "docker" "start" "-a" "0f9deaebe2385e613d3c86db913671792c0fc2ef575d366cd69371728fa7ba63", kill_on_drop: false }`
[INFO] running `Command { std: "docker" "inspect" "0f9deaebe2385e613d3c86db913671792c0fc2ef575d366cd69371728fa7ba63", kill_on_drop: false }`
[INFO] running `Command { std: "docker" "rm" "-f" "0f9deaebe2385e613d3c86db913671792c0fc2ef575d366cd69371728fa7ba63", kill_on_drop: false }`
[INFO] [stdout] 0f9deaebe2385e613d3c86db913671792c0fc2ef575d366cd69371728fa7ba63
[INFO] running `Command { std: "docker" "create" "-v" "/var/lib/crater-agent-workspace/builds/worker-0-tc2/target:/opt/rustwide/target:rw,Z" "-v" "/var/lib/crater-agent-workspace/builds/worker-0-tc2/source:/opt/rustwide/workdir:ro,Z" "-v" "/var/lib/crater-agent-workspace/cargo-home:/opt/rustwide/cargo-home:ro,Z" "-v" "/var/lib/crater-agent-workspace/rustup-home:/opt/rustwide/rustup-home:ro,Z" "-e" "SOURCE_DIR=/opt/rustwide/workdir" "-e" "CARGO_TARGET_DIR=/opt/rustwide/target" "-e" "CARGO_INCREMENTAL=0" "-e" "RUST_BACKTRACE=full" "-e" "RUSTFLAGS=--cap-lints=forbid -Zrandomize-layout" "-e" "RUSTDOCFLAGS=--cap-lints=forbid" "-e" "CARGO_HOME=/opt/rustwide/cargo-home" "-e" "RUSTUP_HOME=/opt/rustwide/rustup-home" "-w" "/opt/rustwide/workdir" "-m" "1610612736" "--user" "0:0" "--network" "none" "ghcr.io/rust-lang/crates-build-env/linux@sha256:4a844ea9eb2546a2d2c7022eacef16ef2e8229c7fbb2c7d4d55a9ceca922f72d" "/opt/rustwide/cargo-home/bin/cargo" "+nightly-2024-10-28" "build" "--frozen" "--message-format=json", kill_on_drop: false }`
[INFO] [stdout] aee720aae6e9fdfd16d0cbec98e1ff9d7539455b2e0571fb3bf4eff8df65dbae
[INFO] running `Command { std: "docker" "start" "-a" "aee720aae6e9fdfd16d0cbec98e1ff9d7539455b2e0571fb3bf4eff8df65dbae", kill_on_drop: false }`
[INFO] [stderr]    Compiling serde v1.0.214
[INFO] [stderr]    Compiling cpufeatures v0.2.14
[INFO] [stderr]    Compiling paste v1.0.15
[INFO] [stderr]    Compiling crunchy v0.2.2
[INFO] [stderr]    Compiling tiny-keccak v2.0.2
[INFO] [stderr]    Compiling typenum v1.17.0
[INFO] [stderr]    Compiling unicode-xid v0.2.6
[INFO] [stderr]    Compiling foldhash v0.1.3
[INFO] [stderr]    Compiling ruint-macro v1.2.1
[INFO] [stderr]    Compiling hex-literal v0.4.1
[INFO] [stderr]    Compiling serde_json v1.0.132
[INFO] [stderr]    Compiling generic-array v0.14.7
[INFO] [stderr]    Compiling memchr v2.7.4
[INFO] [stderr]    Compiling equivalent v1.0.1
[INFO] [stderr]    Compiling heck v0.5.0
[INFO] [stderr]    Compiling syn v2.0.86
[INFO] [stderr]    Compiling const-hex v1.13.1
[INFO] [stderr]    Compiling proc-macro-error-attr2 v2.0.0
[INFO] [stderr]    Compiling dunce v1.0.5
[INFO] [stderr]    Compiling hashbrown v0.15.0
[INFO] [stderr]    Compiling spin v0.9.8
[INFO] [stderr]    Compiling indexmap v2.6.0
[INFO] [stderr]    Compiling crypto-common v0.1.6
[INFO] [stderr]    Compiling block-buffer v0.10.4
[INFO] [stderr]    Compiling digest v0.10.7
[INFO] [stderr]    Compiling sha2 v0.10.8
[INFO] [stderr]    Compiling syn-solidity v0.8.10
[INFO] [stderr]    Compiling proc-macro-error2 v2.0.1
[INFO] [stderr]    Compiling serde_derive v1.0.214
[INFO] [stderr]    Compiling alloy-rlp-derive v0.3.9
[INFO] [stderr]    Compiling derive_more-impl v1.0.0
[INFO] [stderr]    Compiling auto_impl v1.2.0
[INFO] [stderr]    Compiling serde_repr v0.1.19
[INFO] [stderr]    Compiling alloy-sol-macro-input v0.8.10
[INFO] [stderr]    Compiling alloy-sol-macro-expander v0.8.10
[INFO] [stderr]    Compiling derive_more v1.0.0
[INFO] [stderr]    Compiling alloy-sol-macro v0.8.10
[INFO] [stderr]    Compiling bytes v1.8.0
[INFO] [stderr]    Compiling alloy-rlp v0.3.9
[INFO] [stderr]    Compiling ruint v1.12.3
[INFO] [stderr]    Compiling alloy-primitives v0.8.10
[INFO] [stderr]    Compiling alloy-eip2930 v0.1.0
[INFO] [stderr]    Compiling alloy-serde v0.5.4
[INFO] [stderr]    Compiling alloy-eip7702 v0.3.2
[INFO] [stderr]    Compiling alloy-sol-types v0.8.10
[INFO] [stderr]    Compiling alloy-eips v0.5.4
[INFO] [stderr]    Compiling alloy-consensus v0.5.4
[INFO] [stderr]    Compiling op-alloy-consensus v0.5.2
[INFO] [stderr]    Compiling op-alloy-genesis v0.5.2
[INFO] [stderr]    Compiling op-alloy-protocol v0.5.1 (/opt/rustwide/workdir)
[INFO] [stderr]     Finished `dev` profile [unoptimized + debuginfo] target(s) in 21.61s
[INFO] running `Command { std: "docker" "inspect" "aee720aae6e9fdfd16d0cbec98e1ff9d7539455b2e0571fb3bf4eff8df65dbae", kill_on_drop: false }`
[INFO] running `Command { std: "docker" "rm" "-f" "aee720aae6e9fdfd16d0cbec98e1ff9d7539455b2e0571fb3bf4eff8df65dbae", kill_on_drop: false }`
[INFO] [stdout] aee720aae6e9fdfd16d0cbec98e1ff9d7539455b2e0571fb3bf4eff8df65dbae
[INFO] running `Command { std: "docker" "create" "-v" "/var/lib/crater-agent-workspace/builds/worker-0-tc2/target:/opt/rustwide/target:rw,Z" "-v" "/var/lib/crater-agent-workspace/builds/worker-0-tc2/source:/opt/rustwide/workdir:ro,Z" "-v" "/var/lib/crater-agent-workspace/cargo-home:/opt/rustwide/cargo-home:ro,Z" "-v" "/var/lib/crater-agent-workspace/rustup-home:/opt/rustwide/rustup-home:ro,Z" "-e" "SOURCE_DIR=/opt/rustwide/workdir" "-e" "CARGO_TARGET_DIR=/opt/rustwide/target" "-e" "CARGO_INCREMENTAL=0" "-e" "RUST_BACKTRACE=full" "-e" "RUSTFLAGS=--cap-lints=forbid -Zrandomize-layout" "-e" "RUSTDOCFLAGS=--cap-lints=forbid" "-e" "CARGO_HOME=/opt/rustwide/cargo-home" "-e" "RUSTUP_HOME=/opt/rustwide/rustup-home" "-w" "/opt/rustwide/workdir" "-m" "1610612736" "--user" "0:0" "--network" "none" "ghcr.io/rust-lang/crates-build-env/linux@sha256:4a844ea9eb2546a2d2c7022eacef16ef2e8229c7fbb2c7d4d55a9ceca922f72d" "/opt/rustwide/cargo-home/bin/cargo" "+nightly-2024-10-28" "test" "--frozen" "--no-run" "--message-format=json", kill_on_drop: false }`
[INFO] [stdout] 4348b350a968adedfb98c50eefa6c3235064457dafd2608127a70e423eea12ea
[INFO] running `Command { std: "docker" "start" "-a" "4348b350a968adedfb98c50eefa6c3235064457dafd2608127a70e423eea12ea", kill_on_drop: false }`
[INFO] [stderr]    Compiling subtle v2.6.1
[INFO] [stderr]    Compiling const-oid v0.9.6
[INFO] [stderr]    Compiling base16ct v0.2.0
[INFO] [stderr]    Compiling generic-array v0.14.7
[INFO] [stderr]    Compiling num-traits v0.2.19
[INFO] [stderr]    Compiling getrandom v0.2.15
[INFO] [stderr]    Compiling blst v0.3.13
[INFO] [stderr]    Compiling byteorder v1.5.0
[INFO] [stderr]    Compiling num_cpus v1.16.0
[INFO] [stderr]    Compiling semver v1.0.23
[INFO] [stderr]    Compiling radium v0.7.0
[INFO] [stderr]    Compiling zeroize_derive v1.4.2
[INFO] [stderr]    Compiling zerocopy-derive v0.7.35
[INFO] [stderr]    Compiling serde_json v1.0.132
[INFO] [stderr]    Compiling c-kzg v1.0.3
[INFO] [stderr]    Compiling tap v1.0.1
[INFO] [stderr]    Compiling hex v0.4.3
[INFO] [stderr]    Compiling wyz v0.5.1
[INFO] [stderr]    Compiling secp256k1-sys v0.10.1
[INFO] [stderr]    Compiling funty v2.0.0
[INFO] [stderr]    Compiling memchr v2.7.4
[INFO] [stderr]    Compiling rand_core v0.6.4
[INFO] [stderr]    Compiling threadpool v1.8.1
[INFO] [stderr]    Compiling once_cell v1.20.2
[INFO] [stderr]    Compiling futures-core v0.3.31
[INFO] [stderr]    Compiling futures-macro v0.3.31
[INFO] [stderr]    Compiling ff v0.13.0
[INFO] [stderr]    Compiling futures-channel v0.3.31
[INFO] [stderr]    Compiling enumn v0.1.14
[INFO] [stderr]    Compiling group v0.13.0
[INFO] [stderr]    Compiling rustc_version v0.4.1
[INFO] [stderr]    Compiling toml_datetime v0.6.8
[INFO] [stderr]    Compiling bitvec v1.0.1
[INFO] [stderr]    Compiling regex-syntax v0.8.5
[INFO] [stderr]    Compiling zeroize v1.8.1
[INFO] [stderr]    Compiling dyn-clone v1.0.17
[INFO] [stderr]    Compiling aho-corasick v1.1.3
[INFO] [stderr]    Compiling der v0.7.9
[INFO] [stderr]    Compiling num-integer v0.1.46
[INFO] [stderr]    Compiling num-complex v0.4.6
[INFO] [stderr]    Compiling bitflags v2.6.0
[INFO] [stderr]    Compiling winnow v0.6.20
[INFO] [stderr]    Compiling rstest_macros v0.22.0
[INFO] [stderr]    Compiling zerocopy v0.7.35
[INFO] [stderr]    Compiling lazy_static v1.5.0
[INFO] [stderr]    Compiling rustc-hex v2.1.0
[INFO] [stderr]    Compiling relative-path v1.9.3
[INFO] [stderr]    Compiling num-bigint v0.4.6
[INFO] [stderr]    Compiling num-iter v0.1.45
[INFO] [stderr]    Compiling glob v0.3.1
[INFO] [stderr]    Compiling futures-util v0.3.31
[INFO] [stderr]    Compiling derive_arbitrary v1.3.2
[INFO] [stderr]    Compiling futures-timer v3.0.3
[INFO] [stderr]    Compiling crypto-common v0.1.6
[INFO] [stderr]    Compiling block-buffer v0.10.4
[INFO] [stderr]    Compiling crypto-bigint v0.5.5
[INFO] [stderr]    Compiling digest v0.10.7
[INFO] [stderr]    Compiling hmac v0.12.1
[INFO] [stderr]    Compiling signature v2.2.0
[INFO] [stderr]    Compiling sec1 v0.7.3
[INFO] [stderr]    Compiling rfc6979 v0.4.0
[INFO] [stderr]    Compiling spki v0.7.3
[INFO] [stderr]    Compiling sha2 v0.10.8
[INFO] [stderr]    Compiling ppv-lite86 v0.2.20
[INFO] [stderr]    Compiling ripemd v0.1.3
[INFO] [stderr]    Compiling rand_chacha v0.3.1
[INFO] [stderr]    Compiling arbitrary v1.3.2
[INFO] [stderr]    Compiling rand v0.8.5
[INFO] [stderr]    Compiling regex-automata v0.4.8
[INFO] [stderr]    Compiling num-rational v0.4.2
[INFO] [stderr]    Compiling toml_edit v0.22.22
[INFO] [stderr]    Compiling num v0.4.3
[INFO] [stderr]    Compiling aurora-engine-modexp v1.1.0
[INFO] [stderr]    Compiling elliptic-curve v0.13.8
[INFO] [stderr]    Compiling substrate-bn v0.6.0
[INFO] [stderr]    Compiling ecdsa v0.16.9
[INFO] [stderr]    Compiling secp256k1 v0.29.1
[INFO] [stderr]    Compiling k256 v0.13.4
[INFO] [stderr]    Compiling futures-executor v0.3.31
[INFO] [stderr]    Compiling futures v0.3.31
[INFO] [stderr]    Compiling alloy-primitives v0.8.10
[INFO] [stderr]    Compiling regex v1.11.1
[INFO] [stderr]    Compiling proc-macro-crate v3.2.0
[INFO] [stderr]    Compiling alloy-eip2930 v0.1.0
[INFO] [stderr]    Compiling alloy-eip7702 v0.3.2
[INFO] [stderr]    Compiling alloy-serde v0.5.4
[INFO] [stderr]    Compiling alloy-eip7702 v0.1.1
[INFO] [stderr]    Compiling alloy-sol-types v0.8.10
[INFO] [stderr]    Compiling alloy-eips v0.5.4
[INFO] [stderr]    Compiling revm-primitives v10.0.0
[INFO] [stderr]    Compiling revm-precompile v11.0.3
[INFO] [stderr]    Compiling revm-interpreter v10.0.3
[INFO] [stderr]    Compiling alloy-consensus v0.5.4
[INFO] [stderr]    Compiling rstest v0.22.0
[INFO] [stderr]    Compiling revm v14.0.3
[INFO] [stderr]    Compiling op-alloy-consensus v0.5.2
[INFO] [stderr]    Compiling op-alloy-genesis v0.5.2
[INFO] [stderr]    Compiling op-alloy-protocol v0.5.1 (/opt/rustwide/workdir)
[INFO] [stdout] error[E0277]: the trait bound `alloy_primitives::FixedBytes<32>: Arbitrary<'_>` is not satisfied
[INFO] [stdout]   --> src/block.rs:11:53
[INFO] [stdout]    |
[INFO] [stdout] 11 | #[cfg_attr(any(test, feature = "arbitrary"), derive(arbitrary::Arbitrary))]
[INFO] [stdout]    |                                                     ^^^^^^^^^^^^^^^^^^^^ the trait `Arbitrary<'_>` is not implemented for `alloy_primitives::FixedBytes<32>`
[INFO] [stdout]    |
[INFO] [stdout]    = help: the following other types implement trait `Arbitrary<'a>`:
[INFO] [stdout]              `&'a [u8]` implements `Arbitrary<'a>`
[INFO] [stdout]              `&'a str` implements `Arbitrary<'a>`
[INFO] [stdout]              `()` implements `Arbitrary<'a>`
[INFO] [stdout]              `(B, C, D, E, F, G, H, I, J, K, L, M, N, O, P, Q, R, S, T, U, V, W, X, Y, Z, A)` implements `Arbitrary<'a>`
[INFO] [stdout]              `(C, D, E, F, G, H, I, J, K, L, M, N, O, P, Q, R, S, T, U, V, W, X, Y, Z, B)` implements `Arbitrary<'a>`
[INFO] [stdout]              `(D, E, F, G, H, I, J, K, L, M, N, O, P, Q, R, S, T, U, V, W, X, Y, Z, C)` implements `Arbitrary<'a>`
[INFO] [stdout]              `(E, F, G, H, I, J, K, L, M, N, O, P, Q, R, S, T, U, V, W, X, Y, Z, D)` implements `Arbitrary<'a>`
[INFO] [stdout]              `(F, G, H, I, J, K, L, M, N, O, P, Q, R, S, T, U, V, W, X, Y, Z, E)` implements `Arbitrary<'a>`
[INFO] [stdout]            and 96 others
[INFO] [stdout]    = note: this error originates in the derive macro `arbitrary::Arbitrary` (in Nightly builds, run with -Z macro-backtrace for more info)
[INFO] [stdout] 
[INFO] [stdout] 
[INFO] [stdout] error[E0277]: the trait bound `alloy_primitives::FixedBytes<32>: Arbitrary<'_>` is not satisfied
[INFO] [stdout]   --> src/block.rs:16:15
[INFO] [stdout]    |
[INFO] [stdout] 16 |     pub hash: B256,
[INFO] [stdout]    |               ^^^^ the trait `Arbitrary<'_>` is not implemented for `alloy_primitives::FixedBytes<32>`
[INFO] [stdout]    |
[INFO] [stdout]    = help: the following other types implement trait `Arbitrary<'a>`:
[INFO] [stdout]              `&'a [u8]` implements `Arbitrary<'a>`
[INFO] [stdout]              `&'a str` implements `Arbitrary<'a>`
[INFO] [stdout]              `()` implements `Arbitrary<'a>`
[INFO] [stdout]              `(B, C, D, E, F, G, H, I, J, K, L, M, N, O, P, Q, R, S, T, U, V, W, X, Y, Z, A)` implements `Arbitrary<'a>`
[INFO] [stdout]              `(C, D, E, F, G, H, I, J, K, L, M, N, O, P, Q, R, S, T, U, V, W, X, Y, Z, B)` implements `Arbitrary<'a>`
[INFO] [stdout]              `(D, E, F, G, H, I, J, K, L, M, N, O, P, Q, R, S, T, U, V, W, X, Y, Z, C)` implements `Arbitrary<'a>`
[INFO] [stdout]              `(E, F, G, H, I, J, K, L, M, N, O, P, Q, R, S, T, U, V, W, X, Y, Z, D)` implements `Arbitrary<'a>`
[INFO] [stdout]              `(F, G, H, I, J, K, L, M, N, O, P, Q, R, S, T, U, V, W, X, Y, Z, E)` implements `Arbitrary<'a>`
[INFO] [stdout]            and 96 others
[INFO] [stdout] 
[INFO] [stdout] 
[INFO] [stdout] error[E0277]: the trait bound `alloy_primitives::FixedBytes<32>: Arbitrary<'_>` is not satisfied
[INFO] [stdout]   --> src/block.rs:21:22
[INFO] [stdout]    |
[INFO] [stdout] 21 |     pub parent_hash: B256,
[INFO] [stdout]    |                      ^^^^ the trait `Arbitrary<'_>` is not implemented for `alloy_primitives::FixedBytes<32>`
[INFO] [stdout]    |
[INFO] [stdout]    = help: the following other types implement trait `Arbitrary<'a>`:
[INFO] [stdout]              `&'a [u8]` implements `Arbitrary<'a>`
[INFO] [stdout]              `&'a str` implements `Arbitrary<'a>`
[INFO] [stdout]              `()` implements `Arbitrary<'a>`
[INFO] [stdout]              `(B, C, D, E, F, G, H, I, J, K, L, M, N, O, P, Q, R, S, T, U, V, W, X, Y, Z, A)` implements `Arbitrary<'a>`
[INFO] [stdout]              `(C, D, E, F, G, H, I, J, K, L, M, N, O, P, Q, R, S, T, U, V, W, X, Y, Z, B)` implements `Arbitrary<'a>`
[INFO] [stdout]              `(D, E, F, G, H, I, J, K, L, M, N, O, P, Q, R, S, T, U, V, W, X, Y, Z, C)` implements `Arbitrary<'a>`
[INFO] [stdout]              `(E, F, G, H, I, J, K, L, M, N, O, P, Q, R, S, T, U, V, W, X, Y, Z, D)` implements `Arbitrary<'a>`
[INFO] [stdout]              `(F, G, H, I, J, K, L, M, N, O, P, Q, R, S, T, U, V, W, X, Y, Z, E)` implements `Arbitrary<'a>`
[INFO] [stdout]            and 96 others
[INFO] [stdout] 
[INFO] [stdout] 
[INFO] [stdout] error[E0277]: the trait bound `alloy_primitives::FixedBytes<32>: Arbitrary<'_>` is not satisfied
[INFO] [stdout]    --> src/block.rs:85:71
[INFO] [stdout]     |
[INFO] [stdout] 85  |             l1_origin: BlockNumHash { number: g.arbitrary()?, hash: g.arbitrary()? },
[INFO] [stdout]     |                                                                       ^^^^^^^^^ the trait `Arbitrary<'_>` is not implemented for `alloy_primitives::FixedBytes<32>`
[INFO] [stdout]     |
[INFO] [stdout]     = help: the following other types implement trait `Arbitrary<'a>`:
[INFO] [stdout]               `&'a [u8]` implements `Arbitrary<'a>`
[INFO] [stdout]               `&'a str` implements `Arbitrary<'a>`
[INFO] [stdout]               `()` implements `Arbitrary<'a>`
[INFO] [stdout]               `(B, C, D, E, F, G, H, I, J, K, L, M, N, O, P, Q, R, S, T, U, V, W, X, Y, Z, A)` implements `Arbitrary<'a>`
[INFO] [stdout]               `(C, D, E, F, G, H, I, J, K, L, M, N, O, P, Q, R, S, T, U, V, W, X, Y, Z, B)` implements `Arbitrary<'a>`
[INFO] [stdout]               `(D, E, F, G, H, I, J, K, L, M, N, O, P, Q, R, S, T, U, V, W, X, Y, Z, C)` implements `Arbitrary<'a>`
[INFO] [stdout]               `(E, F, G, H, I, J, K, L, M, N, O, P, Q, R, S, T, U, V, W, X, Y, Z, D)` implements `Arbitrary<'a>`
[INFO] [stdout]               `(F, G, H, I, J, K, L, M, N, O, P, Q, R, S, T, U, V, W, X, Y, Z, E)` implements `Arbitrary<'a>`
[INFO] [stdout]             and 96 others
[INFO] [stdout] note: required by a bound in `Unstructured::<'a>::arbitrary`
[INFO] [stdout]    --> /opt/rustwide/cargo-home/registry/src/index.crates.io-6f17d22bba15001f/arbitrary-1.3.2/src/unstructured.rs:169:12
[INFO] [stdout]     |
[INFO] [stdout] 167 |     pub fn arbitrary<A>(&mut self) -> Result<A>
[INFO] [stdout]     |            --------- required by a bound in this associated function
[INFO] [stdout] 168 |     where
[INFO] [stdout] 169 |         A: Arbitrary<'a>,
[INFO] [stdout]     |            ^^^^^^^^^^^^^ required by this bound in `Unstructured::<'a>::arbitrary`
[INFO] [stdout] 
[INFO] [stdout] 
[INFO] [stdout] For more information about this error, try `rustc --explain E0277`.
[INFO] [stdout] 
[INFO] [stderr] error: could not compile `op-alloy-protocol` (lib test) due to 4 previous errors
[INFO] running `Command { std: "docker" "inspect" "4348b350a968adedfb98c50eefa6c3235064457dafd2608127a70e423eea12ea", kill_on_drop: false }`
[INFO] running `Command { std: "docker" "rm" "-f" "4348b350a968adedfb98c50eefa6c3235064457dafd2608127a70e423eea12ea", kill_on_drop: false }`
[INFO] [stdout] 4348b350a968adedfb98c50eefa6c3235064457dafd2608127a70e423eea12ea
