[INFO] fetching crate op-alloy-genesis 0.5.1...
[INFO] testing op-alloy-genesis-0.5.1 against nightly-2024-10-28+rustflags=-Zrandomize-layout for randomize-layout
[INFO] extracting crate op-alloy-genesis 0.5.1 into /workspace/builds/worker-6-tc2/source
[INFO] validating manifest of crates.io crate op-alloy-genesis 0.5.1 on toolchain nightly-2024-10-28
[INFO] running `Command { std: CARGO_HOME="/workspace/cargo-home" RUSTUP_HOME="/workspace/rustup-home" "/workspace/cargo-home/bin/cargo" "+nightly-2024-10-28" "metadata" "--manifest-path" "Cargo.toml" "--no-deps", kill_on_drop: false }`
[INFO] started tweaking crates.io crate op-alloy-genesis 0.5.1
[INFO] finished tweaking crates.io crate op-alloy-genesis 0.5.1
[INFO] tweaked toml for crates.io crate op-alloy-genesis 0.5.1 written to /workspace/builds/worker-6-tc2/source/Cargo.toml
[INFO] running `Command { std: CARGO_HOME="/workspace/cargo-home" RUSTUP_HOME="/workspace/rustup-home" "/workspace/cargo-home/bin/cargo" "+nightly-2024-10-28" "generate-lockfile" "--manifest-path" "Cargo.toml", kill_on_drop: false }`
[INFO] [stderr]     Updating crates.io index
[INFO] [stderr]      Locking 180 packages to latest compatible versions
[INFO] running `Command { std: CARGO_HOME="/workspace/cargo-home" RUSTUP_HOME="/workspace/rustup-home" "/workspace/cargo-home/bin/cargo" "+nightly-2024-10-28" "fetch" "--manifest-path" "Cargo.toml", kill_on_drop: false }`
[INFO] running `Command { std: "docker" "create" "-v" "/var/lib/crater-agent-workspace/builds/worker-6-tc2/target:/opt/rustwide/target:rw,Z" "-v" "/var/lib/crater-agent-workspace/builds/worker-6-tc2/source:/opt/rustwide/workdir:ro,Z" "-v" "/var/lib/crater-agent-workspace/cargo-home:/opt/rustwide/cargo-home:ro,Z" "-v" "/var/lib/crater-agent-workspace/rustup-home:/opt/rustwide/rustup-home:ro,Z" "-e" "SOURCE_DIR=/opt/rustwide/workdir" "-e" "CARGO_TARGET_DIR=/opt/rustwide/target" "-e" "CARGO_HOME=/opt/rustwide/cargo-home" "-e" "RUSTUP_HOME=/opt/rustwide/rustup-home" "-w" "/opt/rustwide/workdir" "-m" "1610612736" "--user" "0:0" "--network" "none" "ghcr.io/rust-lang/crates-build-env/linux@sha256:4a844ea9eb2546a2d2c7022eacef16ef2e8229c7fbb2c7d4d55a9ceca922f72d" "/opt/rustwide/cargo-home/bin/cargo" "+nightly-2024-10-28" "metadata" "--no-deps" "--format-version=1", kill_on_drop: false }`
[INFO] [stdout] 21351595dbe85d332dd95b7d6a36aa1ebc60dc70526e5d82b65431022ce9d0ea
[INFO] running `Command { std: "docker" "start" "-a" "21351595dbe85d332dd95b7d6a36aa1ebc60dc70526e5d82b65431022ce9d0ea", kill_on_drop: false }`
[INFO] running `Command { std: "docker" "inspect" "21351595dbe85d332dd95b7d6a36aa1ebc60dc70526e5d82b65431022ce9d0ea", kill_on_drop: false }`
[INFO] running `Command { std: "docker" "rm" "-f" "21351595dbe85d332dd95b7d6a36aa1ebc60dc70526e5d82b65431022ce9d0ea", kill_on_drop: false }`
[INFO] [stdout] 21351595dbe85d332dd95b7d6a36aa1ebc60dc70526e5d82b65431022ce9d0ea
[INFO] running `Command { std: "docker" "create" "-v" "/var/lib/crater-agent-workspace/builds/worker-6-tc2/target:/opt/rustwide/target:rw,Z" "-v" "/var/lib/crater-agent-workspace/builds/worker-6-tc2/source:/opt/rustwide/workdir:ro,Z" "-v" "/var/lib/crater-agent-workspace/cargo-home:/opt/rustwide/cargo-home:ro,Z" "-v" "/var/lib/crater-agent-workspace/rustup-home:/opt/rustwide/rustup-home:ro,Z" "-e" "SOURCE_DIR=/opt/rustwide/workdir" "-e" "CARGO_TARGET_DIR=/opt/rustwide/target" "-e" "CARGO_INCREMENTAL=0" "-e" "RUST_BACKTRACE=full" "-e" "RUSTFLAGS=--cap-lints=forbid -Zrandomize-layout" "-e" "RUSTDOCFLAGS=--cap-lints=forbid" "-e" "CARGO_HOME=/opt/rustwide/cargo-home" "-e" "RUSTUP_HOME=/opt/rustwide/rustup-home" "-w" "/opt/rustwide/workdir" "-m" "1610612736" "--user" "0:0" "--network" "none" "ghcr.io/rust-lang/crates-build-env/linux@sha256:4a844ea9eb2546a2d2c7022eacef16ef2e8229c7fbb2c7d4d55a9ceca922f72d" "/opt/rustwide/cargo-home/bin/cargo" "+nightly-2024-10-28" "build" "--frozen" "--message-format=json", kill_on_drop: false }`
[INFO] [stdout] 3356bdef4052d6f35074148bb8fb860dc995997eb7e972ae91bea3ad0d4423e2
[INFO] running `Command { std: "docker" "start" "-a" "3356bdef4052d6f35074148bb8fb860dc995997eb7e972ae91bea3ad0d4423e2", kill_on_drop: false }`
[INFO] [stderr]    Compiling serde v1.0.214
[INFO] [stderr]    Compiling paste v1.0.15
[INFO] [stderr]    Compiling crunchy v0.2.2
[INFO] [stderr]    Compiling tiny-keccak v2.0.2
[INFO] [stderr]    Compiling unicode-xid v0.2.6
[INFO] [stderr]    Compiling ruint-macro v1.2.1
[INFO] [stderr]    Compiling hex-literal v0.4.1
[INFO] [stderr]    Compiling serde_json v1.0.132
[INFO] [stderr]    Compiling heck v0.5.0
[INFO] [stderr]    Compiling const-hex v1.13.1
[INFO] [stderr]    Compiling hashbrown v0.15.0
[INFO] [stderr]    Compiling memchr v2.7.4
[INFO] [stderr]    Compiling dunce v1.0.5
[INFO] [stderr]    Compiling syn v2.0.86
[INFO] [stderr]    Compiling proc-macro-error-attr2 v2.0.0
[INFO] [stderr]    Compiling crypto-common v0.1.6
[INFO] [stderr]    Compiling equivalent v1.0.1
[INFO] [stderr]    Compiling ryu v1.0.18
[INFO] [stderr]    Compiling digest v0.10.7
[INFO] [stderr]    Compiling sha2 v0.10.8
[INFO] [stderr]    Compiling indexmap v2.6.0
[INFO] [stderr]    Compiling syn-solidity v0.8.10
[INFO] [stderr]    Compiling proc-macro-error2 v2.0.1
[INFO] [stderr]    Compiling serde_derive v1.0.214
[INFO] [stderr]    Compiling alloy-rlp-derive v0.3.9
[INFO] [stderr]    Compiling derive_more-impl v1.0.0
[INFO] [stderr]    Compiling auto_impl v1.2.0
[INFO] [stderr]    Compiling serde_repr v0.1.19
[INFO] [stderr]    Compiling alloy-sol-macro-input v0.8.10
[INFO] [stderr]    Compiling alloy-sol-macro-expander v0.8.10
[INFO] [stderr]    Compiling derive_more v1.0.0
[INFO] [stderr]    Compiling alloy-sol-macro v0.8.10
[INFO] [stderr]    Compiling bytes v1.8.0
[INFO] [stderr]    Compiling alloy-rlp v0.3.9
[INFO] [stderr]    Compiling ruint v1.12.3
[INFO] [stderr]    Compiling alloy-primitives v0.8.10
[INFO] [stderr]    Compiling alloy-eip2930 v0.1.0
[INFO] [stderr]    Compiling alloy-eip7702 v0.3.2
[INFO] [stderr]    Compiling alloy-serde v0.5.4
[INFO] [stderr]    Compiling alloy-sol-types v0.8.10
[INFO] [stderr]    Compiling alloy-eips v0.5.4
[INFO] [stderr]    Compiling alloy-consensus v0.5.4
[INFO] [stderr]    Compiling op-alloy-genesis v0.5.1 (/opt/rustwide/workdir)
[INFO] [stderr]     Finished `dev` profile [unoptimized + debuginfo] target(s) in 25.85s
[INFO] running `Command { std: "docker" "inspect" "3356bdef4052d6f35074148bb8fb860dc995997eb7e972ae91bea3ad0d4423e2", kill_on_drop: false }`
[INFO] running `Command { std: "docker" "rm" "-f" "3356bdef4052d6f35074148bb8fb860dc995997eb7e972ae91bea3ad0d4423e2", kill_on_drop: false }`
[INFO] [stdout] 3356bdef4052d6f35074148bb8fb860dc995997eb7e972ae91bea3ad0d4423e2
[INFO] running `Command { std: "docker" "create" "-v" "/var/lib/crater-agent-workspace/builds/worker-6-tc2/target:/opt/rustwide/target:rw,Z" "-v" "/var/lib/crater-agent-workspace/builds/worker-6-tc2/source:/opt/rustwide/workdir:ro,Z" "-v" "/var/lib/crater-agent-workspace/cargo-home:/opt/rustwide/cargo-home:ro,Z" "-v" "/var/lib/crater-agent-workspace/rustup-home:/opt/rustwide/rustup-home:ro,Z" "-e" "SOURCE_DIR=/opt/rustwide/workdir" "-e" "CARGO_TARGET_DIR=/opt/rustwide/target" "-e" "CARGO_INCREMENTAL=0" "-e" "RUST_BACKTRACE=full" "-e" "RUSTFLAGS=--cap-lints=forbid -Zrandomize-layout" "-e" "RUSTDOCFLAGS=--cap-lints=forbid" "-e" "CARGO_HOME=/opt/rustwide/cargo-home" "-e" "RUSTUP_HOME=/opt/rustwide/rustup-home" "-w" "/opt/rustwide/workdir" "-m" "1610612736" "--user" "0:0" "--network" "none" "ghcr.io/rust-lang/crates-build-env/linux@sha256:4a844ea9eb2546a2d2c7022eacef16ef2e8229c7fbb2c7d4d55a9ceca922f72d" "/opt/rustwide/cargo-home/bin/cargo" "+nightly-2024-10-28" "test" "--frozen" "--no-run" "--message-format=json", kill_on_drop: false }`
[INFO] [stdout] 387b2f44810ce7a80fe36b1e09c27608ad683b0b4bfa8fad06f7a6321e135185
[INFO] running `Command { std: "docker" "start" "-a" "387b2f44810ce7a80fe36b1e09c27608ad683b0b4bfa8fad06f7a6321e135185", kill_on_drop: false }`
[INFO] [stderr]    Compiling zerocopy-derive v0.7.35
[INFO] [stderr]    Compiling derive_arbitrary v1.3.2
[INFO] [stderr]    Compiling serde v1.0.214
[INFO] [stderr]    Compiling arbitrary v1.3.2
[INFO] [stderr]    Compiling zerocopy v0.7.35
[INFO] [stderr]    Compiling ppv-lite86 v0.2.20
[INFO] [stderr]    Compiling rand_chacha v0.3.1
[INFO] [stderr]    Compiling bytes v1.8.0
[INFO] [stderr]    Compiling rand v0.8.5
[INFO] [stderr]    Compiling const-hex v1.13.1
[INFO] [stderr]    Compiling serde_json v1.0.132
[INFO] [stderr]    Compiling alloy-rlp v0.3.9
[INFO] [stderr]    Compiling ruint v1.12.3
[INFO] [stderr]    Compiling alloy-primitives v0.8.10
[INFO] [stderr]    Compiling alloy-eip2930 v0.1.0
[INFO] [stderr]    Compiling alloy-eip7702 v0.3.2
[INFO] [stderr]    Compiling alloy-serde v0.5.4
[INFO] [stderr]    Compiling alloy-sol-types v0.8.10
[INFO] [stderr]    Compiling alloy-eips v0.5.4
[INFO] [stderr]    Compiling alloy-consensus v0.5.4
[INFO] [stderr]    Compiling op-alloy-genesis v0.5.1 (/opt/rustwide/workdir)
[INFO] [stdout] error[E0277]: the trait bound `alloy_primitives::Address: Arbitrary<'_>` is not satisfied
[INFO] [stdout]  --> src/addresses.rs:7:53
[INFO] [stdout]   |
[INFO] [stdout] 7 | #[cfg_attr(any(test, feature = "arbitrary"), derive(arbitrary::Arbitrary))]
[INFO] [stdout]   |                                                     ^^^^^^^^^^^^^^^^^^^^ the trait `Arbitrary<'_>` is not implemented for `alloy_primitives::Address`
[INFO] [stdout]   |
[INFO] [stdout]   = help: the following other types implement trait `Arbitrary<'a>`:
[INFO] [stdout]             `&'a [u8]` implements `Arbitrary<'a>`
[INFO] [stdout]             `&'a str` implements `Arbitrary<'a>`
[INFO] [stdout]             `()` implements `Arbitrary<'a>`
[INFO] [stdout]             `(B, C, D, E, F, G, H, I, J, K, L, M, N, O, P, Q, R, S, T, U, V, W, X, Y, Z, A)` implements `Arbitrary<'a>`
[INFO] [stdout]             `(C, D, E, F, G, H, I, J, K, L, M, N, O, P, Q, R, S, T, U, V, W, X, Y, Z, B)` implements `Arbitrary<'a>`
[INFO] [stdout]             `(D, E, F, G, H, I, J, K, L, M, N, O, P, Q, R, S, T, U, V, W, X, Y, Z, C)` implements `Arbitrary<'a>`
[INFO] [stdout]             `(E, F, G, H, I, J, K, L, M, N, O, P, Q, R, S, T, U, V, W, X, Y, Z, D)` implements `Arbitrary<'a>`
[INFO] [stdout]             `(F, G, H, I, J, K, L, M, N, O, P, Q, R, S, T, U, V, W, X, Y, Z, E)` implements `Arbitrary<'a>`
[INFO] [stdout]           and 103 others
[INFO] [stdout]   = note: this error originates in the derive macro `arbitrary::Arbitrary` (in Nightly builds, run with -Z macro-backtrace for more info)
[INFO] [stdout] 
[INFO] [stdout] 
[INFO] [stdout] error[E0277]: the trait bound `alloy_primitives::Address: Arbitrary<'_>` is not satisfied
[INFO] [stdout]   --> src/addresses.rs:12:26
[INFO] [stdout]    |
[INFO] [stdout] 12 |     pub address_manager: Address,
[INFO] [stdout]    |                          ^^^^^^^ the trait `Arbitrary<'_>` is not implemented for `alloy_primitives::Address`
[INFO] [stdout]    |
[INFO] [stdout]    = help: the following other types implement trait `Arbitrary<'a>`:
[INFO] [stdout]              `&'a [u8]` implements `Arbitrary<'a>`
[INFO] [stdout]              `&'a str` implements `Arbitrary<'a>`
[INFO] [stdout]              `()` implements `Arbitrary<'a>`
[INFO] [stdout]              `(B, C, D, E, F, G, H, I, J, K, L, M, N, O, P, Q, R, S, T, U, V, W, X, Y, Z, A)` implements `Arbitrary<'a>`
[INFO] [stdout]              `(C, D, E, F, G, H, I, J, K, L, M, N, O, P, Q, R, S, T, U, V, W, X, Y, Z, B)` implements `Arbitrary<'a>`
[INFO] [stdout]              `(D, E, F, G, H, I, J, K, L, M, N, O, P, Q, R, S, T, U, V, W, X, Y, Z, C)` implements `Arbitrary<'a>`
[INFO] [stdout]              `(E, F, G, H, I, J, K, L, M, N, O, P, Q, R, S, T, U, V, W, X, Y, Z, D)` implements `Arbitrary<'a>`
[INFO] [stdout]              `(F, G, H, I, J, K, L, M, N, O, P, Q, R, S, T, U, V, W, X, Y, Z, E)` implements `Arbitrary<'a>`
[INFO] [stdout]            and 103 others
[INFO] [stdout] 
[INFO] [stdout] 
[INFO] [stdout] error[E0277]: the trait bound `alloy_primitives::Address: Arbitrary<'_>` is not satisfied
[INFO] [stdout]   --> src/addresses.rs:14:42
[INFO] [stdout]    |
[INFO] [stdout] 14 |     pub l1_cross_domain_messenger_proxy: Address,
[INFO] [stdout]    |                                          ^^^^^^^ the trait `Arbitrary<'_>` is not implemented for `alloy_primitives::Address`
[INFO] [stdout]    |
[INFO] [stdout]    = help: the following other types implement trait `Arbitrary<'a>`:
[INFO] [stdout]              `&'a [u8]` implements `Arbitrary<'a>`
[INFO] [stdout]              `&'a str` implements `Arbitrary<'a>`
[INFO] [stdout]              `()` implements `Arbitrary<'a>`
[INFO] [stdout]              `(B, C, D, E, F, G, H, I, J, K, L, M, N, O, P, Q, R, S, T, U, V, W, X, Y, Z, A)` implements `Arbitrary<'a>`
[INFO] [stdout]              `(C, D, E, F, G, H, I, J, K, L, M, N, O, P, Q, R, S, T, U, V, W, X, Y, Z, B)` implements `Arbitrary<'a>`
[INFO] [stdout]              `(D, E, F, G, H, I, J, K, L, M, N, O, P, Q, R, S, T, U, V, W, X, Y, Z, C)` implements `Arbitrary<'a>`
[INFO] [stdout]              `(E, F, G, H, I, J, K, L, M, N, O, P, Q, R, S, T, U, V, W, X, Y, Z, D)` implements `Arbitrary<'a>`
[INFO] [stdout]              `(F, G, H, I, J, K, L, M, N, O, P, Q, R, S, T, U, V, W, X, Y, Z, E)` implements `Arbitrary<'a>`
[INFO] [stdout]            and 103 others
[INFO] [stdout] 
[INFO] [stdout] 
[INFO] [stdout] error[E0277]: the trait bound `alloy_primitives::Address: Arbitrary<'_>` is not satisfied
[INFO] [stdout]   --> src/addresses.rs:17:33
[INFO] [stdout]    |
[INFO] [stdout] 17 |     pub l1_erc721_bridge_proxy: Address,
[INFO] [stdout]    |                                 ^^^^^^^ the trait `Arbitrary<'_>` is not implemented for `alloy_primitives::Address`
[INFO] [stdout]    |
[INFO] [stdout]    = help: the following other types implement trait `Arbitrary<'a>`:
[INFO] [stdout]              `&'a [u8]` implements `Arbitrary<'a>`
[INFO] [stdout]              `&'a str` implements `Arbitrary<'a>`
[INFO] [stdout]              `()` implements `Arbitrary<'a>`
[INFO] [stdout]              `(B, C, D, E, F, G, H, I, J, K, L, M, N, O, P, Q, R, S, T, U, V, W, X, Y, Z, A)` implements `Arbitrary<'a>`
[INFO] [stdout]              `(C, D, E, F, G, H, I, J, K, L, M, N, O, P, Q, R, S, T, U, V, W, X, Y, Z, B)` implements `Arbitrary<'a>`
[INFO] [stdout]              `(D, E, F, G, H, I, J, K, L, M, N, O, P, Q, R, S, T, U, V, W, X, Y, Z, C)` implements `Arbitrary<'a>`
[INFO] [stdout]              `(E, F, G, H, I, J, K, L, M, N, O, P, Q, R, S, T, U, V, W, X, Y, Z, D)` implements `Arbitrary<'a>`
[INFO] [stdout]              `(F, G, H, I, J, K, L, M, N, O, P, Q, R, S, T, U, V, W, X, Y, Z, E)` implements `Arbitrary<'a>`
[INFO] [stdout]            and 103 others
[INFO] [stdout] 
[INFO] [stdout] 
[INFO] [stdout] error[E0277]: the trait bound `alloy_primitives::Address: Arbitrary<'_>` is not satisfied
[INFO] [stdout]   --> src/addresses.rs:19:35
[INFO] [stdout]    |
[INFO] [stdout] 19 |     pub l1_standard_bridge_proxy: Address,
[INFO] [stdout]    |                                   ^^^^^^^ the trait `Arbitrary<'_>` is not implemented for `alloy_primitives::Address`
[INFO] [stdout]    |
[INFO] [stdout]    = help: the following other types implement trait `Arbitrary<'a>`:
[INFO] [stdout]              `&'a [u8]` implements `Arbitrary<'a>`
[INFO] [stdout]              `&'a str` implements `Arbitrary<'a>`
[INFO] [stdout]              `()` implements `Arbitrary<'a>`
[INFO] [stdout]              `(B, C, D, E, F, G, H, I, J, K, L, M, N, O, P, Q, R, S, T, U, V, W, X, Y, Z, A)` implements `Arbitrary<'a>`
[INFO] [stdout]              `(C, D, E, F, G, H, I, J, K, L, M, N, O, P, Q, R, S, T, U, V, W, X, Y, Z, B)` implements `Arbitrary<'a>`
[INFO] [stdout]              `(D, E, F, G, H, I, J, K, L, M, N, O, P, Q, R, S, T, U, V, W, X, Y, Z, C)` implements `Arbitrary<'a>`
[INFO] [stdout]              `(E, F, G, H, I, J, K, L, M, N, O, P, Q, R, S, T, U, V, W, X, Y, Z, D)` implements `Arbitrary<'a>`
[INFO] [stdout]              `(F, G, H, I, J, K, L, M, N, O, P, Q, R, S, T, U, V, W, X, Y, Z, E)` implements `Arbitrary<'a>`
[INFO] [stdout]            and 103 others
[INFO] [stdout] 
[INFO] [stdout] 
[INFO] [stdout] error[E0277]: the trait bound `alloy_primitives::Address: Arbitrary<'_>` is not satisfied
[INFO] [stdout]   --> src/addresses.rs:21:33
[INFO] [stdout]    |
[INFO] [stdout] 21 |     pub l2_output_oracle_proxy: Option<Address>,
[INFO] [stdout]    |                                 ^^^^^^^^^^^^^^^ the trait `Arbitrary<'_>` is not implemented for `alloy_primitives::Address`, which is required by `std::option::Option<alloy_primitives::Address>: Arbitrary<'_>`
[INFO] [stdout]    |
[INFO] [stdout]    = help: the following other types implement trait `Arbitrary<'a>`:
[INFO] [stdout]              `&'a [u8]` implements `Arbitrary<'a>`
[INFO] [stdout]              `&'a str` implements `Arbitrary<'a>`
[INFO] [stdout]              `()` implements `Arbitrary<'a>`
[INFO] [stdout]              `(B, C, D, E, F, G, H, I, J, K, L, M, N, O, P, Q, R, S, T, U, V, W, X, Y, Z, A)` implements `Arbitrary<'a>`
[INFO] [stdout]              `(C, D, E, F, G, H, I, J, K, L, M, N, O, P, Q, R, S, T, U, V, W, X, Y, Z, B)` implements `Arbitrary<'a>`
[INFO] [stdout]              `(D, E, F, G, H, I, J, K, L, M, N, O, P, Q, R, S, T, U, V, W, X, Y, Z, C)` implements `Arbitrary<'a>`
[INFO] [stdout]              `(E, F, G, H, I, J, K, L, M, N, O, P, Q, R, S, T, U, V, W, X, Y, Z, D)` implements `Arbitrary<'a>`
[INFO] [stdout]              `(F, G, H, I, J, K, L, M, N, O, P, Q, R, S, T, U, V, W, X, Y, Z, E)` implements `Arbitrary<'a>`
[INFO] [stdout]            and 103 others
[INFO] [stdout]    = note: required for `std::option::Option<alloy_primitives::Address>` to implement `Arbitrary<'_>`
[INFO] [stdout] 
[INFO] [stdout] 
[INFO] [stdout] error[E0277]: the trait bound `alloy_primitives::Address: Arbitrary<'_>` is not satisfied
[INFO] [stdout]   --> src/addresses.rs:24:48
[INFO] [stdout]    |
[INFO] [stdout] 24 |     pub optimism_mintable_erc20_factory_proxy: Address,
[INFO] [stdout]    |                                                ^^^^^^^ the trait `Arbitrary<'_>` is not implemented for `alloy_primitives::Address`
[INFO] [stdout]    |
[INFO] [stdout]    = help: the following other types implement trait `Arbitrary<'a>`:
[INFO] [stdout]              `&'a [u8]` implements `Arbitrary<'a>`
[INFO] [stdout]              `&'a str` implements `Arbitrary<'a>`
[INFO] [stdout]              `()` implements `Arbitrary<'a>`
[INFO] [stdout]              `(B, C, D, E, F, G, H, I, J, K, L, M, N, O, P, Q, R, S, T, U, V, W, X, Y, Z, A)` implements `Arbitrary<'a>`
[INFO] [stdout]              `(C, D, E, F, G, H, I, J, K, L, M, N, O, P, Q, R, S, T, U, V, W, X, Y, Z, B)` implements `Arbitrary<'a>`
[INFO] [stdout]              `(D, E, F, G, H, I, J, K, L, M, N, O, P, Q, R, S, T, U, V, W, X, Y, Z, C)` implements `Arbitrary<'a>`
[INFO] [stdout]              `(E, F, G, H, I, J, K, L, M, N, O, P, Q, R, S, T, U, V, W, X, Y, Z, D)` implements `Arbitrary<'a>`
[INFO] [stdout]              `(F, G, H, I, J, K, L, M, N, O, P, Q, R, S, T, U, V, W, X, Y, Z, E)` implements `Arbitrary<'a>`
[INFO] [stdout]            and 103 others
[INFO] [stdout] 
[INFO] [stdout] 
[INFO] [stdout] error[E0277]: the trait bound `alloy_primitives::Address: Arbitrary<'_>` is not satisfied
[INFO] [stdout]   --> src/addresses.rs:26:32
[INFO] [stdout]    |
[INFO] [stdout] 26 |     pub optimism_portal_proxy: Address,
[INFO] [stdout]    |                                ^^^^^^^ the trait `Arbitrary<'_>` is not implemented for `alloy_primitives::Address`
[INFO] [stdout]    |
[INFO] [stdout]    = help: the following other types implement trait `Arbitrary<'a>`:
[INFO] [stdout]              `&'a [u8]` implements `Arbitrary<'a>`
[INFO] [stdout]              `&'a str` implements `Arbitrary<'a>`
[INFO] [stdout]              `()` implements `Arbitrary<'a>`
[INFO] [stdout]              `(B, C, D, E, F, G, H, I, J, K, L, M, N, O, P, Q, R, S, T, U, V, W, X, Y, Z, A)` implements `Arbitrary<'a>`
[INFO] [stdout]              `(C, D, E, F, G, H, I, J, K, L, M, N, O, P, Q, R, S, T, U, V, W, X, Y, Z, B)` implements `Arbitrary<'a>`
[INFO] [stdout]              `(D, E, F, G, H, I, J, K, L, M, N, O, P, Q, R, S, T, U, V, W, X, Y, Z, C)` implements `Arbitrary<'a>`
[INFO] [stdout]              `(E, F, G, H, I, J, K, L, M, N, O, P, Q, R, S, T, U, V, W, X, Y, Z, D)` implements `Arbitrary<'a>`
[INFO] [stdout]              `(F, G, H, I, J, K, L, M, N, O, P, Q, R, S, T, U, V, W, X, Y, Z, E)` implements `Arbitrary<'a>`
[INFO] [stdout]            and 103 others
[INFO] [stdout] 
[INFO] [stdout] 
[INFO] [stdout] error[E0277]: the trait bound `alloy_primitives::Address: Arbitrary<'_>` is not satisfied
[INFO] [stdout]   --> src/addresses.rs:28:30
[INFO] [stdout]    |
[INFO] [stdout] 28 |     pub system_config_proxy: Address,
[INFO] [stdout]    |                              ^^^^^^^ the trait `Arbitrary<'_>` is not implemented for `alloy_primitives::Address`
[INFO] [stdout]    |
[INFO] [stdout]    = help: the following other types implement trait `Arbitrary<'a>`:
[INFO] [stdout]              `&'a [u8]` implements `Arbitrary<'a>`
[INFO] [stdout]              `&'a str` implements `Arbitrary<'a>`
[INFO] [stdout]              `()` implements `Arbitrary<'a>`
[INFO] [stdout]              `(B, C, D, E, F, G, H, I, J, K, L, M, N, O, P, Q, R, S, T, U, V, W, X, Y, Z, A)` implements `Arbitrary<'a>`
[INFO] [stdout]              `(C, D, E, F, G, H, I, J, K, L, M, N, O, P, Q, R, S, T, U, V, W, X, Y, Z, B)` implements `Arbitrary<'a>`
[INFO] [stdout]              `(D, E, F, G, H, I, J, K, L, M, N, O, P, Q, R, S, T, U, V, W, X, Y, Z, C)` implements `Arbitrary<'a>`
[INFO] [stdout]              `(E, F, G, H, I, J, K, L, M, N, O, P, Q, R, S, T, U, V, W, X, Y, Z, D)` implements `Arbitrary<'a>`
[INFO] [stdout]              `(F, G, H, I, J, K, L, M, N, O, P, Q, R, S, T, U, V, W, X, Y, Z, E)` implements `Arbitrary<'a>`
[INFO] [stdout]            and 103 others
[INFO] [stdout] 
[INFO] [stdout] 
[INFO] [stdout] error[E0277]: the trait bound `alloy_primitives::Address: Arbitrary<'_>` is not satisfied
[INFO] [stdout]   --> src/addresses.rs:30:30
[INFO] [stdout]    |
[INFO] [stdout] 30 |     pub system_config_owner: Address,
[INFO] [stdout]    |                              ^^^^^^^ the trait `Arbitrary<'_>` is not implemented for `alloy_primitives::Address`
[INFO] [stdout]    |
[INFO] [stdout]    = help: the following other types implement trait `Arbitrary<'a>`:
[INFO] [stdout]              `&'a [u8]` implements `Arbitrary<'a>`
[INFO] [stdout]              `&'a str` implements `Arbitrary<'a>`
[INFO] [stdout]              `()` implements `Arbitrary<'a>`
[INFO] [stdout]              `(B, C, D, E, F, G, H, I, J, K, L, M, N, O, P, Q, R, S, T, U, V, W, X, Y, Z, A)` implements `Arbitrary<'a>`
[INFO] [stdout]              `(C, D, E, F, G, H, I, J, K, L, M, N, O, P, Q, R, S, T, U, V, W, X, Y, Z, B)` implements `Arbitrary<'a>`
[INFO] [stdout]              `(D, E, F, G, H, I, J, K, L, M, N, O, P, Q, R, S, T, U, V, W, X, Y, Z, C)` implements `Arbitrary<'a>`
[INFO] [stdout]              `(E, F, G, H, I, J, K, L, M, N, O, P, Q, R, S, T, U, V, W, X, Y, Z, D)` implements `Arbitrary<'a>`
[INFO] [stdout]              `(F, G, H, I, J, K, L, M, N, O, P, Q, R, S, T, U, V, W, X, Y, Z, E)` implements `Arbitrary<'a>`
[INFO] [stdout]            and 103 others
[INFO] [stdout] 
[INFO] [stdout] 
[INFO] [stdout] error[E0277]: the trait bound `alloy_primitives::Address: Arbitrary<'_>` is not satisfied
[INFO] [stdout]   --> src/addresses.rs:32:22
[INFO] [stdout]    |
[INFO] [stdout] 32 |     pub proxy_admin: Address,
[INFO] [stdout]    |                      ^^^^^^^ the trait `Arbitrary<'_>` is not implemented for `alloy_primitives::Address`
[INFO] [stdout]    |
[INFO] [stdout]    = help: the following other types implement trait `Arbitrary<'a>`:
[INFO] [stdout]              `&'a [u8]` implements `Arbitrary<'a>`
[INFO] [stdout]              `&'a str` implements `Arbitrary<'a>`
[INFO] [stdout]              `()` implements `Arbitrary<'a>`
[INFO] [stdout]              `(B, C, D, E, F, G, H, I, J, K, L, M, N, O, P, Q, R, S, T, U, V, W, X, Y, Z, A)` implements `Arbitrary<'a>`
[INFO] [stdout]              `(C, D, E, F, G, H, I, J, K, L, M, N, O, P, Q, R, S, T, U, V, W, X, Y, Z, B)` implements `Arbitrary<'a>`
[INFO] [stdout]              `(D, E, F, G, H, I, J, K, L, M, N, O, P, Q, R, S, T, U, V, W, X, Y, Z, C)` implements `Arbitrary<'a>`
[INFO] [stdout]              `(E, F, G, H, I, J, K, L, M, N, O, P, Q, R, S, T, U, V, W, X, Y, Z, D)` implements `Arbitrary<'a>`
[INFO] [stdout]              `(F, G, H, I, J, K, L, M, N, O, P, Q, R, S, T, U, V, W, X, Y, Z, E)` implements `Arbitrary<'a>`
[INFO] [stdout]            and 103 others
[INFO] [stdout] 
[INFO] [stdout] 
[INFO] [stdout] error[E0277]: the trait bound `alloy_primitives::Address: Arbitrary<'_>` is not satisfied
[INFO] [stdout]   --> src/addresses.rs:34:28
[INFO] [stdout]    |
[INFO] [stdout] 34 |     pub proxy_admin_owner: Address,
[INFO] [stdout]    |                            ^^^^^^^ the trait `Arbitrary<'_>` is not implemented for `alloy_primitives::Address`
[INFO] [stdout]    |
[INFO] [stdout]    = help: the following other types implement trait `Arbitrary<'a>`:
[INFO] [stdout]              `&'a [u8]` implements `Arbitrary<'a>`
[INFO] [stdout]              `&'a str` implements `Arbitrary<'a>`
[INFO] [stdout]              `()` implements `Arbitrary<'a>`
[INFO] [stdout]              `(B, C, D, E, F, G, H, I, J, K, L, M, N, O, P, Q, R, S, T, U, V, W, X, Y, Z, A)` implements `Arbitrary<'a>`
[INFO] [stdout]              `(C, D, E, F, G, H, I, J, K, L, M, N, O, P, Q, R, S, T, U, V, W, X, Y, Z, B)` implements `Arbitrary<'a>`
[INFO] [stdout]              `(D, E, F, G, H, I, J, K, L, M, N, O, P, Q, R, S, T, U, V, W, X, Y, Z, C)` implements `Arbitrary<'a>`
[INFO] [stdout]              `(E, F, G, H, I, J, K, L, M, N, O, P, Q, R, S, T, U, V, W, X, Y, Z, D)` implements `Arbitrary<'a>`
[INFO] [stdout]              `(F, G, H, I, J, K, L, M, N, O, P, Q, R, S, T, U, V, W, X, Y, Z, E)` implements `Arbitrary<'a>`
[INFO] [stdout]            and 103 others
[INFO] [stdout] 
[INFO] [stdout] 
[INFO] [stdout] error[E0277]: the trait bound `alloy_primitives::Address: Arbitrary<'_>` is not satisfied
[INFO] [stdout]   --> src/addresses.rs:36:19
[INFO] [stdout]    |
[INFO] [stdout] 36 |     pub guardian: Address,
[INFO] [stdout]    |                   ^^^^^^^ the trait `Arbitrary<'_>` is not implemented for `alloy_primitives::Address`
[INFO] [stdout]    |
[INFO] [stdout]    = help: the following other types implement trait `Arbitrary<'a>`:
[INFO] [stdout]              `&'a [u8]` implements `Arbitrary<'a>`
[INFO] [stdout]              `&'a str` implements `Arbitrary<'a>`
[INFO] [stdout]              `()` implements `Arbitrary<'a>`
[INFO] [stdout]              `(B, C, D, E, F, G, H, I, J, K, L, M, N, O, P, Q, R, S, T, U, V, W, X, Y, Z, A)` implements `Arbitrary<'a>`
[INFO] [stdout]              `(C, D, E, F, G, H, I, J, K, L, M, N, O, P, Q, R, S, T, U, V, W, X, Y, Z, B)` implements `Arbitrary<'a>`
[INFO] [stdout]              `(D, E, F, G, H, I, J, K, L, M, N, O, P, Q, R, S, T, U, V, W, X, Y, Z, C)` implements `Arbitrary<'a>`
[INFO] [stdout]              `(E, F, G, H, I, J, K, L, M, N, O, P, Q, R, S, T, U, V, W, X, Y, Z, D)` implements `Arbitrary<'a>`
[INFO] [stdout]              `(F, G, H, I, J, K, L, M, N, O, P, Q, R, S, T, U, V, W, X, Y, Z, E)` implements `Arbitrary<'a>`
[INFO] [stdout]            and 103 others
[INFO] [stdout] 
[INFO] [stdout] 
[INFO] [stdout] error[E0277]: the trait bound `alloy_primitives::Address: Arbitrary<'_>` is not satisfied
[INFO] [stdout]   --> src/addresses.rs:40:38
[INFO] [stdout]    |
[INFO] [stdout] 40 |     pub anchor_state_registry_proxy: Option<Address>,
[INFO] [stdout]    |                                      ^^^^^^^^^^^^^^^ the trait `Arbitrary<'_>` is not implemented for `alloy_primitives::Address`, which is required by `std::option::Option<alloy_primitives::Address>: Arbitrary<'_>`
[INFO] [stdout]    |
[INFO] [stdout]    = help: the following other types implement trait `Arbitrary<'a>`:
[INFO] [stdout]              `&'a [u8]` implements `Arbitrary<'a>`
[INFO] [stdout]              `&'a str` implements `Arbitrary<'a>`
[INFO] [stdout]              `()` implements `Arbitrary<'a>`
[INFO] [stdout]              `(B, C, D, E, F, G, H, I, J, K, L, M, N, O, P, Q, R, S, T, U, V, W, X, Y, Z, A)` implements `Arbitrary<'a>`
[INFO] [stdout]              `(C, D, E, F, G, H, I, J, K, L, M, N, O, P, Q, R, S, T, U, V, W, X, Y, Z, B)` implements `Arbitrary<'a>`
[INFO] [stdout]              `(D, E, F, G, H, I, J, K, L, M, N, O, P, Q, R, S, T, U, V, W, X, Y, Z, C)` implements `Arbitrary<'a>`
[INFO] [stdout]              `(E, F, G, H, I, J, K, L, M, N, O, P, Q, R, S, T, U, V, W, X, Y, Z, D)` implements `Arbitrary<'a>`
[INFO] [stdout]              `(F, G, H, I, J, K, L, M, N, O, P, Q, R, S, T, U, V, W, X, Y, Z, E)` implements `Arbitrary<'a>`
[INFO] [stdout]            and 103 others
[INFO] [stdout]    = note: required for `std::option::Option<alloy_primitives::Address>` to implement `Arbitrary<'_>`
[INFO] [stdout] 
[INFO] [stdout] 
[INFO] [stdout] error[E0277]: the trait bound `alloy_primitives::Address: Arbitrary<'_>` is not satisfied
[INFO] [stdout]   --> src/addresses.rs:43:29
[INFO] [stdout]    |
[INFO] [stdout] 43 |     pub delayed_weth_proxy: Option<Address>,
[INFO] [stdout]    |                             ^^^^^^^^^^^^^^^ the trait `Arbitrary<'_>` is not implemented for `alloy_primitives::Address`, which is required by `std::option::Option<alloy_primitives::Address>: Arbitrary<'_>`
[INFO] [stdout]    |
[INFO] [stdout]    = help: the following other types implement trait `Arbitrary<'a>`:
[INFO] [stdout]              `&'a [u8]` implements `Arbitrary<'a>`
[INFO] [stdout]              `&'a str` implements `Arbitrary<'a>`
[INFO] [stdout]              `()` implements `Arbitrary<'a>`
[INFO] [stdout]              `(B, C, D, E, F, G, H, I, J, K, L, M, N, O, P, Q, R, S, T, U, V, W, X, Y, Z, A)` implements `Arbitrary<'a>`
[INFO] [stdout]              `(C, D, E, F, G, H, I, J, K, L, M, N, O, P, Q, R, S, T, U, V, W, X, Y, Z, B)` implements `Arbitrary<'a>`
[INFO] [stdout]              `(D, E, F, G, H, I, J, K, L, M, N, O, P, Q, R, S, T, U, V, W, X, Y, Z, C)` implements `Arbitrary<'a>`
[INFO] [stdout]              `(E, F, G, H, I, J, K, L, M, N, O, P, Q, R, S, T, U, V, W, X, Y, Z, D)` implements `Arbitrary<'a>`
[INFO] [stdout]              `(F, G, H, I, J, K, L, M, N, O, P, Q, R, S, T, U, V, W, X, Y, Z, E)` implements `Arbitrary<'a>`
[INFO] [stdout]            and 103 others
[INFO] [stdout]    = note: required for `std::option::Option<alloy_primitives::Address>` to implement `Arbitrary<'_>`
[INFO] [stdout] 
[INFO] [stdout] 
[INFO] [stdout] error[E0277]: the trait bound `alloy_primitives::Address: Arbitrary<'_>` is not satisfied
[INFO] [stdout]   --> src/addresses.rs:45:37
[INFO] [stdout]    |
[INFO] [stdout] 45 |     pub dispute_game_factory_proxy: Option<Address>,
[INFO] [stdout]    |                                     ^^^^^^^^^^^^^^^ the trait `Arbitrary<'_>` is not implemented for `alloy_primitives::Address`, which is required by `std::option::Option<alloy_primitives::Address>: Arbitrary<'_>`
[INFO] [stdout]    |
[INFO] [stdout]    = help: the following other types implement trait `Arbitrary<'a>`:
[INFO] [stdout]              `&'a [u8]` implements `Arbitrary<'a>`
[INFO] [stdout]              `&'a str` implements `Arbitrary<'a>`
[INFO] [stdout]              `()` implements `Arbitrary<'a>`
[INFO] [stdout]              `(B, C, D, E, F, G, H, I, J, K, L, M, N, O, P, Q, R, S, T, U, V, W, X, Y, Z, A)` implements `Arbitrary<'a>`
[INFO] [stdout]              `(C, D, E, F, G, H, I, J, K, L, M, N, O, P, Q, R, S, T, U, V, W, X, Y, Z, B)` implements `Arbitrary<'a>`
[INFO] [stdout]              `(D, E, F, G, H, I, J, K, L, M, N, O, P, Q, R, S, T, U, V, W, X, Y, Z, C)` implements `Arbitrary<'a>`
[INFO] [stdout]              `(E, F, G, H, I, J, K, L, M, N, O, P, Q, R, S, T, U, V, W, X, Y, Z, D)` implements `Arbitrary<'a>`
[INFO] [stdout]              `(F, G, H, I, J, K, L, M, N, O, P, Q, R, S, T, U, V, W, X, Y, Z, E)` implements `Arbitrary<'a>`
[INFO] [stdout]            and 103 others
[INFO] [stdout]    = note: required for `std::option::Option<alloy_primitives::Address>` to implement `Arbitrary<'_>`
[INFO] [stdout] 
[INFO] [stdout] 
[INFO] [stdout] error[E0277]: the trait bound `alloy_primitives::Address: Arbitrary<'_>` is not satisfied
[INFO] [stdout]   --> src/addresses.rs:47:29
[INFO] [stdout]    |
[INFO] [stdout] 47 |     pub fault_dispute_game: Option<Address>,
[INFO] [stdout]    |                             ^^^^^^^^^^^^^^^ the trait `Arbitrary<'_>` is not implemented for `alloy_primitives::Address`, which is required by `std::option::Option<alloy_primitives::Address>: Arbitrary<'_>`
[INFO] [stdout]    |
[INFO] [stdout]    = help: the following other types implement trait `Arbitrary<'a>`:
[INFO] [stdout]              `&'a [u8]` implements `Arbitrary<'a>`
[INFO] [stdout]              `&'a str` implements `Arbitrary<'a>`
[INFO] [stdout]              `()` implements `Arbitrary<'a>`
[INFO] [stdout]              `(B, C, D, E, F, G, H, I, J, K, L, M, N, O, P, Q, R, S, T, U, V, W, X, Y, Z, A)` implements `Arbitrary<'a>`
[INFO] [stdout]              `(C, D, E, F, G, H, I, J, K, L, M, N, O, P, Q, R, S, T, U, V, W, X, Y, Z, B)` implements `Arbitrary<'a>`
[INFO] [stdout]              `(D, E, F, G, H, I, J, K, L, M, N, O, P, Q, R, S, T, U, V, W, X, Y, Z, C)` implements `Arbitrary<'a>`
[INFO] [stdout]              `(E, F, G, H, I, J, K, L, M, N, O, P, Q, R, S, T, U, V, W, X, Y, Z, D)` implements `Arbitrary<'a>`
[INFO] [stdout]              `(F, G, H, I, J, K, L, M, N, O, P, Q, R, S, T, U, V, W, X, Y, Z, E)` implements `Arbitrary<'a>`
[INFO] [stdout]            and 103 others
[INFO] [stdout]    = note: required for `std::option::Option<alloy_primitives::Address>` to implement `Arbitrary<'_>`
[INFO] [stdout] 
[INFO] [stdout] 
[INFO] [stdout] error[E0277]: the trait bound `alloy_primitives::Address: Arbitrary<'_>` is not satisfied
[INFO] [stdout]   --> src/addresses.rs:50:15
[INFO] [stdout]    |
[INFO] [stdout] 50 |     pub mips: Option<Address>,
[INFO] [stdout]    |               ^^^^^^^^^^^^^^^ the trait `Arbitrary<'_>` is not implemented for `alloy_primitives::Address`, which is required by `std::option::Option<alloy_primitives::Address>: Arbitrary<'_>`
[INFO] [stdout]    |
[INFO] [stdout]    = help: the following other types implement trait `Arbitrary<'a>`:
[INFO] [stdout]              `&'a [u8]` implements `Arbitrary<'a>`
[INFO] [stdout]              `&'a str` implements `Arbitrary<'a>`
[INFO] [stdout]              `()` implements `Arbitrary<'a>`
[INFO] [stdout]              `(B, C, D, E, F, G, H, I, J, K, L, M, N, O, P, Q, R, S, T, U, V, W, X, Y, Z, A)` implements `Arbitrary<'a>`
[INFO] [stdout]              `(C, D, E, F, G, H, I, J, K, L, M, N, O, P, Q, R, S, T, U, V, W, X, Y, Z, B)` implements `Arbitrary<'a>`
[INFO] [stdout]              `(D, E, F, G, H, I, J, K, L, M, N, O, P, Q, R, S, T, U, V, W, X, Y, Z, C)` implements `Arbitrary<'a>`
[INFO] [stdout]              `(E, F, G, H, I, J, K, L, M, N, O, P, Q, R, S, T, U, V, W, X, Y, Z, D)` implements `Arbitrary<'a>`
[INFO] [stdout]              `(F, G, H, I, J, K, L, M, N, O, P, Q, R, S, T, U, V, W, X, Y, Z, E)` implements `Arbitrary<'a>`
[INFO] [stdout]            and 103 others
[INFO] [stdout]    = note: required for `std::option::Option<alloy_primitives::Address>` to implement `Arbitrary<'_>`
[INFO] [stdout] 
[INFO] [stdout] 
[INFO] [stdout] error[E0277]: the trait bound `alloy_primitives::Address: Arbitrary<'_>` is not satisfied
[INFO] [stdout]   --> src/addresses.rs:52:36
[INFO] [stdout]    |
[INFO] [stdout] 52 |     pub permissioned_dispute_game: Option<Address>,
[INFO] [stdout]    |                                    ^^^^^^^^^^^^^^^ the trait `Arbitrary<'_>` is not implemented for `alloy_primitives::Address`, which is required by `std::option::Option<alloy_primitives::Address>: Arbitrary<'_>`
[INFO] [stdout]    |
[INFO] [stdout]    = help: the following other types implement trait `Arbitrary<'a>`:
[INFO] [stdout]              `&'a [u8]` implements `Arbitrary<'a>`
[INFO] [stdout]              `&'a str` implements `Arbitrary<'a>`
[INFO] [stdout]              `()` implements `Arbitrary<'a>`
[INFO] [stdout]              `(B, C, D, E, F, G, H, I, J, K, L, M, N, O, P, Q, R, S, T, U, V, W, X, Y, Z, A)` implements `Arbitrary<'a>`
[INFO] [stdout]              `(C, D, E, F, G, H, I, J, K, L, M, N, O, P, Q, R, S, T, U, V, W, X, Y, Z, B)` implements `Arbitrary<'a>`
[INFO] [stdout]              `(D, E, F, G, H, I, J, K, L, M, N, O, P, Q, R, S, T, U, V, W, X, Y, Z, C)` implements `Arbitrary<'a>`
[INFO] [stdout]              `(E, F, G, H, I, J, K, L, M, N, O, P, Q, R, S, T, U, V, W, X, Y, Z, D)` implements `Arbitrary<'a>`
[INFO] [stdout]              `(F, G, H, I, J, K, L, M, N, O, P, Q, R, S, T, U, V, W, X, Y, Z, E)` implements `Arbitrary<'a>`
[INFO] [stdout]            and 103 others
[INFO] [stdout]    = note: required for `std::option::Option<alloy_primitives::Address>` to implement `Arbitrary<'_>`
[INFO] [stdout] 
[INFO] [stdout] 
[INFO] [stdout] error[E0277]: the trait bound `alloy_primitives::Address: Arbitrary<'_>` is not satisfied
[INFO] [stdout]   --> src/addresses.rs:54:26
[INFO] [stdout]    |
[INFO] [stdout] 54 |     pub preimage_oracle: Option<Address>,
[INFO] [stdout]    |                          ^^^^^^^^^^^^^^^ the trait `Arbitrary<'_>` is not implemented for `alloy_primitives::Address`, which is required by `std::option::Option<alloy_primitives::Address>: Arbitrary<'_>`
[INFO] [stdout]    |
[INFO] [stdout]    = help: the following other types implement trait `Arbitrary<'a>`:
[INFO] [stdout]              `&'a [u8]` implements `Arbitrary<'a>`
[INFO] [stdout]              `&'a str` implements `Arbitrary<'a>`
[INFO] [stdout]              `()` implements `Arbitrary<'a>`
[INFO] [stdout]              `(B, C, D, E, F, G, H, I, J, K, L, M, N, O, P, Q, R, S, T, U, V, W, X, Y, Z, A)` implements `Arbitrary<'a>`
[INFO] [stdout]              `(C, D, E, F, G, H, I, J, K, L, M, N, O, P, Q, R, S, T, U, V, W, X, Y, Z, B)` implements `Arbitrary<'a>`
[INFO] [stdout]              `(D, E, F, G, H, I, J, K, L, M, N, O, P, Q, R, S, T, U, V, W, X, Y, Z, C)` implements `Arbitrary<'a>`
[INFO] [stdout]              `(E, F, G, H, I, J, K, L, M, N, O, P, Q, R, S, T, U, V, W, X, Y, Z, D)` implements `Arbitrary<'a>`
[INFO] [stdout]              `(F, G, H, I, J, K, L, M, N, O, P, Q, R, S, T, U, V, W, X, Y, Z, E)` implements `Arbitrary<'a>`
[INFO] [stdout]            and 103 others
[INFO] [stdout]    = note: required for `std::option::Option<alloy_primitives::Address>` to implement `Arbitrary<'_>`
[INFO] [stdout] 
[INFO] [stdout] 
[INFO] [stdout] error[E0277]: the trait bound `alloy_primitives::Address: Arbitrary<'_>` is not satisfied
[INFO] [stdout]   --> src/addresses.rs:56:21
[INFO] [stdout]    |
[INFO] [stdout] 56 |     pub challenger: Option<Address>,
[INFO] [stdout]    |                     ^^^^^^^^^^^^^^^ the trait `Arbitrary<'_>` is not implemented for `alloy_primitives::Address`, which is required by `std::option::Option<alloy_primitives::Address>: Arbitrary<'_>`
[INFO] [stdout]    |
[INFO] [stdout]    = help: the following other types implement trait `Arbitrary<'a>`:
[INFO] [stdout]              `&'a [u8]` implements `Arbitrary<'a>`
[INFO] [stdout]              `&'a str` implements `Arbitrary<'a>`
[INFO] [stdout]              `()` implements `Arbitrary<'a>`
[INFO] [stdout]              `(B, C, D, E, F, G, H, I, J, K, L, M, N, O, P, Q, R, S, T, U, V, W, X, Y, Z, A)` implements `Arbitrary<'a>`
[INFO] [stdout]              `(C, D, E, F, G, H, I, J, K, L, M, N, O, P, Q, R, S, T, U, V, W, X, Y, Z, B)` implements `Arbitrary<'a>`
[INFO] [stdout]              `(D, E, F, G, H, I, J, K, L, M, N, O, P, Q, R, S, T, U, V, W, X, Y, Z, C)` implements `Arbitrary<'a>`
[INFO] [stdout]              `(E, F, G, H, I, J, K, L, M, N, O, P, Q, R, S, T, U, V, W, X, Y, Z, D)` implements `Arbitrary<'a>`
[INFO] [stdout]              `(F, G, H, I, J, K, L, M, N, O, P, Q, R, S, T, U, V, W, X, Y, Z, E)` implements `Arbitrary<'a>`
[INFO] [stdout]            and 103 others
[INFO] [stdout]    = note: required for `std::option::Option<alloy_primitives::Address>` to implement `Arbitrary<'_>`
[INFO] [stdout] 
[INFO] [stdout] 
[INFO] [stdout] error[E0277]: the trait bound `alloy_primitives::Address: Arbitrary<'_>` is not satisfied
[INFO] [stdout]   --> src/system.rs:17:53
[INFO] [stdout]    |
[INFO] [stdout] 17 | #[cfg_attr(any(test, feature = "arbitrary"), derive(arbitrary::Arbitrary))]
[INFO] [stdout]    |                                                     ^^^^^^^^^^^^^^^^^^^^ the trait `Arbitrary<'_>` is not implemented for `alloy_primitives::Address`
[INFO] [stdout]    |
[INFO] [stdout]    = help: the following other types implement trait `Arbitrary<'a>`:
[INFO] [stdout]              `&'a [u8]` implements `Arbitrary<'a>`
[INFO] [stdout]              `&'a str` implements `Arbitrary<'a>`
[INFO] [stdout]              `()` implements `Arbitrary<'a>`
[INFO] [stdout]              `(B, C, D, E, F, G, H, I, J, K, L, M, N, O, P, Q, R, S, T, U, V, W, X, Y, Z, A)` implements `Arbitrary<'a>`
[INFO] [stdout]              `(C, D, E, F, G, H, I, J, K, L, M, N, O, P, Q, R, S, T, U, V, W, X, Y, Z, B)` implements `Arbitrary<'a>`
[INFO] [stdout]              `(D, E, F, G, H, I, J, K, L, M, N, O, P, Q, R, S, T, U, V, W, X, Y, Z, C)` implements `Arbitrary<'a>`
[INFO] [stdout]              `(E, F, G, H, I, J, K, L, M, N, O, P, Q, R, S, T, U, V, W, X, Y, Z, D)` implements `Arbitrary<'a>`
[INFO] [stdout]              `(F, G, H, I, J, K, L, M, N, O, P, Q, R, S, T, U, V, W, X, Y, Z, E)` implements `Arbitrary<'a>`
[INFO] [stdout]            and 103 others
[INFO] [stdout]    = note: this error originates in the derive macro `arbitrary::Arbitrary` (in Nightly builds, run with -Z macro-backtrace for more info)
[INFO] [stdout] 
[INFO] [stdout] 
[INFO] [stdout] error[E0277]: the trait bound `alloy_primitives::Uint<256, 4>: Arbitrary<'_>` is not satisfied
[INFO] [stdout]   --> src/system.rs:17:53
[INFO] [stdout]    |
[INFO] [stdout] 17 | #[cfg_attr(any(test, feature = "arbitrary"), derive(arbitrary::Arbitrary))]
[INFO] [stdout]    |                                                     ^^^^^^^^^^^^^^^^^^^^ the trait `Arbitrary<'_>` is not implemented for `alloy_primitives::Uint<256, 4>`
[INFO] [stdout]    |
[INFO] [stdout]    = help: the following other types implement trait `Arbitrary<'a>`:
[INFO] [stdout]              `&'a [u8]` implements `Arbitrary<'a>`
[INFO] [stdout]              `&'a str` implements `Arbitrary<'a>`
[INFO] [stdout]              `()` implements `Arbitrary<'a>`
[INFO] [stdout]              `(B, C, D, E, F, G, H, I, J, K, L, M, N, O, P, Q, R, S, T, U, V, W, X, Y, Z, A)` implements `Arbitrary<'a>`
[INFO] [stdout]              `(C, D, E, F, G, H, I, J, K, L, M, N, O, P, Q, R, S, T, U, V, W, X, Y, Z, B)` implements `Arbitrary<'a>`
[INFO] [stdout]              `(D, E, F, G, H, I, J, K, L, M, N, O, P, Q, R, S, T, U, V, W, X, Y, Z, C)` implements `Arbitrary<'a>`
[INFO] [stdout]              `(E, F, G, H, I, J, K, L, M, N, O, P, Q, R, S, T, U, V, W, X, Y, Z, D)` implements `Arbitrary<'a>`
[INFO] [stdout]              `(F, G, H, I, J, K, L, M, N, O, P, Q, R, S, T, U, V, W, X, Y, Z, E)` implements `Arbitrary<'a>`
[INFO] [stdout]            and 103 others
[INFO] [stdout]    = note: this error originates in the derive macro `arbitrary::Arbitrary` (in Nightly builds, run with -Z macro-backtrace for more info)
[INFO] [stdout] 
[INFO] [stdout] 
[INFO] [stdout] error[E0277]: the trait bound `alloy_primitives::Address: Arbitrary<'_>` is not satisfied
[INFO] [stdout]   --> src/system.rs:23:26
[INFO] [stdout]    |
[INFO] [stdout] 23 |     pub batcher_address: Address,
[INFO] [stdout]    |                          ^^^^^^^ the trait `Arbitrary<'_>` is not implemented for `alloy_primitives::Address`
[INFO] [stdout]    |
[INFO] [stdout]    = help: the following other types implement trait `Arbitrary<'a>`:
[INFO] [stdout]              `&'a [u8]` implements `Arbitrary<'a>`
[INFO] [stdout]              `&'a str` implements `Arbitrary<'a>`
[INFO] [stdout]              `()` implements `Arbitrary<'a>`
[INFO] [stdout]              `(B, C, D, E, F, G, H, I, J, K, L, M, N, O, P, Q, R, S, T, U, V, W, X, Y, Z, A)` implements `Arbitrary<'a>`
[INFO] [stdout]              `(C, D, E, F, G, H, I, J, K, L, M, N, O, P, Q, R, S, T, U, V, W, X, Y, Z, B)` implements `Arbitrary<'a>`
[INFO] [stdout]              `(D, E, F, G, H, I, J, K, L, M, N, O, P, Q, R, S, T, U, V, W, X, Y, Z, C)` implements `Arbitrary<'a>`
[INFO] [stdout]              `(E, F, G, H, I, J, K, L, M, N, O, P, Q, R, S, T, U, V, W, X, Y, Z, D)` implements `Arbitrary<'a>`
[INFO] [stdout]              `(F, G, H, I, J, K, L, M, N, O, P, Q, R, S, T, U, V, W, X, Y, Z, E)` implements `Arbitrary<'a>`
[INFO] [stdout]            and 103 others
[INFO] [stdout] 
[INFO] [stdout] 
[INFO] [stdout] error[E0277]: the trait bound `alloy_primitives::Uint<256, 4>: Arbitrary<'_>` is not satisfied
[INFO] [stdout]   --> src/system.rs:25:19
[INFO] [stdout]    |
[INFO] [stdout] 25 |     pub overhead: U256,
[INFO] [stdout]    |                   ^^^^ the trait `Arbitrary<'_>` is not implemented for `alloy_primitives::Uint<256, 4>`
[INFO] [stdout]    |
[INFO] [stdout]    = help: the following other types implement trait `Arbitrary<'a>`:
[INFO] [stdout]              `&'a [u8]` implements `Arbitrary<'a>`
[INFO] [stdout]              `&'a str` implements `Arbitrary<'a>`
[INFO] [stdout]              `()` implements `Arbitrary<'a>`
[INFO] [stdout]              `(B, C, D, E, F, G, H, I, J, K, L, M, N, O, P, Q, R, S, T, U, V, W, X, Y, Z, A)` implements `Arbitrary<'a>`
[INFO] [stdout]              `(C, D, E, F, G, H, I, J, K, L, M, N, O, P, Q, R, S, T, U, V, W, X, Y, Z, B)` implements `Arbitrary<'a>`
[INFO] [stdout]              `(D, E, F, G, H, I, J, K, L, M, N, O, P, Q, R, S, T, U, V, W, X, Y, Z, C)` implements `Arbitrary<'a>`
[INFO] [stdout]              `(E, F, G, H, I, J, K, L, M, N, O, P, Q, R, S, T, U, V, W, X, Y, Z, D)` implements `Arbitrary<'a>`
[INFO] [stdout]              `(F, G, H, I, J, K, L, M, N, O, P, Q, R, S, T, U, V, W, X, Y, Z, E)` implements `Arbitrary<'a>`
[INFO] [stdout]            and 103 others
[INFO] [stdout] 
[INFO] [stdout] 
[INFO] [stdout] error[E0277]: the trait bound `alloy_primitives::Uint<256, 4>: Arbitrary<'_>` is not satisfied
[INFO] [stdout]   --> src/system.rs:27:17
[INFO] [stdout]    |
[INFO] [stdout] 27 |     pub scalar: U256,
[INFO] [stdout]    |                 ^^^^ the trait `Arbitrary<'_>` is not implemented for `alloy_primitives::Uint<256, 4>`
[INFO] [stdout]    |
[INFO] [stdout]    = help: the following other types implement trait `Arbitrary<'a>`:
[INFO] [stdout]              `&'a [u8]` implements `Arbitrary<'a>`
[INFO] [stdout]              `&'a str` implements `Arbitrary<'a>`
[INFO] [stdout]              `()` implements `Arbitrary<'a>`
[INFO] [stdout]              `(B, C, D, E, F, G, H, I, J, K, L, M, N, O, P, Q, R, S, T, U, V, W, X, Y, Z, A)` implements `Arbitrary<'a>`
[INFO] [stdout]              `(C, D, E, F, G, H, I, J, K, L, M, N, O, P, Q, R, S, T, U, V, W, X, Y, Z, B)` implements `Arbitrary<'a>`
[INFO] [stdout]              `(D, E, F, G, H, I, J, K, L, M, N, O, P, Q, R, S, T, U, V, W, X, Y, Z, C)` implements `Arbitrary<'a>`
[INFO] [stdout]              `(E, F, G, H, I, J, K, L, M, N, O, P, Q, R, S, T, U, V, W, X, Y, Z, D)` implements `Arbitrary<'a>`
[INFO] [stdout]              `(F, G, H, I, J, K, L, M, N, O, P, Q, R, S, T, U, V, W, X, Y, Z, E)` implements `Arbitrary<'a>`
[INFO] [stdout]            and 103 others
[INFO] [stdout] 
[INFO] [stdout] 
[INFO] [stdout] error[E0277]: the trait bound `alloy_primitives::Address: Arbitrary<'_>` is not satisfied
[INFO] [stdout]   --> src/chain.rs:27:53
[INFO] [stdout]    |
[INFO] [stdout] 27 | #[cfg_attr(any(test, feature = "arbitrary"), derive(arbitrary::Arbitrary))]
[INFO] [stdout]    |                                                     ^^^^^^^^^^^^^^^^^^^^ the trait `Arbitrary<'_>` is not implemented for `alloy_primitives::Address`, which is required by `std::option::Option<alloy_primitives::Address>: Arbitrary<'_>`
[INFO] [stdout]    |
[INFO] [stdout]    = help: the following other types implement trait `Arbitrary<'a>`:
[INFO] [stdout]              `&'a [u8]` implements `Arbitrary<'a>`
[INFO] [stdout]              `&'a str` implements `Arbitrary<'a>`
[INFO] [stdout]              `()` implements `Arbitrary<'a>`
[INFO] [stdout]              `(B, C, D, E, F, G, H, I, J, K, L, M, N, O, P, Q, R, S, T, U, V, W, X, Y, Z, A)` implements `Arbitrary<'a>`
[INFO] [stdout]              `(C, D, E, F, G, H, I, J, K, L, M, N, O, P, Q, R, S, T, U, V, W, X, Y, Z, B)` implements `Arbitrary<'a>`
[INFO] [stdout]              `(D, E, F, G, H, I, J, K, L, M, N, O, P, Q, R, S, T, U, V, W, X, Y, Z, C)` implements `Arbitrary<'a>`
[INFO] [stdout]              `(E, F, G, H, I, J, K, L, M, N, O, P, Q, R, S, T, U, V, W, X, Y, Z, D)` implements `Arbitrary<'a>`
[INFO] [stdout]              `(F, G, H, I, J, K, L, M, N, O, P, Q, R, S, T, U, V, W, X, Y, Z, E)` implements `Arbitrary<'a>`
[INFO] [stdout]            and 103 others
[INFO] [stdout]    = note: required for `std::option::Option<alloy_primitives::Address>` to implement `Arbitrary<'_>`
[INFO] [stdout]    = note: this error originates in the derive macro `arbitrary::Arbitrary` (in Nightly builds, run with -Z macro-backtrace for more info)
[INFO] [stdout] 
[INFO] [stdout] 
[INFO] [stdout] error[E0277]: the trait bound `alloy_primitives::Address: Arbitrary<'_>` is not satisfied
[INFO] [stdout]   --> src/chain.rs:31:31
[INFO] [stdout]    |
[INFO] [stdout] 31 |     pub da_challenge_address: Option<Address>,
[INFO] [stdout]    |                               ^^^^^^^^^^^^^^^ the trait `Arbitrary<'_>` is not implemented for `alloy_primitives::Address`, which is required by `std::option::Option<alloy_primitives::Address>: Arbitrary<'_>`
[INFO] [stdout]    |
[INFO] [stdout]    = help: the following other types implement trait `Arbitrary<'a>`:
[INFO] [stdout]              `&'a [u8]` implements `Arbitrary<'a>`
[INFO] [stdout]              `&'a str` implements `Arbitrary<'a>`
[INFO] [stdout]              `()` implements `Arbitrary<'a>`
[INFO] [stdout]              `(B, C, D, E, F, G, H, I, J, K, L, M, N, O, P, Q, R, S, T, U, V, W, X, Y, Z, A)` implements `Arbitrary<'a>`
[INFO] [stdout]              `(C, D, E, F, G, H, I, J, K, L, M, N, O, P, Q, R, S, T, U, V, W, X, Y, Z, B)` implements `Arbitrary<'a>`
[INFO] [stdout]              `(D, E, F, G, H, I, J, K, L, M, N, O, P, Q, R, S, T, U, V, W, X, Y, Z, C)` implements `Arbitrary<'a>`
[INFO] [stdout]              `(E, F, G, H, I, J, K, L, M, N, O, P, Q, R, S, T, U, V, W, X, Y, Z, D)` implements `Arbitrary<'a>`
[INFO] [stdout]              `(F, G, H, I, J, K, L, M, N, O, P, Q, R, S, T, U, V, W, X, Y, Z, E)` implements `Arbitrary<'a>`
[INFO] [stdout]            and 103 others
[INFO] [stdout]    = note: required for `std::option::Option<alloy_primitives::Address>` to implement `Arbitrary<'_>`
[INFO] [stdout] 
[INFO] [stdout] 
[INFO] [stdout] error[E0277]: the trait bound `alloy_primitives::Address: Arbitrary<'_>` is not satisfied
[INFO] [stdout]   --> src/chain.rs:71:53
[INFO] [stdout]    |
[INFO] [stdout] 71 | #[cfg_attr(any(test, feature = "arbitrary"), derive(arbitrary::Arbitrary))]
[INFO] [stdout]    |                                                     ^^^^^^^^^^^^^^^^^^^^ the trait `Arbitrary<'_>` is not implemented for `alloy_primitives::Address`
[INFO] [stdout]    |
[INFO] [stdout]    = help: the following other types implement trait `Arbitrary<'a>`:
[INFO] [stdout]              `&'a [u8]` implements `Arbitrary<'a>`
[INFO] [stdout]              `&'a str` implements `Arbitrary<'a>`
[INFO] [stdout]              `()` implements `Arbitrary<'a>`
[INFO] [stdout]              `(B, C, D, E, F, G, H, I, J, K, L, M, N, O, P, Q, R, S, T, U, V, W, X, Y, Z, A)` implements `Arbitrary<'a>`
[INFO] [stdout]              `(C, D, E, F, G, H, I, J, K, L, M, N, O, P, Q, R, S, T, U, V, W, X, Y, Z, B)` implements `Arbitrary<'a>`
[INFO] [stdout]              `(D, E, F, G, H, I, J, K, L, M, N, O, P, Q, R, S, T, U, V, W, X, Y, Z, C)` implements `Arbitrary<'a>`
[INFO] [stdout]              `(E, F, G, H, I, J, K, L, M, N, O, P, Q, R, S, T, U, V, W, X, Y, Z, D)` implements `Arbitrary<'a>`
[INFO] [stdout]              `(F, G, H, I, J, K, L, M, N, O, P, Q, R, S, T, U, V, W, X, Y, Z, E)` implements `Arbitrary<'a>`
[INFO] [stdout]            and 103 others
[INFO] [stdout]    = note: this error originates in the derive macro `arbitrary::Arbitrary` (in Nightly builds, run with -Z macro-backtrace for more info)
[INFO] [stdout] 
[INFO] [stdout] 
[INFO] [stdout] error[E0277]: the trait bound `alloy_primitives::Address: Arbitrary<'_>` is not satisfied
[INFO] [stdout]    --> src/chain.rs:108:27
[INFO] [stdout]     |
[INFO] [stdout] 108 |     pub batch_inbox_addr: Address,
[INFO] [stdout]     |                           ^^^^^^^ the trait `Arbitrary<'_>` is not implemented for `alloy_primitives::Address`
[INFO] [stdout]     |
[INFO] [stdout]     = help: the following other types implement trait `Arbitrary<'a>`:
[INFO] [stdout]               `&'a [u8]` implements `Arbitrary<'a>`
[INFO] [stdout]               `&'a str` implements `Arbitrary<'a>`
[INFO] [stdout]               `()` implements `Arbitrary<'a>`
[INFO] [stdout]               `(B, C, D, E, F, G, H, I, J, K, L, M, N, O, P, Q, R, S, T, U, V, W, X, Y, Z, A)` implements `Arbitrary<'a>`
[INFO] [stdout]               `(C, D, E, F, G, H, I, J, K, L, M, N, O, P, Q, R, S, T, U, V, W, X, Y, Z, B)` implements `Arbitrary<'a>`
[INFO] [stdout]               `(D, E, F, G, H, I, J, K, L, M, N, O, P, Q, R, S, T, U, V, W, X, Y, Z, C)` implements `Arbitrary<'a>`
[INFO] [stdout]               `(E, F, G, H, I, J, K, L, M, N, O, P, Q, R, S, T, U, V, W, X, Y, Z, D)` implements `Arbitrary<'a>`
[INFO] [stdout]               `(F, G, H, I, J, K, L, M, N, O, P, Q, R, S, T, U, V, W, X, Y, Z, E)` implements `Arbitrary<'a>`
[INFO] [stdout]             and 103 others
[INFO] [stdout] 
[INFO] [stdout] 
[INFO] [stdout] error[E0277]: the trait bound `alloy_primitives::Address: Arbitrary<'_>` is not satisfied
[INFO] [stdout]    --> src/chain.rs:150:27
[INFO] [stdout]     |
[INFO] [stdout] 150 |     pub gas_paying_token: Option<Address>,
[INFO] [stdout]     |                           ^^^^^^^^^^^^^^^ the trait `Arbitrary<'_>` is not implemented for `alloy_primitives::Address`, which is required by `std::option::Option<alloy_primitives::Address>: Arbitrary<'_>`
[INFO] [stdout]     |
[INFO] [stdout]     = help: the following other types implement trait `Arbitrary<'a>`:
[INFO] [stdout]               `&'a [u8]` implements `Arbitrary<'a>`
[INFO] [stdout]               `&'a str` implements `Arbitrary<'a>`
[INFO] [stdout]               `()` implements `Arbitrary<'a>`
[INFO] [stdout]               `(B, C, D, E, F, G, H, I, J, K, L, M, N, O, P, Q, R, S, T, U, V, W, X, Y, Z, A)` implements `Arbitrary<'a>`
[INFO] [stdout]               `(C, D, E, F, G, H, I, J, K, L, M, N, O, P, Q, R, S, T, U, V, W, X, Y, Z, B)` implements `Arbitrary<'a>`
[INFO] [stdout]               `(D, E, F, G, H, I, J, K, L, M, N, O, P, Q, R, S, T, U, V, W, X, Y, Z, C)` implements `Arbitrary<'a>`
[INFO] [stdout]               `(E, F, G, H, I, J, K, L, M, N, O, P, Q, R, S, T, U, V, W, X, Y, Z, D)` implements `Arbitrary<'a>`
[INFO] [stdout]               `(F, G, H, I, J, K, L, M, N, O, P, Q, R, S, T, U, V, W, X, Y, Z, E)` implements `Arbitrary<'a>`
[INFO] [stdout]             and 103 others
[INFO] [stdout]     = note: required for `std::option::Option<alloy_primitives::Address>` to implement `Arbitrary<'_>`
[INFO] [stdout] 
[INFO] [stdout] 
[INFO] [stdout] error[E0599]: no function or associated item named `arbitrary` found for struct `alloy_primitives::FixedBytes<32>` in the current scope
[INFO] [stdout]    --> src/genesis.rs:26:43
[INFO] [stdout]     |
[INFO] [stdout] 26  |             hash: alloy_primitives::B256::arbitrary(u)?,
[INFO] [stdout]     |                                           ^^^^^^^^^ function or associated item not found in `FixedBytes<32>`
[INFO] [stdout]     |
[INFO] [stdout] note: if you're trying to build a new `alloy_primitives::FixedBytes<32>` consider using one of the following associated functions:
[INFO] [stdout]       alloy_primitives::FixedBytes::<N>::new
[INFO] [stdout]       alloy_primitives::FixedBytes::<N>::with_last_byte
[INFO] [stdout]       alloy_primitives::FixedBytes::<N>::repeat_byte
[INFO] [stdout]       alloy_primitives::FixedBytes::<N>::random
[INFO] [stdout]       and 5 others
[INFO] [stdout]    --> /opt/rustwide/cargo-home/registry/src/index.crates.io-6f17d22bba15001f/alloy-primitives-0.8.10/src/bits/fixed.rs:341:5
[INFO] [stdout]     |
[INFO] [stdout] 341 |     pub const fn new(bytes: [u8; N]) -> Self {
[INFO] [stdout]     |     ^^^^^^^^^^^^^^^^^^^^^^^^^^^^^^^^^^^^^^^^
[INFO] [stdout] ...
[INFO] [stdout] 347 |     pub const fn with_last_byte(x: u8) -> Self {
[INFO] [stdout]     |     ^^^^^^^^^^^^^^^^^^^^^^^^^^^^^^^^^^^^^^^^^^
[INFO] [stdout] ...
[INFO] [stdout] 357 |     pub const fn repeat_byte(byte: u8) -> Self {
[INFO] [stdout]     |     ^^^^^^^^^^^^^^^^^^^^^^^^^^^^^^^^^^^^^^^^^^
[INFO] [stdout] ...
[INFO] [stdout] 376 |     pub fn random() -> Self {
[INFO] [stdout]     |     ^^^^^^^^^^^^^^^^^^^^^^^
[INFO] [stdout] help: there is a method `bitor` with a similar name
[INFO] [stdout]     |
[INFO] [stdout] 26  |             hash: alloy_primitives::B256::bitor(u)?,
[INFO] [stdout]     |                                           ~~~~~
[INFO] [stdout] 
[INFO] [stdout] 
[INFO] [stdout] error[E0599]: no function or associated item named `arbitrary` found for struct `alloy_primitives::FixedBytes<32>` in the current scope
[INFO] [stdout]    --> src/genesis.rs:30:43
[INFO] [stdout]     |
[INFO] [stdout] 30  |             hash: alloy_primitives::B256::arbitrary(u)?,
[INFO] [stdout]     |                                           ^^^^^^^^^ function or associated item not found in `FixedBytes<32>`
[INFO] [stdout]     |
[INFO] [stdout] note: if you're trying to build a new `alloy_primitives::FixedBytes<32>` consider using one of the following associated functions:
[INFO] [stdout]       alloy_primitives::FixedBytes::<N>::new
[INFO] [stdout]       alloy_primitives::FixedBytes::<N>::with_last_byte
[INFO] [stdout]       alloy_primitives::FixedBytes::<N>::repeat_byte
[INFO] [stdout]       alloy_primitives::FixedBytes::<N>::random
[INFO] [stdout]       and 5 others
[INFO] [stdout]    --> /opt/rustwide/cargo-home/registry/src/index.crates.io-6f17d22bba15001f/alloy-primitives-0.8.10/src/bits/fixed.rs:341:5
[INFO] [stdout]     |
[INFO] [stdout] 341 |     pub const fn new(bytes: [u8; N]) -> Self {
[INFO] [stdout]     |     ^^^^^^^^^^^^^^^^^^^^^^^^^^^^^^^^^^^^^^^^
[INFO] [stdout] ...
[INFO] [stdout] 347 |     pub const fn with_last_byte(x: u8) -> Self {
[INFO] [stdout]     |     ^^^^^^^^^^^^^^^^^^^^^^^^^^^^^^^^^^^^^^^^^^
[INFO] [stdout] ...
[INFO] [stdout] 357 |     pub const fn repeat_byte(byte: u8) -> Self {
[INFO] [stdout]     |     ^^^^^^^^^^^^^^^^^^^^^^^^^^^^^^^^^^^^^^^^^^
[INFO] [stdout] ...
[INFO] [stdout] 376 |     pub fn random() -> Self {
[INFO] [stdout]     |     ^^^^^^^^^^^^^^^^^^^^^^^
[INFO] [stdout] help: there is a method `bitor` with a similar name
[INFO] [stdout]     |
[INFO] [stdout] 30  |             hash: alloy_primitives::B256::bitor(u)?,
[INFO] [stdout]     |                                           ~~~~~
[INFO] [stdout] 
[INFO] [stdout] 
[INFO] [stdout] error[E0599]: no function or associated item named `arbitrary` found for struct `alloy_primitives::Address` in the current scope
[INFO] [stdout]    --> src/rollup.rs:169:43
[INFO] [stdout]     |
[INFO] [stdout] 169 |             batch_inbox_address: Address::arbitrary(u)?,
[INFO] [stdout]     |                                           ^^^^^^^^^ function or associated item not found in `Address`
[INFO] [stdout]     |
[INFO] [stdout] note: if you're trying to build a new `alloy_primitives::Address` consider using one of the following associated functions:
[INFO] [stdout]       alloy_primitives::Address::new
[INFO] [stdout]       alloy_primitives::Address::with_last_byte
[INFO] [stdout]       alloy_primitives::Address::repeat_byte
[INFO] [stdout]       alloy_primitives::Address::random
[INFO] [stdout]       and 8 others
[INFO] [stdout]    --> /opt/rustwide/cargo-home/registry/src/index.crates.io-6f17d22bba15001f/alloy-primitives-0.8.10/src/bits/address.rs:45:1
[INFO] [stdout]     |
[INFO] [stdout] 45  | / wrap_fixed_bytes!(
[INFO] [stdout] 46  | |     // we implement Display with the checksum, so we don't derive it
[INFO] [stdout] 47  | |     extra_derives: [],
[INFO] [stdout] 48  | |     /// An Ethereum address, 20 bytes in length.
[INFO] [stdout] ...   |
[INFO] [stdout] 86  | |     pub struct Address<20>;
[INFO] [stdout] 87  | | );
[INFO] [stdout]     | |_^
[INFO] [stdout]     = note: this error originates in the macro `wrap_fixed_bytes` (in Nightly builds, run with -Z macro-backtrace for more info)
[INFO] [stdout] help: there is a method `bitor` with a similar name
[INFO] [stdout]     |
[INFO] [stdout] 169 |             batch_inbox_address: Address::bitor(u)?,
[INFO] [stdout]     |                                           ~~~~~
[INFO] [stdout] 
[INFO] [stdout] 
[INFO] [stdout] error[E0599]: no function or associated item named `arbitrary` found for struct `alloy_primitives::Address` in the current scope
[INFO] [stdout]    --> src/rollup.rs:170:48
[INFO] [stdout]     |
[INFO] [stdout] 170 |             deposit_contract_address: Address::arbitrary(u)?,
[INFO] [stdout]     |                                                ^^^^^^^^^ function or associated item not found in `Address`
[INFO] [stdout]     |
[INFO] [stdout] note: if you're trying to build a new `alloy_primitives::Address` consider using one of the following associated functions:
[INFO] [stdout]       alloy_primitives::Address::new
[INFO] [stdout]       alloy_primitives::Address::with_last_byte
[INFO] [stdout]       alloy_primitives::Address::repeat_byte
[INFO] [stdout]       alloy_primitives::Address::random
[INFO] [stdout]       and 8 others
[INFO] [stdout]    --> /opt/rustwide/cargo-home/registry/src/index.crates.io-6f17d22bba15001f/alloy-primitives-0.8.10/src/bits/address.rs:45:1
[INFO] [stdout]     |
[INFO] [stdout] 45  | / wrap_fixed_bytes!(
[INFO] [stdout] 46  | |     // we implement Display with the checksum, so we don't derive it
[INFO] [stdout] 47  | |     extra_derives: [],
[INFO] [stdout] 48  | |     /// An Ethereum address, 20 bytes in length.
[INFO] [stdout] ...   |
[INFO] [stdout] 86  | |     pub struct Address<20>;
[INFO] [stdout] 87  | | );
[INFO] [stdout]     | |_^
[INFO] [stdout]     = note: this error originates in the macro `wrap_fixed_bytes` (in Nightly builds, run with -Z macro-backtrace for more info)
[INFO] [stdout] help: there is a method `bitor` with a similar name
[INFO] [stdout]     |
[INFO] [stdout] 170 |             deposit_contract_address: Address::bitor(u)?,
[INFO] [stdout]     |                                                ~~~~~
[INFO] [stdout] 
[INFO] [stdout] 
[INFO] [stdout] error[E0599]: no function or associated item named `arbitrary` found for struct `alloy_primitives::Address` in the current scope
[INFO] [stdout]    --> src/rollup.rs:171:48
[INFO] [stdout]     |
[INFO] [stdout] 171 |             l1_system_config_address: Address::arbitrary(u)?,
[INFO] [stdout]     |                                                ^^^^^^^^^ function or associated item not found in `Address`
[INFO] [stdout]     |
[INFO] [stdout] note: if you're trying to build a new `alloy_primitives::Address` consider using one of the following associated functions:
[INFO] [stdout]       alloy_primitives::Address::new
[INFO] [stdout]       alloy_primitives::Address::with_last_byte
[INFO] [stdout]       alloy_primitives::Address::repeat_byte
[INFO] [stdout]       alloy_primitives::Address::random
[INFO] [stdout]       and 8 others
[INFO] [stdout]    --> /opt/rustwide/cargo-home/registry/src/index.crates.io-6f17d22bba15001f/alloy-primitives-0.8.10/src/bits/address.rs:45:1
[INFO] [stdout]     |
[INFO] [stdout] 45  | / wrap_fixed_bytes!(
[INFO] [stdout] 46  | |     // we implement Display with the checksum, so we don't derive it
[INFO] [stdout] 47  | |     extra_derives: [],
[INFO] [stdout] 48  | |     /// An Ethereum address, 20 bytes in length.
[INFO] [stdout] ...   |
[INFO] [stdout] 86  | |     pub struct Address<20>;
[INFO] [stdout] 87  | | );
[INFO] [stdout]     | |_^
[INFO] [stdout]     = note: this error originates in the macro `wrap_fixed_bytes` (in Nightly builds, run with -Z macro-backtrace for more info)
[INFO] [stdout] help: there is a method `bitor` with a similar name
[INFO] [stdout]     |
[INFO] [stdout] 171 |             l1_system_config_address: Address::bitor(u)?,
[INFO] [stdout]     |                                                ~~~~~
[INFO] [stdout] 
[INFO] [stdout] 
[INFO] [stdout] error[E0599]: no function or associated item named `arbitrary` found for struct `alloy_primitives::Address` in the current scope
[INFO] [stdout]    --> src/rollup.rs:172:49
[INFO] [stdout]     |
[INFO] [stdout] 172 |             protocol_versions_address: Address::arbitrary(u)?,
[INFO] [stdout]     |                                                 ^^^^^^^^^ function or associated item not found in `Address`
[INFO] [stdout]     |
[INFO] [stdout] note: if you're trying to build a new `alloy_primitives::Address` consider using one of the following associated functions:
[INFO] [stdout]       alloy_primitives::Address::new
[INFO] [stdout]       alloy_primitives::Address::with_last_byte
[INFO] [stdout]       alloy_primitives::Address::repeat_byte
[INFO] [stdout]       alloy_primitives::Address::random
[INFO] [stdout]       and 8 others
[INFO] [stdout]    --> /opt/rustwide/cargo-home/registry/src/index.crates.io-6f17d22bba15001f/alloy-primitives-0.8.10/src/bits/address.rs:45:1
[INFO] [stdout]     |
[INFO] [stdout] 45  | / wrap_fixed_bytes!(
[INFO] [stdout] 46  | |     // we implement Display with the checksum, so we don't derive it
[INFO] [stdout] 47  | |     extra_derives: [],
[INFO] [stdout] 48  | |     /// An Ethereum address, 20 bytes in length.
[INFO] [stdout] ...   |
[INFO] [stdout] 86  | |     pub struct Address<20>;
[INFO] [stdout] 87  | | );
[INFO] [stdout]     | |_^
[INFO] [stdout]     = note: this error originates in the macro `wrap_fixed_bytes` (in Nightly builds, run with -Z macro-backtrace for more info)
[INFO] [stdout] help: there is a method `bitor` with a similar name
[INFO] [stdout]     |
[INFO] [stdout] 172 |             protocol_versions_address: Address::bitor(u)?,
[INFO] [stdout]     |                                                 ~~~~~
[INFO] [stdout] 
[INFO] [stdout] 
[INFO] [stdout] error[E0599]: the variant or associated item `arbitrary` exists for enum `Option<Address>`, but its trait bounds were not satisfied
[INFO] [stdout]    --> src/rollup.rs:173:59
[INFO] [stdout]     |
[INFO] [stdout] 173 |               superchain_config_address: Option::<Address>::arbitrary(u)?,
[INFO] [stdout]     |                                                             ^^^^^^^^^ variant or associated item cannot be called on `Option<Address>` due to unsatisfied trait bounds
[INFO] [stdout]     |
[INFO] [stdout]    ::: /opt/rustwide/cargo-home/registry/src/index.crates.io-6f17d22bba15001f/alloy-primitives-0.8.10/src/bits/address.rs:45:1
[INFO] [stdout]     |
[INFO] [stdout] 45  | / wrap_fixed_bytes!(
[INFO] [stdout] 46  | |     // we implement Display with the checksum, so we don't derive it
[INFO] [stdout] 47  | |     extra_derives: [],
[INFO] [stdout] 48  | |     /// An Ethereum address, 20 bytes in length.
[INFO] [stdout] ...   |
[INFO] [stdout] 86  | |     pub struct Address<20>;
[INFO] [stdout] 87  | | );
[INFO] [stdout]     | |_- doesn't satisfy `alloy_primitives::Address: Arbitrary<'_>`
[INFO] [stdout]     |
[INFO] [stdout]     = note: the following trait bounds were not satisfied:
[INFO] [stdout]             `alloy_primitives::Address: Arbitrary<'_>`
[INFO] [stdout]             which is required by `std::option::Option<alloy_primitives::Address>: Arbitrary<'_>`
[INFO] [stdout] 
[INFO] [stdout] 
[INFO] [stdout] error[E0599]: the variant or associated item `arbitrary` exists for enum `Option<Address>`, but its trait bounds were not satisfied
[INFO] [stdout]    --> src/rollup.rs:175:54
[INFO] [stdout]     |
[INFO] [stdout] 175 |               da_challenge_address: Option::<Address>::arbitrary(u)?,
[INFO] [stdout]     |                                                        ^^^^^^^^^ variant or associated item cannot be called on `Option<Address>` due to unsatisfied trait bounds
[INFO] [stdout]     |
[INFO] [stdout]    ::: /opt/rustwide/cargo-home/registry/src/index.crates.io-6f17d22bba15001f/alloy-primitives-0.8.10/src/bits/address.rs:45:1
[INFO] [stdout]     |
[INFO] [stdout] 45  | / wrap_fixed_bytes!(
[INFO] [stdout] 46  | |     // we implement Display with the checksum, so we don't derive it
[INFO] [stdout] 47  | |     extra_derives: [],
[INFO] [stdout] 48  | |     /// An Ethereum address, 20 bytes in length.
[INFO] [stdout] ...   |
[INFO] [stdout] 86  | |     pub struct Address<20>;
[INFO] [stdout] 87  | | );
[INFO] [stdout]     | |_- doesn't satisfy `alloy_primitives::Address: Arbitrary<'_>`
[INFO] [stdout]     |
[INFO] [stdout]     = note: the following trait bounds were not satisfied:
[INFO] [stdout]             `alloy_primitives::Address: Arbitrary<'_>`
[INFO] [stdout]             which is required by `std::option::Option<alloy_primitives::Address>: Arbitrary<'_>`
[INFO] [stdout] 
[INFO] [stdout] 
[INFO] [stdout] Some errors have detailed explanations: E0277, E0599.
[INFO] [stdout] 
[INFO] [stdout] For more information about an error, try `rustc --explain E0277`.
[INFO] [stdout] 
[INFO] [stderr] error: could not compile `op-alloy-genesis` (lib test) due to 39 previous errors
[INFO] running `Command { std: "docker" "inspect" "387b2f44810ce7a80fe36b1e09c27608ad683b0b4bfa8fad06f7a6321e135185", kill_on_drop: false }`
[INFO] running `Command { std: "docker" "rm" "-f" "387b2f44810ce7a80fe36b1e09c27608ad683b0b4bfa8fad06f7a6321e135185", kill_on_drop: false }`
[INFO] [stdout] 387b2f44810ce7a80fe36b1e09c27608ad683b0b4bfa8fad06f7a6321e135185
