[INFO] fetching crate oml-storage 0.4.0-alpha...
[INFO] testing oml-storage-0.4.0-alpha against nightly-2024-10-28 for randomize-layout
[INFO] extracting crate oml-storage 0.4.0-alpha into /workspace/builds/worker-4-tc1/source
[INFO] validating manifest of crates.io crate oml-storage 0.4.0-alpha on toolchain nightly-2024-10-28
[INFO] running `Command { std: CARGO_HOME="/workspace/cargo-home" RUSTUP_HOME="/workspace/rustup-home" "/workspace/cargo-home/bin/cargo" "+nightly-2024-10-28" "metadata" "--manifest-path" "Cargo.toml" "--no-deps", kill_on_drop: false }`
[INFO] started tweaking crates.io crate oml-storage 0.4.0-alpha
[INFO] finished tweaking crates.io crate oml-storage 0.4.0-alpha
[INFO] tweaked toml for crates.io crate oml-storage 0.4.0-alpha written to /workspace/builds/worker-4-tc1/source/Cargo.toml
[INFO] running `Command { std: CARGO_HOME="/workspace/cargo-home" RUSTUP_HOME="/workspace/rustup-home" "/workspace/cargo-home/bin/cargo" "+nightly-2024-10-28" "generate-lockfile" "--manifest-path" "Cargo.toml", kill_on_drop: false }`
[INFO] [stderr]     Updating crates.io index
[INFO] [stderr]      Locking 176 packages to latest compatible versions
[INFO] [stderr]       Adding backtrace v0.3.71 (available: v0.3.74)
[INFO] running `Command { std: CARGO_HOME="/workspace/cargo-home" RUSTUP_HOME="/workspace/rustup-home" "/workspace/cargo-home/bin/cargo" "+nightly-2024-10-28" "fetch" "--manifest-path" "Cargo.toml", kill_on_drop: false }`
[INFO] [stderr]     Blocking waiting for file lock on package cache
[INFO] [stderr]     Blocking waiting for file lock on package cache
[INFO] running `Command { std: "docker" "create" "-v" "/var/lib/crater-agent-workspace/builds/worker-4-tc1/target:/opt/rustwide/target:rw,Z" "-v" "/var/lib/crater-agent-workspace/builds/worker-4-tc1/source:/opt/rustwide/workdir:ro,Z" "-v" "/var/lib/crater-agent-workspace/cargo-home:/opt/rustwide/cargo-home:ro,Z" "-v" "/var/lib/crater-agent-workspace/rustup-home:/opt/rustwide/rustup-home:ro,Z" "-e" "SOURCE_DIR=/opt/rustwide/workdir" "-e" "CARGO_TARGET_DIR=/opt/rustwide/target" "-e" "CARGO_HOME=/opt/rustwide/cargo-home" "-e" "RUSTUP_HOME=/opt/rustwide/rustup-home" "-w" "/opt/rustwide/workdir" "-m" "1610612736" "--user" "0:0" "--network" "none" "ghcr.io/rust-lang/crates-build-env/linux@sha256:4a844ea9eb2546a2d2c7022eacef16ef2e8229c7fbb2c7d4d55a9ceca922f72d" "/opt/rustwide/cargo-home/bin/cargo" "+nightly-2024-10-28" "metadata" "--no-deps" "--format-version=1", kill_on_drop: false }`
[INFO] [stdout] 26f623a1cd4717428015928e5dec6ed1fe6ef5de8b1cb3fe1283222a75e5d83b
[INFO] running `Command { std: "docker" "start" "-a" "26f623a1cd4717428015928e5dec6ed1fe6ef5de8b1cb3fe1283222a75e5d83b", kill_on_drop: false }`
[INFO] running `Command { std: "docker" "inspect" "26f623a1cd4717428015928e5dec6ed1fe6ef5de8b1cb3fe1283222a75e5d83b", kill_on_drop: false }`
[INFO] running `Command { std: "docker" "rm" "-f" "26f623a1cd4717428015928e5dec6ed1fe6ef5de8b1cb3fe1283222a75e5d83b", kill_on_drop: false }`
[INFO] [stdout] 26f623a1cd4717428015928e5dec6ed1fe6ef5de8b1cb3fe1283222a75e5d83b
[INFO] running `Command { std: "docker" "create" "-v" "/var/lib/crater-agent-workspace/builds/worker-4-tc1/target:/opt/rustwide/target:rw,Z" "-v" "/var/lib/crater-agent-workspace/builds/worker-4-tc1/source:/opt/rustwide/workdir:ro,Z" "-v" "/var/lib/crater-agent-workspace/cargo-home:/opt/rustwide/cargo-home:ro,Z" "-v" "/var/lib/crater-agent-workspace/rustup-home:/opt/rustwide/rustup-home:ro,Z" "-e" "SOURCE_DIR=/opt/rustwide/workdir" "-e" "CARGO_TARGET_DIR=/opt/rustwide/target" "-e" "CARGO_INCREMENTAL=0" "-e" "RUST_BACKTRACE=full" "-e" "RUSTFLAGS=--cap-lints=forbid" "-e" "RUSTDOCFLAGS=--cap-lints=forbid" "-e" "CARGO_HOME=/opt/rustwide/cargo-home" "-e" "RUSTUP_HOME=/opt/rustwide/rustup-home" "-w" "/opt/rustwide/workdir" "-m" "1610612736" "--user" "0:0" "--network" "none" "ghcr.io/rust-lang/crates-build-env/linux@sha256:4a844ea9eb2546a2d2c7022eacef16ef2e8229c7fbb2c7d4d55a9ceca922f72d" "/opt/rustwide/cargo-home/bin/cargo" "+nightly-2024-10-28" "build" "--frozen" "--message-format=json", kill_on_drop: false }`
[INFO] [stdout] 11dc9686c834fddabdc5ebedf08e37e635125f4c0268aca4185a9a0689b051f9
[INFO] running `Command { std: "docker" "start" "-a" "11dc9686c834fddabdc5ebedf08e37e635125f4c0268aca4185a9a0689b051f9", kill_on_drop: false }`
[INFO] [stderr]    Compiling syn v2.0.86
[INFO] [stderr]    Compiling pin-project-lite v0.2.15
[INFO] [stderr]    Compiling bytes v1.8.0
[INFO] [stderr]    Compiling fnv v1.0.7
[INFO] [stderr]    Compiling futures-core v0.3.31
[INFO] [stderr]    Compiling futures-task v0.3.31
[INFO] [stderr]    Compiling mio v1.0.2
[INFO] [stderr]    Compiling socket2 v0.5.7
[INFO] [stderr]    Compiling shlex v1.3.0
[INFO] [stderr]    Compiling pin-utils v0.1.0
[INFO] [stderr]    Compiling num-traits v0.2.19
[INFO] [stderr]    Compiling futures-util v0.3.31
[INFO] [stderr]    Compiling futures-sink v0.3.31
[INFO] [stderr]    Compiling cc v1.1.31
[INFO] [stderr]    Compiling tracing-core v0.1.32
[INFO] [stderr]    Compiling http v0.2.12
[INFO] [stderr]    Compiling http v1.1.0
[INFO] [stderr]    Compiling getrandom v0.2.15
[INFO] [stderr]    Compiling powerfmt v0.2.0
[INFO] [stderr]    Compiling time-core v0.1.2
[INFO] [stderr]    Compiling either v1.13.0
[INFO] [stderr]    Compiling deranged v0.3.11
[INFO] [stderr]    Compiling vsimd v0.8.0
[INFO] [stderr]    Compiling outref v0.5.1
[INFO] [stderr]    Compiling num-conv v0.1.0
[INFO] [stderr]    Compiling bytes-utils v0.1.4
[INFO] [stderr]    Compiling http-body v0.4.6
[INFO] [stderr]    Compiling http-body v1.0.1
[INFO] [stderr]    Compiling ring v0.17.8
[INFO] [stderr]    Compiling base64-simd v0.8.0
[INFO] [stderr]    Compiling http-body-util v0.1.2
[INFO] [stderr]    Compiling num-integer v0.1.46
[INFO] [stderr]    Compiling time v0.3.36
[INFO] [stderr]    Compiling generic-array v0.14.7
[INFO] [stderr]    Compiling untrusted v0.9.0
[INFO] [stderr]    Compiling spin v0.9.8
[INFO] [stderr]    Compiling slab v0.4.9
[INFO] [stderr]    Compiling zeroize v1.8.1
[INFO] [stderr]    Compiling httparse v1.9.5
[INFO] [stderr]    Compiling percent-encoding v2.3.1
[INFO] [stderr]    Compiling hashbrown v0.15.0
[INFO] [stderr]    Compiling equivalent v1.0.1
[INFO] [stderr]    Compiling rustls v0.21.12
[INFO] [stderr]    Compiling base64 v0.21.7
[INFO] [stderr]    Compiling try-lock v0.2.5
[INFO] [stderr]    Compiling subtle v2.6.1
[INFO] [stderr]    Compiling want v0.3.1
[INFO] [stderr]    Compiling futures-channel v0.3.31
[INFO] [stderr]    Compiling block-buffer v0.10.4
[INFO] [stderr]    Compiling crypto-common v0.1.6
[INFO] [stderr]    Compiling digest v0.10.7
[INFO] [stderr]    Compiling rustls-pemfile v1.0.4
[INFO] [stderr]    Compiling httpdate v1.0.3
[INFO] [stderr]    Compiling indexmap v2.6.0
[INFO] [stderr]    Compiling tower-service v0.3.3
[INFO] [stderr]    Compiling openssl-probe v0.1.5
[INFO] [stderr]    Compiling aws-types v1.3.3
[INFO] [stderr]    Compiling form_urlencoded v1.2.1
[INFO] [stderr]    Compiling rustls-native-certs v0.6.3
[INFO] [stderr]    Compiling sha2 v0.10.8
[INFO] [stderr]    Compiling hmac v0.12.1
[INFO] [stderr]    Compiling tinyvec_macros v0.1.1
[INFO] [stderr]    Compiling byteorder v1.5.0
[INFO] [stderr]    Compiling fastrand v2.1.1
[INFO] [stderr]    Compiling tinyvec v1.8.0
[INFO] [stderr]    Compiling regex-syntax v0.6.29
[INFO] [stderr]    Compiling regex-syntax v0.8.5
[INFO] [stderr]    Compiling uuid v1.11.0
[INFO] [stderr]    Compiling serde v1.0.214
[INFO] [stderr]    Compiling backtrace v0.3.71
[INFO] [stderr]    Compiling rand_core v0.6.4
[INFO] [stderr]    Compiling urlencoding v2.1.3
[INFO] [stderr]    Compiling eyre v0.6.12
[INFO] [stderr]    Compiling unicode-normalization v0.1.24
[INFO] [stderr]    Compiling regex-lite v0.1.6
[INFO] [stderr]    Compiling xmlparser v0.13.6
[INFO] [stderr]    Compiling gimli v0.28.1
[INFO] [stderr]    Compiling unicode-bidi v0.3.17
[INFO] [stderr]    Compiling regex-automata v0.4.8
[INFO] [stderr]    Compiling sct v0.7.1
[INFO] [stderr]    Compiling rustls-webpki v0.101.7
[INFO] [stderr]    Compiling regex-automata v0.1.10
[INFO] [stderr]    Compiling tokio-macros v2.4.0
[INFO] [stderr]    Compiling tracing-attributes v0.1.27
[INFO] [stderr]    Compiling tokio v1.41.0
[INFO] [stderr]    Compiling zerocopy-derive v0.7.35
[INFO] [stderr]    Compiling serde_derive v1.0.214
[INFO] [stderr]    Compiling addr2line v0.21.0
[INFO] [stderr]    Compiling regex v1.11.1
[INFO] [stderr]    Compiling matchers v0.1.0
[INFO] [stderr]    Compiling zerocopy v0.7.35
[INFO] [stderr]    Compiling idna v0.5.0
[INFO] [stderr]    Compiling tracing v0.1.40
[INFO] [stderr]    Compiling miniz_oxide v0.7.4
[INFO] [stderr]    Compiling aws-smithy-xml v0.60.9
[INFO] [stderr]    Compiling sharded-slab v0.1.7
[INFO] [stderr]    Compiling ppv-lite86 v0.2.20
[INFO] [stderr]    Compiling object v0.32.2
[INFO] [stderr]    Compiling thread_local v1.1.8
[INFO] [stderr]    Compiling anstyle v1.0.9
[INFO] [stderr]    Compiling rand_chacha v0.3.1
[INFO] [stderr]    Compiling indenter v0.3.3
[INFO] [stderr]    Compiling serde_json v1.0.132
[INFO] [stderr]    Compiling clap_builder v4.5.20
[INFO] [stderr]    Compiling rand v0.8.5
[INFO] [stderr]    Compiling tracing-subscriber v0.3.18
[INFO] [stderr]    Compiling clap_derive v4.5.18
[INFO] [stderr]    Compiling url v2.5.2
[INFO] [stderr]    Compiling owo-colors v3.5.0
[INFO] [stderr]    Compiling tokio-util v0.7.12
[INFO] [stderr]    Compiling aws-smithy-async v1.2.1
[INFO] [stderr]    Compiling tokio-rustls v0.24.1
[INFO] [stderr]    Compiling clap v4.5.20
[INFO] [stderr]    Compiling tracing-error v0.2.0
[INFO] [stderr]    Compiling nanoid v0.4.0
[INFO] [stderr]    Compiling aws-smithy-types v1.2.8
[INFO] [stderr]    Compiling h2 v0.3.26
[INFO] [stderr]    Compiling async-trait v0.1.83
[INFO] [stderr]    Compiling color-eyre v0.6.3
[INFO] [stderr]    Compiling aws-smithy-runtime-api v1.7.2
[INFO] [stderr]    Compiling aws-smithy-json v0.60.7
[INFO] [stderr]    Compiling aws-smithy-query v0.60.7
[INFO] [stderr]    Compiling chrono v0.4.38
[INFO] [stderr]    Compiling aws-smithy-http v0.60.11
[INFO] [stderr]    Compiling aws-credential-types v1.2.1
[INFO] [stderr]    Compiling aws-sigv4 v1.2.5
[INFO] [stderr]    Compiling hyper v0.14.31
[INFO] [stderr]    Compiling hyper-rustls v0.24.2
[INFO] [stderr]    Compiling aws-smithy-runtime v1.7.3
[INFO] [stderr]    Compiling aws-runtime v1.4.3
[INFO] [stderr]    Compiling aws-sdk-sts v1.48.0
[INFO] [stderr]    Compiling aws-sdk-dynamodb v1.52.0
[INFO] [stderr]    Compiling aws-config v1.5.9
[INFO] [stderr]    Compiling oml-storage v0.4.0-alpha (/opt/rustwide/workdir)
[INFO] [stderr]     Finished `dev` profile [unoptimized + debuginfo] target(s) in 2m 04s
[INFO] running `Command { std: "docker" "inspect" "11dc9686c834fddabdc5ebedf08e37e635125f4c0268aca4185a9a0689b051f9", kill_on_drop: false }`
[INFO] running `Command { std: "docker" "rm" "-f" "11dc9686c834fddabdc5ebedf08e37e635125f4c0268aca4185a9a0689b051f9", kill_on_drop: false }`
[INFO] [stdout] 11dc9686c834fddabdc5ebedf08e37e635125f4c0268aca4185a9a0689b051f9
[INFO] running `Command { std: "docker" "create" "-v" "/var/lib/crater-agent-workspace/builds/worker-4-tc1/target:/opt/rustwide/target:rw,Z" "-v" "/var/lib/crater-agent-workspace/builds/worker-4-tc1/source:/opt/rustwide/workdir:ro,Z" "-v" "/var/lib/crater-agent-workspace/cargo-home:/opt/rustwide/cargo-home:ro,Z" "-v" "/var/lib/crater-agent-workspace/rustup-home:/opt/rustwide/rustup-home:ro,Z" "-e" "SOURCE_DIR=/opt/rustwide/workdir" "-e" "CARGO_TARGET_DIR=/opt/rustwide/target" "-e" "CARGO_INCREMENTAL=0" "-e" "RUST_BACKTRACE=full" "-e" "RUSTFLAGS=--cap-lints=forbid" "-e" "RUSTDOCFLAGS=--cap-lints=forbid" "-e" "CARGO_HOME=/opt/rustwide/cargo-home" "-e" "RUSTUP_HOME=/opt/rustwide/rustup-home" "-w" "/opt/rustwide/workdir" "-m" "1610612736" "--user" "0:0" "--network" "none" "ghcr.io/rust-lang/crates-build-env/linux@sha256:4a844ea9eb2546a2d2c7022eacef16ef2e8229c7fbb2c7d4d55a9ceca922f72d" "/opt/rustwide/cargo-home/bin/cargo" "+nightly-2024-10-28" "test" "--frozen" "--no-run" "--message-format=json", kill_on_drop: false }`
[INFO] [stdout] 0c67e51586e4e2d8f936e0a6e82cd016c3a1902778a85eac28094e272ac66d9a
[INFO] running `Command { std: "docker" "start" "-a" "0c67e51586e4e2d8f936e0a6e82cd016c3a1902778a85eac28094e272ac66d9a", kill_on_drop: false }`
[INFO] [stderr]    Compiling oml-storage v0.4.0-alpha (/opt/rustwide/workdir)
[INFO] [stdout] error[E0046]: not all trait items implemented, missing: `ID`, `generate_next_id`, `make_id`
[INFO] [stdout]    --> src/storage_disk.rs:349:5
[INFO] [stdout]     |
[INFO] [stdout] 349 |       impl StorageItem for TestItem {
[INFO] [stdout]     |       ^^^^^^^^^^^^^^^^^^^^^^^^^^^^^ missing `ID`, `generate_next_id`, `make_id` in implementation
[INFO] [stdout]     |
[INFO] [stdout]    ::: src/storage_item.rs:35:5
[INFO] [stdout]     |
[INFO] [stdout] 35  | /     type ID: ToString
[INFO] [stdout] 36  | |         // + for<'a> From<&'a str> -> use make_id
[INFO] [stdout] 37  | |         + Sync
[INFO] [stdout] 38  | |         + Send
[INFO] [stdout] ...   |
[INFO] [stdout] 42  | |         + Clone
[INFO] [stdout] 43  | |         + Default;
[INFO] [stdout]     | |_________________- `ID` from trait
[INFO] [stdout] ...
[INFO] [stdout] 50  |       fn generate_next_id(a_previous_id: Option<&Self::ID>) -> Self::ID;
[INFO] [stdout]     |       ------------------------------------------------------------------ `generate_next_id` from trait
[INFO] [stdout] 51  |
[INFO] [stdout] 52  |       fn make_id(id: &str) -> Result<Self::ID>;
[INFO] [stdout]     |       ----------------------------------------- `make_id` from trait
[INFO] [stdout] 
[INFO] [stdout] 
[INFO] [stdout] error[E0046]: not all trait items implemented, missing: `ID`, `generate_next_id`, `make_id`
[INFO] [stdout]    --> src/storage_dynamodb.rs:587:5
[INFO] [stdout]     |
[INFO] [stdout] 587 |       impl StorageItem for TestItem {
[INFO] [stdout]     |       ^^^^^^^^^^^^^^^^^^^^^^^^^^^^^ missing `ID`, `generate_next_id`, `make_id` in implementation
[INFO] [stdout]     |
[INFO] [stdout]    ::: src/storage_item.rs:35:5
[INFO] [stdout]     |
[INFO] [stdout] 35  | /     type ID: ToString
[INFO] [stdout] 36  | |         // + for<'a> From<&'a str> -> use make_id
[INFO] [stdout] 37  | |         + Sync
[INFO] [stdout] 38  | |         + Send
[INFO] [stdout] ...   |
[INFO] [stdout] 42  | |         + Clone
[INFO] [stdout] 43  | |         + Default;
[INFO] [stdout]     | |_________________- `ID` from trait
[INFO] [stdout] ...
[INFO] [stdout] 50  |       fn generate_next_id(a_previous_id: Option<&Self::ID>) -> Self::ID;
[INFO] [stdout]     |       ------------------------------------------------------------------ `generate_next_id` from trait
[INFO] [stdout] 51  |
[INFO] [stdout] 52  |       fn make_id(id: &str) -> Result<Self::ID>;
[INFO] [stdout]     |       ----------------------------------------- `make_id` from trait
[INFO] [stdout] 
[INFO] [stdout] 
[INFO] [stdout] error[E0046]: not all trait items implemented, missing: `ID`, `generate_next_id`, `make_id`
[INFO] [stdout]    --> src/storage_null.rs:167:5
[INFO] [stdout]     |
[INFO] [stdout] 167 |       impl StorageItem for TestItem {
[INFO] [stdout]     |       ^^^^^^^^^^^^^^^^^^^^^^^^^^^^^ missing `ID`, `generate_next_id`, `make_id` in implementation
[INFO] [stdout]     |
[INFO] [stdout]    ::: src/storage_item.rs:35:5
[INFO] [stdout]     |
[INFO] [stdout] 35  | /     type ID: ToString
[INFO] [stdout] 36  | |         // + for<'a> From<&'a str> -> use make_id
[INFO] [stdout] 37  | |         + Sync
[INFO] [stdout] 38  | |         + Send
[INFO] [stdout] ...   |
[INFO] [stdout] 42  | |         + Clone
[INFO] [stdout] 43  | |         + Default;
[INFO] [stdout]     | |_________________- `ID` from trait
[INFO] [stdout] ...
[INFO] [stdout] 50  |       fn generate_next_id(a_previous_id: Option<&Self::ID>) -> Self::ID;
[INFO] [stdout]     |       ------------------------------------------------------------------ `generate_next_id` from trait
[INFO] [stdout] 51  |
[INFO] [stdout] 52  |       fn make_id(id: &str) -> Result<Self::ID>;
[INFO] [stdout]     |       ----------------------------------------- `make_id` from trait
[INFO] [stdout] 
[INFO] [stdout] 
[INFO] [stdout] For more information about this error, try `rustc --explain E0046`.
[INFO] [stdout] 
[INFO] [stderr] error: could not compile `oml-storage` (lib test) due to 3 previous errors
[INFO] running `Command { std: "docker" "inspect" "0c67e51586e4e2d8f936e0a6e82cd016c3a1902778a85eac28094e272ac66d9a", kill_on_drop: false }`
[INFO] running `Command { std: "docker" "rm" "-f" "0c67e51586e4e2d8f936e0a6e82cd016c3a1902778a85eac28094e272ac66d9a", kill_on_drop: false }`
[INFO] [stdout] 0c67e51586e4e2d8f936e0a6e82cd016c3a1902778a85eac28094e272ac66d9a
