[INFO] fetching crate okcodes-config 0.14.3...
[INFO] testing okcodes-config-0.14.3 against nightly-2024-10-28 for randomize-layout
[INFO] extracting crate okcodes-config 0.14.3 into /workspace/builds/worker-1-tc1/source
[INFO] validating manifest of crates.io crate okcodes-config 0.14.3 on toolchain nightly-2024-10-28
[INFO] running `Command { std: CARGO_HOME="/workspace/cargo-home" RUSTUP_HOME="/workspace/rustup-home" "/workspace/cargo-home/bin/cargo" "+nightly-2024-10-28" "metadata" "--manifest-path" "Cargo.toml" "--no-deps", kill_on_drop: false }`
[INFO] started tweaking crates.io crate okcodes-config 0.14.3
[INFO] finished tweaking crates.io crate okcodes-config 0.14.3
[INFO] tweaked toml for crates.io crate okcodes-config 0.14.3 written to /workspace/builds/worker-1-tc1/source/Cargo.toml
[INFO] crate crates.io crate okcodes-config 0.14.3 already has a lockfile, it will not be regenerated
[INFO] running `Command { std: CARGO_HOME="/workspace/cargo-home" RUSTUP_HOME="/workspace/rustup-home" "/workspace/cargo-home/bin/cargo" "+nightly-2024-10-28" "fetch" "--manifest-path" "Cargo.toml", kill_on_drop: false }`
[INFO] [stderr]     Updating crates.io index
[INFO] [stderr]  Downloading crates ...
[INFO] [stderr]   Downloaded arraydeque v0.5.1
[INFO] [stderr]   Downloaded rust-ini v0.21.0
[INFO] [stderr]   Downloaded temp-env v0.3.6
[INFO] [stderr]   Downloaded rustls-pki-types v1.5.0
[INFO] [stderr]   Downloaded zerocopy-derive v0.7.33
[INFO] [stderr]   Downloaded zerocopy v0.7.33
[INFO] [stderr]   Downloaded winnow v0.6.7
[INFO] [stderr]   Downloaded yaml-rust2 v0.8.0
[INFO] running `Command { std: "docker" "create" "-v" "/var/lib/crater-agent-workspace/builds/worker-1-tc1/target:/opt/rustwide/target:rw,Z" "-v" "/var/lib/crater-agent-workspace/builds/worker-1-tc1/source:/opt/rustwide/workdir:ro,Z" "-v" "/var/lib/crater-agent-workspace/cargo-home:/opt/rustwide/cargo-home:ro,Z" "-v" "/var/lib/crater-agent-workspace/rustup-home:/opt/rustwide/rustup-home:ro,Z" "-e" "SOURCE_DIR=/opt/rustwide/workdir" "-e" "CARGO_TARGET_DIR=/opt/rustwide/target" "-e" "CARGO_HOME=/opt/rustwide/cargo-home" "-e" "RUSTUP_HOME=/opt/rustwide/rustup-home" "-w" "/opt/rustwide/workdir" "-m" "1610612736" "--user" "0:0" "--network" "none" "ghcr.io/rust-lang/crates-build-env/linux@sha256:4a844ea9eb2546a2d2c7022eacef16ef2e8229c7fbb2c7d4d55a9ceca922f72d" "/opt/rustwide/cargo-home/bin/cargo" "+nightly-2024-10-28" "metadata" "--no-deps" "--format-version=1", kill_on_drop: false }`
[INFO] [stdout] 7b4bfb6cab8a1acf0bfcf966dd9b941029806368af5f54c24e1b2dba0118c52c
[INFO] running `Command { std: "docker" "start" "-a" "7b4bfb6cab8a1acf0bfcf966dd9b941029806368af5f54c24e1b2dba0118c52c", kill_on_drop: false }`
[INFO] running `Command { std: "docker" "inspect" "7b4bfb6cab8a1acf0bfcf966dd9b941029806368af5f54c24e1b2dba0118c52c", kill_on_drop: false }`
[INFO] running `Command { std: "docker" "rm" "-f" "7b4bfb6cab8a1acf0bfcf966dd9b941029806368af5f54c24e1b2dba0118c52c", kill_on_drop: false }`
[INFO] [stdout] 7b4bfb6cab8a1acf0bfcf966dd9b941029806368af5f54c24e1b2dba0118c52c
[INFO] running `Command { std: "docker" "create" "-v" "/var/lib/crater-agent-workspace/builds/worker-1-tc1/target:/opt/rustwide/target:rw,Z" "-v" "/var/lib/crater-agent-workspace/builds/worker-1-tc1/source:/opt/rustwide/workdir:ro,Z" "-v" "/var/lib/crater-agent-workspace/cargo-home:/opt/rustwide/cargo-home:ro,Z" "-v" "/var/lib/crater-agent-workspace/rustup-home:/opt/rustwide/rustup-home:ro,Z" "-e" "SOURCE_DIR=/opt/rustwide/workdir" "-e" "CARGO_TARGET_DIR=/opt/rustwide/target" "-e" "CARGO_INCREMENTAL=0" "-e" "RUST_BACKTRACE=full" "-e" "RUSTFLAGS=--cap-lints=forbid" "-e" "RUSTDOCFLAGS=--cap-lints=forbid" "-e" "CARGO_HOME=/opt/rustwide/cargo-home" "-e" "RUSTUP_HOME=/opt/rustwide/rustup-home" "-w" "/opt/rustwide/workdir" "-m" "1610612736" "--user" "0:0" "--network" "none" "ghcr.io/rust-lang/crates-build-env/linux@sha256:4a844ea9eb2546a2d2c7022eacef16ef2e8229c7fbb2c7d4d55a9ceca922f72d" "/opt/rustwide/cargo-home/bin/cargo" "+nightly-2024-10-28" "build" "--frozen" "--message-format=json", kill_on_drop: false }`
[INFO] [stdout] 1775756619acf1f4e73726ee5bca17d247c090b8122614e697adcda4b05cab00
[INFO] running `Command { std: "docker" "start" "-a" "1775756619acf1f4e73726ee5bca17d247c090b8122614e697adcda4b05cab00", kill_on_drop: false }`
[INFO] [stderr]    Compiling proc-macro2 v1.0.81
[INFO] [stderr]    Compiling unicode-ident v1.0.12
[INFO] [stderr]    Compiling once_cell v1.19.0
[INFO] [stderr]    Compiling version_check v0.9.4
[INFO] [stderr]    Compiling serde v1.0.200
[INFO] [stderr]    Compiling zerocopy v0.7.33
[INFO] [stderr]    Compiling crunchy v0.2.2
[INFO] [stderr]    Compiling allocator-api2 v0.2.18
[INFO] [stderr]    Compiling libc v0.2.154
[INFO] [stderr]    Compiling thiserror v1.0.59
[INFO] [stderr]    Compiling tiny-keccak v2.0.2
[INFO] [stderr]    Compiling memchr v2.7.2
[INFO] [stderr]    Compiling ucd-trie v0.1.6
[INFO] [stderr]    Compiling winnow v0.6.7
[INFO] [stderr]    Compiling serde_json v1.0.116
[INFO] [stderr]    Compiling encoding_rs v0.8.34
[INFO] [stderr]    Compiling ryu v1.0.17
[INFO] [stderr]    Compiling arraydeque v0.5.1
[INFO] [stderr]    Compiling unicode-segmentation v1.11.0
[INFO] [stderr]    Compiling trim-in-place v0.1.7
[INFO] [stderr]    Compiling base64 v0.21.7
[INFO] [stderr]    Compiling lazy_static v1.4.0
[INFO] [stderr]    Compiling pathdiff v0.2.1
[INFO] [stderr]    Compiling ahash v0.8.11
[INFO] [stderr]    Compiling nom v7.1.3
[INFO] [stderr]    Compiling convert_case v0.6.0
[INFO] [stderr]    Compiling hashbrown v0.14.5
[INFO] [stderr]    Compiling quote v1.0.36
[INFO] [stderr]    Compiling syn v2.0.60
[INFO] [stderr]    Compiling indexmap v2.2.6
[INFO] [stderr]    Compiling hashlink v0.8.4
[INFO] [stderr]    Compiling getrandom v0.2.14
[INFO] [stderr]    Compiling yaml-rust2 v0.8.0
[INFO] [stderr]    Compiling const-random-macro v0.1.16
[INFO] [stderr]    Compiling const-random v0.1.18
[INFO] [stderr]    Compiling dlv-list v0.5.2
[INFO] [stderr]    Compiling ordered-multimap v0.7.3
[INFO] [stderr]    Compiling rust-ini v0.21.0
[INFO] [stderr]    Compiling serde_derive v1.0.200
[INFO] [stderr]    Compiling thiserror-impl v1.0.59
[INFO] [stderr]    Compiling async-trait v0.1.80
[INFO] [stderr]    Compiling pest v2.7.10
[INFO] [stderr]    Compiling pest_meta v2.7.10
[INFO] [stderr]    Compiling pest_generator v2.7.10
[INFO] [stderr]    Compiling pest_derive v2.7.10
[INFO] [stderr]    Compiling toml_datetime v0.6.5
[INFO] [stderr]    Compiling serde_spanned v0.6.5
[INFO] [stderr]    Compiling bitflags v2.5.0
[INFO] [stderr]    Compiling json5 v0.4.1
[INFO] [stderr]    Compiling toml_edit v0.22.12
[INFO] [stderr]    Compiling ron v0.8.1
[INFO] [stderr]    Compiling toml v0.8.12
[INFO] [stderr]    Compiling okcodes-config v0.14.3 (/opt/rustwide/workdir)
[INFO] [stderr]     Finished `dev` profile [unoptimized + debuginfo] target(s) in 16.38s
[INFO] running `Command { std: "docker" "inspect" "1775756619acf1f4e73726ee5bca17d247c090b8122614e697adcda4b05cab00", kill_on_drop: false }`
[INFO] running `Command { std: "docker" "rm" "-f" "1775756619acf1f4e73726ee5bca17d247c090b8122614e697adcda4b05cab00", kill_on_drop: false }`
[INFO] [stdout] 1775756619acf1f4e73726ee5bca17d247c090b8122614e697adcda4b05cab00
[INFO] running `Command { std: "docker" "create" "-v" "/var/lib/crater-agent-workspace/builds/worker-1-tc1/target:/opt/rustwide/target:rw,Z" "-v" "/var/lib/crater-agent-workspace/builds/worker-1-tc1/source:/opt/rustwide/workdir:ro,Z" "-v" "/var/lib/crater-agent-workspace/cargo-home:/opt/rustwide/cargo-home:ro,Z" "-v" "/var/lib/crater-agent-workspace/rustup-home:/opt/rustwide/rustup-home:ro,Z" "-e" "SOURCE_DIR=/opt/rustwide/workdir" "-e" "CARGO_TARGET_DIR=/opt/rustwide/target" "-e" "CARGO_INCREMENTAL=0" "-e" "RUST_BACKTRACE=full" "-e" "RUSTFLAGS=--cap-lints=forbid" "-e" "RUSTDOCFLAGS=--cap-lints=forbid" "-e" "CARGO_HOME=/opt/rustwide/cargo-home" "-e" "RUSTUP_HOME=/opt/rustwide/rustup-home" "-w" "/opt/rustwide/workdir" "-m" "1610612736" "--user" "0:0" "--network" "none" "ghcr.io/rust-lang/crates-build-env/linux@sha256:4a844ea9eb2546a2d2c7022eacef16ef2e8229c7fbb2c7d4d55a9ceca922f72d" "/opt/rustwide/cargo-home/bin/cargo" "+nightly-2024-10-28" "test" "--frozen" "--no-run" "--message-format=json", kill_on_drop: false }`
[INFO] [stdout] e09735e0af29bdcf452fe2683d71730f4f43574fef3aebca1b647a3ada9cd98c
[INFO] running `Command { std: "docker" "start" "-a" "e09735e0af29bdcf452fe2683d71730f4f43574fef3aebca1b647a3ada9cd98c", kill_on_drop: false }`
[INFO] [stderr]    Compiling libc v0.2.154
[INFO] [stderr]    Compiling autocfg v1.3.0
[INFO] [stderr]    Compiling bytes v1.6.0
[INFO] [stderr]    Compiling pin-project-lite v0.2.14
[INFO] [stderr]    Compiling futures-core v0.3.30
[INFO] [stderr]    Compiling futures-sink v0.3.30
[INFO] [stderr]    Compiling futures-macro v0.3.30
[INFO] [stderr]    Compiling futures-io v0.3.30
[INFO] [stderr]    Compiling futures-task v0.3.30
[INFO] [stderr]    Compiling tokio-macros v2.2.0
[INFO] [stderr]    Compiling log v0.4.21
[INFO] [stderr]    Compiling httparse v1.8.0
[INFO] [stderr]    Compiling tracing-core v0.1.32
[INFO] [stderr]    Compiling generic-array v0.14.7
[INFO] [stderr]    Compiling cc v1.0.96
[INFO] [stderr]    Compiling pkg-config v0.3.30
[INFO] [stderr]    Compiling tinyvec v1.6.0
[INFO] [stderr]    Compiling futures-channel v0.3.30
[INFO] [stderr]    Compiling smallvec v1.13.2
[INFO] [stderr]    Compiling unicase v2.7.0
[INFO] [stderr]    Compiling pin-project-internal v1.1.5
[INFO] [stderr]    Compiling openssl v0.10.64
[INFO] [stderr]    Compiling unicode-bidi v0.3.15
[INFO] [stderr]    Compiling tower-service v0.3.2
[INFO] [stderr]    Compiling openssl-macros v0.1.1
[INFO] [stderr]    Compiling native-tls v0.2.11
[INFO] [stderr]    Compiling http v1.1.0
[INFO] [stderr]    Compiling http v0.2.12
[INFO] [stderr]    Compiling slab v0.4.9
[INFO] [stderr]    Compiling tracing v0.1.40
[INFO] [stderr]    Compiling mime v0.3.17
[INFO] [stderr]    Compiling cpufeatures v0.2.12
[INFO] [stderr]    Compiling ppv-lite86 v0.2.17
[INFO] [stderr]    Compiling lock_api v0.4.12
[INFO] [stderr]    Compiling num-traits v0.2.19
[INFO] [stderr]    Compiling block-buffer v0.10.4
[INFO] [stderr]    Compiling crypto-common v0.1.6
[INFO] [stderr]    Compiling tower-layer v0.3.2
[INFO] [stderr]    Compiling digest v0.10.7
[INFO] [stderr]    Compiling crossbeam-utils v0.8.19
[INFO] [stderr]    Compiling unicode-normalization v0.1.23
[INFO] [stderr]    Compiling multer v2.1.0
[INFO] [stderr]    Compiling utf-8 v0.7.6
[INFO] [stderr]    Compiling futures-util v0.3.30
[INFO] [stderr]    Compiling data-encoding v2.6.0
[INFO] [stderr]    Compiling mime_guess v2.0.4
[INFO] [stderr]    Compiling mio v0.8.11
[INFO] [stderr]    Compiling socket2 v0.5.7
[INFO] [stderr]    Compiling num_cpus v1.16.0
[INFO] [stderr]    Compiling getrandom v0.2.14
[INFO] [stderr]    Compiling sha1 v0.10.6
[INFO] [stderr]    Compiling parking_lot_core v0.9.10
[INFO] [stderr]    Compiling rand_core v0.6.4
[INFO] [stderr]    Compiling const-random-macro v0.1.16
[INFO] [stderr]    Compiling rand_chacha v0.3.1
[INFO] [stderr]    Compiling inotify-sys v0.1.5
[INFO] [stderr]    Compiling pin-project v1.1.5
[INFO] [stderr]    Compiling serde_urlencoded v0.7.1
[INFO] [stderr]    Compiling tokio v1.37.0
[INFO] [stderr]    Compiling idna v0.5.0
[INFO] [stderr]    Compiling http-body v1.0.0
[INFO] [stderr]    Compiling const-random v0.1.18
[INFO] [stderr]    Compiling headers-core v0.2.0
[INFO] [stderr]    Compiling http-body v0.4.6
[INFO] [stderr]    Compiling rand v0.8.5
[INFO] [stderr]    Compiling dlv-list v0.5.2
[INFO] [stderr]    Compiling http-body-util v0.1.1
[INFO] [stderr]    Compiling openssl-sys v0.9.102
[INFO] [stderr]    Compiling spin v0.9.8
[INFO] [stderr]    Compiling same-file v1.0.6
[INFO] [stderr]    Compiling base64 v0.22.1
[INFO] [stderr]    Compiling rustls-pki-types v1.5.0
[INFO] [stderr]    Compiling walkdir v2.5.0
[INFO] [stderr]    Compiling inotify v0.9.6
[INFO] [stderr]    Compiling ordered-multimap v0.7.3
[INFO] [stderr]    Compiling headers v0.3.9
[INFO] [stderr]    Compiling url v2.5.0
[INFO] [stderr]    Compiling rust-ini v0.21.0
[INFO] [stderr]    Compiling rustls-pemfile v2.1.2
[INFO] [stderr]    Compiling parking_lot v0.12.2
[INFO] [stderr]    Compiling crossbeam-channel v0.5.12
[INFO] [stderr]    Compiling filetime v0.2.23
[INFO] [stderr]    Compiling iana-time-zone v0.1.60
[INFO] [stderr]    Compiling scoped-tls v1.0.1
[INFO] [stderr]    Compiling sync_wrapper v0.1.2
[INFO] [stderr]    Compiling ipnet v2.9.0
[INFO] [stderr]    Compiling float-cmp v0.9.0
[INFO] [stderr]    Compiling chrono v0.4.38
[INFO] [stderr]    Compiling glob v0.3.1
[INFO] [stderr]    Compiling temp-env v0.3.6
[INFO] [stderr]    Compiling okcodes-config v0.14.3 (/opt/rustwide/workdir)
[INFO] [stderr]    Compiling tungstenite v0.21.0
[INFO] [stderr]    Compiling notify v6.1.1
[INFO] [stderr]    Compiling futures-executor v0.3.30
[INFO] [stderr]    Compiling futures v0.3.30
[INFO] [stderr]    Compiling tokio-util v0.7.11
[INFO] [stderr]    Compiling tower v0.4.13
[INFO] [stderr]    Compiling tokio-tungstenite v0.21.0
[INFO] [stderr]    Compiling tokio-native-tls v0.3.1
[INFO] [stderr]    Compiling h2 v0.4.4
[INFO] [stderr]    Compiling h2 v0.3.26
[INFO] [stderr]    Compiling hyper v0.14.28
[INFO] [stderr]    Compiling hyper v1.3.1
[INFO] [stderr]    Compiling hyper-util v0.1.3
[INFO] [stderr]    Compiling hyper-tls v0.6.0
[INFO] [stderr]    Compiling reqwest v0.12.4
[INFO] [stderr]    Compiling warp v0.3.7
[INFO] [stdout] error[E0463]: can't find crate for `config`
[INFO] [stdout]  --> tests/log.rs:1:1
[INFO] [stdout]   |
[INFO] [stdout] 1 | extern crate config;
[INFO] [stdout]   | ^^^^^^^^^^^^^^^^^^^^ can't find crate
[INFO] [stdout] 
[INFO] [stdout] 
[INFO] [stdout] error[E0432]: unresolved import `config`
[INFO] [stdout]  --> tests/file_ini.rs:7:5
[INFO] [stdout]   |
[INFO] [stdout] 7 | use config::{Config, File, FileFormat};
[INFO] [stdout]   |     ^^^^^^ use of undeclared crate or module `config`
[INFO] [stdout] 
[INFO] [stdout] 
[INFO] [stdout] error[E0432]: unresolved import `config`
[INFO] [stdout]  --> tests/async_builder.rs:2:5
[INFO] [stdout]   |
[INFO] [stdout] 2 | use config::{AsyncSource, Config, ConfigError, FileFormat, Format, Map, Value};
[INFO] [stdout]   |     ^^^^^^ use of undeclared crate or module `config`
[INFO] [stdout] 
[INFO] [stdout] 
[INFO] [stdout] error[E0432]: unresolved import `config`
[INFO] [stdout]  --> examples/watch/main.rs:2:5
[INFO] [stdout]   |
[INFO] [stdout] 2 | use config::{Config, File};
[INFO] [stdout]   |     ^^^^^^ use of undeclared crate or module `config`
[INFO] [stdout] 
[INFO] [stdout] 
[INFO] [stdout] error[E0432]: unresolved import `config`
[INFO] [stdout]  --> tests/weird_keys.rs:9:5
[INFO] [stdout]   |
[INFO] [stdout] 9 | use config::{File, FileFormat};
[INFO] [stdout]   |     ^^^^^^ use of undeclared crate or module `config`
[INFO] [stdout] 
[INFO] [stdout] 
[INFO] [stdout] error[E0432]: unresolved import `config`
[INFO] [stdout]  --> examples/simple/main.rs:1:5
[INFO] [stdout]   |
[INFO] [stdout] 1 | use config::Config;
[INFO] [stdout]   |     ^^^^^^ use of undeclared crate or module `config`
[INFO] [stdout] 
[INFO] [stdout] 
[INFO] [stdout] error[E0432]: unresolved import `config`
[INFO] [stdout]  --> examples/custom_file_format/main.rs:1:5
[INFO] [stdout]   |
[INFO] [stdout] 1 | use config::{Config, File, FileStoredFormat, Format, Map, Value, ValueKind};
[INFO] [stdout]   |     ^^^^^^ use of undeclared crate or module `config`
[INFO] [stdout] 
[INFO] [stdout] 
[INFO] [stdout] error[E0432]: unresolved import `config`
[INFO] [stdout]  --> examples/env-list/main.rs:1:5
[INFO] [stdout]   |
[INFO] [stdout] 1 | use config::Config;
[INFO] [stdout]   |     ^^^^^^ use of undeclared crate or module `config`
[INFO] [stdout] 
[INFO] [stdout] 
[INFO] [stdout] error[E0432]: unresolved import `config`
[INFO] [stdout]  --> tests/file.rs:3:5
[INFO] [stdout]   |
[INFO] [stdout] 3 | use config::{Config, File, FileFormat};
[INFO] [stdout]   |     ^^^^^^ use of undeclared crate or module `config`
[INFO] [stdout] 
[INFO] [stdout] 
[INFO] [stdout] error[E0432]: unresolved import `config`
[INFO] [stdout]  --> examples/hierarchical-env/settings.rs:1:5
[INFO] [stdout]   |
[INFO] [stdout] 1 | use config::{Config, ConfigError, Environment, File};
[INFO] [stdout]   |     ^^^^^^ use of undeclared crate or module `config`
[INFO] [stdout] 
[INFO] [stdout] 
[INFO] [stdout] error[E0433]: failed to resolve: use of undeclared crate or module `config`
[INFO] [stdout]  --> examples/async_source/main.rs:3:5
[INFO] [stdout]   |
[INFO] [stdout] 3 | use config::{
[INFO] [stdout]   |     ^^^^^^ use of undeclared crate or module `config`
[INFO] [stdout] 
[INFO] [stdout] 
[INFO] [stdout] error[E0433]: failed to resolve: use of undeclared crate or module `config`
[INFO] [stdout]   --> tests/async_builder.rs:75:21
[INFO] [stdout]    |
[INFO] [stdout] 75 |         .add_source(config::File::new("tests/Settings", FileFormat::Json))
[INFO] [stdout]    |                     ^^^^^^ use of undeclared crate or module `config`
[INFO] [stdout]    |
[INFO] [stdout] help: consider importing one of these structs
[INFO] [stdout]    |
[INFO] [stdout] 1  + use crate::fs::File;
[INFO] [stdout]    |
[INFO] [stdout] 1  + use std::fs::File;
[INFO] [stdout]    |
[INFO] [stdout] 1  + use okcodes_config::File;
[INFO] [stdout]    |
[INFO] [stdout] 1  + use tokio::fs::File;
[INFO] [stdout]    |
[INFO] [stdout]      and 1 other candidate
[INFO] [stdout] help: if you import `File`, refer to it directly
[INFO] [stdout]    |
[INFO] [stdout] 75 -         .add_source(config::File::new("tests/Settings", FileFormat::Json))
[INFO] [stdout] 75 +         .add_source(File::new("tests/Settings", FileFormat::Json))
[INFO] [stdout]    |
[INFO] [stdout] 
[INFO] [stdout] 
[INFO] [stdout] error[E0433]: failed to resolve: use of undeclared crate or module `config`
[INFO] [stdout]   --> tests/async_builder.rs:95:21
[INFO] [stdout]    |
[INFO] [stdout] 95 |         .add_source(config::File::new("tests/Settings", FileFormat::Json))
[INFO] [stdout]    |                     ^^^^^^ use of undeclared crate or module `config`
[INFO] [stdout]    |
[INFO] [stdout] help: consider importing one of these structs
[INFO] [stdout]    |
[INFO] [stdout] 1  + use crate::fs::File;
[INFO] [stdout]    |
[INFO] [stdout] 1  + use std::fs::File;
[INFO] [stdout]    |
[INFO] [stdout] 1  + use okcodes_config::File;
[INFO] [stdout]    |
[INFO] [stdout] 1  + use tokio::fs::File;
[INFO] [stdout]    |
[INFO] [stdout]      and 1 other candidate
[INFO] [stdout] help: if you import `File`, refer to it directly
[INFO] [stdout]    |
[INFO] [stdout] 95 -         .add_source(config::File::new("tests/Settings", FileFormat::Json))
[INFO] [stdout] 95 +         .add_source(File::new("tests/Settings", FileFormat::Json))
[INFO] [stdout]    |
[INFO] [stdout] 
[INFO] [stdout] 
[INFO] [stdout] error[E0432]: unresolved import `config`
[INFO] [stdout]  --> tests/file_json5.rs:5:5
[INFO] [stdout]   |
[INFO] [stdout] 5 | use config::{Config, File, FileFormat, Map, Value};
[INFO] [stdout]   |     ^^^^^^ use of undeclared crate or module `config`
[INFO] [stdout] 
[INFO] [stdout] 
[INFO] [stdout] error[E0432]: unresolved import `config`
[INFO] [stdout]  --> tests/ron_enum.rs:1:5
[INFO] [stdout]   |
[INFO] [stdout] 1 | use config::{Config, File, FileFormat};
[INFO] [stdout]   |     ^^^^^^ use of undeclared crate or module `config`
[INFO] [stdout] 
[INFO] [stdout] 
[INFO] [stdout] error[E0432]: unresolved import `config`
[INFO] [stdout]  --> tests/errors.rs:7:5
[INFO] [stdout]   |
[INFO] [stdout] 7 | use config::{Config, ConfigError, File, FileFormat, Map, Value};
[INFO] [stdout]   |     ^^^^^^ use of undeclared crate or module `config`
[INFO] [stdout] 
[INFO] [stdout] 
[INFO] [stdout] error[E0412]: cannot find type `Config` in this scope
[INFO] [stdout]   --> tests/log.rs:15:23
[INFO] [stdout]    |
[INFO] [stdout] 15 | fn config(s: &str) -> Config {
[INFO] [stdout]    |                       ^^^^^^ not found in this scope
[INFO] [stdout]    |
[INFO] [stdout] help: consider importing one of these structs
[INFO] [stdout]    |
[INFO] [stdout] 8  + use notify::Config;
[INFO] [stdout]    |
[INFO] [stdout] 8  + use okcodes_config::Config;
[INFO] [stdout]    |
[INFO] [stdout] 
[INFO] [stdout] 
[INFO] [stdout] error[E0433]: failed to resolve: use of undeclared type `Config`
[INFO] [stdout]   --> tests/log.rs:16:5
[INFO] [stdout]    |
[INFO] [stdout] 16 |     Config::builder()
[INFO] [stdout]    |     ^^^^^^ use of undeclared type `Config`
[INFO] [stdout]    |
[INFO] [stdout] help: consider importing one of these structs
[INFO] [stdout]    |
[INFO] [stdout] 8  + use notify::Config;
[INFO] [stdout]    |
[INFO] [stdout] 8  + use okcodes_config::Config;
[INFO] [stdout]    |
[INFO] [stdout] 
[INFO] [stdout] 
[INFO] [stdout] error[E0433]: failed to resolve: use of undeclared type `File`
[INFO] [stdout]   --> tests/log.rs:17:21
[INFO] [stdout]    |
[INFO] [stdout] 17 |         .add_source(File::from_str(s, FileFormat::Json))
[INFO] [stdout]    |                     ^^^^ use of undeclared type `File`
[INFO] [stdout]    |
[INFO] [stdout] help: consider importing one of these structs
[INFO] [stdout]    |
[INFO] [stdout] 8  + use std::fs::File;
[INFO] [stdout]    |
[INFO] [stdout] 8  + use okcodes_config::File;
[INFO] [stdout]    |
[INFO] [stdout] 8  + use tokio::fs::File;
[INFO] [stdout]    |
[INFO] [stdout] 8  + use warp::fs::File;
[INFO] [stdout]    |
[INFO] [stdout] 
[INFO] [stdout] 
[INFO] [stdout] error[E0433]: failed to resolve: use of undeclared type `FileFormat`
[INFO] [stdout]   --> tests/log.rs:17:39
[INFO] [stdout]    |
[INFO] [stdout] 17 |         .add_source(File::from_str(s, FileFormat::Json))
[INFO] [stdout]    |                                       ^^^^^^^^^^ use of undeclared type `FileFormat`
[INFO] [stdout]    |
[INFO] [stdout] help: consider importing this enum
[INFO] [stdout]    |
[INFO] [stdout] 8  + use okcodes_config::FileFormat;
[INFO] [stdout]    |
[INFO] [stdout] 
[INFO] [stdout] 
[INFO] [stdout] error[E0433]: failed to resolve: use of undeclared crate or module `config`
[INFO] [stdout]   --> tests/file_ini.rs:92:21
[INFO] [stdout]    |
[INFO] [stdout] 92 |         .add_source(config::Environment::with_prefix("APP").separator("_"))
[INFO] [stdout]    |                     ^^^^^^ use of undeclared crate or module `config`
[INFO] [stdout]    |
[INFO] [stdout] help: consider importing this struct
[INFO] [stdout]    |
[INFO] [stdout] 3  + use okcodes_config::Environment;
[INFO] [stdout]    |
[INFO] [stdout] help: if you import `Environment`, refer to it directly
[INFO] [stdout]    |
[INFO] [stdout] 92 -         .add_source(config::Environment::with_prefix("APP").separator("_"))
[INFO] [stdout] 92 +         .add_source(Environment::with_prefix("APP").separator("_"))
[INFO] [stdout]    |
[INFO] [stdout] 
[INFO] [stdout] 
[INFO] [stdout] error[E0433]: failed to resolve: use of undeclared crate or module `config`
[INFO] [stdout]    --> tests/file_ini.rs:126:21
[INFO] [stdout]     |
[INFO] [stdout] 126 |         .add_source(config::Environment::with_prefix("config").separator("_"))
[INFO] [stdout]     |                     ^^^^^^ use of undeclared crate or module `config`
[INFO] [stdout]     |
[INFO] [stdout] help: consider importing this struct
[INFO] [stdout]     |
[INFO] [stdout] 3   + use okcodes_config::Environment;
[INFO] [stdout]     |
[INFO] [stdout] help: if you import `Environment`, refer to it directly
[INFO] [stdout]     |
[INFO] [stdout] 126 -         .add_source(config::Environment::with_prefix("config").separator("_"))
[INFO] [stdout] 126 +         .add_source(Environment::with_prefix("config").separator("_"))
[INFO] [stdout]     |
[INFO] [stdout] 
[INFO] [stdout] 
[INFO] [stdout] error[E0433]: failed to resolve: use of undeclared crate or module `config`
[INFO] [stdout]    --> tests/file_ini.rs:144:21
[INFO] [stdout]     |
[INFO] [stdout] 144 |         .add_source(config::Environment::with_prefix("APPS").separator("_"))
[INFO] [stdout]     |                     ^^^^^^ use of undeclared crate or module `config`
[INFO] [stdout]     |
[INFO] [stdout] help: consider importing this struct
[INFO] [stdout]     |
[INFO] [stdout] 3   + use okcodes_config::Environment;
[INFO] [stdout]     |
[INFO] [stdout] help: if you import `Environment`, refer to it directly
[INFO] [stdout]     |
[INFO] [stdout] 144 -         .add_source(config::Environment::with_prefix("APPS").separator("_"))
[INFO] [stdout] 144 +         .add_source(Environment::with_prefix("APPS").separator("_"))
[INFO] [stdout]     |
[INFO] [stdout] 
[INFO] [stdout] 
[INFO] [stdout] error[E0433]: failed to resolve: use of undeclared crate or module `config`
[INFO] [stdout]    --> tests/file_ini.rs:161:21
[INFO] [stdout]     |
[INFO] [stdout] 161 |         .add_source(config::Environment::with_prefix("test").separator("_"))
[INFO] [stdout]     |                     ^^^^^^ use of undeclared crate or module `config`
[INFO] [stdout]     |
[INFO] [stdout] help: consider importing this struct
[INFO] [stdout]     |
[INFO] [stdout] 3   + use okcodes_config::Environment;
[INFO] [stdout]     |
[INFO] [stdout] help: if you import `Environment`, refer to it directly
[INFO] [stdout]     |
[INFO] [stdout] 161 -         .add_source(config::Environment::with_prefix("test").separator("_"))
[INFO] [stdout] 161 +         .add_source(Environment::with_prefix("test").separator("_"))
[INFO] [stdout]     |
[INFO] [stdout] 
[INFO] [stdout] 
[INFO] [stdout] error[E0433]: failed to resolve: use of undeclared crate or module `config`
[INFO] [stdout]   --> tests/unsigned_int_hm.rs:24:13
[INFO] [stdout]    |
[INFO] [stdout] 24 |             config::Value::from(unsigned.unsigned),
[INFO] [stdout]    |             ^^^^^^ use of undeclared crate or module `config`
[INFO] [stdout]    |
[INFO] [stdout] help: consider importing one of these items
[INFO] [stdout]    |
[INFO] [stdout] 3  + use okcodes_config::Value;
[INFO] [stdout]    |
[INFO] [stdout] 3  + use ron::Value;
[INFO] [stdout]    |
[INFO] [stdout] 3  + use serde_json::Value;
[INFO] [stdout]    |
[INFO] [stdout] 3  + use toml::Value;
[INFO] [stdout]    |
[INFO] [stdout] help: if you import `Value`, refer to it directly
[INFO] [stdout]    |
[INFO] [stdout] 24 -             config::Value::from(unsigned.unsigned),
[INFO] [stdout] 24 +             Value::from(unsigned.unsigned),
[INFO] [stdout]    |
[INFO] [stdout] 
[INFO] [stdout] 
[INFO] [stdout] error[E0433]: failed to resolve: use of undeclared crate or module `config`
[INFO] [stdout]   --> tests/unsigned_int_hm.rs:37:17
[INFO] [stdout]    |
[INFO] [stdout] 37 |     let built = config::Config::builder()
[INFO] [stdout]    |                 ^^^^^^ use of undeclared crate or module `config`
[INFO] [stdout]    |
[INFO] [stdout] help: consider importing one of these structs
[INFO] [stdout]    |
[INFO] [stdout] 3  + use notify::Config;
[INFO] [stdout]    |
[INFO] [stdout] 3  + use okcodes_config::Config;
[INFO] [stdout]    |
[INFO] [stdout] help: if you import `Config`, refer to it directly
[INFO] [stdout]    |
[INFO] [stdout] 37 -     let built = config::Config::builder()
[INFO] [stdout] 37 +     let built = Config::builder()
[INFO] [stdout]    |
[INFO] [stdout] 
[INFO] [stdout] 
[INFO] [stdout] Some errors have detailed explanations: E0432, E0433.
[INFO] [stdout] 
[INFO] [stdout] For more information about an error, try `rustc --explain E0432`.
[INFO] [stdout] 
[INFO] [stdout] error[E0433]: failed to resolve: use of undeclared crate or module `config`
[INFO] [stdout]   --> tests/weird_keys.rs:16:15
[INFO] [stdout]    |
[INFO] [stdout] 16 |     let cfg = config::Config::builder()
[INFO] [stdout]    |               ^^^^^^ use of undeclared crate or module `config`
[INFO] [stdout]    |
[INFO] [stdout] help: consider importing one of these structs
[INFO] [stdout]    |
[INFO] [stdout] 7  + use notify::Config;
[INFO] [stdout]    |
[INFO] [stdout] 7  + use okcodes_config::Config;
[INFO] [stdout]    |
[INFO] [stdout] help: if you import `Config`, refer to it directly
[INFO] [stdout]    |
[INFO] [stdout] 16 -     let cfg = config::Config::builder()
[INFO] [stdout] 16 +     let cfg = Config::builder()
[INFO] [stdout]    |
[INFO] [stdout] 
[INFO] [stdout] 
[INFO] [stderr] error: could not compile `okcodes-config` (test "async_builder") due to 3 previous errors
[INFO] [stderr] warning: build failed, waiting for other jobs to finish...
[INFO] [stdout] Some errors have detailed explanations: E0412, E0433, E0463.
[INFO] [stdout] 
[INFO] [stdout] For more information about an error, try `rustc --explain E0412`.
[INFO] [stdout] 
[INFO] [stdout] error[E0433]: failed to resolve: use of undeclared crate or module `config`
[INFO] [stdout]  --> examples/simple/main.rs:7:21
[INFO] [stdout]   |
[INFO] [stdout] 7 |         .add_source(config::File::with_name("examples/simple/Settings"))
[INFO] [stdout]   |                     ^^^^^^ use of undeclared crate or module `config`
[INFO] [stdout]   |
[INFO] [stdout] help: consider importing one of these structs
[INFO] [stdout]   |
[INFO] [stdout] 1 + use std::fs::File;
[INFO] [stdout]   |
[INFO] [stdout] 1 + use okcodes_config::File;
[INFO] [stdout]   |
[INFO] [stdout] 1 + use tokio::fs::File;
[INFO] [stdout]   |
[INFO] [stdout] 1 + use warp::fs::File;
[INFO] [stdout]   |
[INFO] [stdout] help: if you import `File`, refer to it directly
[INFO] [stdout]   |
[INFO] [stdout] 7 -         .add_source(config::File::with_name("examples/simple/Settings"))
[INFO] [stdout] 7 +         .add_source(File::with_name("examples/simple/Settings"))
[INFO] [stdout]   |
[INFO] [stdout] 
[INFO] [stdout] 
[INFO] [stdout] error[E0432]: unresolved import `config`
[INFO] [stdout]  --> examples/async_source/main.rs:3:5
[INFO] [stdout]   |
[INFO] [stdout] 3 | use config::{
[INFO] [stdout]   |     ^^^^^^ use of undeclared crate or module `config`
[INFO] [stdout] 
[INFO] [stdout] 
[INFO] [stdout] error[E0433]: failed to resolve: use of undeclared crate or module `config`
[INFO] [stdout]   --> examples/simple/main.rs:10:21
[INFO] [stdout]    |
[INFO] [stdout] 10 |         .add_source(config::Environment::with_prefix("APP"))
[INFO] [stdout]    |                     ^^^^^^ use of undeclared crate or module `config`
[INFO] [stdout]    |
[INFO] [stdout] help: consider importing this struct
[INFO] [stdout]    |
[INFO] [stdout] 1  + use okcodes_config::Environment;
[INFO] [stdout]    |
[INFO] [stdout] help: if you import `Environment`, refer to it directly
[INFO] [stdout]    |
[INFO] [stdout] 10 -         .add_source(config::Environment::with_prefix("APP"))
[INFO] [stdout] 10 +         .add_source(Environment::with_prefix("APP"))
[INFO] [stdout]    |
[INFO] [stdout] 
[INFO] [stdout] 
[INFO] [stdout] For more information about this error, try `rustc --explain E0432`.
[INFO] [stdout] 
[INFO] [stderr] error: could not compile `okcodes-config` (test "log") due to 5 previous errors
[INFO] [stderr] error: could not compile `okcodes-config` (test "file") due to 1 previous error
[INFO] [stdout] error[E0433]: failed to resolve: use of undeclared crate or module `config`
[INFO] [stdout]   --> examples/env-list/main.rs:12:13
[INFO] [stdout]    |
[INFO] [stdout] 12 |             config::Environment::with_prefix("APP")
[INFO] [stdout]    |             ^^^^^^ use of undeclared crate or module `config`
[INFO] [stdout]    |
[INFO] [stdout] help: consider importing this struct
[INFO] [stdout]    |
[INFO] [stdout] 1  + use okcodes_config::Environment;
[INFO] [stdout]    |
[INFO] [stdout] help: if you import `Environment`, refer to it directly
[INFO] [stdout]    |
[INFO] [stdout] 12 -             config::Environment::with_prefix("APP")
[INFO] [stdout] 12 +             Environment::with_prefix("APP")
[INFO] [stdout]    |
[INFO] [stdout] 
[INFO] [stdout] 
[INFO] [stdout] error[E0433]: failed to resolve: use of undeclared crate or module `config`
[INFO] [stdout]   --> tests/unsigned_int_hm.rs:19:25
[INFO] [stdout]    |
[INFO] [stdout] 19 | impl From<Unsigned> for config::ValueKind {
[INFO] [stdout]    |                         ^^^^^^ use of undeclared crate or module `config`
[INFO] [stdout] 
[INFO] [stdout] 
[INFO] [stdout] For more information about this error, try `rustc --explain E0433`.
[INFO] [stdout] 
[INFO] [stderr] error: could not compile `okcodes-config` (test "unsigned_int_hm") due to 3 previous errors
[INFO] [stdout] Some errors have detailed explanations: E0432, E0433.
[INFO] [stdout] 
[INFO] [stdout] For more information about an error, try `rustc --explain E0432`.
[INFO] [stdout] 
[INFO] [stderr] error: could not compile `okcodes-config` (example "simple") due to 3 previous errors
[INFO] [stdout] error[E0433]: failed to resolve: use of undeclared crate or module `config`
[INFO] [stdout]    --> tests/file_json5.rs:115:21
[INFO] [stdout]     |
[INFO] [stdout] 115 |         .add_source(config::Environment::with_prefix("APP").separator("_"))
[INFO] [stdout]     |                     ^^^^^^ use of undeclared crate or module `config`
[INFO] [stdout]     |
[INFO] [stdout] help: consider importing this struct
[INFO] [stdout]     |
[INFO] [stdout] 3   + use okcodes_config::Environment;
[INFO] [stdout]     |
[INFO] [stdout] help: if you import `Environment`, refer to it directly
[INFO] [stdout]     |
[INFO] [stdout] 115 -         .add_source(config::Environment::with_prefix("APP").separator("_"))
[INFO] [stdout] 115 +         .add_source(Environment::with_prefix("APP").separator("_"))
[INFO] [stdout]     |
[INFO] [stdout] 
[INFO] [stdout] 
[INFO] [stdout] error[E0433]: failed to resolve: use of undeclared crate or module `config`
[INFO] [stdout]    --> tests/file_json5.rs:150:21
[INFO] [stdout]     |
[INFO] [stdout] 150 |         .add_source(config::Environment::with_prefix("config").separator("_"))
[INFO] [stdout]     |                     ^^^^^^ use of undeclared crate or module `config`
[INFO] [stdout]     |
[INFO] [stdout] help: consider importing this struct
[INFO] [stdout]     |
[INFO] [stdout] 3   + use okcodes_config::Environment;
[INFO] [stdout]     |
[INFO] [stdout] help: if you import `Environment`, refer to it directly
[INFO] [stdout]     |
[INFO] [stdout] 150 -         .add_source(config::Environment::with_prefix("config").separator("_"))
[INFO] [stdout] 150 +         .add_source(Environment::with_prefix("config").separator("_"))
[INFO] [stdout]     |
[INFO] [stdout] 
[INFO] [stdout] 
[INFO] [stdout] error[E0433]: failed to resolve: use of undeclared crate or module `config`
[INFO] [stdout]    --> tests/file_json5.rs:168:21
[INFO] [stdout]     |
[INFO] [stdout] 168 |         .add_source(config::Environment::with_prefix("APPS").separator("_"))
[INFO] [stdout]     |                     ^^^^^^ use of undeclared crate or module `config`
[INFO] [stdout]     |
[INFO] [stdout] help: consider importing this struct
[INFO] [stdout]     |
[INFO] [stdout] 3   + use okcodes_config::Environment;
[INFO] [stdout]     |
[INFO] [stdout] help: if you import `Environment`, refer to it directly
[INFO] [stdout]     |
[INFO] [stdout] 168 -         .add_source(config::Environment::with_prefix("APPS").separator("_"))
[INFO] [stdout] 168 +         .add_source(Environment::with_prefix("APPS").separator("_"))
[INFO] [stdout]     |
[INFO] [stdout] 
[INFO] [stdout] 
[INFO] [stdout] error[E0433]: failed to resolve: use of undeclared crate or module `config`
[INFO] [stdout]    --> tests/file_json5.rs:185:21
[INFO] [stdout]     |
[INFO] [stdout] 185 |         .add_source(config::Environment::with_prefix("test").separator("_"))
[INFO] [stdout]     |                     ^^^^^^ use of undeclared crate or module `config`
[INFO] [stdout]     |
[INFO] [stdout] help: consider importing this struct
[INFO] [stdout]     |
[INFO] [stdout] 3   + use okcodes_config::Environment;
[INFO] [stdout]     |
[INFO] [stdout] help: if you import `Environment`, refer to it directly
[INFO] [stdout]     |
[INFO] [stdout] 185 -         .add_source(config::Environment::with_prefix("test").separator("_"))
[INFO] [stdout] 185 +         .add_source(Environment::with_prefix("test").separator("_"))
[INFO] [stdout]     |
[INFO] [stdout] 
[INFO] [stdout] 
[INFO] [stdout] error[E0433]: failed to resolve: use of undeclared crate or module `config`
[INFO] [stdout]   --> examples/async_source/main.rs:61:51
[INFO] [stdout]    |
[INFO] [stdout] 61 |     async fn collect(&self) -> Result<Map<String, config::Value>, ConfigError> {
[INFO] [stdout]    |                                                   ^^^^^^ use of undeclared crate or module `config`
[INFO] [stdout] 
[INFO] [stdout] 
[INFO] [stdout] Some errors have detailed explanations: E0432, E0433.
[INFO] [stdout] 
[INFO] [stdout] For more information about an error, try `rustc --explain E0432`.
[INFO] [stdout] 
[INFO] [stdout] For more information about this error, try `rustc --explain E0432`.
[INFO] [stdout] 
[INFO] [stderr] error: could not compile `okcodes-config` (test "ron_enum") due to 1 previous error
[INFO] [stderr] error: could not compile `okcodes-config` (example "async_source") due to 3 previous errors
[INFO] [stdout] error[E0433]: failed to resolve: use of undeclared crate or module `config`
[INFO] [stdout]   --> examples/custom_file_format/main.rs:37:29
[INFO] [stdout]    |
[INFO] [stdout] 37 |     ) -> Result<Map<String, config::Value>, Box<dyn std::error::Error + Send + Sync>> {
[INFO] [stdout]    |                             ^^^^^^ use of undeclared crate or module `config`
[INFO] [stdout] 
[INFO] [stdout] 
[INFO] [stdout] Some errors have detailed explanations: E0432, E0433.
[INFO] [stdout] 
[INFO] [stdout] For more information about an error, try `rustc --explain E0432`.
[INFO] [stdout] 
[INFO] [stderr] error: could not compile `okcodes-config` (example "custom_file_format") due to 2 previous errors
[INFO] [stdout] Some errors have detailed explanations: E0432, E0433.
[INFO] [stdout] 
[INFO] [stdout] For more information about an error, try `rustc --explain E0432`.
[INFO] [stdout] 
[INFO] [stderr] error: could not compile `okcodes-config` (test "weird_keys") due to 2 previous errors
[INFO] [stdout] Some errors have detailed explanations: E0432, E0433.
[INFO] [stdout] 
[INFO] [stdout] For more information about an error, try `rustc --explain E0432`.
[INFO] [stdout] 
[INFO] [stdout] Some errors have detailed explanations: E0432, E0433.
[INFO] [stdout] 
[INFO] [stdout] For more information about an error, try `rustc --explain E0432`.
[INFO] [stdout] 
[INFO] [stdout] error[E0432]: unresolved import `config`
[INFO] [stdout]  --> tests/legacy/errors.rs:7:5
[INFO] [stdout]   |
[INFO] [stdout] 7 | use config::{Config, ConfigError, File, FileFormat, Map, Value};
[INFO] [stdout]   |     ^^^^^^ use of undeclared crate or module `config`
[INFO] [stdout] 
[INFO] [stdout] 
[INFO] [stdout] error[E0432]: unresolved import `config`
[INFO] [stdout]  --> tests/legacy/file.rs:3:5
[INFO] [stdout]   |
[INFO] [stdout] 3 | use config::{Config, File, FileFormat};
[INFO] [stdout]   |     ^^^^^^ use of undeclared crate or module `config`
[INFO] [stdout] 
[INFO] [stdout] 
[INFO] [stdout] error[E0432]: unresolved import `config`
[INFO] [stdout]  --> tests/legacy/file_ini.rs:6:5
[INFO] [stdout]   |
[INFO] [stdout] 6 | use config::{Config, File, FileFormat};
[INFO] [stdout]   |     ^^^^^^ use of undeclared crate or module `config`
[INFO] [stdout] 
[INFO] [stdout] 
[INFO] [stdout] error[E0432]: unresolved import `config`
[INFO] [stdout]  --> tests/legacy/file_json.rs:7:5
[INFO] [stdout]   |
[INFO] [stdout] 7 | use config::{Config, File, FileFormat, Map, Value};
[INFO] [stdout]   |     ^^^^^^ use of undeclared crate or module `config`
[INFO] [stdout] 
[INFO] [stdout] 
[INFO] [stdout] error[E0432]: unresolved import `config`
[INFO] [stdout]  --> tests/legacy/file_ron.rs:6:5
[INFO] [stdout]   |
[INFO] [stdout] 6 | use config::{Config, File, FileFormat, Map, Value};
[INFO] [stdout]   |     ^^^^^^ use of undeclared crate or module `config`
[INFO] [stdout] 
[INFO] [stdout] 
[INFO] [stdout] error[E0432]: unresolved import `config`
[INFO] [stdout]  --> tests/legacy/file_toml.rs:5:5
[INFO] [stdout]   |
[INFO] [stdout] 5 | use config::{Config, File, FileFormat, Map, Value};
[INFO] [stdout]   |     ^^^^^^ use of undeclared crate or module `config`
[INFO] [stdout] 
[INFO] [stdout] 
[INFO] [stdout] error[E0432]: unresolved import `config`
[INFO] [stdout]  --> tests/legacy/file_yaml.rs:7:5
[INFO] [stdout]   |
[INFO] [stdout] 7 | use config::{Config, File, FileFormat, Map, Value};
[INFO] [stdout]   |     ^^^^^^ use of undeclared crate or module `config`
[INFO] [stdout] 
[INFO] [stdout] 
[INFO] [stdout] error[E0432]: unresolved import `config`
[INFO] [stdout]  --> tests/legacy/get.rs:6:5
[INFO] [stdout]   |
[INFO] [stdout] 6 | use config::{Config, File, FileFormat, Map, Value};
[INFO] [stdout]   |     ^^^^^^ use of undeclared crate or module `config`
[INFO] [stdout] 
[INFO] [stdout] 
[INFO] [stdout] error[E0432]: unresolved import `config`
[INFO] [stdout]  --> tests/legacy/merge.rs:3:5
[INFO] [stdout]   |
[INFO] [stdout] 3 | use config::{Config, File, FileFormat, Map};
[INFO] [stdout]   |     ^^^^^^ use of undeclared crate or module `config`
[INFO] [stdout] 
[INFO] [stdout] 
[INFO] [stdout] error[E0432]: unresolved import `config`
[INFO] [stdout]  --> tests/legacy/set.rs:1:5
[INFO] [stdout]   |
[INFO] [stdout] 1 | use config::{Config, File, FileFormat};
[INFO] [stdout]   |     ^^^^^^ use of undeclared crate or module `config`
[INFO] [stdout] 
[INFO] [stdout] 
[INFO] [stderr] error: could not compile `okcodes-config` (example "env-list") due to 2 previous errors
[INFO] [stderr] error: could not compile `okcodes-config` (test "file_ini") due to 5 previous errors
[INFO] [stdout] For more information about this error, try `rustc --explain E0432`.
[INFO] [stdout] 
[INFO] [stdout] For more information about this error, try `rustc --explain E0432`.
[INFO] [stdout] 
[INFO] [stderr] error: could not compile `okcodes-config` (example "hierarchical-env") due to 1 previous error
[INFO] [stderr] error: could not compile `okcodes-config` (test "errors") due to 1 previous error
[INFO] [stdout] error[E0433]: failed to resolve: use of undeclared crate or module `config`
[INFO] [stdout]   --> tests/file_json5.rs:60:41
[INFO] [stdout]    |
[INFO] [stdout] 60 |                 .collect::<Vec<(String, config::Value)>>(),
[INFO] [stdout]    |                                         ^^^^^^ use of undeclared crate or module `config`
[INFO] [stdout] 
[INFO] [stdout] 
[INFO] [stdout] Some errors have detailed explanations: E0432, E0433.
[INFO] [stdout] 
[INFO] [stdout] For more information about an error, try `rustc --explain E0432`.
[INFO] [stdout] 
[INFO] [stderr] error: could not compile `okcodes-config` (test "file_json5") due to 6 previous errors
[INFO] [stdout] error[E0599]: no method named `read` found for struct `SETTINGS` in the current scope
[INFO] [stdout]   --> examples/watch/main.rs:23:14
[INFO] [stdout]    |
[INFO] [stdout] 10 | / lazy_static::lazy_static! {
[INFO] [stdout] 11 | |     static ref SETTINGS: RwLock<Config> = RwLock::new({
[INFO] [stdout] 12 | |         let mut settings = Config::default();
[INFO] [stdout] 13 | |         settings.merge(File::with_name("examples/watch/Settings.toml")).unwrap();
[INFO] [stdout] ...  |
[INFO] [stdout] 16 | |     });
[INFO] [stdout] 17 | | }
[INFO] [stdout]    | |_- method `read` not found for this struct
[INFO] [stdout] ...
[INFO] [stdout] 22 | /         SETTINGS
[INFO] [stdout] 23 | |             .read()
[INFO] [stdout]    | |             -^^^^ method not found in `SETTINGS`
[INFO] [stdout]    | |_____________|
[INFO] [stdout]    |
[INFO] [stdout]    |
[INFO] [stdout]    = help: items from traits can only be used if the trait is implemented and in scope
[INFO] [stdout]    = note: the following traits define an item `read`, perhaps you need to implement one of them:
[INFO] [stdout]            candidate #1: `digest::XofReader`
[INFO] [stdout]            candidate #2: `futures_util::AsyncReadExt`
[INFO] [stdout]            candidate #3: `std::io::Read`
[INFO] [stdout]            candidate #4: `tokio::io::AsyncReadExt`
[INFO] [stdout] 
[INFO] [stdout] 
[INFO] [stdout] warning: unexpected `cfg` condition value: `hjson`
[INFO] [stdout]  --> tests/legacy/datetime.rs:4:5
[INFO] [stdout]   |
[INFO] [stdout] 4 |     feature = "hjson",
[INFO] [stdout]   |     ^^^^^^^^^^-------
[INFO] [stdout]   |               |
[INFO] [stdout]   |               help: there is a expected value with a similar name: `"json"`
[INFO] [stdout]   |
[INFO] [stdout]   = note: expected values for `feature` are: `async`, `async-trait`, `convert-case`, `convert_case`, `default`, `indexmap`, `ini`, `json`, `json5`, `json5_rs`, `preserve_order`, `ron`, `rust-ini`, `serde_json`, `toml`, `yaml`, and `yaml-rust2`
[INFO] [stdout]   = help: consider adding `hjson` as a feature in `Cargo.toml`
[INFO] [stdout]   = note: see <https://doc.rust-lang.org/nightly/rustc/check-cfg/cargo-specifics.html> for more information about checking conditional configuration
[INFO] [stdout]   = note: `#[warn(unexpected_cfgs)]` on by default
[INFO] [stdout] 
[INFO] [stdout] 
[INFO] [stdout] error[E0599]: no method named `write` found for struct `SETTINGS` in the current scope
[INFO] [stdout]   --> examples/watch/main.rs:61:26
[INFO] [stdout]    |
[INFO] [stdout] 10 | / lazy_static::lazy_static! {
[INFO] [stdout] 11 | |     static ref SETTINGS: RwLock<Config> = RwLock::new({
[INFO] [stdout] 12 | |         let mut settings = Config::default();
[INFO] [stdout] 13 | |         settings.merge(File::with_name("examples/watch/Settings.toml")).unwrap();
[INFO] [stdout] ...  |
[INFO] [stdout] 16 | |     });
[INFO] [stdout] 17 | | }
[INFO] [stdout]    | |_- method `write` not found for this struct
[INFO] [stdout] ...
[INFO] [stdout] 61 |                   SETTINGS.write().unwrap().refresh().unwrap();
[INFO] [stdout]    |                            ^^^^^ method not found in `SETTINGS`
[INFO] [stdout]    |
[INFO] [stdout]    = help: items from traits can only be used if the trait is implemented and in scope
[INFO] [stdout]    = note: the following traits define an item `write`, perhaps you need to implement one of them:
[INFO] [stdout]            candidate #1: `Hasher`
[INFO] [stdout]            candidate #2: `futures_util::AsyncWriteExt`
[INFO] [stdout]            candidate #3: `itoa::private::Sealed`
[INFO] [stdout]            candidate #4: `std::io::Write`
[INFO] [stdout]            candidate #5: `tokio::io::AsyncWriteExt`
[INFO] [stdout] 
[INFO] [stdout] 
[INFO] [stdout] Some errors have detailed explanations: E0432, E0599.
[INFO] [stdout] 
[INFO] [stdout] For more information about an error, try `rustc --explain E0432`.
[INFO] [stdout] 
[INFO] [stderr] error: could not compile `okcodes-config` (example "watch") due to 3 previous errors
[INFO] [stdout] error[E0433]: failed to resolve: use of undeclared crate or module `config`
[INFO] [stdout]   --> tests/legacy/file_json.rs:62:41
[INFO] [stdout]    |
[INFO] [stdout] 62 |                 .collect::<Vec<(String, config::Value)>>(),
[INFO] [stdout]    |                                         ^^^^^^ use of undeclared crate or module `config`
[INFO] [stdout] 
[INFO] [stdout] 
[INFO] [stdout] error[E0433]: failed to resolve: use of undeclared crate or module `config`
[INFO] [stdout]   --> tests/legacy/file_ron.rs:63:41
[INFO] [stdout]    |
[INFO] [stdout] 63 |                 .collect::<Vec<(String, config::Value)>>(),
[INFO] [stdout]    |                                         ^^^^^^ use of undeclared crate or module `config`
[INFO] [stdout] 
[INFO] [stdout] 
[INFO] [stdout] error[E0433]: failed to resolve: use of undeclared crate or module `config`
[INFO] [stdout]   --> tests/legacy/file_toml.rs:71:41
[INFO] [stdout]    |
[INFO] [stdout] 71 |                 .collect::<Vec<(String, config::Value)>>(),
[INFO] [stdout]    |                                         ^^^^^^ use of undeclared crate or module `config`
[INFO] [stdout] 
[INFO] [stdout] 
[INFO] [stdout] error[E0433]: failed to resolve: use of undeclared crate or module `config`
[INFO] [stdout]   --> tests/legacy/file_yaml.rs:62:41
[INFO] [stdout]    |
[INFO] [stdout] 62 |                 .collect::<Vec<(String, config::Value)>>(),
[INFO] [stdout]    |                                         ^^^^^^ use of undeclared crate or module `config`
[INFO] [stdout] 
[INFO] [stdout] 
[INFO] [stdout] Some errors have detailed explanations: E0432, E0433.
[INFO] [stdout] 
[INFO] [stdout] For more information about an error, try `rustc --explain E0432`.
[INFO] [stdout] 
[INFO] [stderr] error: could not compile `okcodes-config` (test "legacy_tests") due to 14 previous errors; 1 warning emitted
[INFO] running `Command { std: "docker" "inspect" "e09735e0af29bdcf452fe2683d71730f4f43574fef3aebca1b647a3ada9cd98c", kill_on_drop: false }`
[INFO] running `Command { std: "docker" "rm" "-f" "e09735e0af29bdcf452fe2683d71730f4f43574fef3aebca1b647a3ada9cd98c", kill_on_drop: false }`
[INFO] [stdout] e09735e0af29bdcf452fe2683d71730f4f43574fef3aebca1b647a3ada9cd98c
