[INFO] fetching crate odra-modules 1.4.0...
[INFO] testing odra-modules-1.4.0 against nightly-2024-10-28+rustflags=-Zrandomize-layout for randomize-layout
[INFO] extracting crate odra-modules 1.4.0 into /workspace/builds/worker-1-tc2/source
[INFO] validating manifest of crates.io crate odra-modules 1.4.0 on toolchain nightly-2024-10-28
[INFO] running `Command { std: CARGO_HOME="/workspace/cargo-home" RUSTUP_HOME="/workspace/rustup-home" "/workspace/cargo-home/bin/cargo" "+nightly-2024-10-28" "metadata" "--manifest-path" "Cargo.toml" "--no-deps", kill_on_drop: false }`
[INFO] removed /workspace/builds/worker-1-tc2/source/.cargo/config.toml
[INFO] started tweaking crates.io crate odra-modules 1.4.0
[INFO] finished tweaking crates.io crate odra-modules 1.4.0
[INFO] tweaked toml for crates.io crate odra-modules 1.4.0 written to /workspace/builds/worker-1-tc2/source/Cargo.toml
[INFO] crate crates.io crate odra-modules 1.4.0 already has a lockfile, it will not be regenerated
[INFO] running `Command { std: CARGO_HOME="/workspace/cargo-home" RUSTUP_HOME="/workspace/rustup-home" "/workspace/cargo-home/bin/cargo" "+nightly-2024-10-28" "fetch" "--manifest-path" "Cargo.toml", kill_on_drop: false }`
[INFO] running `Command { std: "docker" "create" "-v" "/var/lib/crater-agent-workspace/builds/worker-1-tc2/target:/opt/rustwide/target:rw,Z" "-v" "/var/lib/crater-agent-workspace/builds/worker-1-tc2/source:/opt/rustwide/workdir:ro,Z" "-v" "/var/lib/crater-agent-workspace/cargo-home:/opt/rustwide/cargo-home:ro,Z" "-v" "/var/lib/crater-agent-workspace/rustup-home:/opt/rustwide/rustup-home:ro,Z" "-e" "SOURCE_DIR=/opt/rustwide/workdir" "-e" "CARGO_TARGET_DIR=/opt/rustwide/target" "-e" "CARGO_HOME=/opt/rustwide/cargo-home" "-e" "RUSTUP_HOME=/opt/rustwide/rustup-home" "-w" "/opt/rustwide/workdir" "-m" "1610612736" "--user" "0:0" "--network" "none" "ghcr.io/rust-lang/crates-build-env/linux@sha256:4a844ea9eb2546a2d2c7022eacef16ef2e8229c7fbb2c7d4d55a9ceca922f72d" "/opt/rustwide/cargo-home/bin/cargo" "+nightly-2024-10-28" "metadata" "--no-deps" "--format-version=1", kill_on_drop: false }`
[INFO] [stdout] dc7f3d4b5fe7d9e0434e7e6b9c8d6193bef7f447805c73522f13f08f25e77835
[INFO] running `Command { std: "docker" "start" "-a" "dc7f3d4b5fe7d9e0434e7e6b9c8d6193bef7f447805c73522f13f08f25e77835", kill_on_drop: false }`
[INFO] running `Command { std: "docker" "inspect" "dc7f3d4b5fe7d9e0434e7e6b9c8d6193bef7f447805c73522f13f08f25e77835", kill_on_drop: false }`
[INFO] running `Command { std: "docker" "rm" "-f" "dc7f3d4b5fe7d9e0434e7e6b9c8d6193bef7f447805c73522f13f08f25e77835", kill_on_drop: false }`
[INFO] [stdout] dc7f3d4b5fe7d9e0434e7e6b9c8d6193bef7f447805c73522f13f08f25e77835
[INFO] running `Command { std: "docker" "create" "-v" "/var/lib/crater-agent-workspace/builds/worker-1-tc2/target:/opt/rustwide/target:rw,Z" "-v" "/var/lib/crater-agent-workspace/builds/worker-1-tc2/source:/opt/rustwide/workdir:ro,Z" "-v" "/var/lib/crater-agent-workspace/cargo-home:/opt/rustwide/cargo-home:ro,Z" "-v" "/var/lib/crater-agent-workspace/rustup-home:/opt/rustwide/rustup-home:ro,Z" "-e" "SOURCE_DIR=/opt/rustwide/workdir" "-e" "CARGO_TARGET_DIR=/opt/rustwide/target" "-e" "CARGO_INCREMENTAL=0" "-e" "RUST_BACKTRACE=full" "-e" "RUSTFLAGS=--cap-lints=forbid -Zrandomize-layout" "-e" "RUSTDOCFLAGS=--cap-lints=forbid" "-e" "CARGO_HOME=/opt/rustwide/cargo-home" "-e" "RUSTUP_HOME=/opt/rustwide/rustup-home" "-w" "/opt/rustwide/workdir" "-m" "1610612736" "--user" "0:0" "--network" "none" "ghcr.io/rust-lang/crates-build-env/linux@sha256:4a844ea9eb2546a2d2c7022eacef16ef2e8229c7fbb2c7d4d55a9ceca922f72d" "/opt/rustwide/cargo-home/bin/cargo" "+nightly-2024-10-28" "build" "--frozen" "--message-format=json", kill_on_drop: false }`
[INFO] [stdout] 99867665a192adcdb37680704be6d64da7b51fc533d50e11717c627fc5367bf2
[INFO] running `Command { std: "docker" "start" "-a" "99867665a192adcdb37680704be6d64da7b51fc533d50e11717c627fc5367bf2", kill_on_drop: false }`
[INFO] [stderr]    Compiling proc-macro2 v1.0.88
[INFO] [stderr]    Compiling unicode-ident v1.0.13
[INFO] [stderr]    Compiling version_check v0.9.5
[INFO] [stderr]    Compiling typenum v1.17.0
[INFO] [stderr]    Compiling subtle v2.4.1
[INFO] [stderr]    Compiling autocfg v1.4.0
[INFO] [stderr]    Compiling const-oid v0.9.6
[INFO] [stderr]    Compiling syn v1.0.109
[INFO] [stderr]    Compiling rand_core v0.6.4
[INFO] [stderr]    Compiling serde v1.0.210
[INFO] [stderr]    Compiling rand_core v0.5.1
[INFO] [stderr]    Compiling ryu v1.0.18
[INFO] [stderr]    Compiling cfg-if v1.0.0
[INFO] [stderr]    Compiling byteorder v1.5.0
[INFO] [stderr]    Compiling itoa v1.0.11
[INFO] [stderr]    Compiling cpufeatures v0.2.14
[INFO] [stderr]    Compiling semver v1.0.23
[INFO] [stderr]    Compiling serde_json v1.0.128
[INFO] [stderr]    Compiling opaque-debug v0.3.1
[INFO] [stderr]    Compiling radium v0.3.0
[INFO] [stderr]    Compiling memchr v2.7.4
[INFO] [stderr]    Compiling wyz v0.2.0
[INFO] [stderr]    Compiling quote v1.0.37
[INFO] [stderr]    Compiling crunchy v0.2.2
[INFO] [stderr]    Compiling syn v2.0.79
[INFO] [stderr]    Compiling generic-array v0.14.7
[INFO] [stderr]    Compiling funty v1.1.0
[INFO] [stderr]    Compiling bitvec v0.18.5
[INFO] [stderr]    Compiling num-traits v0.2.19
[INFO] [stderr]    Compiling rustc_version v0.4.1
[INFO] [stderr]    Compiling ff v0.13.0
[INFO] [stderr]    Compiling base16ct v0.2.0
[INFO] [stderr]    Compiling static_assertions v1.1.0
[INFO] [stderr]    Compiling group v0.13.0
[INFO] [stderr]    Compiling hex v0.4.3
[INFO] [stderr]    Compiling curve25519-dalek v4.1.3
[INFO] [stderr]    Compiling indexmap v1.9.3
[INFO] [stderr]    Compiling proc-macro-error-attr v1.0.4
[INFO] [stderr]    Compiling num-integer v0.1.46
[INFO] [stderr]    Compiling num-complex v0.4.6
[INFO] [stderr]    Compiling uint v0.9.5
[INFO] [stderr]    Compiling rand v0.8.5
[INFO] [stderr]    Compiling bitflags v1.3.2
[INFO] [stderr]    Compiling base64 v0.13.1
[INFO] [stderr]    Compiling base16 v0.2.1
[INFO] [stderr]    Compiling num-bigint v0.4.6
[INFO] [stderr]    Compiling num-iter v0.1.45
[INFO] [stderr]    Compiling hex_fmt v0.3.0
[INFO] [stderr]    Compiling serde_derive_internals v0.25.0
[INFO] [stderr]    Compiling proc-macro-error v1.0.4
[INFO] [stderr]    Compiling schemars v0.8.5
[INFO] [stderr]    Compiling hashbrown v0.12.3
[INFO] [stderr]    Compiling ff v0.8.0
[INFO] [stderr]    Compiling group v0.8.0
[INFO] [stderr]    Compiling dyn-clone v1.0.17
[INFO] [stderr]    Compiling once_cell v1.20.2
[INFO] [stderr]    Compiling odra-schema v1.4.0
[INFO] [stderr]    Compiling num-rational v0.4.2
[INFO] [stderr]    Compiling num v0.4.3
[INFO] [stderr]    Compiling either v1.13.0
[INFO] [stderr]    Compiling convert_case v0.4.0
[INFO] [stderr]    Compiling itertools v0.12.1
[INFO] [stderr]    Compiling convert_case v0.5.0
[INFO] [stderr]    Compiling base64 v0.22.1
[INFO] [stderr]    Compiling odra-build v1.4.0
[INFO] [stderr]    Compiling odra-modules v1.4.0 (/opt/rustwide/workdir)
[INFO] [stderr]    Compiling num-derive v0.3.3
[INFO] [stderr]    Compiling schemars_derive v0.8.5
[INFO] [stderr]    Compiling casper-event-standard-macro v0.5.0
[INFO] [stderr]    Compiling zeroize_derive v1.4.2
[INFO] [stderr]    Compiling serde_derive v1.0.210
[INFO] [stderr]    Compiling zerocopy-derive v0.7.35
[INFO] [stderr]    Compiling curve25519-dalek-derive v0.1.1
[INFO] [stderr]    Compiling derive-try-from-ref v0.1.0
[INFO] [stderr]    Compiling derive_more v0.99.18
[INFO] [stderr]    Compiling syn_derive v0.1.8
[INFO] [stderr]    Compiling zeroize v1.8.1
[INFO] [stderr]    Compiling digest v0.9.0
[INFO] [stderr]    Compiling crypto-common v0.1.6
[INFO] [stderr]    Compiling block-buffer v0.10.4
[INFO] [stderr]    Compiling der v0.7.9
[INFO] [stderr]    Compiling digest v0.10.7
[INFO] [stderr]    Compiling signature v2.2.0
[INFO] [stderr]    Compiling hmac v0.12.1
[INFO] [stderr]    Compiling signature v1.2.2
[INFO] [stderr]    Compiling crypto-mac v0.8.0
[INFO] [stderr]    Compiling crypto-bigint v0.5.5
[INFO] [stderr]    Compiling blake2 v0.9.2
[INFO] [stderr]    Compiling sec1 v0.7.3
[INFO] [stderr]    Compiling rfc6979 v0.4.0
[INFO] [stderr]    Compiling sha2 v0.10.8
[INFO] [stderr]    Compiling elliptic-curve v0.13.8
[INFO] [stderr]    Compiling block-buffer v0.9.0
[INFO] [stderr]    Compiling crypto-mac v0.10.1
[INFO] [stderr]    Compiling hmac v0.10.1
[INFO] [stderr]    Compiling zerocopy v0.7.35
[INFO] [stderr]    Compiling sha2 v0.9.9
[INFO] [stderr]    Compiling ecdsa v0.16.9
[INFO] [stderr]    Compiling ppv-lite86 v0.2.20
[INFO] [stderr]    Compiling ed25519 v2.2.3
[INFO] [stderr]    Compiling elliptic-curve v0.8.5
[INFO] [stderr]    Compiling k256 v0.13.4
[INFO] [stderr]    Compiling rand_chacha v0.2.2
[INFO] [stderr]    Compiling ecdsa v0.10.2
[INFO] [stderr]    Compiling rand v0.7.3
[INFO] [stderr]    Compiling ed25519-dalek v2.1.1
[INFO] [stderr]    Compiling ed25519 v1.2.0
[INFO] [stderr]    Compiling curve25519-dalek v3.2.0
[INFO] [stderr]    Compiling k256 v0.7.3
[INFO] [stderr]    Compiling ed25519-dalek v1.0.1
[INFO] [stderr]    Compiling odra-macros v1.4.0
[INFO] [stderr]    Compiling serde_bytes v0.11.15
[INFO] [stderr]    Compiling serde-json-wasm v1.0.1
[INFO] [stderr]    Compiling casper-types v4.0.2
[INFO] [stderr]    Compiling casper-types v3.0.0
[INFO] [stderr]    Compiling casper-event-standard v0.5.0
[INFO] [stderr]    Compiling odra-core v1.4.0
[INFO] [stderr]    Compiling casper-contract-schema v0.1.0
[INFO] [stderr]    Compiling odra v1.4.0
[INFO] [stdout] error: linking with `cc` failed: exit status: 1
[INFO] [stdout]   |
[INFO] [stdout]   = note: LC_ALL="C" PATH="/opt/rustwide/rustup-home/toolchains/nightly-2024-10-28-x86_64-unknown-linux-gnu/lib/rustlib/x86_64-unknown-linux-gnu/bin:/opt/rustwide/rustup-home/toolchains/nightly-2024-10-28-x86_64-unknown-linux-gnu/lib/rustlib/x86_64-unknown-linux-gnu/bin/self-contained:/opt/rustwide/cargo-home/bin:/usr/local/sbin:/usr/local/bin:/usr/sbin:/usr/bin:/sbin:/bin" VSLANG="1033" "cc" "-m64" "/tmp/rustcD0xeVv/symbols.o" "/opt/rustwide/target/debug/deps/odra_modules_build_contract-a4b5d497671357f1.odra_modules_build_contract.a1f6f64ecf4896a4-cgu.0.rcgu.o" "/opt/rustwide/target/debug/deps/odra_modules_build_contract-a4b5d497671357f1.e87n31oyzmq153fd0hivqv617.rcgu.o" "-Wl,--as-needed" "-Wl,-Bstatic" "/opt/rustwide/target/debug/deps/libodra_modules-c72bfcf2d2d4496f.rlib" "/opt/rustwide/target/debug/deps/libserde_json_wasm-e7dc4b5e0e7f0c77.rlib" "/opt/rustwide/target/debug/deps/libbase64-644c00605cd64684.rlib" "/opt/rustwide/target/debug/deps/libodra-f2caf7a2b9f56bb4.rlib" "/opt/rustwide/target/debug/deps/libodra_schema-8a83694fa4628422.rlib" "/opt/rustwide/target/debug/deps/libcasper_contract_schema-d6947cc5fda613b6.rlib" "/opt/rustwide/target/debug/deps/libschemars-7b0c6a23dc4c61ba.rlib" "/opt/rustwide/target/debug/deps/libdyn_clone-58e604571417b68b.rlib" "/opt/rustwide/target/debug/deps/libindexmap-79519138487e630f.rlib" "/opt/rustwide/target/debug/deps/libhashbrown-d27b5400dcd3fc67.rlib" "/opt/rustwide/target/debug/deps/libodra_core-5954a4f29b055238.rlib" "/opt/rustwide/target/debug/deps/libcasper_event_standard-27470a3e16030c6a.rlib" "/opt/rustwide/target/debug/deps/libcasper_types-9dca8d13176f7e08.rlib" "/opt/rustwide/target/debug/deps/libbase64-021161a389907bca.rlib" "/opt/rustwide/target/debug/deps/libuint-ae6fb824bc765351.rlib" "/opt/rustwide/target/debug/deps/libcrunchy-62a067ad51c056d4.rlib" "/opt/rustwide/target/debug/deps/libstatic_assertions-9355eafd8ca461dd.rlib" "/opt/rustwide/target/debug/deps/libhex-5bfa823dbe9f696a.rlib" "/opt/rustwide/target/debug/deps/libbyteorder-a9364818b74d34a2.rlib" "/opt/rustwide/target/debug/deps/libserde_bytes-5f991c6efef4a6a1.rlib" "/opt/rustwide/target/debug/deps/libnum-b08b99b636eec655.rlib" "/opt/rustwide/target/debug/deps/libnum_iter-68adc04a2b0a4bc6.rlib" "/opt/rustwide/target/debug/deps/libnum_complex-8ffd179a1d7eebf2.rlib" "/opt/rustwide/target/debug/deps/libblake2-9474bf5dbb12589d.rlib" "/opt/rustwide/target/debug/deps/libopaque_debug-6b65f983d9cce5a1.rlib" "/opt/rustwide/target/debug/deps/libcrypto_mac-f8383c4acd9ed503.rlib" "/opt/rustwide/target/debug/deps/libdigest-8b298f8369e010f3.rlib" "/opt/rustwide/target/debug/deps/libk256-1c8188be85bcb8c8.rlib" "/opt/rustwide/target/debug/deps/libecdsa-e7f7132335c9ddae.rlib" "/opt/rustwide/target/debug/deps/librfc6979-0c58a02bd582ccf1.rlib" "/opt/rustwide/target/debug/deps/libhmac-eb259d0913520096.rlib" "/opt/rustwide/target/debug/deps/libelliptic_curve-5088436a2a362c22.rlib" "/opt/rustwide/target/debug/deps/libsec1-9d5055214eeb5a6c.rlib" "/opt/rustwide/target/debug/deps/libder-486db7a34ad49777.rlib" "/opt/rustwide/target/debug/deps/libcrypto_bigint-77591b806697f91e.rlib" "/opt/rustwide/target/debug/deps/libbase16ct-b02ee72bdb543833.rlib" "/opt/rustwide/target/debug/deps/libgroup-006f837425ea3ed7.rlib" "/opt/rustwide/target/debug/deps/libff-cdef8078f6d0c52c.rlib" "/opt/rustwide/target/debug/deps/libhex_fmt-87b3a3717434a341.rlib" "/opt/rustwide/target/debug/deps/libed25519_dalek-ec633413ec13613d.rlib" "/opt/rustwide/target/debug/deps/libsha2-7ce30b8e09aee995.rlib" "/opt/rustwide/target/debug/deps/libcurve25519_dalek-5ee4e27d2c2e186e.rlib" "/opt/rustwide/target/debug/deps/libcpufeatures-ec14ff7fda7a96ca.rlib" "/opt/rustwide/target/debug/deps/libcfg_if-75681fbbd69b2a99.rlib" "/opt/rustwide/target/debug/deps/libed25519-26011040a9c89325.rlib" "/opt/rustwide/target/debug/deps/libsignature-7699b4c2950d26c6.rlib" "/opt/rustwide/target/debug/deps/libdigest-dde61cf77a757e26.rlib" "/opt/rustwide/target/debug/deps/libsubtle-9dff44a5952cb157.rlib" "/opt/rustwide/target/debug/deps/libconst_oid-8962744ed7895754.rlib" "/opt/rustwide/target/debug/deps/libblock_buffer-19088b9990252985.rlib" "/opt/rustwide/target/debug/deps/libcrypto_common-7cac74df690c351e.rlib" "/opt/rustwide/target/debug/deps/libgeneric_array-e73d61d56eea258b.rlib" "/opt/rustwide/target/debug/deps/libtypenum-0a89abdad12af183.rlib" "/opt/rustwide/target/debug/deps/libzeroize-c5768ab11c866f0a.rlib" "/opt/rustwide/target/debug/deps/libserde_json-5a5276f669e27961.rlib" "/opt/rustwide/target/debug/deps/libmemchr-12920e183888104b.rlib" "/opt/rustwide/target/debug/deps/libitoa-16b40d13c74209bc.rlib" "/opt/rustwide/target/debug/deps/libryu-fc1be7e92dc6aef7.rlib" "/opt/rustwide/target/debug/deps/libbase16-cee3a7b04d64a8de.rlib" "/opt/rustwide/target/debug/deps/libnum_rational-c15408bab2ab0db0.rlib" "/opt/rustwide/target/debug/deps/libnum_bigint-62502930bac8db02.rlib" "/opt/rustwide/target/debug/deps/libnum_integer-ffd4911df0e8b718.rlib" "/opt/rustwide/target/debug/deps/libnum_traits-b38520d8fa61bf82.rlib" "/opt/rustwide/target/debug/deps/libbitflags-216c1821f616deae.rlib" "/opt/rustwide/target/debug/deps/libserde-a45bce02cc69ff60.rlib" "/opt/rustwide/rustup-home/toolchains/nightly-2024-10-28-x86_64-unknown-linux-gnu/lib/rustlib/x86_64-unknown-linux-gnu/lib/libstd-fb8c387236db3c10.rlib" "/opt/rustwide/rustup-home/toolchains/nightly-2024-10-28-x86_64-unknown-linux-gnu/lib/rustlib/x86_64-unknown-linux-gnu/lib/libpanic_unwind-b251837809b2f64b.rlib" "/opt/rustwide/rustup-home/toolchains/nightly-2024-10-28-x86_64-unknown-linux-gnu/lib/rustlib/x86_64-unknown-linux-gnu/lib/libobject-cbef83eaa4e01f04.rlib" "/opt/rustwide/rustup-home/toolchains/nightly-2024-10-28-x86_64-unknown-linux-gnu/lib/rustlib/x86_64-unknown-linux-gnu/lib/libmemchr-12a772286de2fca7.rlib" "/opt/rustwide/rustup-home/toolchains/nightly-2024-10-28-x86_64-unknown-linux-gnu/lib/rustlib/x86_64-unknown-linux-gnu/lib/libaddr2line-023bbe5ada7abfc3.rlib" "/opt/rustwide/rustup-home/toolchains/nightly-2024-10-28-x86_64-unknown-linux-gnu/lib/rustlib/x86_64-unknown-linux-gnu/lib/libgimli-de2bcdf10ec69c2b.rlib" "/opt/rustwide/rustup-home/toolchains/nightly-2024-10-28-x86_64-unknown-linux-gnu/lib/rustlib/x86_64-unknown-linux-gnu/lib/librustc_demangle-8e1754df350800fd.rlib" "/opt/rustwide/rustup-home/toolchains/nightly-2024-10-28-x86_64-unknown-linux-gnu/lib/rustlib/x86_64-unknown-linux-gnu/lib/libstd_detect-06c2ab7b9c32e037.rlib" "/opt/rustwide/rustup-home/toolchains/nightly-2024-10-28-x86_64-unknown-linux-gnu/lib/rustlib/x86_64-unknown-linux-gnu/lib/libhashbrown-51d2621fc57a281b.rlib" "/opt/rustwide/rustup-home/toolchains/nightly-2024-10-28-x86_64-unknown-linux-gnu/lib/rustlib/x86_64-unknown-linux-gnu/lib/librustc_std_workspace_alloc-54a930408793772f.rlib" "/opt/rustwide/rustup-home/toolchains/nightly-2024-10-28-x86_64-unknown-linux-gnu/lib/rustlib/x86_64-unknown-linux-gnu/lib/libminiz_oxide-0c7d01cba400dcb2.rlib" "/opt/rustwide/rustup-home/toolchains/nightly-2024-10-28-x86_64-unknown-linux-gnu/lib/rustlib/x86_64-unknown-linux-gnu/lib/libadler-b9f84d69e331b75b.rlib" "/opt/rustwide/rustup-home/toolchains/nightly-2024-10-28-x86_64-unknown-linux-gnu/lib/rustlib/x86_64-unknown-linux-gnu/lib/libunwind-eec95493246aae39.rlib" "/opt/rustwide/rustup-home/toolchains/nightly-2024-10-28-x86_64-unknown-linux-gnu/lib/rustlib/x86_64-unknown-linux-gnu/lib/libcfg_if-6f6676c475e08ab0.rlib" "/opt/rustwide/rustup-home/toolchains/nightly-2024-10-28-x86_64-unknown-linux-gnu/lib/rustlib/x86_64-unknown-linux-gnu/lib/liblibc-799d520624f8b2e0.rlib" "/opt/rustwide/target/debug/deps/librand-0d6ce52375b0f5a8.rlib" "/opt/rustwide/target/debug/deps/librand_core-4928a655e299364f.rlib" "/opt/rustwide/rustup-home/toolchains/nightly-2024-10-28-x86_64-unknown-linux-gnu/lib/rustlib/x86_64-unknown-linux-gnu/lib/liballoc-fcf93d4842acd9a9.rlib" "/opt/rustwide/rustup-home/toolchains/nightly-2024-10-28-x86_64-unknown-linux-gnu/lib/rustlib/x86_64-unknown-linux-gnu/lib/librustc_std_workspace_core-395a38b8e0851c9b.rlib" "/opt/rustwide/rustup-home/toolchains/nightly-2024-10-28-x86_64-unknown-linux-gnu/lib/rustlib/x86_64-unknown-linux-gnu/lib/libcore-d453bab70303062c.rlib" "/opt/rustwide/rustup-home/toolchains/nightly-2024-10-28-x86_64-unknown-linux-gnu/lib/rustlib/x86_64-unknown-linux-gnu/lib/libcompiler_builtins-0e6386368b0a24e8.rlib" "-Wl,-Bdynamic" "-lgcc_s" "-lutil" "-lrt" "-lpthread" "-lm" "-ldl" "-lc" "-B/opt/rustwide/rustup-home/toolchains/nightly-2024-10-28-x86_64-unknown-linux-gnu/lib/rustlib/x86_64-unknown-linux-gnu/bin/gcc-ld" "-fuse-ld=lld" "-Wl,--eh-frame-hdr" "-Wl,-z,noexecstack" "-L" "/opt/rustwide/rustup-home/toolchains/nightly-2024-10-28-x86_64-unknown-linux-gnu/lib/rustlib/x86_64-unknown-linux-gnu/lib" "-o" "/opt/rustwide/target/debug/deps/odra_modules_build_contract-a4b5d497671357f1" "-Wl,--gc-sections" "-pie" "-Wl,-z,relro,-z,now" "-nodefaultlibs"
[INFO] [stdout]   = note: rust-lld: error: undefined symbol: main
[INFO] [stdout]           >>> referenced by /usr/lib/gcc/x86_64-linux-gnu/11/../../../x86_64-linux-gnu/Scrt1.o:(_start)
[INFO] [stdout]           collect2: error: ld returned 1 exit status
[INFO] [stdout]           
[INFO] [stdout] 
[INFO] [stdout] 
[INFO] [stderr] error: could not compile `odra-modules` (bin "odra_modules_build_contract") due to 1 previous error
[INFO] [stderr] warning: build failed, waiting for other jobs to finish...
[INFO] [stdout] error: linking with `cc` failed: exit status: 1
[INFO] [stdout]   |
[INFO] [stdout]   = note: LC_ALL="C" PATH="/opt/rustwide/rustup-home/toolchains/nightly-2024-10-28-x86_64-unknown-linux-gnu/lib/rustlib/x86_64-unknown-linux-gnu/bin:/opt/rustwide/rustup-home/toolchains/nightly-2024-10-28-x86_64-unknown-linux-gnu/lib/rustlib/x86_64-unknown-linux-gnu/bin/self-contained:/opt/rustwide/cargo-home/bin:/usr/local/sbin:/usr/local/bin:/usr/sbin:/usr/bin:/sbin:/bin" VSLANG="1033" "cc" "-m64" "/tmp/rustcVfVLtv/symbols.o" "/opt/rustwide/target/debug/deps/odra_modules_build_schema-a0506366786500e0.odra_modules_build_schema.6fccacc18e336d78-cgu.0.rcgu.o" "/opt/rustwide/target/debug/deps/odra_modules_build_schema-a0506366786500e0.odra_modules_build_schema.6fccacc18e336d78-cgu.1.rcgu.o" "/opt/rustwide/target/debug/deps/odra_modules_build_schema-a0506366786500e0.odra_modules_build_schema.6fccacc18e336d78-cgu.2.rcgu.o" "/opt/rustwide/target/debug/deps/odra_modules_build_schema-a0506366786500e0.odra_modules_build_schema.6fccacc18e336d78-cgu.3.rcgu.o" "/opt/rustwide/target/debug/deps/odra_modules_build_schema-a0506366786500e0.be9rodbx9nigcgox2m0gnv9bp.rcgu.o" "-Wl,--as-needed" "-Wl,-Bstatic" "/opt/rustwide/target/debug/deps/libodra_build-aec56de4311e063a.rlib" "/opt/rustwide/target/debug/deps/libodra_modules-c72bfcf2d2d4496f.rlib" "/opt/rustwide/target/debug/deps/libserde_json_wasm-e7dc4b5e0e7f0c77.rlib" "/opt/rustwide/target/debug/deps/libbase64-644c00605cd64684.rlib" "/opt/rustwide/target/debug/deps/libodra-f2caf7a2b9f56bb4.rlib" "/opt/rustwide/target/debug/deps/libodra_schema-8a83694fa4628422.rlib" "/opt/rustwide/target/debug/deps/libcasper_contract_schema-d6947cc5fda613b6.rlib" "/opt/rustwide/target/debug/deps/libschemars-7b0c6a23dc4c61ba.rlib" "/opt/rustwide/target/debug/deps/libdyn_clone-58e604571417b68b.rlib" "/opt/rustwide/target/debug/deps/libindexmap-79519138487e630f.rlib" "/opt/rustwide/target/debug/deps/libhashbrown-d27b5400dcd3fc67.rlib" "/opt/rustwide/target/debug/deps/libodra_core-5954a4f29b055238.rlib" "/opt/rustwide/target/debug/deps/libcasper_event_standard-27470a3e16030c6a.rlib" "/opt/rustwide/target/debug/deps/libcasper_types-9dca8d13176f7e08.rlib" "/opt/rustwide/target/debug/deps/libbase64-021161a389907bca.rlib" "/opt/rustwide/target/debug/deps/libuint-ae6fb824bc765351.rlib" "/opt/rustwide/target/debug/deps/libcrunchy-62a067ad51c056d4.rlib" "/opt/rustwide/target/debug/deps/libstatic_assertions-9355eafd8ca461dd.rlib" "/opt/rustwide/target/debug/deps/libhex-5bfa823dbe9f696a.rlib" "/opt/rustwide/target/debug/deps/libbyteorder-a9364818b74d34a2.rlib" "/opt/rustwide/target/debug/deps/libserde_bytes-5f991c6efef4a6a1.rlib" "/opt/rustwide/target/debug/deps/libnum-b08b99b636eec655.rlib" "/opt/rustwide/target/debug/deps/libnum_iter-68adc04a2b0a4bc6.rlib" "/opt/rustwide/target/debug/deps/libnum_complex-8ffd179a1d7eebf2.rlib" "/opt/rustwide/target/debug/deps/libblake2-9474bf5dbb12589d.rlib" "/opt/rustwide/target/debug/deps/libopaque_debug-6b65f983d9cce5a1.rlib" "/opt/rustwide/target/debug/deps/libcrypto_mac-f8383c4acd9ed503.rlib" "/opt/rustwide/target/debug/deps/libdigest-8b298f8369e010f3.rlib" "/opt/rustwide/target/debug/deps/libk256-1c8188be85bcb8c8.rlib" "/opt/rustwide/target/debug/deps/libecdsa-e7f7132335c9ddae.rlib" "/opt/rustwide/target/debug/deps/librfc6979-0c58a02bd582ccf1.rlib" "/opt/rustwide/target/debug/deps/libhmac-eb259d0913520096.rlib" "/opt/rustwide/target/debug/deps/libelliptic_curve-5088436a2a362c22.rlib" "/opt/rustwide/target/debug/deps/libsec1-9d5055214eeb5a6c.rlib" "/opt/rustwide/target/debug/deps/libder-486db7a34ad49777.rlib" "/opt/rustwide/target/debug/deps/libcrypto_bigint-77591b806697f91e.rlib" "/opt/rustwide/target/debug/deps/libbase16ct-b02ee72bdb543833.rlib" "/opt/rustwide/target/debug/deps/libgroup-006f837425ea3ed7.rlib" "/opt/rustwide/target/debug/deps/libff-cdef8078f6d0c52c.rlib" "/opt/rustwide/target/debug/deps/libhex_fmt-87b3a3717434a341.rlib" "/opt/rustwide/target/debug/deps/libed25519_dalek-ec633413ec13613d.rlib" "/opt/rustwide/target/debug/deps/libsha2-7ce30b8e09aee995.rlib" "/opt/rustwide/target/debug/deps/libcurve25519_dalek-5ee4e27d2c2e186e.rlib" "/opt/rustwide/target/debug/deps/libcpufeatures-ec14ff7fda7a96ca.rlib" "/opt/rustwide/target/debug/deps/libcfg_if-75681fbbd69b2a99.rlib" "/opt/rustwide/target/debug/deps/libed25519-26011040a9c89325.rlib" "/opt/rustwide/target/debug/deps/libsignature-7699b4c2950d26c6.rlib" "/opt/rustwide/target/debug/deps/libdigest-dde61cf77a757e26.rlib" "/opt/rustwide/target/debug/deps/libsubtle-9dff44a5952cb157.rlib" "/opt/rustwide/target/debug/deps/libconst_oid-8962744ed7895754.rlib" "/opt/rustwide/target/debug/deps/libblock_buffer-19088b9990252985.rlib" "/opt/rustwide/target/debug/deps/libcrypto_common-7cac74df690c351e.rlib" "/opt/rustwide/target/debug/deps/libgeneric_array-e73d61d56eea258b.rlib" "/opt/rustwide/target/debug/deps/libtypenum-0a89abdad12af183.rlib" "/opt/rustwide/target/debug/deps/libzeroize-c5768ab11c866f0a.rlib" "/opt/rustwide/target/debug/deps/libserde_json-5a5276f669e27961.rlib" "/opt/rustwide/target/debug/deps/libmemchr-12920e183888104b.rlib" "/opt/rustwide/target/debug/deps/libitoa-16b40d13c74209bc.rlib" "/opt/rustwide/target/debug/deps/libryu-fc1be7e92dc6aef7.rlib" "/opt/rustwide/target/debug/deps/libbase16-cee3a7b04d64a8de.rlib" "/opt/rustwide/target/debug/deps/libnum_rational-c15408bab2ab0db0.rlib" "/opt/rustwide/target/debug/deps/libnum_bigint-62502930bac8db02.rlib" "/opt/rustwide/target/debug/deps/libnum_integer-ffd4911df0e8b718.rlib" "/opt/rustwide/target/debug/deps/libnum_traits-b38520d8fa61bf82.rlib" "/opt/rustwide/target/debug/deps/libbitflags-216c1821f616deae.rlib" "/opt/rustwide/target/debug/deps/libserde-a45bce02cc69ff60.rlib" "/opt/rustwide/target/debug/deps/librand-0d6ce52375b0f5a8.rlib" "/opt/rustwide/target/debug/deps/librand_core-4928a655e299364f.rlib" "/opt/rustwide/rustup-home/toolchains/nightly-2024-10-28-x86_64-unknown-linux-gnu/lib/rustlib/x86_64-unknown-linux-gnu/lib/libstd-fb8c387236db3c10.rlib" "/opt/rustwide/rustup-home/toolchains/nightly-2024-10-28-x86_64-unknown-linux-gnu/lib/rustlib/x86_64-unknown-linux-gnu/lib/libpanic_unwind-b251837809b2f64b.rlib" "/opt/rustwide/rustup-home/toolchains/nightly-2024-10-28-x86_64-unknown-linux-gnu/lib/rustlib/x86_64-unknown-linux-gnu/lib/libobject-cbef83eaa4e01f04.rlib" "/opt/rustwide/rustup-home/toolchains/nightly-2024-10-28-x86_64-unknown-linux-gnu/lib/rustlib/x86_64-unknown-linux-gnu/lib/libmemchr-12a772286de2fca7.rlib" "/opt/rustwide/rustup-home/toolchains/nightly-2024-10-28-x86_64-unknown-linux-gnu/lib/rustlib/x86_64-unknown-linux-gnu/lib/libaddr2line-023bbe5ada7abfc3.rlib" "/opt/rustwide/rustup-home/toolchains/nightly-2024-10-28-x86_64-unknown-linux-gnu/lib/rustlib/x86_64-unknown-linux-gnu/lib/libgimli-de2bcdf10ec69c2b.rlib" "/opt/rustwide/rustup-home/toolchains/nightly-2024-10-28-x86_64-unknown-linux-gnu/lib/rustlib/x86_64-unknown-linux-gnu/lib/librustc_demangle-8e1754df350800fd.rlib" "/opt/rustwide/rustup-home/toolchains/nightly-2024-10-28-x86_64-unknown-linux-gnu/lib/rustlib/x86_64-unknown-linux-gnu/lib/libstd_detect-06c2ab7b9c32e037.rlib" "/opt/rustwide/rustup-home/toolchains/nightly-2024-10-28-x86_64-unknown-linux-gnu/lib/rustlib/x86_64-unknown-linux-gnu/lib/libhashbrown-51d2621fc57a281b.rlib" "/opt/rustwide/rustup-home/toolchains/nightly-2024-10-28-x86_64-unknown-linux-gnu/lib/rustlib/x86_64-unknown-linux-gnu/lib/librustc_std_workspace_alloc-54a930408793772f.rlib" "/opt/rustwide/rustup-home/toolchains/nightly-2024-10-28-x86_64-unknown-linux-gnu/lib/rustlib/x86_64-unknown-linux-gnu/lib/libminiz_oxide-0c7d01cba400dcb2.rlib" "/opt/rustwide/rustup-home/toolchains/nightly-2024-10-28-x86_64-unknown-linux-gnu/lib/rustlib/x86_64-unknown-linux-gnu/lib/libadler-b9f84d69e331b75b.rlib" "/opt/rustwide/rustup-home/toolchains/nightly-2024-10-28-x86_64-unknown-linux-gnu/lib/rustlib/x86_64-unknown-linux-gnu/lib/libunwind-eec95493246aae39.rlib" "/opt/rustwide/rustup-home/toolchains/nightly-2024-10-28-x86_64-unknown-linux-gnu/lib/rustlib/x86_64-unknown-linux-gnu/lib/libcfg_if-6f6676c475e08ab0.rlib" "/opt/rustwide/rustup-home/toolchains/nightly-2024-10-28-x86_64-unknown-linux-gnu/lib/rustlib/x86_64-unknown-linux-gnu/lib/liblibc-799d520624f8b2e0.rlib" "/opt/rustwide/rustup-home/toolchains/nightly-2024-10-28-x86_64-unknown-linux-gnu/lib/rustlib/x86_64-unknown-linux-gnu/lib/liballoc-fcf93d4842acd9a9.rlib" "/opt/rustwide/rustup-home/toolchains/nightly-2024-10-28-x86_64-unknown-linux-gnu/lib/rustlib/x86_64-unknown-linux-gnu/lib/librustc_std_workspace_core-395a38b8e0851c9b.rlib" "/opt/rustwide/rustup-home/toolchains/nightly-2024-10-28-x86_64-unknown-linux-gnu/lib/rustlib/x86_64-unknown-linux-gnu/lib/libcore-d453bab70303062c.rlib" "/opt/rustwide/rustup-home/toolchains/nightly-2024-10-28-x86_64-unknown-linux-gnu/lib/rustlib/x86_64-unknown-linux-gnu/lib/libcompiler_builtins-0e6386368b0a24e8.rlib" "-Wl,-Bdynamic" "-lgcc_s" "-lutil" "-lrt" "-lpthread" "-lm" "-ldl" "-lc" "-B/opt/rustwide/rustup-home/toolchains/nightly-2024-10-28-x86_64-unknown-linux-gnu/lib/rustlib/x86_64-unknown-linux-gnu/bin/gcc-ld" "-fuse-ld=lld" "-Wl,--eh-frame-hdr" "-Wl,-z,noexecstack" "-L" "/opt/rustwide/rustup-home/toolchains/nightly-2024-10-28-x86_64-unknown-linux-gnu/lib/rustlib/x86_64-unknown-linux-gnu/lib" "-o" "/opt/rustwide/target/debug/deps/odra_modules_build_schema-a0506366786500e0" "-Wl,--gc-sections" "-pie" "-Wl,-z,relro,-z,now" "-nodefaultlibs"
[INFO] [stdout]   = note: rust-lld: error: undefined symbol: module_schema
[INFO] [stdout]           >>> referenced by build_schema.rs:13 (bin/build_schema.rs:13)
[INFO] [stdout]           >>>               /opt/rustwide/target/debug/deps/odra_modules_build_schema-a0506366786500e0.odra_modules_build_schema.6fccacc18e336d78-cgu.2.rcgu.o:(odra_modules_build_schema::main::h05ec2e70641fa9ff)
[INFO] [stdout]           
[INFO] [stdout]           rust-lld: error: undefined symbol: casper_contract_schema
[INFO] [stdout]           >>> referenced by build_schema.rs:14 (bin/build_schema.rs:14)
[INFO] [stdout]           >>>               /opt/rustwide/target/debug/deps/odra_modules_build_schema-a0506366786500e0.odra_modules_build_schema.6fccacc18e336d78-cgu.2.rcgu.o:(odra_modules_build_schema::main::h05ec2e70641fa9ff)
[INFO] [stdout]           collect2: error: ld returned 1 exit status
[INFO] [stdout]           
[INFO] [stdout] 
[INFO] [stdout] 
[INFO] [stderr] error: could not compile `odra-modules` (bin "odra_modules_build_schema") due to 1 previous error
[INFO] running `Command { std: "docker" "inspect" "99867665a192adcdb37680704be6d64da7b51fc533d50e11717c627fc5367bf2", kill_on_drop: false }`
[INFO] running `Command { std: "docker" "rm" "-f" "99867665a192adcdb37680704be6d64da7b51fc533d50e11717c627fc5367bf2", kill_on_drop: false }`
[INFO] [stdout] 99867665a192adcdb37680704be6d64da7b51fc533d50e11717c627fc5367bf2
