[INFO] fetching crate ode_integrate 0.0.2...
[INFO] testing ode_integrate-0.0.2 against nightly-2024-10-28 for randomize-layout
[INFO] extracting crate ode_integrate 0.0.2 into /workspace/builds/worker-2-tc1/source
[INFO] validating manifest of crates.io crate ode_integrate 0.0.2 on toolchain nightly-2024-10-28
[INFO] running `Command { std: CARGO_HOME="/workspace/cargo-home" RUSTUP_HOME="/workspace/rustup-home" "/workspace/cargo-home/bin/cargo" "+nightly-2024-10-28" "metadata" "--manifest-path" "Cargo.toml" "--no-deps", kill_on_drop: false }`
[INFO] removed /workspace/builds/worker-2-tc1/source/.cargo/config.toml
[INFO] started tweaking crates.io crate ode_integrate 0.0.2
[INFO] removed 0 missing examples
[INFO] finished tweaking crates.io crate ode_integrate 0.0.2
[INFO] tweaked toml for crates.io crate ode_integrate 0.0.2 written to /workspace/builds/worker-2-tc1/source/Cargo.toml
[INFO] crate crates.io crate ode_integrate 0.0.2 already has a lockfile, it will not be regenerated
[INFO] running `Command { std: CARGO_HOME="/workspace/cargo-home" RUSTUP_HOME="/workspace/rustup-home" "/workspace/cargo-home/bin/cargo" "+nightly-2024-10-28" "fetch" "--manifest-path" "Cargo.toml", kill_on_drop: false }`
[INFO] [stderr]     Updating crates.io index
[INFO] [stderr]  Downloading crates ...
[INFO] [stderr]   Downloaded paste v1.0.8
[INFO] [stderr]   Downloaded half v2.1.0
[INFO] [stderr]   Downloaded f128_internal v0.2.2
[INFO] [stderr]   Downloaded f128 v0.2.9
[INFO] [stderr]   Downloaded proc-macro2 v1.0.41
[INFO] [stderr]   Downloaded f128_input v0.2.1
[INFO] [stderr]   Downloaded arrayfire v3.8.0
[INFO] running `Command { std: "docker" "create" "-v" "/var/lib/crater-agent-workspace/builds/worker-2-tc1/target:/opt/rustwide/target:rw,Z" "-v" "/var/lib/crater-agent-workspace/builds/worker-2-tc1/source:/opt/rustwide/workdir:ro,Z" "-v" "/var/lib/crater-agent-workspace/cargo-home:/opt/rustwide/cargo-home:ro,Z" "-v" "/var/lib/crater-agent-workspace/rustup-home:/opt/rustwide/rustup-home:ro,Z" "-e" "SOURCE_DIR=/opt/rustwide/workdir" "-e" "CARGO_TARGET_DIR=/opt/rustwide/target" "-e" "CARGO_HOME=/opt/rustwide/cargo-home" "-e" "RUSTUP_HOME=/opt/rustwide/rustup-home" "-w" "/opt/rustwide/workdir" "-m" "1610612736" "--user" "0:0" "--network" "none" "ghcr.io/rust-lang/crates-build-env/linux@sha256:4a844ea9eb2546a2d2c7022eacef16ef2e8229c7fbb2c7d4d55a9ceca922f72d" "/opt/rustwide/cargo-home/bin/cargo" "+nightly-2024-10-28" "metadata" "--no-deps" "--format-version=1", kill_on_drop: false }`
[INFO] [stdout] e8846ed737bea1b917f95c9d1554876c88b2481a3768c059791961906eb17791
[INFO] running `Command { std: "docker" "start" "-a" "e8846ed737bea1b917f95c9d1554876c88b2481a3768c059791961906eb17791", kill_on_drop: false }`
[INFO] running `Command { std: "docker" "inspect" "e8846ed737bea1b917f95c9d1554876c88b2481a3768c059791961906eb17791", kill_on_drop: false }`
[INFO] running `Command { std: "docker" "rm" "-f" "e8846ed737bea1b917f95c9d1554876c88b2481a3768c059791961906eb17791", kill_on_drop: false }`
[INFO] [stdout] e8846ed737bea1b917f95c9d1554876c88b2481a3768c059791961906eb17791
[INFO] running `Command { std: "docker" "create" "-v" "/var/lib/crater-agent-workspace/builds/worker-2-tc1/target:/opt/rustwide/target:rw,Z" "-v" "/var/lib/crater-agent-workspace/builds/worker-2-tc1/source:/opt/rustwide/workdir:ro,Z" "-v" "/var/lib/crater-agent-workspace/cargo-home:/opt/rustwide/cargo-home:ro,Z" "-v" "/var/lib/crater-agent-workspace/rustup-home:/opt/rustwide/rustup-home:ro,Z" "-e" "SOURCE_DIR=/opt/rustwide/workdir" "-e" "CARGO_TARGET_DIR=/opt/rustwide/target" "-e" "CARGO_INCREMENTAL=0" "-e" "RUST_BACKTRACE=full" "-e" "RUSTFLAGS=--cap-lints=forbid" "-e" "RUSTDOCFLAGS=--cap-lints=forbid" "-e" "CARGO_HOME=/opt/rustwide/cargo-home" "-e" "RUSTUP_HOME=/opt/rustwide/rustup-home" "-w" "/opt/rustwide/workdir" "-m" "1610612736" "--user" "0:0" "--network" "none" "ghcr.io/rust-lang/crates-build-env/linux@sha256:4a844ea9eb2546a2d2c7022eacef16ef2e8229c7fbb2c7d4d55a9ceca922f72d" "/opt/rustwide/cargo-home/bin/cargo" "+nightly-2024-10-28" "build" "--frozen" "--message-format=json", kill_on_drop: false }`
[INFO] [stdout] 0bcf24322038b2c6fb7bbb98a148a199bb1edeeab7f37bd94344728abbc4ead0
[INFO] running `Command { std: "docker" "start" "-a" "0bcf24322038b2c6fb7bbb98a148a199bb1edeeab7f37bd94344728abbc4ead0", kill_on_drop: false }`
[INFO] [stderr]    Compiling either v1.8.0
[INFO] [stderr]    Compiling itertools v0.10.3
[INFO] [stderr]    Compiling ode_integrate v0.0.2 (/opt/rustwide/workdir)
[INFO] [stderr]     Finished `dev` profile [unoptimized + debuginfo] target(s) in 0.97s
[INFO] running `Command { std: "docker" "inspect" "0bcf24322038b2c6fb7bbb98a148a199bb1edeeab7f37bd94344728abbc4ead0", kill_on_drop: false }`
[INFO] running `Command { std: "docker" "rm" "-f" "0bcf24322038b2c6fb7bbb98a148a199bb1edeeab7f37bd94344728abbc4ead0", kill_on_drop: false }`
[INFO] [stdout] 0bcf24322038b2c6fb7bbb98a148a199bb1edeeab7f37bd94344728abbc4ead0
[INFO] running `Command { std: "docker" "create" "-v" "/var/lib/crater-agent-workspace/builds/worker-2-tc1/target:/opt/rustwide/target:rw,Z" "-v" "/var/lib/crater-agent-workspace/builds/worker-2-tc1/source:/opt/rustwide/workdir:ro,Z" "-v" "/var/lib/crater-agent-workspace/cargo-home:/opt/rustwide/cargo-home:ro,Z" "-v" "/var/lib/crater-agent-workspace/rustup-home:/opt/rustwide/rustup-home:ro,Z" "-e" "SOURCE_DIR=/opt/rustwide/workdir" "-e" "CARGO_TARGET_DIR=/opt/rustwide/target" "-e" "CARGO_INCREMENTAL=0" "-e" "RUST_BACKTRACE=full" "-e" "RUSTFLAGS=--cap-lints=forbid" "-e" "RUSTDOCFLAGS=--cap-lints=forbid" "-e" "CARGO_HOME=/opt/rustwide/cargo-home" "-e" "RUSTUP_HOME=/opt/rustwide/rustup-home" "-w" "/opt/rustwide/workdir" "-m" "1610612736" "--user" "0:0" "--network" "none" "ghcr.io/rust-lang/crates-build-env/linux@sha256:4a844ea9eb2546a2d2c7022eacef16ef2e8229c7fbb2c7d4d55a9ceca922f72d" "/opt/rustwide/cargo-home/bin/cargo" "+nightly-2024-10-28" "test" "--frozen" "--no-run" "--message-format=json", kill_on_drop: false }`
[INFO] [stdout] 76ebf228adc8089d859e893eeb3ece6669da5c3d0d5cc264c9b14a261b8ba981
[INFO] running `Command { std: "docker" "start" "-a" "76ebf228adc8089d859e893eeb3ece6669da5c3d0d5cc264c9b14a261b8ba981", kill_on_drop: false }`
[INFO] [stderr]    Compiling autocfg v1.1.0
[INFO] [stderr]    Compiling proc-macro2 v1.0.41
[INFO] [stderr]    Compiling unicode-ident v1.0.2
[INFO] [stderr]    Compiling quote v1.0.20
[INFO] [stderr]    Compiling syn v1.0.98
[INFO] [stderr]    Compiling libc v0.2.132
[INFO] [stderr]    Compiling serde v1.0.144
[INFO] [stderr]    Compiling cc v1.0.73
[INFO] [stderr]    Compiling serde_derive v1.0.144
[INFO] [stderr]    Compiling serde_json v1.0.85
[INFO] [stderr]    Compiling semver-parser v0.7.0
[INFO] [stderr]    Compiling ryu v1.0.11
[INFO] [stderr]    Compiling bytemuck v1.12.1
[INFO] [stderr]    Compiling itoa v1.0.3
[INFO] [stderr]    Compiling rawpointer v0.2.1
[INFO] [stderr]    Compiling typenum v1.15.0
[INFO] [stderr]    Compiling matrixmultiply v0.3.2
[INFO] [stderr]    Compiling paste v1.0.8
[INFO] [stderr]    Compiling half v1.8.2
[INFO] [stderr]    Compiling semver v0.9.0
[INFO] [stderr]    Compiling safe_arch v0.6.0
[INFO] [stderr]    Compiling half v2.1.0
[INFO] [stderr]    Compiling num-traits v0.2.15
[INFO] [stderr]    Compiling num-integer v0.1.45
[INFO] [stderr]    Compiling num-bigint v0.4.3
[INFO] [stderr]    Compiling num-bigint v0.2.6
[INFO] [stderr]    Compiling num-iter v0.1.43
[INFO] [stderr]    Compiling num-complex v0.2.4
[INFO] [stderr]    Compiling num-rational v0.4.1
[INFO] [stderr]    Compiling num-rational v0.2.4
[INFO] [stderr]    Compiling rustc_version v0.2.3
[INFO] [stderr]    Compiling wide v0.7.4
[INFO] [stderr]    Compiling f128_internal v0.2.2
[INFO] [stderr]    Compiling num-complex v0.4.2
[INFO] [stderr]    Compiling approx v0.5.1
[INFO] [stderr]    Compiling f128_input v0.2.1
[INFO] [stderr]    Compiling ndarray v0.15.6
[INFO] [stderr]    Compiling f128 v0.2.9
[INFO] [stderr]    Compiling simba v0.7.2
[INFO] [stderr]    Compiling num v0.2.1
[INFO] [stderr]    Compiling num v0.4.0
[INFO] [stderr]    Compiling nalgebra-macros v0.1.0
[INFO] [stderr]    Compiling arrayfire v3.8.0
[INFO] [stderr]    Compiling nalgebra v0.31.1
[INFO] [stderr]    Compiling ode_integrate v0.0.2 (/opt/rustwide/workdir)
[INFO] [stdout] error: linking with `cc` failed: exit status: 1
[INFO] [stdout]   |
[INFO] [stdout]   = note: LC_ALL="C" PATH="/opt/rustwide/rustup-home/toolchains/nightly-2024-10-28-x86_64-unknown-linux-gnu/lib/rustlib/x86_64-unknown-linux-gnu/bin:/opt/rustwide/rustup-home/toolchains/nightly-2024-10-28-x86_64-unknown-linux-gnu/lib/rustlib/x86_64-unknown-linux-gnu/bin/self-contained:/opt/rustwide/cargo-home/bin:/usr/local/sbin:/usr/local/bin:/usr/sbin:/usr/bin:/sbin:/bin" VSLANG="1033" "cc" "-m64" "/tmp/rustcPUaRgz/symbols.o" "/opt/rustwide/target/debug/examples/arrayfire-49bb4bd4e6390a6c.arrayfire.168e94f1bc416350-cgu.0.rcgu.o" "/opt/rustwide/target/debug/examples/arrayfire-49bb4bd4e6390a6c.5rridnv7jdvvdooh2ya5jbhk2.rcgu.o" "-Wl,--as-needed" "-Wl,-Bstatic" "/opt/rustwide/target/debug/deps/libarrayfire-62cae46dbeb03b12.rlib" "/opt/rustwide/target/debug/deps/libhalf-7a6589a8d8bcec2f.rlib" "/opt/rustwide/target/debug/deps/liblibc-396187206d130c5f.rlib" "/opt/rustwide/target/debug/deps/libnum-5c696b89c9e74cc0.rlib" "/opt/rustwide/target/debug/deps/libnum_rational-d37051cb4dabd631.rlib" "/opt/rustwide/target/debug/deps/libnum_iter-cb3b045a29618014.rlib" "/opt/rustwide/target/debug/deps/libnum_complex-3799d353bae4dc44.rlib" "/opt/rustwide/target/debug/deps/libnum_bigint-d0ca179ccd4a8470.rlib" "/opt/rustwide/target/debug/deps/libnum_integer-3345ceaf9a35563d.rlib" "/opt/rustwide/target/debug/deps/libnum_traits-8f175d2cec1db15a.rlib" "/opt/rustwide/target/debug/deps/liblazy_static-b82c15677deef9e2.rlib" "/opt/rustwide/target/debug/deps/libode_integrate-f805ee122cbbb33a.rlib" "/opt/rustwide/target/debug/deps/libitertools-d3f4df1605a95a8d.rlib" "/opt/rustwide/target/debug/deps/libeither-5c568ddb60fed10a.rlib" "/opt/rustwide/rustup-home/toolchains/nightly-2024-10-28-x86_64-unknown-linux-gnu/lib/rustlib/x86_64-unknown-linux-gnu/lib/libstd-fb8c387236db3c10.rlib" "/opt/rustwide/rustup-home/toolchains/nightly-2024-10-28-x86_64-unknown-linux-gnu/lib/rustlib/x86_64-unknown-linux-gnu/lib/libpanic_unwind-b251837809b2f64b.rlib" "/opt/rustwide/rustup-home/toolchains/nightly-2024-10-28-x86_64-unknown-linux-gnu/lib/rustlib/x86_64-unknown-linux-gnu/lib/libobject-cbef83eaa4e01f04.rlib" "/opt/rustwide/rustup-home/toolchains/nightly-2024-10-28-x86_64-unknown-linux-gnu/lib/rustlib/x86_64-unknown-linux-gnu/lib/libmemchr-12a772286de2fca7.rlib" "/opt/rustwide/rustup-home/toolchains/nightly-2024-10-28-x86_64-unknown-linux-gnu/lib/rustlib/x86_64-unknown-linux-gnu/lib/libaddr2line-023bbe5ada7abfc3.rlib" "/opt/rustwide/rustup-home/toolchains/nightly-2024-10-28-x86_64-unknown-linux-gnu/lib/rustlib/x86_64-unknown-linux-gnu/lib/libgimli-de2bcdf10ec69c2b.rlib" "/opt/rustwide/rustup-home/toolchains/nightly-2024-10-28-x86_64-unknown-linux-gnu/lib/rustlib/x86_64-unknown-linux-gnu/lib/librustc_demangle-8e1754df350800fd.rlib" "/opt/rustwide/rustup-home/toolchains/nightly-2024-10-28-x86_64-unknown-linux-gnu/lib/rustlib/x86_64-unknown-linux-gnu/lib/libstd_detect-06c2ab7b9c32e037.rlib" "/opt/rustwide/rustup-home/toolchains/nightly-2024-10-28-x86_64-unknown-linux-gnu/lib/rustlib/x86_64-unknown-linux-gnu/lib/libhashbrown-51d2621fc57a281b.rlib" "/opt/rustwide/rustup-home/toolchains/nightly-2024-10-28-x86_64-unknown-linux-gnu/lib/rustlib/x86_64-unknown-linux-gnu/lib/librustc_std_workspace_alloc-54a930408793772f.rlib" "/opt/rustwide/rustup-home/toolchains/nightly-2024-10-28-x86_64-unknown-linux-gnu/lib/rustlib/x86_64-unknown-linux-gnu/lib/libminiz_oxide-0c7d01cba400dcb2.rlib" "/opt/rustwide/rustup-home/toolchains/nightly-2024-10-28-x86_64-unknown-linux-gnu/lib/rustlib/x86_64-unknown-linux-gnu/lib/libadler-b9f84d69e331b75b.rlib" "/opt/rustwide/rustup-home/toolchains/nightly-2024-10-28-x86_64-unknown-linux-gnu/lib/rustlib/x86_64-unknown-linux-gnu/lib/libunwind-eec95493246aae39.rlib" "/opt/rustwide/rustup-home/toolchains/nightly-2024-10-28-x86_64-unknown-linux-gnu/lib/rustlib/x86_64-unknown-linux-gnu/lib/libcfg_if-6f6676c475e08ab0.rlib" "/opt/rustwide/rustup-home/toolchains/nightly-2024-10-28-x86_64-unknown-linux-gnu/lib/rustlib/x86_64-unknown-linux-gnu/lib/liblibc-799d520624f8b2e0.rlib" "/opt/rustwide/rustup-home/toolchains/nightly-2024-10-28-x86_64-unknown-linux-gnu/lib/rustlib/x86_64-unknown-linux-gnu/lib/liballoc-fcf93d4842acd9a9.rlib" "/opt/rustwide/rustup-home/toolchains/nightly-2024-10-28-x86_64-unknown-linux-gnu/lib/rustlib/x86_64-unknown-linux-gnu/lib/librustc_std_workspace_core-395a38b8e0851c9b.rlib" "/opt/rustwide/rustup-home/toolchains/nightly-2024-10-28-x86_64-unknown-linux-gnu/lib/rustlib/x86_64-unknown-linux-gnu/lib/libcore-d453bab70303062c.rlib" "/opt/rustwide/rustup-home/toolchains/nightly-2024-10-28-x86_64-unknown-linux-gnu/lib/rustlib/x86_64-unknown-linux-gnu/lib/libcompiler_builtins-0e6386368b0a24e8.rlib" "-Wl,-Bdynamic" "-lgcc_s" "-lutil" "-lrt" "-lpthread" "-lm" "-ldl" "-lc" "-B/opt/rustwide/rustup-home/toolchains/nightly-2024-10-28-x86_64-unknown-linux-gnu/lib/rustlib/x86_64-unknown-linux-gnu/bin/gcc-ld" "-fuse-ld=lld" "-Wl,--eh-frame-hdr" "-Wl,-z,noexecstack" "-L" "/opt/arrayfire/lib" "-L" "/opt/arrayfire/lib64" "-L" "/usr/local/lib" "-L" "/usr/lib" "-L" "/opt/rustwide/target/debug/build/f128_internal-abea5ceaa2fe965c/out" "-L" "/opt/rustwide/rustup-home/toolchains/nightly-2024-10-28-x86_64-unknown-linux-gnu/lib/rustlib/x86_64-unknown-linux-gnu/lib" "-o" "/opt/rustwide/target/debug/examples/arrayfire-49bb4bd4e6390a6c" "-Wl,--gc-sections" "-pie" "-Wl,-z,relro,-z,now" "-nodefaultlibs"
[INFO] [stdout]   = note: rust-lld: error: undefined symbol: af_get_last_error
[INFO] [stdout]           >>> referenced by error.rs:104 (src/core/error.rs:104)
[INFO] [stdout]           >>>               arrayfire-62cae46dbeb03b12.arrayfire.d27889566aae09d9-cgu.0.rcgu.o:(arrayfire::core::error::get_last_error::h346371d83482b642) in archive /opt/rustwide/target/debug/deps/libarrayfire-62cae46dbeb03b12.rlib
[INFO] [stdout]           
[INFO] [stdout]           rust-lld: error: undefined symbol: af_create_indexers
[INFO] [stdout]           >>> referenced by index.rs:186 (src/core/index.rs:186)
[INFO] [stdout]           >>>               arrayfire-62cae46dbeb03b12.arrayfire.d27889566aae09d9-cgu.0.rcgu.o:(_$LT$arrayfire..core..index..Indexer$u20$as$u20$core..default..Default$GT$::default::h3c0705492919f27c) in archive /opt/rustwide/target/debug/deps/libarrayfire-62cae46dbeb03b12.rlib
[INFO] [stdout]           
[INFO] [stdout]           rust-lld: error: undefined symbol: af_release_indexers
[INFO] [stdout]           >>> referenced by index.rs:241 (src/core/index.rs:241)
[INFO] [stdout]           >>>               arrayfire-62cae46dbeb03b12.arrayfire.d27889566aae09d9-cgu.0.rcgu.o:(_$LT$arrayfire..core..index..Indexer$u20$as$u20$core..ops..drop..Drop$GT$::drop::h9f6ce2f2430f3c42) in archive /opt/rustwide/target/debug/deps/libarrayfire-62cae46dbeb03b12.rlib
[INFO] [stdout]           
[INFO] [stdout]           rust-lld: error: undefined symbol: af_free_host
[INFO] [stdout]           >>> referenced by util.rs:68 (src/core/util.rs:68)
[INFO] [stdout]           >>>               arrayfire-62cae46dbeb03b12.arrayfire.d27889566aae09d9-cgu.0.rcgu.o:(arrayfire::core::util::free_host::h468a1a3d80de9514) in archive /opt/rustwide/target/debug/deps/libarrayfire-62cae46dbeb03b12.rlib
[INFO] [stdout]           
[INFO] [stdout]           rust-lld: error: undefined symbol: af_constant
[INFO] [stdout]           >>> referenced by data.rs:242 (src/core/data.rs:242)
[INFO] [stdout]           >>>               arrayfire-62cae46dbeb03b12.arrayfire.d27889566aae09d9-cgu.0.rcgu.o:(_$LT$f64$u20$as$u20$arrayfire..core..data..ConstGenerator$GT$::generate::h0f5967a8dfad772b) in archive /opt/rustwide/target/debug/deps/libarrayfire-62cae46dbeb03b12.rlib
[INFO] [stdout]           
[INFO] [stdout]           rust-lld: error: undefined symbol: af_retain_array
[INFO] [stdout]           >>> referenced by array.rs:694 (/opt/rustwide/cargo-home/registry/src/index.crates.io-6f17d22bba15001f/arrayfire-3.8.0/src/core/array.rs:694)
[INFO] [stdout]           >>>               /opt/rustwide/target/debug/examples/arrayfire-49bb4bd4e6390a6c.arrayfire.168e94f1bc416350-cgu.0.rcgu.o:(_$LT$arrayfire..core..array..Array$LT$T$GT$$u20$as$u20$core..clone..Clone$GT$::clone::hf30562aa38098725)
[INFO] [stdout]           
[INFO] [stdout]           rust-lld: error: undefined symbol: af_release_array
[INFO] [stdout]           >>> referenced by array.rs:710 (/opt/rustwide/cargo-home/registry/src/index.crates.io-6f17d22bba15001f/arrayfire-3.8.0/src/core/array.rs:710)
[INFO] [stdout]           >>>               /opt/rustwide/target/debug/examples/arrayfire-49bb4bd4e6390a6c.arrayfire.168e94f1bc416350-cgu.0.rcgu.o:(_$LT$arrayfire..core..array..Array$LT$T$GT$$u20$as$u20$core..ops..drop..Drop$GT$::drop::h8cb5528c89d9a097)
[INFO] [stdout]           
[INFO] [stdout]           rust-lld: error: undefined symbol: af_set_seq_indexer
[INFO] [stdout]           >>> referenced by index.rs:168 (/opt/rustwide/cargo-home/registry/src/index.crates.io-6f17d22bba15001f/arrayfire-3.8.0/src/core/index.rs:168)
[INFO] [stdout]           >>>               /opt/rustwide/target/debug/examples/arrayfire-49bb4bd4e6390a6c.arrayfire.168e94f1bc416350-cgu.0.rcgu.o:(_$LT$arrayfire..core..seq..Seq$LT$T$GT$$u20$as$u20$arrayfire..core..index..Indexable$GT$::set::hd0996fff5c67a0c1)
[INFO] [stdout]           
[INFO] [stdout]           rust-lld: error: undefined symbol: af_tile
[INFO] [stdout]           >>> referenced by data.rs:496 (/opt/rustwide/cargo-home/registry/src/index.crates.io-6f17d22bba15001f/arrayfire-3.8.0/src/core/data.rs:496)
[INFO] [stdout]           >>>               /opt/rustwide/target/debug/examples/arrayfire-49bb4bd4e6390a6c.arrayfire.168e94f1bc416350-cgu.0.rcgu.o:(arrayfire::core::data::tile::h1071cb84dd7b7494)
[INFO] [stdout]           
[INFO] [stdout]           rust-lld: error: undefined symbol: af_add
[INFO] [stdout]           >>> referenced by arith.rs:407 (/opt/rustwide/cargo-home/registry/src/index.crates.io-6f17d22bba15001f/arrayfire-3.8.0/src/core/arith.rs:407)
[INFO] [stdout]           >>>               /opt/rustwide/target/debug/examples/arrayfire-49bb4bd4e6390a6c.arrayfire.168e94f1bc416350-cgu.0.rcgu.o:(arrayfire::core::arith::add_helper::h47573fe976fc7d68)
[INFO] [stdout]           
[INFO] [stdout]           rust-lld: error: undefined symbol: af_mul
[INFO] [stdout]           >>> referenced by arith.rs:407 (/opt/rustwide/cargo-home/registry/src/index.crates.io-6f17d22bba15001f/arrayfire-3.8.0/src/core/arith.rs:407)
[INFO] [stdout]           >>>               /opt/rustwide/target/debug/examples/arrayfire-49bb4bd4e6390a6c.arrayfire.168e94f1bc416350-cgu.0.rcgu.o:(arrayfire::core::arith::mul_helper::h1358996e737ec907)
[INFO] [stdout]           
[INFO] [stdout]           rust-lld: error: undefined symbol: af_sub
[INFO] [stdout]           >>> referenced by arith.rs:407 (/opt/rustwide/cargo-home/registry/src/index.crates.io-6f17d22bba15001f/arrayfire-3.8.0/src/core/arith.rs:407)
[INFO] [stdout]           >>>               /opt/rustwide/target/debug/examples/arrayfire-49bb4bd4e6390a6c.arrayfire.168e94f1bc416350-cgu.0.rcgu.o:(arrayfire::core::arith::sub_helper::h86f1b0c34fc08357)
[INFO] [stdout]           
[INFO] [stdout]           rust-lld: error: undefined symbol: af_create_array
[INFO] [stdout]           >>> referenced by array.rs:228 (/opt/rustwide/cargo-home/registry/src/index.crates.io-6f17d22bba15001f/arrayfire-3.8.0/src/core/array.rs:228)
[INFO] [stdout]           >>>               /opt/rustwide/target/debug/examples/arrayfire-49bb4bd4e6390a6c.arrayfire.168e94f1bc416350-cgu.0.rcgu.o:(arrayfire::core::array::Array$LT$T$GT$::new::h86ec4cd0ef514c9f)
[INFO] [stdout]           
[INFO] [stdout]           rust-lld: error: undefined symbol: af_cast
[INFO] [stdout]           >>> referenced by array.rs:617 (/opt/rustwide/cargo-home/registry/src/index.crates.io-6f17d22bba15001f/arrayfire-3.8.0/src/core/array.rs:617)
[INFO] [stdout]           >>>               /opt/rustwide/target/debug/examples/arrayfire-49bb4bd4e6390a6c.arrayfire.168e94f1bc416350-cgu.0.rcgu.o:(arrayfire::core::array::Array$LT$T$GT$::cast::h65ba422e5c813719)
[INFO] [stdout]           
[INFO] [stdout]           rust-lld: error: undefined symbol: af_get_dims
[INFO] [stdout]           >>> referenced by array.rs:433 (/opt/rustwide/cargo-home/registry/src/index.crates.io-6f17d22bba15001f/arrayfire-3.8.0/src/core/array.rs:433)
[INFO] [stdout]           >>>               /opt/rustwide/target/debug/examples/arrayfire-49bb4bd4e6390a6c.arrayfire.168e94f1bc416350-cgu.0.rcgu.o:(arrayfire::core::array::Array$LT$T$GT$::dims::hbd22860cab2d8e98)
[INFO] [stdout]           
[INFO] [stdout]           rust-lld: error: undefined symbol: af_get_numdims
[INFO] [stdout]           >>> referenced by array.rs:468 (/opt/rustwide/cargo-home/registry/src/index.crates.io-6f17d22bba15001f/arrayfire-3.8.0/src/core/array.rs:468)
[INFO] [stdout]           >>>               /opt/rustwide/target/debug/examples/arrayfire-49bb4bd4e6390a6c.arrayfire.168e94f1bc416350-cgu.0.rcgu.o:(arrayfire::core::array::Array$LT$T$GT$::numdims::h0044a1e54a74ea92)
[INFO] [stdout]           
[INFO] [stdout]           rust-lld: error: undefined symbol: af_is_scalar
[INFO] [stdout]           >>> referenced by array.rs:181 (/opt/rustwide/cargo-home/registry/src/index.crates.io-6f17d22bba15001f/arrayfire-3.8.0/src/core/array.rs:181)
[INFO] [stdout]           >>>               /opt/rustwide/target/debug/examples/arrayfire-49bb4bd4e6390a6c.arrayfire.168e94f1bc416350-cgu.0.rcgu.o:(arrayfire::core::array::Array$LT$T$GT$::is_scalar::h9906dc4748fd5c78)
[INFO] [stdout]           
[INFO] [stdout]           rust-lld: error: undefined symbol: af_print_array_gen
[INFO] [stdout]           >>> referenced by array.rs:748 (/opt/rustwide/cargo-home/registry/src/index.crates.io-6f17d22bba15001f/arrayfire-3.8.0/src/core/array.rs:748)
[INFO] [stdout]           >>>               /opt/rustwide/target/debug/examples/arrayfire-49bb4bd4e6390a6c.arrayfire.168e94f1bc416350-cgu.0.rcgu.o:(arrayfire::core::array::print::hdb914f468036454e)
[INFO] [stdout]           
[INFO] [stdout]           rust-lld: error: undefined symbol: af_assign_gen
[INFO] [stdout]           >>> referenced by index.rs:619 (/opt/rustwide/cargo-home/registry/src/index.crates.io-6f17d22bba15001f/arrayfire-3.8.0/src/core/index.rs:619)
[INFO] [stdout]           >>>               /opt/rustwide/target/debug/examples/arrayfire-49bb4bd4e6390a6c.arrayfire.168e94f1bc416350-cgu.0.rcgu.o:(arrayfire::core::index::assign_gen::h0a957c46a14514da)
[INFO] [stdout]           collect2: error: ld returned 1 exit status
[INFO] [stdout]           
[INFO] [stdout] 
[INFO] [stdout] 
[INFO] [stderr] error: could not compile `ode_integrate` (example "arrayfire") due to 1 previous error
[INFO] [stderr] warning: build failed, waiting for other jobs to finish...
[INFO] running `Command { std: "docker" "inspect" "76ebf228adc8089d859e893eeb3ece6669da5c3d0d5cc264c9b14a261b8ba981", kill_on_drop: false }`
[INFO] running `Command { std: "docker" "rm" "-f" "76ebf228adc8089d859e893eeb3ece6669da5c3d0d5cc264c9b14a261b8ba981", kill_on_drop: false }`
[INFO] [stdout] 76ebf228adc8089d859e893eeb3ece6669da5c3d0d5cc264c9b14a261b8ba981
