[INFO] fetching crate oauth1-request-derive-ios 0.0.1...
[INFO] testing oauth1-request-derive-ios-0.0.1 against nightly-2024-10-28+rustflags=-Zrandomize-layout for randomize-layout
[INFO] extracting crate oauth1-request-derive-ios 0.0.1 into /workspace/builds/worker-7-tc2/source
[INFO] validating manifest of crates.io crate oauth1-request-derive-ios 0.0.1 on toolchain nightly-2024-10-28
[INFO] running `Command { std: CARGO_HOME="/workspace/cargo-home" RUSTUP_HOME="/workspace/rustup-home" "/workspace/cargo-home/bin/cargo" "+nightly-2024-10-28" "metadata" "--manifest-path" "Cargo.toml" "--no-deps", kill_on_drop: false }`
[INFO] started tweaking crates.io crate oauth1-request-derive-ios 0.0.1
[INFO] finished tweaking crates.io crate oauth1-request-derive-ios 0.0.1
[INFO] tweaked toml for crates.io crate oauth1-request-derive-ios 0.0.1 written to /workspace/builds/worker-7-tc2/source/Cargo.toml
[INFO] running `Command { std: CARGO_HOME="/workspace/cargo-home" RUSTUP_HOME="/workspace/rustup-home" "/workspace/cargo-home/bin/cargo" "+nightly-2024-10-28" "generate-lockfile" "--manifest-path" "Cargo.toml", kill_on_drop: false }`
[INFO] [stderr]     Updating crates.io index
[INFO] [stderr]      Locking 57 packages to latest compatible versions
[INFO] running `Command { std: CARGO_HOME="/workspace/cargo-home" RUSTUP_HOME="/workspace/rustup-home" "/workspace/cargo-home/bin/cargo" "+nightly-2024-10-28" "fetch" "--manifest-path" "Cargo.toml", kill_on_drop: false }`
[INFO] running `Command { std: "docker" "create" "-v" "/var/lib/crater-agent-workspace/builds/worker-7-tc2/target:/opt/rustwide/target:rw,Z" "-v" "/var/lib/crater-agent-workspace/builds/worker-7-tc2/source:/opt/rustwide/workdir:ro,Z" "-v" "/var/lib/crater-agent-workspace/cargo-home:/opt/rustwide/cargo-home:ro,Z" "-v" "/var/lib/crater-agent-workspace/rustup-home:/opt/rustwide/rustup-home:ro,Z" "-e" "SOURCE_DIR=/opt/rustwide/workdir" "-e" "CARGO_TARGET_DIR=/opt/rustwide/target" "-e" "CARGO_HOME=/opt/rustwide/cargo-home" "-e" "RUSTUP_HOME=/opt/rustwide/rustup-home" "-w" "/opt/rustwide/workdir" "-m" "1610612736" "--user" "0:0" "--network" "none" "ghcr.io/rust-lang/crates-build-env/linux@sha256:4a844ea9eb2546a2d2c7022eacef16ef2e8229c7fbb2c7d4d55a9ceca922f72d" "/opt/rustwide/cargo-home/bin/cargo" "+nightly-2024-10-28" "metadata" "--no-deps" "--format-version=1", kill_on_drop: false }`
[INFO] [stdout] 5f8b59646eb13f1a9420456acedb065129adad27d8d0e57fcb9ca7861ca552a2
[INFO] running `Command { std: "docker" "start" "-a" "5f8b59646eb13f1a9420456acedb065129adad27d8d0e57fcb9ca7861ca552a2", kill_on_drop: false }`
[INFO] running `Command { std: "docker" "inspect" "5f8b59646eb13f1a9420456acedb065129adad27d8d0e57fcb9ca7861ca552a2", kill_on_drop: false }`
[INFO] running `Command { std: "docker" "rm" "-f" "5f8b59646eb13f1a9420456acedb065129adad27d8d0e57fcb9ca7861ca552a2", kill_on_drop: false }`
[INFO] [stdout] 5f8b59646eb13f1a9420456acedb065129adad27d8d0e57fcb9ca7861ca552a2
[INFO] running `Command { std: "docker" "create" "-v" "/var/lib/crater-agent-workspace/builds/worker-7-tc2/target:/opt/rustwide/target:rw,Z" "-v" "/var/lib/crater-agent-workspace/builds/worker-7-tc2/source:/opt/rustwide/workdir:ro,Z" "-v" "/var/lib/crater-agent-workspace/cargo-home:/opt/rustwide/cargo-home:ro,Z" "-v" "/var/lib/crater-agent-workspace/rustup-home:/opt/rustwide/rustup-home:ro,Z" "-e" "SOURCE_DIR=/opt/rustwide/workdir" "-e" "CARGO_TARGET_DIR=/opt/rustwide/target" "-e" "CARGO_INCREMENTAL=0" "-e" "RUST_BACKTRACE=full" "-e" "RUSTFLAGS=--cap-lints=forbid -Zrandomize-layout" "-e" "RUSTDOCFLAGS=--cap-lints=forbid" "-e" "CARGO_HOME=/opt/rustwide/cargo-home" "-e" "RUSTUP_HOME=/opt/rustwide/rustup-home" "-w" "/opt/rustwide/workdir" "-m" "1610612736" "--user" "0:0" "--network" "none" "ghcr.io/rust-lang/crates-build-env/linux@sha256:4a844ea9eb2546a2d2c7022eacef16ef2e8229c7fbb2c7d4d55a9ceca922f72d" "/opt/rustwide/cargo-home/bin/cargo" "+nightly-2024-10-28" "build" "--frozen" "--message-format=json", kill_on_drop: false }`
[INFO] [stdout] 192ce9f70a9115b6ddc9744a8e5ceb71b6162eb3c217803b36e93fb55006d259
[INFO] running `Command { std: "docker" "start" "-a" "192ce9f70a9115b6ddc9744a8e5ceb71b6162eb3c217803b36e93fb55006d259", kill_on_drop: false }`
[INFO] [stderr]    Compiling proc-macro2 v1.0.89
[INFO] [stderr]    Compiling serde v1.0.214
[INFO] [stderr]    Compiling quote v1.0.37
[INFO] [stderr]    Compiling syn v2.0.86
[INFO] [stderr]    Compiling proc-macro-error-attr v1.0.4
[INFO] [stderr]    Compiling proc-macro-error v1.0.4
[INFO] [stderr]    Compiling toml_datetime v0.6.8
[INFO] [stderr]    Compiling serde_spanned v0.6.8
[INFO] [stderr]    Compiling toml_edit v0.22.22
[INFO] [stderr]    Compiling proc-macro-crate v3.2.0
[INFO] [stderr]    Compiling oauth1-request-derive-ios v0.0.1 (/opt/rustwide/workdir)
[INFO] [stderr]     Finished `dev` profile [unoptimized + debuginfo] target(s) in 5.46s
[INFO] running `Command { std: "docker" "inspect" "192ce9f70a9115b6ddc9744a8e5ceb71b6162eb3c217803b36e93fb55006d259", kill_on_drop: false }`
[INFO] running `Command { std: "docker" "rm" "-f" "192ce9f70a9115b6ddc9744a8e5ceb71b6162eb3c217803b36e93fb55006d259", kill_on_drop: false }`
[INFO] [stdout] 192ce9f70a9115b6ddc9744a8e5ceb71b6162eb3c217803b36e93fb55006d259
[INFO] running `Command { std: "docker" "create" "-v" "/var/lib/crater-agent-workspace/builds/worker-7-tc2/target:/opt/rustwide/target:rw,Z" "-v" "/var/lib/crater-agent-workspace/builds/worker-7-tc2/source:/opt/rustwide/workdir:ro,Z" "-v" "/var/lib/crater-agent-workspace/cargo-home:/opt/rustwide/cargo-home:ro,Z" "-v" "/var/lib/crater-agent-workspace/rustup-home:/opt/rustwide/rustup-home:ro,Z" "-e" "SOURCE_DIR=/opt/rustwide/workdir" "-e" "CARGO_TARGET_DIR=/opt/rustwide/target" "-e" "CARGO_INCREMENTAL=0" "-e" "RUST_BACKTRACE=full" "-e" "RUSTFLAGS=--cap-lints=forbid -Zrandomize-layout" "-e" "RUSTDOCFLAGS=--cap-lints=forbid" "-e" "CARGO_HOME=/opt/rustwide/cargo-home" "-e" "RUSTUP_HOME=/opt/rustwide/rustup-home" "-w" "/opt/rustwide/workdir" "-m" "1610612736" "--user" "0:0" "--network" "none" "ghcr.io/rust-lang/crates-build-env/linux@sha256:4a844ea9eb2546a2d2c7022eacef16ef2e8229c7fbb2c7d4d55a9ceca922f72d" "/opt/rustwide/cargo-home/bin/cargo" "+nightly-2024-10-28" "test" "--frozen" "--no-run" "--message-format=json", kill_on_drop: false }`
[INFO] [stdout] 025832bd7a253a12a044d02a655a75817325e65046950fde03f6dcc43c9a9c96
[INFO] running `Command { std: "docker" "start" "-a" "025832bd7a253a12a044d02a655a75817325e65046950fde03f6dcc43c9a9c96", kill_on_drop: false }`
[INFO] [stderr]    Compiling unicode-ident v1.0.13
[INFO] [stderr]    Compiling winnow v0.6.20
[INFO] [stderr]    Compiling proc-macro2 v1.0.89
[INFO] [stderr]    Compiling serde_spanned v0.6.8
[INFO] [stderr]    Compiling toml_datetime v0.6.8
[INFO] [stderr]    Compiling pulldown-cmark v0.9.6
[INFO] [stderr]    Compiling winnow v0.5.40
[INFO] [stderr]    Compiling target-triple v0.1.3
[INFO] [stderr]    Compiling regex-syntax v0.8.5
[INFO] [stderr]    Compiling semver v1.0.23
[INFO] [stderr]    Compiling proc-macro-error v1.0.4
[INFO] [stderr]    Compiling bitflags v2.6.0
[INFO] [stderr]    Compiling serde_json v1.0.132
[INFO] [stderr]    Compiling glob v0.3.1
[INFO] [stderr]    Compiling quote v1.0.37
[INFO] [stderr]    Compiling syn v2.0.86
[INFO] [stderr]    Compiling proc-macro-error-attr v1.0.4
[INFO] [stderr]    Compiling toml_edit v0.19.15
[INFO] [stderr]    Compiling regex-automata v0.4.8
[INFO] [stderr]    Compiling toml_edit v0.22.22
[INFO] [stderr]    Compiling regex v1.11.1
[INFO] [stderr]    Compiling proc-macro-crate v3.2.0
[INFO] [stderr]    Compiling toml v0.7.8
[INFO] [stderr]    Compiling toml v0.8.19
[INFO] [stderr]    Compiling version-sync v0.9.5
[INFO] [stderr]    Compiling serde_derive v1.0.214
[INFO] [stderr]    Compiling oauth1-request-derive-ios v0.0.1 (/opt/rustwide/workdir)
[INFO] [stderr]    Compiling trybuild v1.0.101
[INFO] [stdout] error[E0433]: failed to resolve: use of undeclared crate or module `oauth1_request_ios`
[INFO] [stdout]   --> tests/pull_3.rs:5:18
[INFO] [stdout]    |
[INFO] [stdout] 5  |         #[derive(oauth1_request_ios::Request)]
[INFO] [stdout]    |                  ^^^^^^^^^^^^^^^^^^ use of undeclared crate or module `oauth1_request_ios`
[INFO] [stdout] ...
[INFO] [stdout] 12 | def_foo!(Option<u64>);
[INFO] [stdout]    | --------------------- in this macro invocation
[INFO] [stdout]    |
[INFO] [stdout]    = note: this error originates in the macro `def_foo` (in Nightly builds, run with -Z macro-backtrace for more info)
[INFO] [stdout] 
[INFO] [stdout] 
[INFO] [stdout] For more information about this error, try `rustc --explain E0433`.
[INFO] [stdout] 
[INFO] [stdout] error[E0463]: can't find crate for `oauth1_request_ios`
[INFO] [stdout]  --> tests/pass.rs:3:1
[INFO] [stdout]   |
[INFO] [stdout] 3 | extern crate oauth1_request_ios as oauth;
[INFO] [stdout]   | ^^^^^^^^^^^^^^^^^^^^^^^^^^^^^^^^^^^^^^^^^ can't find crate
[INFO] [stdout] 
[INFO] [stdout] 
[INFO] [stderr] error: could not compile `oauth1-request-derive-ios` (test "pull_3") due to 1 previous error
[INFO] [stderr] warning: build failed, waiting for other jobs to finish...
[INFO] [stdout] error[E0463]: can't find crate for `oauth1_request_ios`
[INFO] [stdout]  --> tests/no_std.rs:5:1
[INFO] [stdout]   |
[INFO] [stdout] 5 | extern crate oauth1_request_ios as oauth;
[INFO] [stdout]   | ^^^^^^^^^^^^^^^^^^^^^^^^^^^^^^^^^^^^^^^^^ can't find crate
[INFO] [stdout] 
[INFO] [stdout] 
[INFO] [stdout] error: cannot find attribute `oauth1` in this scope
[INFO] [stdout]   --> tests/no_std.rs:19:11
[INFO] [stdout]    |
[INFO] [stdout] 19 |         #[oauth1(option = true)]
[INFO] [stdout]    |           ^^^^^^
[INFO] [stdout] 
[INFO] [stdout] 
[INFO] [stdout] error: cannot find attribute `oauth1` in this scope
[INFO] [stdout]   --> tests/no_std.rs:22:11
[INFO] [stdout]    |
[INFO] [stdout] 22 |         #[oauth1(fmt = crate::common::fmt_ignore)]
[INFO] [stdout]    |           ^^^^^^
[INFO] [stdout] 
[INFO] [stdout] 
[INFO] [stdout] error: cannot find attribute `oauth1` in this scope
[INFO] [stdout]    --> tests/pass.rs:183:3
[INFO] [stdout]     |
[INFO] [stdout] 183 | #[oauth1(crate = oauth)]
[INFO] [stdout]     |   ^^^^^^
[INFO] [stdout] 
[INFO] [stdout] 
[INFO] [stdout] error: cannot find attribute `oauth1` in this scope
[INFO] [stdout]    --> tests/pass.rs:189:11
[INFO] [stdout]     |
[INFO] [stdout] 189 |         #[oauth1(encoded)]
[INFO] [stdout]     |           ^^^^^^
[INFO] [stdout] 
[INFO] [stdout] 
[INFO] [stdout] error: cannot find attribute `oauth1` in this scope
[INFO] [stdout]    --> tests/pass.rs:192:11
[INFO] [stdout]     |
[INFO] [stdout] 192 |         #[oauth1(rename = "FLAG")]
[INFO] [stdout]     |           ^^^^^^
[INFO] [stdout] 
[INFO] [stdout] 
[INFO] [stdout] error: cannot find attribute `oauth1` in this scope
[INFO] [stdout]   --> tests/no_std.rs:25:11
[INFO] [stdout]    |
[INFO] [stdout] 25 |         #[oauth1(skip_if = crate::common::always)]
[INFO] [stdout]    |           ^^^^^^
[INFO] [stdout] 
[INFO] [stdout] 
[INFO] [stdout] error: cannot find attribute `oauth1` in this scope
[INFO] [stdout]    --> tests/pass.rs:195:11
[INFO] [stdout]     |
[INFO] [stdout] 195 |         #[oauth1()] // OK
[INFO] [stdout]     |           ^^^^^^
[INFO] [stdout] 
[INFO] [stdout] 
[INFO] [stdout] error: cannot find attribute `oauth1` in this scope
[INFO] [stdout]    --> tests/pass.rs:196:11
[INFO] [stdout]     |
[INFO] [stdout] 196 |         #[oauth1(skip)]
[INFO] [stdout]     |           ^^^^^^
[INFO] [stdout] 
[INFO] [stdout] 
[INFO] [stdout] error: cannot find attribute `oauth1` in this scope
[INFO] [stdout]    --> tests/pass.rs:199:11
[INFO] [stdout]     |
[INFO] [stdout] 199 |         #[oauth1(skip_if = std::option::Option::is_none, fmt = super::fmt_option_str)]
[INFO] [stdout]     |           ^^^^^^
[INFO] [stdout] 
[INFO] [stdout] 
[INFO] [stdout] error: cannot find attribute `oauth1` in this scope
[INFO] [stdout]    --> tests/pass.rs:202:11
[INFO] [stdout]     |
[INFO] [stdout] 202 |         #[oauth1(option = true)]
[INFO] [stdout]     |           ^^^^^^
[INFO] [stdout] 
[INFO] [stdout] 
[INFO] [stdout] error: cannot find attribute `oauth1` in this scope
[INFO] [stdout]    --> tests/pass.rs:205:11
[INFO] [stdout]     |
[INFO] [stdout] 205 |         #[oauth1(option = true)]
[INFO] [stdout]     |           ^^^^^^
[INFO] [stdout] 
[INFO] [stdout] 
[INFO] [stdout] error: cannot find attribute `oauth1` in this scope
[INFO] [stdout]    --> tests/pass.rs:208:11
[INFO] [stdout]     |
[INFO] [stdout] 208 |         #[oauth1(option = true, fmt = crate::common::fmt_ignore)]
[INFO] [stdout]     |           ^^^^^^
[INFO] [stdout] 
[INFO] [stdout] 
[INFO] [stdout] error: cannot find attribute `oauth1` in this scope
[INFO] [stdout]    --> tests/pass.rs:211:11
[INFO] [stdout]     |
[INFO] [stdout] 211 |         #[oauth1(option = false, fmt = crate::common::fmt_ignore)]
[INFO] [stdout]     |           ^^^^^^
[INFO] [stdout] 
[INFO] [stdout] 
[INFO] [stdout] error: cannot find attribute `oauth1` in this scope
[INFO] [stdout]    --> tests/pass.rs:214:11
[INFO] [stdout]     |
[INFO] [stdout] 214 |         #[oauth1(skip_if = <dyn std::any::Any>::is::<&'static str>)]
[INFO] [stdout]     |           ^^^^^^
[INFO] [stdout] 
[INFO] [stdout] 
[INFO] [stdout] error: cannot find attribute `oauth1` in this scope
[INFO] [stdout]    --> tests/pass.rs:215:11
[INFO] [stdout]     |
[INFO] [stdout] 215 |         #[oauth1(fmt = std::fmt::Debug::fmt)]
[INFO] [stdout]     |           ^^^^^^
[INFO] [stdout] 
[INFO] [stdout] 
[INFO] [stdout] error: cannot find attribute `oauth1` in this scope
[INFO] [stdout]    --> tests/pass.rs:218:11
[INFO] [stdout]     |
[INFO] [stdout] 218 |         #[oauth1(skip_if = <[u8]>::is_empty)]
[INFO] [stdout]     |           ^^^^^^
[INFO] [stdout] 
[INFO] [stdout] 
[INFO] [stdout] error: cannot find attribute `oauth1` in this scope
[INFO] [stdout]    --> tests/pass.rs:219:11
[INFO] [stdout]     |
[INFO] [stdout] 219 |         #[oauth1(fmt = std::fmt::Debug::fmt)]
[INFO] [stdout]     |           ^^^^^^
[INFO] [stdout] 
[INFO] [stdout] 
[INFO] [stdout] error: cannot find attribute `oauth1` in this scope
[INFO] [stdout]    --> tests/pass.rs:222:11
[INFO] [stdout]     |
[INFO] [stdout] 222 |         #[oauth1(skip_if = crate::common::always, fmt = crate::common::fmt_ignore)]
[INFO] [stdout]     |           ^^^^^^
[INFO] [stdout] 
[INFO] [stdout] 
[INFO] [stdout] error: cannot find attribute `oauth1` in this scope
[INFO] [stdout]    --> tests/pass.rs:225:11
[INFO] [stdout]     |
[INFO] [stdout] 225 |         #[oauth1(skip_if = str::is_empty)]
[INFO] [stdout]     |           ^^^^^^
[INFO] [stdout] 
[INFO] [stdout] 
[INFO] [stdout] error: cannot find attribute `oauth1` in this scope
[INFO] [stdout]    --> tests/pass.rs:226:11
[INFO] [stdout]     |
[INFO] [stdout] 226 |         #[oauth1(fmt = crate::common::fmt_str)]
[INFO] [stdout]     |           ^^^^^^
[INFO] [stdout] 
[INFO] [stdout] 
[INFO] [stdout] error: cannot find attribute `oauth1` in this scope
[INFO] [stdout]    --> tests/pass.rs:248:7
[INFO] [stdout]     |
[INFO] [stdout] 248 |     #[oauth1(fmt = common::fmt_ignore)]
[INFO] [stdout]     |       ^^^^^^
[INFO] [stdout] 
[INFO] [stdout] 
[INFO] [stdout] error: cannot find attribute `oauth1` in this scope
[INFO] [stdout]    --> tests/pass.rs:250:7
[INFO] [stdout]     |
[INFO] [stdout] 250 |     #[oauth1(skip_if = common::always)]
[INFO] [stdout]     |       ^^^^^^
[INFO] [stdout] 
[INFO] [stdout] 
[INFO] [stdout] error: cannot find attribute `oauth1` in this scope
[INFO] [stdout]    --> tests/pass.rs:256:7
[INFO] [stdout]     |
[INFO] [stdout] 256 |     #[oauth1(fmt = common::fmt_ignore)]
[INFO] [stdout]     |       ^^^^^^
[INFO] [stdout] 
[INFO] [stdout] 
[INFO] [stdout] error: cannot find attribute `oauth1` in this scope
[INFO] [stdout]    --> tests/pass.rs:262:7
[INFO] [stdout]     |
[INFO] [stdout] 262 |     #[oauth1(skip_if = common::always)]
[INFO] [stdout]     |       ^^^^^^
[INFO] [stdout] 
[INFO] [stdout] 
[INFO] [stdout] error: cannot find attribute `oauth1` in this scope
[INFO] [stdout]    --> tests/pass.rs:271:7
[INFO] [stdout]     |
[INFO] [stdout] 271 |     #[oauth1(fmt = helper)]
[INFO] [stdout]     |       ^^^^^^
[INFO] [stdout] 
[INFO] [stdout] 
[INFO] [stdout] error: cannot find attribute `oauth1` in this scope
[INFO] [stdout]    --> tests/pass.rs:275:7
[INFO] [stdout]     |
[INFO] [stdout] 275 |     #[oauth1(fmt = tmp)]
[INFO] [stdout]     |       ^^^^^^
[INFO] [stdout] 
[INFO] [stdout] 
[INFO] [stdout] error: cannot find attribute `oauth1` in this scope
[INFO] [stdout]    --> tests/pass.rs:278:7
[INFO] [stdout]     |
[INFO] [stdout] 278 |     #[oauth1(fmt = serializer)]
[INFO] [stdout]     |       ^^^^^^
[INFO] [stdout] 
[INFO] [stdout] 
[INFO] [stdout] error: cannot find attribute `oauth1` in this scope
[INFO] [stdout]    --> tests/pass.rs:299:7
[INFO] [stdout]     |
[INFO] [stdout] 299 |     #[oauth1(skip_if = str::is_empty, fmt = std::fmt::Debug::fmt)]
[INFO] [stdout]     |       ^^^^^^
[INFO] [stdout] 
[INFO] [stdout] 
[INFO] [stdout] error: cannot find attribute `oauth1` in this scope
[INFO] [stdout]    --> tests/pass.rs:307:7
[INFO] [stdout]     |
[INFO] [stdout] 307 |     #[oauth1(skip,)]
[INFO] [stdout]     |       ^^^^^^
[INFO] [stdout] 
[INFO] [stdout] 
[INFO] [stdout] For more information about this error, try `rustc --explain E0463`.
[INFO] [stdout] 
[INFO] [stderr] error: could not compile `oauth1-request-derive-ios` (test "no_std") due to 4 previous errors
[INFO] [stdout] For more information about this error, try `rustc --explain E0463`.
[INFO] [stdout] 
[INFO] [stderr] error: could not compile `oauth1-request-derive-ios` (test "pass") due to 27 previous errors
[INFO] running `Command { std: "docker" "inspect" "025832bd7a253a12a044d02a655a75817325e65046950fde03f6dcc43c9a9c96", kill_on_drop: false }`
[INFO] running `Command { std: "docker" "rm" "-f" "025832bd7a253a12a044d02a655a75817325e65046950fde03f6dcc43c9a9c96", kill_on_drop: false }`
[INFO] [stdout] 025832bd7a253a12a044d02a655a75817325e65046950fde03f6dcc43c9a9c96
