[INFO] fetching crate nvim-oxi-api 0.5.1...
[INFO] testing nvim-oxi-api-0.5.1 against nightly-2024-10-28 for randomize-layout
[INFO] extracting crate nvim-oxi-api 0.5.1 into /workspace/builds/worker-3-tc1/source
[INFO] validating manifest of crates.io crate nvim-oxi-api 0.5.1 on toolchain nightly-2024-10-28
[INFO] running `Command { std: CARGO_HOME="/workspace/cargo-home" RUSTUP_HOME="/workspace/rustup-home" "/workspace/cargo-home/bin/cargo" "+nightly-2024-10-28" "metadata" "--manifest-path" "Cargo.toml" "--no-deps", kill_on_drop: false }`
[INFO] started tweaking crates.io crate nvim-oxi-api 0.5.1
[INFO] finished tweaking crates.io crate nvim-oxi-api 0.5.1
[INFO] tweaked toml for crates.io crate nvim-oxi-api 0.5.1 written to /workspace/builds/worker-3-tc1/source/Cargo.toml
[INFO] running `Command { std: CARGO_HOME="/workspace/cargo-home" RUSTUP_HOME="/workspace/rustup-home" "/workspace/cargo-home/bin/cargo" "+nightly-2024-10-28" "generate-lockfile" "--manifest-path" "Cargo.toml", kill_on_drop: false }`
[INFO] [stderr]     Updating crates.io index
[INFO] [stderr]      Locking 13 packages to latest compatible versions
[INFO] running `Command { std: CARGO_HOME="/workspace/cargo-home" RUSTUP_HOME="/workspace/rustup-home" "/workspace/cargo-home/bin/cargo" "+nightly-2024-10-28" "fetch" "--manifest-path" "Cargo.toml", kill_on_drop: false }`
[INFO] [stderr]  Downloading crates ...
[INFO] [stderr]   Downloaded nvim-oxi-luajit v0.5.1
[INFO] [stderr]   Downloaded nvim-oxi-macros v0.5.1
[INFO] [stderr]   Downloaded nvim-oxi-types v0.5.1
[INFO] running `Command { std: "docker" "create" "-v" "/var/lib/crater-agent-workspace/builds/worker-3-tc1/target:/opt/rustwide/target:rw,Z" "-v" "/var/lib/crater-agent-workspace/builds/worker-3-tc1/source:/opt/rustwide/workdir:ro,Z" "-v" "/var/lib/crater-agent-workspace/cargo-home:/opt/rustwide/cargo-home:ro,Z" "-v" "/var/lib/crater-agent-workspace/rustup-home:/opt/rustwide/rustup-home:ro,Z" "-e" "SOURCE_DIR=/opt/rustwide/workdir" "-e" "CARGO_TARGET_DIR=/opt/rustwide/target" "-e" "CARGO_HOME=/opt/rustwide/cargo-home" "-e" "RUSTUP_HOME=/opt/rustwide/rustup-home" "-w" "/opt/rustwide/workdir" "-m" "1610612736" "--user" "0:0" "--network" "none" "ghcr.io/rust-lang/crates-build-env/linux@sha256:4a844ea9eb2546a2d2c7022eacef16ef2e8229c7fbb2c7d4d55a9ceca922f72d" "/opt/rustwide/cargo-home/bin/cargo" "+nightly-2024-10-28" "metadata" "--no-deps" "--format-version=1", kill_on_drop: false }`
[INFO] [stdout] 82b174ba63c5a99043f4cdd6d8a090af04f368134aa02f026aeb29464d667ef9
[INFO] running `Command { std: "docker" "start" "-a" "82b174ba63c5a99043f4cdd6d8a090af04f368134aa02f026aeb29464d667ef9", kill_on_drop: false }`
[INFO] running `Command { std: "docker" "inspect" "82b174ba63c5a99043f4cdd6d8a090af04f368134aa02f026aeb29464d667ef9", kill_on_drop: false }`
[INFO] running `Command { std: "docker" "rm" "-f" "82b174ba63c5a99043f4cdd6d8a090af04f368134aa02f026aeb29464d667ef9", kill_on_drop: false }`
[INFO] [stdout] 82b174ba63c5a99043f4cdd6d8a090af04f368134aa02f026aeb29464d667ef9
[INFO] running `Command { std: "docker" "create" "-v" "/var/lib/crater-agent-workspace/builds/worker-3-tc1/target:/opt/rustwide/target:rw,Z" "-v" "/var/lib/crater-agent-workspace/builds/worker-3-tc1/source:/opt/rustwide/workdir:ro,Z" "-v" "/var/lib/crater-agent-workspace/cargo-home:/opt/rustwide/cargo-home:ro,Z" "-v" "/var/lib/crater-agent-workspace/rustup-home:/opt/rustwide/rustup-home:ro,Z" "-e" "SOURCE_DIR=/opt/rustwide/workdir" "-e" "CARGO_TARGET_DIR=/opt/rustwide/target" "-e" "CARGO_INCREMENTAL=0" "-e" "RUST_BACKTRACE=full" "-e" "RUSTFLAGS=--cap-lints=forbid" "-e" "RUSTDOCFLAGS=--cap-lints=forbid" "-e" "CARGO_HOME=/opt/rustwide/cargo-home" "-e" "RUSTUP_HOME=/opt/rustwide/rustup-home" "-w" "/opt/rustwide/workdir" "-m" "1610612736" "--user" "0:0" "--network" "none" "ghcr.io/rust-lang/crates-build-env/linux@sha256:4a844ea9eb2546a2d2c7022eacef16ef2e8229c7fbb2c7d4d55a9ceca922f72d" "/opt/rustwide/cargo-home/bin/cargo" "+nightly-2024-10-28" "build" "--frozen" "--message-format=json", kill_on_drop: false }`
[INFO] [stdout] 758e5921e75f01b2fd2bcd5b13540a243b0723e608e377fa63fb6e45f42843ea
[INFO] running `Command { std: "docker" "start" "-a" "758e5921e75f01b2fd2bcd5b13540a243b0723e608e377fa63fb6e45f42843ea", kill_on_drop: false }`
[INFO] [stderr]    Compiling proc-macro2 v1.0.89
[INFO] [stderr]    Compiling unicode-ident v1.0.13
[INFO] [stderr]    Compiling thiserror v1.0.66
[INFO] [stderr]    Compiling serde v1.0.214
[INFO] [stderr]    Compiling quote v1.0.37
[INFO] [stderr]    Compiling syn v2.0.86
[INFO] [stderr]    Compiling thiserror-impl v1.0.66
[INFO] [stderr]    Compiling serde_derive v1.0.214
[INFO] [stderr]    Compiling serde_repr v0.1.19
[INFO] [stderr]    Compiling nvim-oxi-macros v0.5.1
[INFO] [stderr]    Compiling nvim-oxi-luajit v0.5.1
[INFO] [stderr]    Compiling nvim-oxi-types v0.5.1
[INFO] [stderr]    Compiling nvim-oxi-api v0.5.1 (/opt/rustwide/workdir)
[INFO] [stdout] error[E0061]: this function takes 7 arguments but 6 arguments were supplied
[INFO] [stdout]    --> src/buffer.rs:293:13
[INFO] [stdout]     |
[INFO] [stdout] 293 |             nvim_buf_get_lines(
[INFO] [stdout]     |             ^^^^^^^^^^^^^^^^^^
[INFO] [stdout] ...
[INFO] [stdout] 308 |                 &mut err,
[INFO] [stdout]     |                 -------- argument #6 of type `*mut lua_State` is missing
[INFO] [stdout]     |
[INFO] [stdout] note: function defined here
[INFO] [stdout]    --> src/ffi/buffer.rs:78:19
[INFO] [stdout]     |
[INFO] [stdout] 78  |     pub(crate) fn nvim_buf_get_lines(
[INFO] [stdout]     |                   ^^^^^^^^^^^^^^^^^^
[INFO] [stdout] help: provide the argument
[INFO] [stdout]     |
[INFO] [stdout] 293 |             nvim_buf_get_lines(LUA_INTERNAL_CALL, self.0, start, end, strict_indexing, /* *mut lua_State */, &mut err)
[INFO] [stdout]     |                               ~~~~~~~~~~~~~~~~~~~~~~~~~~~~~~~~~~~~~~~~~~~~~~~~~~~~~~~~~~~~~~~~~~~~~~~~~~~~~~~~~~~~~~~~
[INFO] [stdout] 
[INFO] [stdout] 
[INFO] [stdout] error[E0061]: this function takes 9 arguments but 8 arguments were supplied
[INFO] [stdout]    --> src/buffer.rs:395:13
[INFO] [stdout]     |
[INFO] [stdout] 395 |             nvim_buf_get_text(
[INFO] [stdout]     |             ^^^^^^^^^^^^^^^^^
[INFO] [stdout] ...
[INFO] [stdout] 414 |                 &mut err,
[INFO] [stdout]     |                 -------- argument #8 of type `*mut lua_State` is missing
[INFO] [stdout]     |
[INFO] [stdout] note: function defined here
[INFO] [stdout]    --> src/ffi/buffer.rs:114:19
[INFO] [stdout]     |
[INFO] [stdout] 114 |     pub(crate) fn nvim_buf_get_text(
[INFO] [stdout]     |                   ^^^^^^^^^^^^^^^^^
[INFO] [stdout] help: provide the argument
[INFO] [stdout]     |
[INFO] [stdout] 395 |             nvim_buf_get_text(LUA_INTERNAL_CALL, self.0, start, start_col.try_into()?, end, end_col.try_into()?, opts.non_owning(), /* *mut lua_State */, &mut err)
[INFO] [stdout]     |                              ~~~~~~~~~~~~~~~~~~~~~~~~~~~~~~~~~~~~~~~~~~~~~~~~~~~~~~~~~~~~~~~~~~~~~~~~~~~~~~~~~~~~~~~~~~~~~~~~~~~~~~~~~~~~~~~~~~~~~~~~~~~~~~~~~~~~~~
[INFO] [stdout] 
[INFO] [stdout] 
[INFO] [stdout] error[E0061]: this function takes 6 arguments but 5 arguments were supplied
[INFO] [stdout]    --> src/command.rs:155:13
[INFO] [stdout]     |
[INFO] [stdout] 155 |             nvim_buf_create_user_command(
[INFO] [stdout]     |             ^^^^^^^^^^^^^^^^^^^^^^^^^^^^
[INFO] [stdout] ...
[INFO] [stdout] 161 |                 self.0,
[INFO] [stdout]     |                 ------ argument #1 of type `u64` is missing
[INFO] [stdout]     |
[INFO] [stdout] note: function defined here
[INFO] [stdout]    --> src/ffi/command.rs:17:19
[INFO] [stdout]     |
[INFO] [stdout] 17  |     pub(crate) fn nvim_buf_create_user_command(
[INFO] [stdout]     |                   ^^^^^^^^^^^^^^^^^^^^^^^^^^^^
[INFO] [stdout] help: provide the argument
[INFO] [stdout]     |
[INFO] [stdout] 155 |             nvim_buf_create_user_command(/* u64 */, self.0, name.non_owning(), command.non_owning(), opts, &mut err)
[INFO] [stdout]     |                                         ~~~~~~~~~~~~~~~~~~~~~~~~~~~~~~~~~~~~~~~~~~~~~~~~~~~~~~~~~~~~~~~~~~~~~~~~~~~~
[INFO] [stdout] 
[INFO] [stdout] 
[INFO] [stdout] error[E0063]: missing fields `title` and `title_pos` in initializer of `WindowOpts`
[INFO] [stdout]    --> src/types/window_config.rs:373:9
[INFO] [stdout]     |
[INFO] [stdout] 373 |         Self {
[INFO] [stdout]     |         ^^^^ missing `title` and `title_pos`
[INFO] [stdout] 
[INFO] [stdout] 
[INFO] [stdout] Some errors have detailed explanations: E0061, E0063.
[INFO] [stdout] 
[INFO] [stdout] For more information about an error, try `rustc --explain E0061`.
[INFO] [stdout] 
[INFO] [stderr] error: could not compile `nvim-oxi-api` (lib) due to 4 previous errors
[INFO] running `Command { std: "docker" "inspect" "758e5921e75f01b2fd2bcd5b13540a243b0723e608e377fa63fb6e45f42843ea", kill_on_drop: false }`
[INFO] running `Command { std: "docker" "rm" "-f" "758e5921e75f01b2fd2bcd5b13540a243b0723e608e377fa63fb6e45f42843ea", kill_on_drop: false }`
[INFO] [stdout] 758e5921e75f01b2fd2bcd5b13540a243b0723e608e377fa63fb6e45f42843ea
