[INFO] fetching crate noria-dataflow 0.6.0...
[INFO] testing noria-dataflow-0.6.0 against nightly-2024-10-28+rustflags=-Zrandomize-layout for randomize-layout
[INFO] extracting crate noria-dataflow 0.6.0 into /workspace/builds/worker-7-tc2/source
[INFO] validating manifest of crates.io crate noria-dataflow 0.6.0 on toolchain nightly-2024-10-28
[INFO] running `Command { std: CARGO_HOME="/workspace/cargo-home" RUSTUP_HOME="/workspace/rustup-home" "/workspace/cargo-home/bin/cargo" "+nightly-2024-10-28" "metadata" "--manifest-path" "Cargo.toml" "--no-deps", kill_on_drop: false }`
[INFO] started tweaking crates.io crate noria-dataflow 0.6.0
[INFO] finished tweaking crates.io crate noria-dataflow 0.6.0
[INFO] tweaked toml for crates.io crate noria-dataflow 0.6.0 written to /workspace/builds/worker-7-tc2/source/Cargo.toml
[INFO] running `Command { std: CARGO_HOME="/workspace/cargo-home" RUSTUP_HOME="/workspace/rustup-home" "/workspace/cargo-home/bin/cargo" "+nightly-2024-10-28" "generate-lockfile" "--manifest-path" "Cargo.toml", kill_on_drop: false }`
[INFO] [stderr]     Updating crates.io index
[INFO] [stderr]      Locking 299 packages to latest compatible versions
[INFO] [stderr]       Adding ahash v0.3.8 (available: v0.8.11)
[INFO] [stderr]       Adding indexmap v1.9.3 (available: v2.6.0)
[INFO] [stderr]       Adding itertools v0.9.0 (available: v0.13.0)
[INFO] [stderr]       Adding jemallocator v0.3.2 (available: v0.5.4)
[INFO] [stderr]       Adding petgraph v0.5.1 (available: v0.6.5)
[INFO] [stderr]       Adding rand v0.7.3 (available: v0.8.5)
[INFO] [stderr]       Adding rocksdb v0.14.0 (available: v0.22.0)
[INFO] [stderr]       Adding stream-cancel v0.5.2 (available: v0.8.2)
[INFO] [stderr]       Adding tokio v0.2.25 (available: v1.41.0)
[INFO] running `Command { std: CARGO_HOME="/workspace/cargo-home" RUSTUP_HOME="/workspace/rustup-home" "/workspace/cargo-home/bin/cargo" "+nightly-2024-10-28" "fetch" "--manifest-path" "Cargo.toml", kill_on_drop: false }`
[INFO] running `Command { std: "docker" "create" "-v" "/var/lib/crater-agent-workspace/builds/worker-7-tc2/target:/opt/rustwide/target:rw,Z" "-v" "/var/lib/crater-agent-workspace/builds/worker-7-tc2/source:/opt/rustwide/workdir:ro,Z" "-v" "/var/lib/crater-agent-workspace/cargo-home:/opt/rustwide/cargo-home:ro,Z" "-v" "/var/lib/crater-agent-workspace/rustup-home:/opt/rustwide/rustup-home:ro,Z" "-e" "SOURCE_DIR=/opt/rustwide/workdir" "-e" "CARGO_TARGET_DIR=/opt/rustwide/target" "-e" "CARGO_HOME=/opt/rustwide/cargo-home" "-e" "RUSTUP_HOME=/opt/rustwide/rustup-home" "-w" "/opt/rustwide/workdir" "-m" "1610612736" "--user" "0:0" "--network" "none" "ghcr.io/rust-lang/crates-build-env/linux@sha256:4a844ea9eb2546a2d2c7022eacef16ef2e8229c7fbb2c7d4d55a9ceca922f72d" "/opt/rustwide/cargo-home/bin/cargo" "+nightly-2024-10-28" "metadata" "--no-deps" "--format-version=1", kill_on_drop: false }`
[INFO] [stdout] f2848c27b03b423b75e1901e33b0f4099eaeb1c1b401ff452838af19abee887d
[INFO] running `Command { std: "docker" "start" "-a" "f2848c27b03b423b75e1901e33b0f4099eaeb1c1b401ff452838af19abee887d", kill_on_drop: false }`
[INFO] running `Command { std: "docker" "inspect" "f2848c27b03b423b75e1901e33b0f4099eaeb1c1b401ff452838af19abee887d", kill_on_drop: false }`
[INFO] running `Command { std: "docker" "rm" "-f" "f2848c27b03b423b75e1901e33b0f4099eaeb1c1b401ff452838af19abee887d", kill_on_drop: false }`
[INFO] [stdout] f2848c27b03b423b75e1901e33b0f4099eaeb1c1b401ff452838af19abee887d
[INFO] running `Command { std: "docker" "create" "-v" "/var/lib/crater-agent-workspace/builds/worker-7-tc2/target:/opt/rustwide/target:rw,Z" "-v" "/var/lib/crater-agent-workspace/builds/worker-7-tc2/source:/opt/rustwide/workdir:ro,Z" "-v" "/var/lib/crater-agent-workspace/cargo-home:/opt/rustwide/cargo-home:ro,Z" "-v" "/var/lib/crater-agent-workspace/rustup-home:/opt/rustwide/rustup-home:ro,Z" "-e" "SOURCE_DIR=/opt/rustwide/workdir" "-e" "CARGO_TARGET_DIR=/opt/rustwide/target" "-e" "CARGO_INCREMENTAL=0" "-e" "RUST_BACKTRACE=full" "-e" "RUSTFLAGS=--cap-lints=forbid -Zrandomize-layout" "-e" "RUSTDOCFLAGS=--cap-lints=forbid" "-e" "CARGO_HOME=/opt/rustwide/cargo-home" "-e" "RUSTUP_HOME=/opt/rustwide/rustup-home" "-w" "/opt/rustwide/workdir" "-m" "1610612736" "--user" "0:0" "--network" "none" "ghcr.io/rust-lang/crates-build-env/linux@sha256:4a844ea9eb2546a2d2c7022eacef16ef2e8229c7fbb2c7d4d55a9ceca922f72d" "/opt/rustwide/cargo-home/bin/cargo" "+nightly-2024-10-28" "build" "--frozen" "--message-format=json", kill_on_drop: false }`
[INFO] [stdout] b069d2f87cceae0cde40626c215f0af632975fcf18372c6f292edabba3b75bb5
[INFO] running `Command { std: "docker" "start" "-a" "b069d2f87cceae0cde40626c215f0af632975fcf18372c6f292edabba3b75bb5", kill_on_drop: false }`
[INFO] [stderr]    Compiling proc-macro2 v1.0.89
[INFO] [stderr]    Compiling libc v0.2.161
[INFO] [stderr]    Compiling memchr v2.7.4
[INFO] [stderr]    Compiling cfg-if v0.1.10
[INFO] [stderr]    Compiling slab v0.4.9
[INFO] [stderr]    Compiling syn v1.0.109
[INFO] [stderr]    Compiling bytes v0.5.6
[INFO] [stderr]    Compiling futures-core v0.3.31
[INFO] [stderr]    Compiling fnv v1.0.7
[INFO] [stderr]    Compiling serde v1.0.214
[INFO] [stderr]    Compiling pin-project-lite v0.1.12
[INFO] [stderr]    Compiling pin-project-internal v0.4.30
[INFO] [stderr]    Compiling pin-project-lite v0.2.15
[INFO] [stderr]    Compiling futures-sink v0.3.31
[INFO] [stderr]    Compiling tower-service v0.3.3
[INFO] [stderr]    Compiling num-traits v0.2.19
[INFO] [stderr]    Compiling indexmap v1.9.3
[INFO] [stderr]    Compiling crossbeam-utils v0.7.2
[INFO] [stderr]    Compiling maybe-uninit v2.0.0
[INFO] [stderr]    Compiling regex-syntax v0.8.5
[INFO] [stderr]    Compiling aho-corasick v1.1.3
[INFO] [stderr]    Compiling tracing-core v0.1.32
[INFO] [stderr]    Compiling lazycell v1.3.0
[INFO] [stderr]    Compiling futures-task v0.3.31
[INFO] [stderr]    Compiling quote v1.0.37
[INFO] [stderr]    Compiling hashbrown v0.12.3
[INFO] [stderr]    Compiling glob v0.3.1
[INFO] [stderr]    Compiling syn v2.0.86
[INFO] [stderr]    Compiling clang-sys v1.8.1
[INFO] [stderr]    Compiling iovec v0.1.4
[INFO] [stderr]    Compiling net2 v0.2.39
[INFO] [stderr]    Compiling jobserver v0.1.32
[INFO] [stderr]    Compiling num_cpus v1.16.0
[INFO] [stderr]    Compiling mio v0.6.23
[INFO] [stderr]    Compiling cc v1.1.31
[INFO] [stderr]    Compiling getrandom v0.2.15
[INFO] [stderr]    Compiling getrandom v0.1.16
[INFO] [stderr]    Compiling mio-uds v0.6.8
[INFO] [stderr]    Compiling tokio v0.2.25
[INFO] [stderr]    Compiling regex-automata v0.4.8
[INFO] [stderr]    Compiling rand_core v0.5.1
[INFO] [stderr]    Compiling standback v0.2.17
[INFO] [stderr]    Compiling memoffset v0.5.6
[INFO] [stderr]    Compiling proc-macro-hack v0.5.20+deprecated
[INFO] [stderr]    Compiling lexical-core v0.7.6
[INFO] [stderr]    Compiling static_assertions v1.1.0
[INFO] [stderr]    Compiling crunchy v0.2.2
[INFO] [stderr]    Compiling crossbeam-epoch v0.8.2
[INFO] [stderr]    Compiling tiny-keccak v2.0.2
[INFO] [stderr]    Compiling pkg-config v0.3.31
[INFO] [stderr]    Compiling vcpkg v0.2.15
[INFO] [stderr]    Compiling minimal-lexical v0.2.1
[INFO] [stderr]    Compiling gimli v0.31.1
[INFO] [stderr]    Compiling arrayvec v0.5.2
[INFO] [stderr]    Compiling adler2 v2.0.0
[INFO] [stderr]    Compiling libz-sys v1.1.20
[INFO] [stderr]    Compiling miniz_oxide v0.8.0
[INFO] [stderr]    Compiling regex v1.11.1
[INFO] [stderr]    Compiling nom v7.1.3
[INFO] [stderr]    Compiling generic-array v0.12.4
[INFO] [stderr]    Compiling rand_pcg v0.2.1
[INFO] [stderr]    Compiling rand_core v0.6.4
[INFO] [stderr]    Compiling object v0.36.5
[INFO] [stderr]    Compiling libloading v0.8.5
[INFO] [stderr]    Compiling serde_derive v1.0.214
[INFO] [stderr]    Compiling zerocopy-derive v0.7.35
[INFO] [stderr]    Compiling futures-macro v0.3.31
[INFO] [stderr]    Compiling tracing-attributes v0.1.27
[INFO] [stderr]    Compiling addr2line v0.24.2
[INFO] [stderr]    Compiling zerocopy v0.7.35
[INFO] [stderr]    Compiling futures-util v0.3.31
[INFO] [stderr]    Compiling pin-project v0.4.30
[INFO] [stderr]    Compiling pin-project-internal v1.1.7
[INFO] [stderr]    Compiling tower-discover v0.3.0
[INFO] [stderr]    Compiling num-bigint v0.2.6
[INFO] [stderr]    Compiling bytes v1.8.0
[INFO] [stderr]    Compiling byte-tools v0.3.1
[INFO] [stderr]    Compiling unicode-xid v0.2.6
[INFO] [stderr]    Compiling bindgen v0.59.2
[INFO] [stderr]    Compiling failure_derive v0.1.8
[INFO] [stderr]    Compiling rustc-demangle v0.1.24
[INFO] [stderr]    Compiling ppv-lite86 v0.2.20
[INFO] [stderr]    Compiling tracing v0.1.40
[INFO] [stderr]    Compiling scopeguard v1.2.0
[INFO] [stderr]    Compiling const_fn v0.4.10
[INFO] [stderr]    Compiling rand_chacha v0.2.2
[INFO] [stderr]    Compiling rand_chacha v0.3.1
[INFO] [stderr]    Compiling pin-project v1.1.7
[INFO] [stderr]    Compiling rand v0.7.3
[INFO] [stderr]    Compiling http v0.2.12
[INFO] [stderr]    Compiling synstructure v0.12.6
[INFO] [stderr]    Compiling block-padding v0.1.5
[INFO] [stderr]    Compiling tower-load v0.3.0
[INFO] [stderr]    Compiling cexpr v0.6.0
[INFO] [stderr]    Compiling time-macros-impl v0.1.2
[INFO] [stderr]    Compiling backtrace v0.3.74
[INFO] [stderr]    Compiling num-integer v0.1.46
[INFO] [stderr]    Compiling nom v5.1.3
[INFO] [stderr]    Compiling time v0.2.27
[INFO] [stderr]    Compiling rustc-hash v1.1.0
[INFO] [stderr]    Compiling httparse v1.9.5
[INFO] [stderr]    Compiling peeking_take_while v0.1.2
[INFO] [stderr]    Compiling rust_decimal v1.36.0
[INFO] [stderr]    Compiling tower-layer v0.3.3
[INFO] [stderr]    Compiling serde_json v1.0.132
[INFO] [stderr]    Compiling time-macros v0.1.1
[INFO] [stderr]    Compiling const-random-macro v0.1.16
[INFO] [stderr]    Compiling block-buffer v0.7.3
[INFO] [stderr]    Compiling crossbeam-deque v0.7.4
[INFO] [stderr]    Compiling tracing-futures v0.2.5
[INFO] [stderr]    Compiling rand v0.8.5
[INFO] [stderr]    Compiling digest v0.8.1
[INFO] [stderr]    Compiling tokio-util v0.3.1
[INFO] [stderr]    Compiling crossbeam-channel v0.4.4
[INFO] [stderr]    Compiling crossbeam-queue v0.2.3
[INFO] [stderr]    Compiling crc32fast v1.4.2
[INFO] [stderr]    Compiling fs_extra v1.3.0
[INFO] [stderr]    Compiling arrayvec v0.7.6
[INFO] [stderr]    Compiling opaque-debug v0.2.3
[INFO] [stderr]    Compiling sha1_smol v1.0.1
[INFO] [stderr]    Compiling iana-time-zone v0.1.61
[INFO] [stderr]    Compiling try-lock v0.2.5
[INFO] [stderr]    Compiling slog v2.7.0
[INFO] [stderr]    Compiling fake-simd v0.1.2
[INFO] [stderr]    Compiling want v0.3.1
[INFO] [stderr]    Compiling sha2 v0.8.2
[INFO] [stderr]    Compiling jemalloc-sys v0.3.2
[INFO] [stderr]    Compiling sha1 v0.6.1
[INFO] [stderr]    Compiling crossbeam v0.7.3
[INFO] [stderr]    Compiling flate2 v1.0.34
[INFO] [stderr]    Compiling twox-hash v1.6.3
[INFO] [stderr]    Compiling failure v0.1.8
[INFO] [stderr]    Compiling h2 v0.2.7
[INFO] [stderr]    Compiling const-random v0.1.18
[INFO] [stderr]    Compiling bigdecimal v0.1.2
[INFO] [stderr]    Compiling chrono v0.4.38
[INFO] [stderr]    Compiling bincode v1.3.3
[INFO] [stderr]    Compiling tower-ready-cache v0.3.1
[INFO] [stderr]    Compiling http-body v0.3.1
[INFO] [stderr]    Compiling zookeeper_derive v0.4.1
[INFO] [stderr]    Compiling lexical v5.2.2
[INFO] [stderr]    Compiling mio-extras v2.0.6
[INFO] [stderr]    Compiling socket2 v0.3.19
[INFO] [stderr]    Compiling tower-make v0.3.0
[INFO] [stderr]    Compiling futures-channel v0.3.31
[INFO] [stderr]    Compiling uuid v0.8.2
[INFO] [stderr]    Compiling itoa v0.4.8
[INFO] [stderr]    Compiling base64 v0.12.3
[INFO] [stderr]    Compiling rustix v0.38.38
[INFO] [stderr]    Compiling httpdate v0.3.2
[INFO] [stderr]    Compiling fixedbitset v0.2.0
[INFO] [stderr]    Compiling snowflake v1.3.0
[INFO] [stderr]    Compiling petgraph v0.5.1
[INFO] [stderr]    Compiling mysql_common v0.22.2
[INFO] [stderr]    Compiling zookeeper v0.5.10
[INFO] [stderr]    Compiling tower-balance v0.3.0
[INFO] [stderr]    Compiling nom-sql v0.0.11
[INFO] [stderr]    Compiling async-bincode v0.5.1
[INFO] [stderr]    Compiling ahash v0.3.8
[INFO] [stderr]    Compiling vec_map v0.8.2
[INFO] [stderr]    Compiling arccstr v1.3.3
[INFO] [stderr]    Compiling tokio-tower v0.4.0
[INFO] [stderr]    Compiling hyper v0.13.10
[INFO] [stderr]    Compiling tower-buffer v0.3.0
[INFO] [stderr]    Compiling librocksdb-sys v6.20.3
[INFO] [stderr]    Compiling tower-limit v0.3.1
[INFO] [stderr]    Compiling assert_infrequent v0.1.0
[INFO] [stderr]    Compiling bufstream v0.1.4
[INFO] [stderr]    Compiling bitflags v2.6.0
[INFO] [stderr]    Compiling left-right v0.11.5
[INFO] [stderr]    Compiling hashbag v0.1.12
[INFO] [stderr]    Compiling smallvec v1.13.2
[INFO] [stderr]    Compiling either v1.13.0
[INFO] [stderr]    Compiling fastrand v2.1.1
[INFO] [stderr]    Compiling itertools v0.9.0
[INFO] [stderr]    Compiling evmap v11.0.0-alpha.7
[INFO] [stderr]    Compiling stream-cancel v0.5.2
[INFO] [stderr]    Compiling timekeeper v0.3.2
[INFO] [stderr]    Compiling tempfile v3.13.0
[INFO] [stderr]    Compiling noria v0.6.1
[INFO] [stdout] error[E0658]: `impl Trait` in associated types is unstable
[INFO] [stdout]   --> /opt/rustwide/cargo-home/registry/src/index.crates.io-6f17d22bba15001f/noria-0.6.1/src/controller.rs:62:19
[INFO] [stdout]    |
[INFO] [stdout] 62 |     type Future = impl Future<Output = Result<Self::Response, Self::Error>> + Send;
[INFO] [stdout]    |                   ^^^^^^^^^^^^^^^^^^^^^^^^^^^^^^^^^^^^^^^^^^^^^^^^^^^^^^^^^^^^^^^^
[INFO] [stdout]    |
[INFO] [stdout]    = note: see issue #63063 <https://github.com/rust-lang/rust/issues/63063> for more information
[INFO] [stdout]    = help: add `#![feature(impl_trait_in_assoc_type)]` to the crate attributes to enable
[INFO] [stdout]    = note: this compiler was built on 2024-10-27; consider upgrading it if it is out of date
[INFO] [stdout] 
[INFO] [stdout] 
[INFO] [stdout] error[E0658]: `impl Trait` in associated types is unstable
[INFO] [stdout]    --> /opt/rustwide/cargo-home/registry/src/index.crates.io-6f17d22bba15001f/noria-0.6.1/src/table.rs:218:19
[INFO] [stdout]     |
[INFO] [stdout] 218 |     type Future = impl Future<Output = Result<Self::Response, Self::Error>>;
[INFO] [stdout]     |                   ^^^^^^^^^^^^^^^^^^^^^^^^^^^^^^^^^^^^^^^^^^^^^^^^^^^^^^^^^
[INFO] [stdout]     |
[INFO] [stdout]     = note: see issue #63063 <https://github.com/rust-lang/rust/issues/63063> for more information
[INFO] [stdout]     = help: add `#![feature(impl_trait_in_assoc_type)]` to the crate attributes to enable
[INFO] [stdout]     = note: this compiler was built on 2024-10-27; consider upgrading it if it is out of date
[INFO] [stdout] 
[INFO] [stdout] 
[INFO] [stdout] error[E0658]: `impl Trait` in associated types is unstable
[INFO] [stdout]    --> /opt/rustwide/cargo-home/registry/src/index.crates.io-6f17d22bba15001f/noria-0.6.1/src/table.rs:589:19
[INFO] [stdout]     |
[INFO] [stdout] 589 |     type Future = impl Future<Output = Result<Tagged<()>, TableError>> + Send;
[INFO] [stdout]     |                   ^^^^^^^^^^^^^^^^^^^^^^^^^^^^^^^^^^^^^^^^^^^^^^^^^^^^^^^^^^^
[INFO] [stdout]     |
[INFO] [stdout]     = note: see issue #63063 <https://github.com/rust-lang/rust/issues/63063> for more information
[INFO] [stdout]     = help: add `#![feature(impl_trait_in_assoc_type)]` to the crate attributes to enable
[INFO] [stdout]     = note: this compiler was built on 2024-10-27; consider upgrading it if it is out of date
[INFO] [stdout] 
[INFO] [stdout] 
[INFO] [stdout] error[E0658]: `impl Trait` in associated types is unstable
[INFO] [stdout]   --> /opt/rustwide/cargo-home/registry/src/index.crates.io-6f17d22bba15001f/noria-0.6.1/src/view.rs:45:19
[INFO] [stdout]    |
[INFO] [stdout] 45 |     type Future = impl Future<Output = Result<Self::Response, Self::Error>>;
[INFO] [stdout]    |                   ^^^^^^^^^^^^^^^^^^^^^^^^^^^^^^^^^^^^^^^^^^^^^^^^^^^^^^^^^
[INFO] [stdout]    |
[INFO] [stdout]    = note: see issue #63063 <https://github.com/rust-lang/rust/issues/63063> for more information
[INFO] [stdout]    = help: add `#![feature(impl_trait_in_assoc_type)]` to the crate attributes to enable
[INFO] [stdout]    = note: this compiler was built on 2024-10-27; consider upgrading it if it is out of date
[INFO] [stdout] 
[INFO] [stdout] 
[INFO] [stdout] error[E0658]: `impl Trait` in associated types is unstable
[INFO] [stdout]    --> /opt/rustwide/cargo-home/registry/src/index.crates.io-6f17d22bba15001f/noria-0.6.1/src/view.rs:245:19
[INFO] [stdout]     |
[INFO] [stdout] 245 |     type Future = impl Future<Output = Result<Self::Response, Self::Error>> + Send;
[INFO] [stdout]     |                   ^^^^^^^^^^^^^^^^^^^^^^^^^^^^^^^^^^^^^^^^^^^^^^^^^^^^^^^^^^^^^^^^
[INFO] [stdout]     |
[INFO] [stdout]     = note: see issue #63063 <https://github.com/rust-lang/rust/issues/63063> for more information
[INFO] [stdout]     = help: add `#![feature(impl_trait_in_assoc_type)]` to the crate attributes to enable
[INFO] [stdout]     = note: this compiler was built on 2024-10-27; consider upgrading it if it is out of date
[INFO] [stdout] 
[INFO] [stdout] 
[INFO] [stdout] error[E0277]: the trait bound `for<'de> R: Deserialize<'de>` is not satisfied
[INFO] [stdout]    --> /opt/rustwide/cargo-home/registry/src/index.crates.io-6f17d22bba15001f/noria-0.6.1/src/controller.rs:370:9
[INFO] [stdout]     |
[INFO] [stdout] 370 |         finalize(fut, err)
[INFO] [stdout]     |         ^^^^^^^^^^^^^^^^^^ the trait `for<'de> Deserialize<'de>` is not implemented for `R`
[INFO] [stdout]     |
[INFO] [stdout]     = note: for local types consider adding `#[derive(serde::Deserialize)]` to your `R` type
[INFO] [stdout]     = note: for types from other crates check whether the crate offers a `serde` feature flag
[INFO] [stdout] note: required by a bound in `finalize`
[INFO] [stdout]    --> /opt/rustwide/cargo-home/registry/src/index.crates.io-6f17d22bba15001f/noria-0.6.1/src/controller.rs:189:17
[INFO] [stdout]     |
[INFO] [stdout] 184 | async fn finalize<R, E>(
[INFO] [stdout]     |          -------- required by a bound in this function
[INFO] [stdout] ...
[INFO] [stdout] 189 |     for<'de> R: Deserialize<'de>,
[INFO] [stdout]     |                 ^^^^^^^^^^^^^^^^ required by this bound in `finalize`
[INFO] [stdout] help: consider restricting type parameter `R`
[INFO] [stdout]     |
[INFO] [stdout] 179 | type RpcFuture<A, R: for<'de> _::_serde::Deserialize<'de>> = impl Future<Output = Result<R, failure::Error>>;
[INFO] [stdout]     |                    ++++++++++++++++++++++++++++++++++++++
[INFO] [stdout] 
[INFO] [stdout] 
[INFO] [stdout] error[E0277]: the trait bound `A: consensus::Authority` is not satisfied
[INFO] [stdout]    --> /opt/rustwide/cargo-home/registry/src/index.crates.io-6f17d22bba15001f/noria-0.6.1/src/controller.rs:370:9
[INFO] [stdout]     |
[INFO] [stdout] 370 |         finalize(fut, err)
[INFO] [stdout]     |         ^^^^^^^^^^^^^^^^^^ the trait `consensus::Authority` is not implemented for `A`
[INFO] [stdout]     |
[INFO] [stdout] note: required by a bound in `<Controller<A> as tower_service::Service<ControllerRequest>>`
[INFO] [stdout]    --> /opt/rustwide/cargo-home/registry/src/index.crates.io-6f17d22bba15001f/noria-0.6.1/src/controller.rs:56:18
[INFO] [stdout]     |
[INFO] [stdout] 56  |     A: 'static + Authority,
[INFO] [stdout]     |                  ^^^^^^^^^ required by this bound in `<Controller<A> as Service<ControllerRequest>>`
[INFO] [stdout] help: consider restricting type parameter `A`
[INFO] [stdout]     |
[INFO] [stdout] 179 | type RpcFuture<A: consensus::Authority, R> = impl Future<Output = Result<R, failure::Error>>;
[INFO] [stdout]     |                 ++++++++++++++++++++++
[INFO] [stdout] 
[INFO] [stdout] 
[INFO] [stdout] error: item does not constrain `view::Discover::{opaque#0}`, but has it in its signature
[INFO] [stdout]    --> /opt/rustwide/cargo-home/registry/src/index.crates.io-6f17d22bba15001f/noria-0.6.1/src/view.rs:155:12
[INFO] [stdout]     |
[INFO] [stdout] 155 |     pub fn build(
[INFO] [stdout]     |            ^^^^^
[INFO] [stdout]     |
[INFO] [stdout]     = note: consider moving the opaque type's declaration and defining uses into a separate module
[INFO] [stdout] note: this opaque type is in the signature
[INFO] [stdout]    --> /opt/rustwide/cargo-home/registry/src/index.crates.io-6f17d22bba15001f/noria-0.6.1/src/view.rs:89:17
[INFO] [stdout]     |
[INFO] [stdout] 89  |   type Discover = impl tower_discover::Discover<Key = usize, Service = InnerService, Error = tokio::io::Error>
[INFO] [stdout]     |  _________________^
[INFO] [stdout] 90  | |     + Unpin
[INFO] [stdout] 91  | |     + Send;
[INFO] [stdout]     | |__________^
[INFO] [stdout] 
[INFO] [stdout] 
[INFO] [stdout] error: item does not constrain `view::Discover::{opaque#0}`, but has it in its signature
[INFO] [stdout]    --> /opt/rustwide/cargo-home/registry/src/index.crates.io-6f17d22bba15001f/noria-0.6.1/src/view.rs:199:55
[INFO] [stdout]     |
[INFO] [stdout] 199 |         let tracer = tracing::dispatcher::get_default(|d| d.clone());
[INFO] [stdout]     |                                                       ^^^
[INFO] [stdout]     |
[INFO] [stdout]     = note: consider moving the opaque type's declaration and defining uses into a separate module
[INFO] [stdout] note: this opaque type is in the signature
[INFO] [stdout]    --> /opt/rustwide/cargo-home/registry/src/index.crates.io-6f17d22bba15001f/noria-0.6.1/src/view.rs:89:17
[INFO] [stdout]     |
[INFO] [stdout] 89  |   type Discover = impl tower_discover::Discover<Key = usize, Service = InnerService, Error = tokio::io::Error>
[INFO] [stdout]     |  _________________^
[INFO] [stdout] 90  | |     + Unpin
[INFO] [stdout] 91  | |     + Send;
[INFO] [stdout]     | |__________^
[INFO] [stdout] 
[INFO] [stdout] 
[INFO] [stdout] error: item does not constrain `view::Discover::{opaque#0}`, but has it in its signature
[INFO] [stdout]    --> /opt/rustwide/cargo-home/registry/src/index.crates.io-6f17d22bba15001f/noria-0.6.1/src/view.rs:364:12
[INFO] [stdout]     |
[INFO] [stdout] 364 |     pub fn columns(&self) -> &[String] {
[INFO] [stdout]     |            ^^^^^^^
[INFO] [stdout]     |
[INFO] [stdout]     = note: consider moving the opaque type's declaration and defining uses into a separate module
[INFO] [stdout] note: this opaque type is in the signature
[INFO] [stdout]    --> /opt/rustwide/cargo-home/registry/src/index.crates.io-6f17d22bba15001f/noria-0.6.1/src/view.rs:89:17
[INFO] [stdout]     |
[INFO] [stdout] 89  |   type Discover = impl tower_discover::Discover<Key = usize, Service = InnerService, Error = tokio::io::Error>
[INFO] [stdout]     |  _________________^
[INFO] [stdout] 90  | |     + Unpin
[INFO] [stdout] 91  | |     + Send;
[INFO] [stdout]     | |__________^
[INFO] [stdout] 
[INFO] [stdout] 
[INFO] [stdout] error: item does not constrain `view::Discover::{opaque#0}`, but has it in its signature
[INFO] [stdout]    --> /opt/rustwide/cargo-home/registry/src/index.crates.io-6f17d22bba15001f/noria-0.6.1/src/view.rs:369:12
[INFO] [stdout]     |
[INFO] [stdout] 369 |     pub fn schema(&self) -> Option<&[ColumnSpecification]> {
[INFO] [stdout]     |            ^^^^^^
[INFO] [stdout]     |
[INFO] [stdout]     = note: consider moving the opaque type's declaration and defining uses into a separate module
[INFO] [stdout] note: this opaque type is in the signature
[INFO] [stdout]    --> /opt/rustwide/cargo-home/registry/src/index.crates.io-6f17d22bba15001f/noria-0.6.1/src/view.rs:89:17
[INFO] [stdout]     |
[INFO] [stdout] 89  |   type Discover = impl tower_discover::Discover<Key = usize, Service = InnerService, Error = tokio::io::Error>
[INFO] [stdout]     |  _________________^
[INFO] [stdout] 90  | |     + Unpin
[INFO] [stdout] 91  | |     + Send;
[INFO] [stdout]     | |__________^
[INFO] [stdout] 
[INFO] [stdout] 
[INFO] [stdout] error: item does not constrain `view::Discover::{opaque#0}`, but has it in its signature
[INFO] [stdout]    --> /opt/rustwide/cargo-home/registry/src/index.crates.io-6f17d22bba15001f/noria-0.6.1/src/view.rs:376:18
[INFO] [stdout]     |
[INFO] [stdout] 376 |     pub async fn len(&mut self) -> Result<usize, ViewError> {
[INFO] [stdout]     |                  ^^^
[INFO] [stdout]     |
[INFO] [stdout]     = note: consider moving the opaque type's declaration and defining uses into a separate module
[INFO] [stdout] note: this opaque type is in the signature
[INFO] [stdout]    --> /opt/rustwide/cargo-home/registry/src/index.crates.io-6f17d22bba15001f/noria-0.6.1/src/view.rs:89:17
[INFO] [stdout]     |
[INFO] [stdout] 89  |   type Discover = impl tower_discover::Discover<Key = usize, Service = InnerService, Error = tokio::io::Error>
[INFO] [stdout]     |  _________________^
[INFO] [stdout] 90  | |     + Unpin
[INFO] [stdout] 91  | |     + Send;
[INFO] [stdout]     | |__________^
[INFO] [stdout] 
[INFO] [stdout] 
[INFO] [stdout] error: item does not constrain `view::Discover::{opaque#0}`, but has it in its signature
[INFO] [stdout]    --> /opt/rustwide/cargo-home/registry/src/index.crates.io-6f17d22bba15001f/noria-0.6.1/src/view.rs:376:61
[INFO] [stdout]     |
[INFO] [stdout] 376 |       pub async fn len(&mut self) -> Result<usize, ViewError> {
[INFO] [stdout]     |  _____________________________________________________________^
[INFO] [stdout] 377 | |         future::poll_fn(|cx| self.poll_ready(cx)).await?;
[INFO] [stdout] 378 | |
[INFO] [stdout] 379 | |         let node = self.node;
[INFO] [stdout] ...   |
[INFO] [stdout] 400 | |         Ok(nrows)
[INFO] [stdout] 401 | |     }
[INFO] [stdout]     | |_____^
[INFO] [stdout]     |
[INFO] [stdout]     = note: consider moving the opaque type's declaration and defining uses into a separate module
[INFO] [stdout] note: this opaque type is in the signature
[INFO] [stdout]    --> /opt/rustwide/cargo-home/registry/src/index.crates.io-6f17d22bba15001f/noria-0.6.1/src/view.rs:89:17
[INFO] [stdout]     |
[INFO] [stdout] 89  |   type Discover = impl tower_discover::Discover<Key = usize, Service = InnerService, Error = tokio::io::Error>
[INFO] [stdout]     |  _________________^
[INFO] [stdout] 90  | |     + Unpin
[INFO] [stdout] 91  | |     + Send;
[INFO] [stdout]     | |__________^
[INFO] [stdout] 
[INFO] [stdout] 
[INFO] [stdout] error: item does not constrain `view::Discover::{opaque#0}`, but has it in its signature
[INFO] [stdout]    --> /opt/rustwide/cargo-home/registry/src/index.crates.io-6f17d22bba15001f/noria-0.6.1/src/view.rs:377:25
[INFO] [stdout]     |
[INFO] [stdout] 377 |         future::poll_fn(|cx| self.poll_ready(cx)).await?;
[INFO] [stdout]     |                         ^^^^
[INFO] [stdout]     |
[INFO] [stdout]     = note: consider moving the opaque type's declaration and defining uses into a separate module
[INFO] [stdout] note: this opaque type is in the signature
[INFO] [stdout]    --> /opt/rustwide/cargo-home/registry/src/index.crates.io-6f17d22bba15001f/noria-0.6.1/src/view.rs:89:17
[INFO] [stdout]     |
[INFO] [stdout] 89  |   type Discover = impl tower_discover::Discover<Key = usize, Service = InnerService, Error = tokio::io::Error>
[INFO] [stdout]     |  _________________^
[INFO] [stdout] 90  | |     + Unpin
[INFO] [stdout] 91  | |     + Send;
[INFO] [stdout]     | |__________^
[INFO] [stdout] 
[INFO] [stdout] 
[INFO] [stdout] error: item does not constrain `view::Discover::{opaque#0}`, but has it in its signature
[INFO] [stdout]    --> /opt/rustwide/cargo-home/registry/src/index.crates.io-6f17d22bba15001f/noria-0.6.1/src/view.rs:384:18
[INFO] [stdout]     |
[INFO] [stdout] 384 |             .map(|(shardi, shard)| {
[INFO] [stdout]     |                  ^^^^^^^^^^^^^^^^^
[INFO] [stdout]     |
[INFO] [stdout]     = note: consider moving the opaque type's declaration and defining uses into a separate module
[INFO] [stdout] note: this opaque type is in the signature
[INFO] [stdout]    --> /opt/rustwide/cargo-home/registry/src/index.crates.io-6f17d22bba15001f/noria-0.6.1/src/view.rs:89:17
[INFO] [stdout]     |
[INFO] [stdout] 89  |   type Discover = impl tower_discover::Discover<Key = usize, Service = InnerService, Error = tokio::io::Error>
[INFO] [stdout]     |  _________________^
[INFO] [stdout] 90  | |     + Unpin
[INFO] [stdout] 91  | |     + Send;
[INFO] [stdout]     | |__________^
[INFO] [stdout] 
[INFO] [stdout] 
[INFO] [stdout] error: item does not constrain `view::Discover::{opaque#0}`, but has it in its signature
[INFO] [stdout]    --> /opt/rustwide/cargo-home/registry/src/index.crates.io-6f17d22bba15001f/noria-0.6.1/src/view.rs:408:18
[INFO] [stdout]     |
[INFO] [stdout] 408 |     pub async fn multi_lookup(
[INFO] [stdout]     |                  ^^^^^^^^^^^^
[INFO] [stdout]     |
[INFO] [stdout]     = note: consider moving the opaque type's declaration and defining uses into a separate module
[INFO] [stdout] note: this opaque type is in the signature
[INFO] [stdout]    --> /opt/rustwide/cargo-home/registry/src/index.crates.io-6f17d22bba15001f/noria-0.6.1/src/view.rs:89:17
[INFO] [stdout]     |
[INFO] [stdout] 89  |   type Discover = impl tower_discover::Discover<Key = usize, Service = InnerService, Error = tokio::io::Error>
[INFO] [stdout]     |  _________________^
[INFO] [stdout] 90  | |     + Unpin
[INFO] [stdout] 91  | |     + Send;
[INFO] [stdout]     | |__________^
[INFO] [stdout] 
[INFO] [stdout] 
[INFO] [stdout] error: item does not constrain `view::Discover::{opaque#0}`, but has it in its signature
[INFO] [stdout]    --> /opt/rustwide/cargo-home/registry/src/index.crates.io-6f17d22bba15001f/noria-0.6.1/src/view.rs:412:42
[INFO] [stdout]     |
[INFO] [stdout] 412 |       ) -> Result<Vec<Results>, ViewError> {
[INFO] [stdout]     |  __________________________________________^
[INFO] [stdout] 413 | |         future::poll_fn(|cx| self.poll_ready(cx)).await?;
[INFO] [stdout] 414 | |         self.call((keys, block)).await
[INFO] [stdout] 415 | |     }
[INFO] [stdout]     | |_____^
[INFO] [stdout]     |
[INFO] [stdout]     = note: consider moving the opaque type's declaration and defining uses into a separate module
[INFO] [stdout] note: this opaque type is in the signature
[INFO] [stdout]    --> /opt/rustwide/cargo-home/registry/src/index.crates.io-6f17d22bba15001f/noria-0.6.1/src/view.rs:89:17
[INFO] [stdout]     |
[INFO] [stdout] 89  |   type Discover = impl tower_discover::Discover<Key = usize, Service = InnerService, Error = tokio::io::Error>
[INFO] [stdout]     |  _________________^
[INFO] [stdout] 90  | |     + Unpin
[INFO] [stdout] 91  | |     + Send;
[INFO] [stdout]     | |__________^
[INFO] [stdout] 
[INFO] [stdout] 
[INFO] [stdout] error: item does not constrain `view::Discover::{opaque#0}`, but has it in its signature
[INFO] [stdout]    --> /opt/rustwide/cargo-home/registry/src/index.crates.io-6f17d22bba15001f/noria-0.6.1/src/view.rs:413:25
[INFO] [stdout]     |
[INFO] [stdout] 413 |         future::poll_fn(|cx| self.poll_ready(cx)).await?;
[INFO] [stdout]     |                         ^^^^
[INFO] [stdout]     |
[INFO] [stdout]     = note: consider moving the opaque type's declaration and defining uses into a separate module
[INFO] [stdout] note: this opaque type is in the signature
[INFO] [stdout]    --> /opt/rustwide/cargo-home/registry/src/index.crates.io-6f17d22bba15001f/noria-0.6.1/src/view.rs:89:17
[INFO] [stdout]     |
[INFO] [stdout] 89  |   type Discover = impl tower_discover::Discover<Key = usize, Service = InnerService, Error = tokio::io::Error>
[INFO] [stdout]     |  _________________^
[INFO] [stdout] 90  | |     + Unpin
[INFO] [stdout] 91  | |     + Send;
[INFO] [stdout]     | |__________^
[INFO] [stdout] 
[INFO] [stdout] 
[INFO] [stdout] error: item does not constrain `view::Discover::{opaque#0}`, but has it in its signature
[INFO] [stdout]    --> /opt/rustwide/cargo-home/registry/src/index.crates.io-6f17d22bba15001f/noria-0.6.1/src/view.rs:420:18
[INFO] [stdout]     |
[INFO] [stdout] 420 |     pub async fn lookup(&mut self, key: &[DataType], block: bool) -> Result<Results, ViewError> {
[INFO] [stdout]     |                  ^^^^^^
[INFO] [stdout]     |
[INFO] [stdout]     = note: consider moving the opaque type's declaration and defining uses into a separate module
[INFO] [stdout] note: this opaque type is in the signature
[INFO] [stdout]    --> /opt/rustwide/cargo-home/registry/src/index.crates.io-6f17d22bba15001f/noria-0.6.1/src/view.rs:89:17
[INFO] [stdout]     |
[INFO] [stdout] 89  |   type Discover = impl tower_discover::Discover<Key = usize, Service = InnerService, Error = tokio::io::Error>
[INFO] [stdout]     |  _________________^
[INFO] [stdout] 90  | |     + Unpin
[INFO] [stdout] 91  | |     + Send;
[INFO] [stdout]     | |__________^
[INFO] [stdout] 
[INFO] [stdout] 
[INFO] [stdout] error: item does not constrain `view::Discover::{opaque#0}`, but has it in its signature
[INFO] [stdout]    --> /opt/rustwide/cargo-home/registry/src/index.crates.io-6f17d22bba15001f/noria-0.6.1/src/view.rs:420:97
[INFO] [stdout]     |
[INFO] [stdout] 420 |       pub async fn lookup(&mut self, key: &[DataType], block: bool) -> Result<Results, ViewError> {
[INFO] [stdout]     |  _________________________________________________________________________________________________^
[INFO] [stdout] 421 | |         // TODO: Optimized version of this function?
[INFO] [stdout] 422 | |         let rs = self.multi_lookup(vec![Vec::from(key)], block).await?;
[INFO] [stdout] 423 | |         Ok(rs.into_iter().next().unwrap())
[INFO] [stdout] 424 | |     }
[INFO] [stdout]     | |_____^
[INFO] [stdout]     |
[INFO] [stdout]     = note: consider moving the opaque type's declaration and defining uses into a separate module
[INFO] [stdout] note: this opaque type is in the signature
[INFO] [stdout]    --> /opt/rustwide/cargo-home/registry/src/index.crates.io-6f17d22bba15001f/noria-0.6.1/src/view.rs:89:17
[INFO] [stdout]     |
[INFO] [stdout] 89  |   type Discover = impl tower_discover::Discover<Key = usize, Service = InnerService, Error = tokio::io::Error>
[INFO] [stdout]     |  _________________^
[INFO] [stdout] 90  | |     + Unpin
[INFO] [stdout] 91  | |     + Send;
[INFO] [stdout]     | |__________^
[INFO] [stdout] 
[INFO] [stdout] 
[INFO] [stdout] error: item does not constrain `view::Discover::{opaque#0}`, but has it in its signature
[INFO] [stdout]    --> /opt/rustwide/cargo-home/registry/src/index.crates.io-6f17d22bba15001f/noria-0.6.1/src/view.rs:429:18
[INFO] [stdout]     |
[INFO] [stdout] 429 |     pub async fn lookup_first(
[INFO] [stdout]     |                  ^^^^^^^^^^^^
[INFO] [stdout]     |
[INFO] [stdout]     = note: consider moving the opaque type's declaration and defining uses into a separate module
[INFO] [stdout] note: this opaque type is in the signature
[INFO] [stdout]    --> /opt/rustwide/cargo-home/registry/src/index.crates.io-6f17d22bba15001f/noria-0.6.1/src/view.rs:89:17
[INFO] [stdout]     |
[INFO] [stdout] 89  |   type Discover = impl tower_discover::Discover<Key = usize, Service = InnerService, Error = tokio::io::Error>
[INFO] [stdout]     |  _________________^
[INFO] [stdout] 90  | |     + Unpin
[INFO] [stdout] 91  | |     + Send;
[INFO] [stdout]     | |__________^
[INFO] [stdout] 
[INFO] [stdout] 
[INFO] [stdout] error: item does not constrain `view::Discover::{opaque#0}`, but has it in its signature
[INFO] [stdout]    --> /opt/rustwide/cargo-home/registry/src/index.crates.io-6f17d22bba15001f/noria-0.6.1/src/view.rs:433:41
[INFO] [stdout]     |
[INFO] [stdout] 433 |       ) -> Result<Option<Row>, ViewError> {
[INFO] [stdout]     |  _________________________________________^
[INFO] [stdout] 434 | |         // TODO: Optimized version of this function?
[INFO] [stdout] 435 | |         let rs = self.multi_lookup(vec![Vec::from(key)], block).await?;
[INFO] [stdout] 436 | |         Ok(rs.into_iter().next().unwrap().into_iter().next())
[INFO] [stdout] 437 | |     }
[INFO] [stdout]     | |_____^
[INFO] [stdout]     |
[INFO] [stdout]     = note: consider moving the opaque type's declaration and defining uses into a separate module
[INFO] [stdout] note: this opaque type is in the signature
[INFO] [stdout]    --> /opt/rustwide/cargo-home/registry/src/index.crates.io-6f17d22bba15001f/noria-0.6.1/src/view.rs:89:17
[INFO] [stdout]     |
[INFO] [stdout] 89  |   type Discover = impl tower_discover::Discover<Key = usize, Service = InnerService, Error = tokio::io::Error>
[INFO] [stdout]     |  _________________^
[INFO] [stdout] 90  | |     + Unpin
[INFO] [stdout] 91  | |     + Send;
[INFO] [stdout]     | |__________^
[INFO] [stdout] 
[INFO] [stdout] 
[INFO] [stdout] error: item does not constrain `table::Discover::{opaque#0}`, but has it in its signature
[INFO] [stdout]    --> /opt/rustwide/cargo-home/registry/src/index.crates.io-6f17d22bba15001f/noria-0.6.1/src/table.rs:335:19
[INFO] [stdout]     |
[INFO] [stdout] 335 |     pub(crate) fn build(
[INFO] [stdout]     |                   ^^^^^
[INFO] [stdout]     |
[INFO] [stdout]     = note: consider moving the opaque type's declaration and defining uses into a separate module
[INFO] [stdout] note: this opaque type is in the signature
[INFO] [stdout]    --> /opt/rustwide/cargo-home/registry/src/index.crates.io-6f17d22bba15001f/noria-0.6.1/src/table.rs:264:17
[INFO] [stdout]     |
[INFO] [stdout] 264 |   type Discover = impl tower_discover::Discover<Key = usize, Service = InnerService, Error = tokio::io::Error>
[INFO] [stdout]     |  _________________^
[INFO] [stdout] 265 | |     + Unpin
[INFO] [stdout] 266 | |     + Send;
[INFO] [stdout]     | |__________^
[INFO] [stdout] 
[INFO] [stdout] 
[INFO] [stdout] error: item does not constrain `table::Discover::{opaque#0}`, but has it in its signature
[INFO] [stdout]    --> /opt/rustwide/cargo-home/registry/src/index.crates.io-6f17d22bba15001f/noria-0.6.1/src/table.rs:373:57
[INFO] [stdout]     |
[INFO] [stdout] 373 |         let dispatch = tracing::dispatcher::get_default(|d| d.clone());
[INFO] [stdout]     |                                                         ^^^
[INFO] [stdout]     |
[INFO] [stdout]     = note: consider moving the opaque type's declaration and defining uses into a separate module
[INFO] [stdout] note: this opaque type is in the signature
[INFO] [stdout]    --> /opt/rustwide/cargo-home/registry/src/index.crates.io-6f17d22bba15001f/noria-0.6.1/src/table.rs:264:17
[INFO] [stdout]     |
[INFO] [stdout] 264 |   type Discover = impl tower_discover::Discover<Key = usize, Service = InnerService, Error = tokio::io::Error>
[INFO] [stdout]     |  _________________^
[INFO] [stdout] 265 | |     + Unpin
[INFO] [stdout] 266 | |     + Send;
[INFO] [stdout]     | |__________^
[INFO] [stdout] 
[INFO] [stdout] 
[INFO] [stdout] error: item does not constrain `table::Discover::{opaque#0}`, but has it in its signature
[INFO] [stdout]    --> /opt/rustwide/cargo-home/registry/src/index.crates.io-6f17d22bba15001f/noria-0.6.1/src/table.rs:436:8
[INFO] [stdout]     |
[INFO] [stdout] 436 |     fn input(
[INFO] [stdout]     |        ^^^^^
[INFO] [stdout]     |
[INFO] [stdout]     = note: consider moving the opaque type's declaration and defining uses into a separate module
[INFO] [stdout] note: this opaque type is in the signature
[INFO] [stdout]    --> /opt/rustwide/cargo-home/registry/src/index.crates.io-6f17d22bba15001f/noria-0.6.1/src/table.rs:264:17
[INFO] [stdout]     |
[INFO] [stdout] 264 |   type Discover = impl tower_discover::Discover<Key = usize, Service = InnerService, Error = tokio::io::Error>
[INFO] [stdout]     |  _________________^
[INFO] [stdout] 265 | |     + Unpin
[INFO] [stdout] 266 | |     + Send;
[INFO] [stdout]     | |__________^
[INFO] [stdout] 
[INFO] [stdout] 
[INFO] [stdout] error: item does not constrain `table::Discover::{opaque#0}`, but has it in its signature
[INFO] [stdout]    --> /opt/rustwide/cargo-home/registry/src/index.crates.io-6f17d22bba15001f/noria-0.6.1/src/table.rs:450:29
[INFO] [stdout]     |
[INFO] [stdout] 450 |         let immediate_err = || {
[INFO] [stdout]     |                             ^^
[INFO] [stdout]     |
[INFO] [stdout]     = note: consider moving the opaque type's declaration and defining uses into a separate module
[INFO] [stdout] note: this opaque type is in the signature
[INFO] [stdout]    --> /opt/rustwide/cargo-home/registry/src/index.crates.io-6f17d22bba15001f/noria-0.6.1/src/table.rs:264:17
[INFO] [stdout]     |
[INFO] [stdout] 264 |   type Discover = impl tower_discover::Discover<Key = usize, Service = InnerService, Error = tokio::io::Error>
[INFO] [stdout]     |  _________________^
[INFO] [stdout] 265 | |     + Unpin
[INFO] [stdout] 266 | |     + Send;
[INFO] [stdout]     | |__________^
[INFO] [stdout] 
[INFO] [stdout] 
[INFO] [stdout] error: item does not constrain `table::Discover::{opaque#0}`, but has it in its signature
[INFO] [stdout]    --> /opt/rustwide/cargo-home/registry/src/index.crates.io-6f17d22bba15001f/noria-0.6.1/src/table.rs:497:41
[INFO] [stdout]     |
[INFO] [stdout] 497 |             return future::Either::Left(async move { Err(e) });
[INFO] [stdout]     |                                         ^^^^^^^^^^
[INFO] [stdout]     |
[INFO] [stdout]     = note: consider moving the opaque type's declaration and defining uses into a separate module
[INFO] [stdout] note: this opaque type is in the signature
[INFO] [stdout]    --> /opt/rustwide/cargo-home/registry/src/index.crates.io-6f17d22bba15001f/noria-0.6.1/src/table.rs:264:17
[INFO] [stdout]     |
[INFO] [stdout] 264 |   type Discover = impl tower_discover::Discover<Key = usize, Service = InnerService, Error = tokio::io::Error>
[INFO] [stdout]     |  _________________^
[INFO] [stdout] 265 | |     + Unpin
[INFO] [stdout] 266 | |     + Send;
[INFO] [stdout]     | |__________^
[INFO] [stdout] 
[INFO] [stdout] 
[INFO] [stdout] error: item does not constrain `table::Discover::{opaque#0}`, but has it in its signature
[INFO] [stdout]    --> /opt/rustwide/cargo-home/registry/src/index.crates.io-6f17d22bba15001f/noria-0.6.1/src/table.rs:508:13
[INFO] [stdout]     |
[INFO] [stdout] 508 |             tracing::trace!("submit request");
[INFO] [stdout]     |             ^^^^^^^^^^^^^^^^^^^^^^^^^^^^^^^^^
[INFO] [stdout]     |
[INFO] [stdout]     = note: consider moving the opaque type's declaration and defining uses into a separate module
[INFO] [stdout] note: this opaque type is in the signature
[INFO] [stdout]    --> /opt/rustwide/cargo-home/registry/src/index.crates.io-6f17d22bba15001f/noria-0.6.1/src/table.rs:264:17
[INFO] [stdout]     |
[INFO] [stdout] 264 |   type Discover = impl tower_discover::Discover<Key = usize, Service = InnerService, Error = tokio::io::Error>
[INFO] [stdout]     |  _________________^
[INFO] [stdout] 265 | |     + Unpin
[INFO] [stdout] 266 | |     + Send;
[INFO] [stdout]     | |__________^
[INFO] [stdout]     = note: this error originates in the macro `$crate::event` which comes from the expansion of the macro `tracing::trace` (in Nightly builds, run with -Z macro-backtrace for more info)
[INFO] [stdout] 
[INFO] [stdout] 
[INFO] [stdout] error: item does not constrain `table::Discover::{opaque#0}`, but has it in its signature
[INFO] [stdout]    --> /opt/rustwide/cargo-home/registry/src/index.crates.io-6f17d22bba15001f/noria-0.6.1/src/table.rs:523:13
[INFO] [stdout]     |
[INFO] [stdout] 523 |             tracing::trace!("shard request");
[INFO] [stdout]     |             ^^^^^^^^^^^^^^^^^^^^^^^^^^^^^^^^
[INFO] [stdout]     |
[INFO] [stdout]     = note: consider moving the opaque type's declaration and defining uses into a separate module
[INFO] [stdout] note: this opaque type is in the signature
[INFO] [stdout]    --> /opt/rustwide/cargo-home/registry/src/index.crates.io-6f17d22bba15001f/noria-0.6.1/src/table.rs:264:17
[INFO] [stdout]     |
[INFO] [stdout] 264 |   type Discover = impl tower_discover::Discover<Key = usize, Service = InnerService, Error = tokio::io::Error>
[INFO] [stdout]     |  _________________^
[INFO] [stdout] 265 | |     + Unpin
[INFO] [stdout] 266 | |     + Send;
[INFO] [stdout]     | |__________^
[INFO] [stdout]     = note: this error originates in the macro `$crate::event` which comes from the expansion of the macro `tracing::trace` (in Nightly builds, run with -Z macro-backtrace for more info)
[INFO] [stdout] 
[INFO] [stdout] 
[INFO] [stdout] error: item does not constrain `table::Discover::{opaque#0}`, but has it in its signature
[INFO] [stdout]    --> /opt/rustwide/cargo-home/registry/src/index.crates.io-6f17d22bba15001f/noria-0.6.1/src/table.rs:563:21
[INFO] [stdout]     |
[INFO] [stdout] 563 |                     tracing::trace!("submit request shard");
[INFO] [stdout]     |                     ^^^^^^^^^^^^^^^^^^^^^^^^^^^^^^^^^^^^^^^
[INFO] [stdout]     |
[INFO] [stdout]     = note: consider moving the opaque type's declaration and defining uses into a separate module
[INFO] [stdout] note: this opaque type is in the signature
[INFO] [stdout]    --> /opt/rustwide/cargo-home/registry/src/index.crates.io-6f17d22bba15001f/noria-0.6.1/src/table.rs:264:17
[INFO] [stdout]     |
[INFO] [stdout] 264 |   type Discover = impl tower_discover::Discover<Key = usize, Service = InnerService, Error = tokio::io::Error>
[INFO] [stdout]     |  _________________^
[INFO] [stdout] 265 | |     + Unpin
[INFO] [stdout] 266 | |     + Send;
[INFO] [stdout]     | |__________^
[INFO] [stdout]     = note: this error originates in the macro `$crate::event` which comes from the expansion of the macro `tracing::trace` (in Nightly builds, run with -Z macro-backtrace for more info)
[INFO] [stdout] 
[INFO] [stdout] 
[INFO] [stdout] error: item does not constrain `table::Discover::{opaque#0}`, but has it in its signature
[INFO] [stdout]    --> /opt/rustwide/cargo-home/registry/src/index.crates.io-6f17d22bba15001f/noria-0.6.1/src/table.rs:576:35
[INFO] [stdout]     |
[INFO] [stdout] 576 |                     .try_for_each(|_| async { Ok(()) })
[INFO] [stdout]     |                                   ^^^
[INFO] [stdout]     |
[INFO] [stdout]     = note: consider moving the opaque type's declaration and defining uses into a separate module
[INFO] [stdout] note: this opaque type is in the signature
[INFO] [stdout]    --> /opt/rustwide/cargo-home/registry/src/index.crates.io-6f17d22bba15001f/noria-0.6.1/src/table.rs:264:17
[INFO] [stdout]     |
[INFO] [stdout] 264 |   type Discover = impl tower_discover::Discover<Key = usize, Service = InnerService, Error = tokio::io::Error>
[INFO] [stdout]     |  _________________^
[INFO] [stdout] 265 | |     + Unpin
[INFO] [stdout] 266 | |     + Send;
[INFO] [stdout]     | |__________^
[INFO] [stdout] 
[INFO] [stdout] 
[INFO] [stdout] error: item does not constrain `table::Discover::{opaque#0}`, but has it in its signature
[INFO] [stdout]    --> /opt/rustwide/cargo-home/registry/src/index.crates.io-6f17d22bba15001f/noria-0.6.1/src/table.rs:576:39
[INFO] [stdout]     |
[INFO] [stdout] 576 |                     .try_for_each(|_| async { Ok(()) })
[INFO] [stdout]     |                                       ^^^^^
[INFO] [stdout]     |
[INFO] [stdout]     = note: consider moving the opaque type's declaration and defining uses into a separate module
[INFO] [stdout] note: this opaque type is in the signature
[INFO] [stdout]    --> /opt/rustwide/cargo-home/registry/src/index.crates.io-6f17d22bba15001f/noria-0.6.1/src/table.rs:264:17
[INFO] [stdout]     |
[INFO] [stdout] 264 |   type Discover = impl tower_discover::Discover<Key = usize, Service = InnerService, Error = tokio::io::Error>
[INFO] [stdout]     |  _________________^
[INFO] [stdout] 265 | |     + Unpin
[INFO] [stdout] 266 | |     + Send;
[INFO] [stdout]     | |__________^
[INFO] [stdout] 
[INFO] [stdout] 
[INFO] [stdout] error: item does not constrain `table::Discover::{opaque#0}`, but has it in its signature
[INFO] [stdout]    --> /opt/rustwide/cargo-home/registry/src/index.crates.io-6f17d22bba15001f/noria-0.6.1/src/table.rs:608:12
[INFO] [stdout]     |
[INFO] [stdout] 608 |     pub fn table_name(&self) -> &str {
[INFO] [stdout]     |            ^^^^^^^^^^
[INFO] [stdout]     |
[INFO] [stdout]     = note: consider moving the opaque type's declaration and defining uses into a separate module
[INFO] [stdout] note: this opaque type is in the signature
[INFO] [stdout]    --> /opt/rustwide/cargo-home/registry/src/index.crates.io-6f17d22bba15001f/noria-0.6.1/src/table.rs:264:17
[INFO] [stdout]     |
[INFO] [stdout] 264 |   type Discover = impl tower_discover::Discover<Key = usize, Service = InnerService, Error = tokio::io::Error>
[INFO] [stdout]     |  _________________^
[INFO] [stdout] 265 | |     + Unpin
[INFO] [stdout] 266 | |     + Send;
[INFO] [stdout]     | |__________^
[INFO] [stdout] 
[INFO] [stdout] 
[INFO] [stdout] error: item does not constrain `table::Discover::{opaque#0}`, but has it in its signature
[INFO] [stdout]    --> /opt/rustwide/cargo-home/registry/src/index.crates.io-6f17d22bba15001f/noria-0.6.1/src/table.rs:613:12
[INFO] [stdout]     |
[INFO] [stdout] 613 |     pub fn i_promise_dst_is_same_process(&mut self) {
[INFO] [stdout]     |            ^^^^^^^^^^^^^^^^^^^^^^^^^^^^^
[INFO] [stdout]     |
[INFO] [stdout]     = note: consider moving the opaque type's declaration and defining uses into a separate module
[INFO] [stdout] note: this opaque type is in the signature
[INFO] [stdout]    --> /opt/rustwide/cargo-home/registry/src/index.crates.io-6f17d22bba15001f/noria-0.6.1/src/table.rs:264:17
[INFO] [stdout]     |
[INFO] [stdout] 264 |   type Discover = impl tower_discover::Discover<Key = usize, Service = InnerService, Error = tokio::io::Error>
[INFO] [stdout]     |  _________________^
[INFO] [stdout] 265 | |     + Unpin
[INFO] [stdout] 266 | |     + Send;
[INFO] [stdout]     | |__________^
[INFO] [stdout] 
[INFO] [stdout] 
[INFO] [stdout] error: item does not constrain `table::Discover::{opaque#0}`, but has it in its signature
[INFO] [stdout]    --> /opt/rustwide/cargo-home/registry/src/index.crates.io-6f17d22bba15001f/noria-0.6.1/src/table.rs:621:12
[INFO] [stdout]     |
[INFO] [stdout] 621 |     pub fn columns(&self) -> &[String] {
[INFO] [stdout]     |            ^^^^^^^
[INFO] [stdout]     |
[INFO] [stdout]     = note: consider moving the opaque type's declaration and defining uses into a separate module
[INFO] [stdout] note: this opaque type is in the signature
[INFO] [stdout]    --> /opt/rustwide/cargo-home/registry/src/index.crates.io-6f17d22bba15001f/noria-0.6.1/src/table.rs:264:17
[INFO] [stdout]     |
[INFO] [stdout] 264 |   type Discover = impl tower_discover::Discover<Key = usize, Service = InnerService, Error = tokio::io::Error>
[INFO] [stdout]     |  _________________^
[INFO] [stdout] 265 | |     + Unpin
[INFO] [stdout] 266 | |     + Send;
[INFO] [stdout]     | |__________^
[INFO] [stdout] 
[INFO] [stdout] 
[INFO] [stdout] error: item does not constrain `table::Discover::{opaque#0}`, but has it in its signature
[INFO] [stdout]    --> /opt/rustwide/cargo-home/registry/src/index.crates.io-6f17d22bba15001f/noria-0.6.1/src/table.rs:629:12
[INFO] [stdout]     |
[INFO] [stdout] 629 |     pub fn schema(&self) -> Option<&CreateTableStatement> {
[INFO] [stdout]     |            ^^^^^^
[INFO] [stdout]     |
[INFO] [stdout]     = note: consider moving the opaque type's declaration and defining uses into a separate module
[INFO] [stdout] note: this opaque type is in the signature
[INFO] [stdout]    --> /opt/rustwide/cargo-home/registry/src/index.crates.io-6f17d22bba15001f/noria-0.6.1/src/table.rs:264:17
[INFO] [stdout]     |
[INFO] [stdout] 264 |   type Discover = impl tower_discover::Discover<Key = usize, Service = InnerService, Error = tokio::io::Error>
[INFO] [stdout]     |  _________________^
[INFO] [stdout] 265 | |     + Unpin
[INFO] [stdout] 266 | |     + Send;
[INFO] [stdout]     | |__________^
[INFO] [stdout] 
[INFO] [stdout] 
[INFO] [stdout] error: item does not constrain `table::Discover::{opaque#0}`, but has it in its signature
[INFO] [stdout]    --> /opt/rustwide/cargo-home/registry/src/index.crates.io-6f17d22bba15001f/noria-0.6.1/src/table.rs:633:8
[INFO] [stdout]     |
[INFO] [stdout] 633 |     fn inject_dropped_cols(&self, r: &mut TableOperation) {
[INFO] [stdout]     |        ^^^^^^^^^^^^^^^^^^^
[INFO] [stdout]     |
[INFO] [stdout]     = note: consider moving the opaque type's declaration and defining uses into a separate module
[INFO] [stdout] note: this opaque type is in the signature
[INFO] [stdout]    --> /opt/rustwide/cargo-home/registry/src/index.crates.io-6f17d22bba15001f/noria-0.6.1/src/table.rs:264:17
[INFO] [stdout]     |
[INFO] [stdout] 264 |   type Discover = impl tower_discover::Discover<Key = usize, Service = InnerService, Error = tokio::io::Error>
[INFO] [stdout]     |  _________________^
[INFO] [stdout] 265 | |     + Unpin
[INFO] [stdout] 266 | |     + Send;
[INFO] [stdout]     | |__________^
[INFO] [stdout] 
[INFO] [stdout] 
[INFO] [stdout] error: item does not constrain `table::Discover::{opaque#0}`, but has it in its signature
[INFO] [stdout]    --> /opt/rustwide/cargo-home/registry/src/index.crates.io-6f17d22bba15001f/noria-0.6.1/src/table.rs:719:8
[INFO] [stdout]     |
[INFO] [stdout] 719 |     fn prep_records(&self, mut ops: Vec<TableOperation>) -> Input {
[INFO] [stdout]     |        ^^^^^^^^^^^^
[INFO] [stdout]     |
[INFO] [stdout]     = note: consider moving the opaque type's declaration and defining uses into a separate module
[INFO] [stdout] note: this opaque type is in the signature
[INFO] [stdout]    --> /opt/rustwide/cargo-home/registry/src/index.crates.io-6f17d22bba15001f/noria-0.6.1/src/table.rs:264:17
[INFO] [stdout]     |
[INFO] [stdout] 264 |   type Discover = impl tower_discover::Discover<Key = usize, Service = InnerService, Error = tokio::io::Error>
[INFO] [stdout]     |  _________________^
[INFO] [stdout] 265 | |     + Unpin
[INFO] [stdout] 266 | |     + Send;
[INFO] [stdout]     | |__________^
[INFO] [stdout] 
[INFO] [stdout] 
[INFO] [stdout] error: item does not constrain `table::Discover::{opaque#0}`, but has it in its signature
[INFO] [stdout]    --> /opt/rustwide/cargo-home/registry/src/index.crates.io-6f17d22bba15001f/noria-0.6.1/src/table.rs:730:14
[INFO] [stdout]     |
[INFO] [stdout] 730 |     async fn quick_n_dirty<Request, R>(
[INFO] [stdout]     |              ^^^^^^^^^^^^^
[INFO] [stdout]     |
[INFO] [stdout]     = note: consider moving the opaque type's declaration and defining uses into a separate module
[INFO] [stdout] note: this opaque type is in the signature
[INFO] [stdout]    --> /opt/rustwide/cargo-home/registry/src/index.crates.io-6f17d22bba15001f/noria-0.6.1/src/table.rs:264:17
[INFO] [stdout]     |
[INFO] [stdout] 264 |   type Discover = impl tower_discover::Discover<Key = usize, Service = InnerService, Error = tokio::io::Error>
[INFO] [stdout]     |  _________________^
[INFO] [stdout] 265 | |     + Unpin
[INFO] [stdout] 266 | |     + Send;
[INFO] [stdout]     | |__________^
[INFO] [stdout] 
[INFO] [stdout] 
[INFO] [stdout] error: item does not constrain `table::Discover::{opaque#0}`, but has it in its signature
[INFO] [stdout]    --> /opt/rustwide/cargo-home/registry/src/index.crates.io-6f17d22bba15001f/noria-0.6.1/src/table.rs:737:5
[INFO] [stdout]     |
[INFO] [stdout] 737 | /     {
[INFO] [stdout] 738 | |         future::poll_fn(|cx| self.poll_ready(cx)).await?;
[INFO] [stdout] 739 | |         Ok(self.call(r).await?.v)
[INFO] [stdout] 740 | |     }
[INFO] [stdout]     | |_____^
[INFO] [stdout]     |
[INFO] [stdout]     = note: consider moving the opaque type's declaration and defining uses into a separate module
[INFO] [stdout] note: this opaque type is in the signature
[INFO] [stdout]    --> /opt/rustwide/cargo-home/registry/src/index.crates.io-6f17d22bba15001f/noria-0.6.1/src/table.rs:264:17
[INFO] [stdout]     |
[INFO] [stdout] 264 |   type Discover = impl tower_discover::Discover<Key = usize, Service = InnerService, Error = tokio::io::Error>
[INFO] [stdout]     |  _________________^
[INFO] [stdout] 265 | |     + Unpin
[INFO] [stdout] 266 | |     + Send;
[INFO] [stdout]     | |__________^
[INFO] [stdout] 
[INFO] [stdout] 
[INFO] [stdout] error: item does not constrain `table::Discover::{opaque#0}`, but has it in its signature
[INFO] [stdout]    --> /opt/rustwide/cargo-home/registry/src/index.crates.io-6f17d22bba15001f/noria-0.6.1/src/table.rs:738:25
[INFO] [stdout]     |
[INFO] [stdout] 738 |         future::poll_fn(|cx| self.poll_ready(cx)).await?;
[INFO] [stdout]     |                         ^^^^
[INFO] [stdout]     |
[INFO] [stdout]     = note: consider moving the opaque type's declaration and defining uses into a separate module
[INFO] [stdout] note: this opaque type is in the signature
[INFO] [stdout]    --> /opt/rustwide/cargo-home/registry/src/index.crates.io-6f17d22bba15001f/noria-0.6.1/src/table.rs:264:17
[INFO] [stdout]     |
[INFO] [stdout] 264 |   type Discover = impl tower_discover::Discover<Key = usize, Service = InnerService, Error = tokio::io::Error>
[INFO] [stdout]     |  _________________^
[INFO] [stdout] 265 | |     + Unpin
[INFO] [stdout] 266 | |     + Send;
[INFO] [stdout]     | |__________^
[INFO] [stdout] 
[INFO] [stdout] 
[INFO] [stdout] error: item does not constrain `table::Discover::{opaque#0}`, but has it in its signature
[INFO] [stdout]    --> /opt/rustwide/cargo-home/registry/src/index.crates.io-6f17d22bba15001f/noria-0.6.1/src/table.rs:743:18
[INFO] [stdout]     |
[INFO] [stdout] 743 |     pub async fn insert<V>(&mut self, u: V) -> Result<(), TableError>
[INFO] [stdout]     |                  ^^^^^^
[INFO] [stdout]     |
[INFO] [stdout]     = note: consider moving the opaque type's declaration and defining uses into a separate module
[INFO] [stdout] note: this opaque type is in the signature
[INFO] [stdout]    --> /opt/rustwide/cargo-home/registry/src/index.crates.io-6f17d22bba15001f/noria-0.6.1/src/table.rs:264:17
[INFO] [stdout]     |
[INFO] [stdout] 264 |   type Discover = impl tower_discover::Discover<Key = usize, Service = InnerService, Error = tokio::io::Error>
[INFO] [stdout]     |  _________________^
[INFO] [stdout] 265 | |     + Unpin
[INFO] [stdout] 266 | |     + Send;
[INFO] [stdout]     | |__________^
[INFO] [stdout] 
[INFO] [stdout] 
[INFO] [stdout] error: item does not constrain `table::Discover::{opaque#0}`, but has it in its signature
[INFO] [stdout]    --> /opt/rustwide/cargo-home/registry/src/index.crates.io-6f17d22bba15001f/noria-0.6.1/src/table.rs:746:5
[INFO] [stdout]     |
[INFO] [stdout] 746 | /     {
[INFO] [stdout] 747 | |         self.quick_n_dirty(vec![TableOperation::Insert(u.into())])
[INFO] [stdout] 748 | |             .await
[INFO] [stdout] 749 | |     }
[INFO] [stdout]     | |_____^
[INFO] [stdout]     |
[INFO] [stdout]     = note: consider moving the opaque type's declaration and defining uses into a separate module
[INFO] [stdout] note: this opaque type is in the signature
[INFO] [stdout]    --> /opt/rustwide/cargo-home/registry/src/index.crates.io-6f17d22bba15001f/noria-0.6.1/src/table.rs:264:17
[INFO] [stdout]     |
[INFO] [stdout] 264 |   type Discover = impl tower_discover::Discover<Key = usize, Service = InnerService, Error = tokio::io::Error>
[INFO] [stdout]     |  _________________^
[INFO] [stdout] 265 | |     + Unpin
[INFO] [stdout] 266 | |     + Send;
[INFO] [stdout]     | |__________^
[INFO] [stdout] 
[INFO] [stdout] 
[INFO] [stdout] error: item does not constrain `table::Discover::{opaque#0}`, but has it in its signature
[INFO] [stdout]    --> /opt/rustwide/cargo-home/registry/src/index.crates.io-6f17d22bba15001f/noria-0.6.1/src/table.rs:752:18
[INFO] [stdout]     |
[INFO] [stdout] 752 |     pub async fn perform_all<I, V>(&mut self, i: I) -> Result<(), TableError>
[INFO] [stdout]     |                  ^^^^^^^^^^^
[INFO] [stdout]     |
[INFO] [stdout]     = note: consider moving the opaque type's declaration and defining uses into a separate module
[INFO] [stdout] note: this opaque type is in the signature
[INFO] [stdout]    --> /opt/rustwide/cargo-home/registry/src/index.crates.io-6f17d22bba15001f/noria-0.6.1/src/table.rs:264:17
[INFO] [stdout]     |
[INFO] [stdout] 264 |   type Discover = impl tower_discover::Discover<Key = usize, Service = InnerService, Error = tokio::io::Error>
[INFO] [stdout]     |  _________________^
[INFO] [stdout] 265 | |     + Unpin
[INFO] [stdout] 266 | |     + Send;
[INFO] [stdout]     | |__________^
[INFO] [stdout] 
[INFO] [stdout] 
[INFO] [stdout] error: item does not constrain `table::Discover::{opaque#0}`, but has it in its signature
[INFO] [stdout]    --> /opt/rustwide/cargo-home/registry/src/index.crates.io-6f17d22bba15001f/noria-0.6.1/src/table.rs:756:5
[INFO] [stdout]     |
[INFO] [stdout] 756 | /     {
[INFO] [stdout] 757 | |         self.quick_n_dirty(i.into_iter().map(Into::into).collect::<Vec<_>>())
[INFO] [stdout] 758 | |             .await
[INFO] [stdout] 759 | |     }
[INFO] [stdout]     | |_____^
[INFO] [stdout]     |
[INFO] [stdout]     = note: consider moving the opaque type's declaration and defining uses into a separate module
[INFO] [stdout] note: this opaque type is in the signature
[INFO] [stdout]    --> /opt/rustwide/cargo-home/registry/src/index.crates.io-6f17d22bba15001f/noria-0.6.1/src/table.rs:264:17
[INFO] [stdout]     |
[INFO] [stdout] 264 |   type Discover = impl tower_discover::Discover<Key = usize, Service = InnerService, Error = tokio::io::Error>
[INFO] [stdout]     |  _________________^
[INFO] [stdout] 265 | |     + Unpin
[INFO] [stdout] 266 | |     + Send;
[INFO] [stdout]     | |__________^
[INFO] [stdout] 
[INFO] [stdout] 
[INFO] [stdout] error: item does not constrain `table::Discover::{opaque#0}`, but has it in its signature
[INFO] [stdout]    --> /opt/rustwide/cargo-home/registry/src/index.crates.io-6f17d22bba15001f/noria-0.6.1/src/table.rs:762:18
[INFO] [stdout]     |
[INFO] [stdout] 762 |     pub async fn delete<I>(&mut self, key: I) -> Result<(), TableError>
[INFO] [stdout]     |                  ^^^^^^
[INFO] [stdout]     |
[INFO] [stdout]     = note: consider moving the opaque type's declaration and defining uses into a separate module
[INFO] [stdout] note: this opaque type is in the signature
[INFO] [stdout]    --> /opt/rustwide/cargo-home/registry/src/index.crates.io-6f17d22bba15001f/noria-0.6.1/src/table.rs:264:17
[INFO] [stdout]     |
[INFO] [stdout] 264 |   type Discover = impl tower_discover::Discover<Key = usize, Service = InnerService, Error = tokio::io::Error>
[INFO] [stdout]     |  _________________^
[INFO] [stdout] 265 | |     + Unpin
[INFO] [stdout] 266 | |     + Send;
[INFO] [stdout]     | |__________^
[INFO] [stdout] 
[INFO] [stdout] 
[INFO] [stdout] error: item does not constrain `table::Discover::{opaque#0}`, but has it in its signature
[INFO] [stdout]    --> /opt/rustwide/cargo-home/registry/src/index.crates.io-6f17d22bba15001f/noria-0.6.1/src/table.rs:765:5
[INFO] [stdout]     |
[INFO] [stdout] 765 | /     {
[INFO] [stdout] 766 | |         self.quick_n_dirty(vec![TableOperation::Delete { key: key.into() }])
[INFO] [stdout] 767 | |             .await
[INFO] [stdout] 768 | |     }
[INFO] [stdout]     | |_____^
[INFO] [stdout]     |
[INFO] [stdout]     = note: consider moving the opaque type's declaration and defining uses into a separate module
[INFO] [stdout] note: this opaque type is in the signature
[INFO] [stdout]    --> /opt/rustwide/cargo-home/registry/src/index.crates.io-6f17d22bba15001f/noria-0.6.1/src/table.rs:264:17
[INFO] [stdout]     |
[INFO] [stdout] 264 |   type Discover = impl tower_discover::Discover<Key = usize, Service = InnerService, Error = tokio::io::Error>
[INFO] [stdout]     |  _________________^
[INFO] [stdout] 265 | |     + Unpin
[INFO] [stdout] 266 | |     + Send;
[INFO] [stdout]     | |__________^
[INFO] [stdout] 
[INFO] [stdout] 
[INFO] [stdout] error: item does not constrain `table::Discover::{opaque#0}`, but has it in its signature
[INFO] [stdout]    --> /opt/rustwide/cargo-home/registry/src/index.crates.io-6f17d22bba15001f/noria-0.6.1/src/table.rs:774:18
[INFO] [stdout]     |
[INFO] [stdout] 774 |     pub async fn update<V>(&mut self, key: Vec<DataType>, u: V) -> Result<(), TableError>
[INFO] [stdout]     |                  ^^^^^^
[INFO] [stdout]     |
[INFO] [stdout]     = note: consider moving the opaque type's declaration and defining uses into a separate module
[INFO] [stdout] note: this opaque type is in the signature
[INFO] [stdout]    --> /opt/rustwide/cargo-home/registry/src/index.crates.io-6f17d22bba15001f/noria-0.6.1/src/table.rs:264:17
[INFO] [stdout]     |
[INFO] [stdout] 264 |   type Discover = impl tower_discover::Discover<Key = usize, Service = InnerService, Error = tokio::io::Error>
[INFO] [stdout]     |  _________________^
[INFO] [stdout] 265 | |     + Unpin
[INFO] [stdout] 266 | |     + Send;
[INFO] [stdout]     | |__________^
[INFO] [stdout] 
[INFO] [stdout] 
[INFO] [stdout] error: item does not constrain `table::Discover::{opaque#0}`, but has it in its signature
[INFO] [stdout]    --> /opt/rustwide/cargo-home/registry/src/index.crates.io-6f17d22bba15001f/noria-0.6.1/src/table.rs:777:5
[INFO] [stdout]     |
[INFO] [stdout] 777 | /     {
[INFO] [stdout] 778 | |         assert!(
[INFO] [stdout] 779 | |             !self.key.is_empty() && self.key_is_primary,
[INFO] [stdout] 780 | |             "update operations can only be applied to base nodes with key columns"
[INFO] [stdout] ...   |
[INFO] [stdout] 792 | |             .await
[INFO] [stdout] 793 | |     }
[INFO] [stdout]     | |_____^
[INFO] [stdout]     |
[INFO] [stdout]     = note: consider moving the opaque type's declaration and defining uses into a separate module
[INFO] [stdout] note: this opaque type is in the signature
[INFO] [stdout]    --> /opt/rustwide/cargo-home/registry/src/index.crates.io-6f17d22bba15001f/noria-0.6.1/src/table.rs:264:17
[INFO] [stdout]     |
[INFO] [stdout] 264 |   type Discover = impl tower_discover::Discover<Key = usize, Service = InnerService, Error = tokio::io::Error>
[INFO] [stdout]     |  _________________^
[INFO] [stdout] 265 | |     + Unpin
[INFO] [stdout] 266 | |     + Send;
[INFO] [stdout]     | |__________^
[INFO] [stdout] 
[INFO] [stdout] 
[INFO] [stdout] error: item does not constrain `table::Discover::{opaque#0}`, but has it in its signature
[INFO] [stdout]    --> /opt/rustwide/cargo-home/registry/src/index.crates.io-6f17d22bba15001f/noria-0.6.1/src/table.rs:799:18
[INFO] [stdout]     |
[INFO] [stdout] 799 |     pub async fn insert_or_update<V>(
[INFO] [stdout]     |                  ^^^^^^^^^^^^^^^^
[INFO] [stdout]     |
[INFO] [stdout]     = note: consider moving the opaque type's declaration and defining uses into a separate module
[INFO] [stdout] note: this opaque type is in the signature
[INFO] [stdout]    --> /opt/rustwide/cargo-home/registry/src/index.crates.io-6f17d22bba15001f/noria-0.6.1/src/table.rs:264:17
[INFO] [stdout]     |
[INFO] [stdout] 264 |   type Discover = impl tower_discover::Discover<Key = usize, Service = InnerService, Error = tokio::io::Error>
[INFO] [stdout]     |  _________________^
[INFO] [stdout] 265 | |     + Unpin
[INFO] [stdout] 266 | |     + Send;
[INFO] [stdout]     | |__________^
[INFO] [stdout] 
[INFO] [stdout] 
[INFO] [stdout] error: item does not constrain `table::Discover::{opaque#0}`, but has it in its signature
[INFO] [stdout]    --> /opt/rustwide/cargo-home/registry/src/index.crates.io-6f17d22bba15001f/noria-0.6.1/src/table.rs:806:5
[INFO] [stdout]     |
[INFO] [stdout] 806 | /     {
[INFO] [stdout] 807 | |         assert!(
[INFO] [stdout] 808 | |             !self.key.is_empty() && self.key_is_primary,
[INFO] [stdout] 809 | |             "update operations can only be applied to base nodes with key columns"
[INFO] [stdout] ...   |
[INFO] [stdout] 824 | |         .await
[INFO] [stdout] 825 | |     }
[INFO] [stdout]     | |_____^
[INFO] [stdout]     |
[INFO] [stdout]     = note: consider moving the opaque type's declaration and defining uses into a separate module
[INFO] [stdout] note: this opaque type is in the signature
[INFO] [stdout]    --> /opt/rustwide/cargo-home/registry/src/index.crates.io-6f17d22bba15001f/noria-0.6.1/src/table.rs:264:17
[INFO] [stdout]     |
[INFO] [stdout] 264 |   type Discover = impl tower_discover::Discover<Key = usize, Service = InnerService, Error = tokio::io::Error>
[INFO] [stdout]     |  _________________^
[INFO] [stdout] 265 | |     + Unpin
[INFO] [stdout] 266 | |     + Send;
[INFO] [stdout]     | |__________^
[INFO] [stdout] 
[INFO] [stdout] 
[INFO] [stdout] Some errors have detailed explanations: E0277, E0658.
[INFO] [stdout] 
[INFO] [stdout] For more information about an error, try `rustc --explain E0277`.
[INFO] [stdout] 
[INFO] [stderr] error: could not compile `noria` (lib) due to 51 previous errors
[INFO] [stderr] warning: build failed, waiting for other jobs to finish...
[INFO] [stderr] error: failed to run custom build command for `jemalloc-sys v0.3.2`
[INFO] [stderr] note: To improve backtraces for build dependencies, set the CARGO_PROFILE_DEV_BUILD_OVERRIDE_DEBUG=true environment variable to enable debug information generation.
[INFO] [stderr] 
[INFO] [stderr] Caused by:
[INFO] [stderr]   process didn't exit successfully: `/opt/rustwide/target/debug/build/jemalloc-sys-4b21343e1d0a5092/build-script-build` (exit status: 101)
[INFO] [stderr]   --- stdout
[INFO] [stderr]   TARGET=x86_64-unknown-linux-gnu
[INFO] [stderr]   HOST=x86_64-unknown-linux-gnu
[INFO] [stderr]   NUM_JOBS=8
[INFO] [stderr]   OUT_DIR="/opt/rustwide/target/debug/build/jemalloc-sys-b2c79ad8b5be303d/out"
[INFO] [stderr]   BUILD_DIR="/opt/rustwide/target/debug/build/jemalloc-sys-b2c79ad8b5be303d/out/build"
[INFO] [stderr]   SRC_DIR="/opt/rustwide/cargo-home/registry/src/index.crates.io-6f17d22bba15001f/jemalloc-sys-0.3.2"
[INFO] [stderr]   OPT_LEVEL = Some(0)
[INFO] [stderr]   TARGET = Some(x86_64-unknown-linux-gnu)
[INFO] [stderr]   OUT_DIR = Some(/opt/rustwide/target/debug/build/jemalloc-sys-b2c79ad8b5be303d/out)
[INFO] [stderr]   HOST = Some(x86_64-unknown-linux-gnu)
[INFO] [stderr]   cargo:rerun-if-env-changed=CC_x86_64-unknown-linux-gnu
[INFO] [stderr]   CC_x86_64-unknown-linux-gnu = None
[INFO] [stderr]   cargo:rerun-if-env-changed=CC_x86_64_unknown_linux_gnu
[INFO] [stderr]   CC_x86_64_unknown_linux_gnu = None
[INFO] [stderr]   cargo:rerun-if-env-changed=HOST_CC
[INFO] [stderr]   HOST_CC = None
[INFO] [stderr]   cargo:rerun-if-env-changed=CC
[INFO] [stderr]   CC = None
[INFO] [stderr]   cargo:rerun-if-env-changed=CC_ENABLE_DEBUG_OUTPUT
[INFO] [stderr]   RUSTC_WRAPPER = None
[INFO] [stderr]   cargo:rerun-if-env-changed=CRATE_CC_NO_DEFAULTS
[INFO] [stderr]   CRATE_CC_NO_DEFAULTS = None
[INFO] [stderr]   DEBUG = Some(true)
[INFO] [stderr]   CARGO_CFG_TARGET_FEATURE = Some(fxsr,sse,sse2)
[INFO] [stderr]   cargo:rerun-if-env-changed=CFLAGS_x86_64-unknown-linux-gnu
[INFO] [stderr]   CFLAGS_x86_64-unknown-linux-gnu = None
[INFO] [stderr]   cargo:rerun-if-env-changed=CFLAGS_x86_64_unknown_linux_gnu
[INFO] [stderr]   CFLAGS_x86_64_unknown_linux_gnu = None
[INFO] [stderr]   cargo:rerun-if-env-changed=HOST_CFLAGS
[INFO] [stderr]   HOST_CFLAGS = None
[INFO] [stderr]   cargo:rerun-if-env-changed=CFLAGS
[INFO] [stderr]   CFLAGS = None
[INFO] [stderr]   CC="cc"
[INFO] [stderr]   CFLAGS="-O0 -ffunction-sections -fdata-sections -fPIC -gdwarf-4 -fno-omit-frame-pointer -m64 -Wall"
[INFO] [stderr]   JEMALLOC_REPO_DIR="jemalloc"
[INFO] [stderr]   JEMALLOC_SRC_DIR="/opt/rustwide/target/debug/build/jemalloc-sys-b2c79ad8b5be303d/out/jemalloc"
[INFO] [stderr]   cargo:rustc-cfg=prefixed
[INFO] [stderr]   --with-jemalloc-prefix=_rjem_
[INFO] [stderr]   running: cd "/opt/rustwide/target/debug/build/jemalloc-sys-b2c79ad8b5be303d/out/build" && CC="cc" CFLAGS="-O0 -ffunction-sections -fdata-sections -fPIC -gdwarf-4 -fno-omit-frame-pointer -m64 -Wall" CPPFLAGS="-O0 -ffunction-sections -fdata-sections -fPIC -gdwarf-4 -fno-omit-frame-pointer -m64 -Wall" LDFLAGS="-O0 -ffunction-sections -fdata-sections -fPIC -gdwarf-4 -fno-omit-frame-pointer -m64 -Wall" "sh" "/opt/rustwide/target/debug/build/jemalloc-sys-b2c79ad8b5be303d/out/jemalloc/configure" "--disable-cxx" "--with-jemalloc-prefix=_rjem_" "--with-private-namespace=_rjem_" "--host=x86_64-unknown-linux-gnu" "--build=x86_64-unknown-linux-gnu" "--prefix=/opt/rustwide/target/debug/build/jemalloc-sys-b2c79ad8b5be303d/out"
[INFO] [stderr]   checking for xsltproc... false
[INFO] [stderr]   checking for x86_64-unknown-linux-gnu-gcc... cc
[INFO] [stderr]   checking whether the C compiler works... yes
[INFO] [stderr]   checking for C compiler default output file name... a.out
[INFO] [stderr]   checking for suffix of executables... 
[INFO] [stderr]   checking whether we are cross compiling... no
[INFO] [stderr]   checking for suffix of object files... o
[INFO] [stderr]   checking whether we are using the GNU C compiler... yes
[INFO] [stderr]   checking whether cc accepts -g... yes
[INFO] [stderr]   checking for cc option to accept ISO C89... none needed
[INFO] [stderr]   checking whether compiler is cray... no
[INFO] [stderr]   checking whether compiler supports -std=gnu11... yes
[INFO] [stderr]   checking whether compiler supports -Wall... yes
[INFO] [stderr]   checking whether compiler supports -Wshorten-64-to-32... no
[INFO] [stderr]   checking whether compiler supports -Wsign-compare... yes
[INFO] [stderr]   checking whether compiler supports -Wundef... yes
[INFO] [stderr]   checking whether compiler supports -Wno-format-zero-length... yes
[INFO] [stderr]   checking whether compiler supports -pipe... yes
[INFO] [stderr]   checking whether compiler supports -g3... yes
[INFO] [stderr]   checking how to run the C preprocessor... cc -E
[INFO] [stderr]   checking for grep that handles long lines and -e... /usr/bin/grep
[INFO] [stderr]   checking for egrep... /usr/bin/grep -E
[INFO] [stderr]   checking for ANSI C header files... yes
[INFO] [stderr]   checking for sys/types.h... yes
[INFO] [stderr]   checking for sys/stat.h... yes
[INFO] [stderr]   checking for stdlib.h... yes
[INFO] [stderr]   checking for string.h... yes
[INFO] [stderr]   checking for memory.h... yes
[INFO] [stderr]   checking for strings.h... yes
[INFO] [stderr]   checking for inttypes.h... yes
[INFO] [stderr]   checking for stdint.h... yes
[INFO] [stderr]   checking for unistd.h... yes
[INFO] [stderr]   checking whether byte ordering is bigendian... no
[INFO] [stderr]   checking size of void *... 8
[INFO] [stderr]   checking size of int... 4
[INFO] [stderr]   checking size of long... 8
[INFO] [stderr]   checking size of long long... 8
[INFO] [stderr]   checking size of intmax_t... 8
[INFO] [stderr]   checking build system type... x86_64-unknown-linux-gnu
[INFO] [stderr]   checking host system type... x86_64-unknown-linux-gnu
[INFO] [stderr]   checking whether pause instruction is compilable... yes
[INFO] [stderr]   checking number of significant virtual address bits... 48
[INFO] [stderr]   checking for x86_64-unknown-linux-gnu-ar... no
[INFO] [stderr]   checking for ar... ar
[INFO] [stderr]   checking for x86_64-unknown-linux-gnu-nm... no
[INFO] [stderr]   checking for nm... nm
[INFO] [stderr]   checking for gawk... no
[INFO] [stderr]   checking for mawk... mawk
[INFO] [stderr]   checking malloc.h usability... yes
[INFO] [stderr]   checking malloc.h presence... yes
[INFO] [stderr]   checking for malloc.h... yes
[INFO] [stderr]   checking whether malloc_usable_size definition can use const argument... no
[INFO] [stderr]   checking for library containing log... -lm
[INFO] [stderr]   checking whether __attribute__ syntax is compilable... yes
[INFO] [stderr]   checking whether compiler supports -fvisibility=hidden... yes
[INFO] [stderr]   checking whether compiler supports -fvisibility=hidden... no
[INFO] [stderr]   checking whether compiler supports -Werror... yes
[INFO] [stderr]   checking whether compiler supports -herror_on_warning... yes
[INFO] [stderr]   checking whether tls_model attribute is compilable... yes
[INFO] [stderr]   checking whether compiler supports -Werror... yes
[INFO] [stderr]   checking whether compiler supports -herror_on_warning... yes
[INFO] [stderr]   checking whether alloc_size attribute is compilable... yes
[INFO] [stderr]   checking whether compiler supports -Werror... yes
[INFO] [stderr]   checking whether compiler supports -herror_on_warning... yes
[INFO] [stderr]   checking whether format(gnu_printf, ...) attribute is compilable... yes
[INFO] [stderr]   checking whether compiler supports -Werror... yes
[INFO] [stderr]   checking whether compiler supports -herror_on_warning... yes
[INFO] [stderr]   checking whether format(printf, ...) attribute is compilable... yes
[INFO] [stderr]   checking for a BSD-compatible install... /usr/bin/install -c
[INFO] [stderr]   checking for x86_64-unknown-linux-gnu-ranlib... no
[INFO] [stderr]   checking for ranlib... ranlib
[INFO] [stderr]   checking for ld... /usr/bin/ld
[INFO] [stderr]   checking for autoconf... /usr/bin/autoconf
[INFO] [stderr]   checking for memalign... yes
[INFO] [stderr]   checking for valloc... yes
[INFO] [stderr]   checking whether compiler supports -O3... yes
[INFO] [stderr]   checking whether compiler supports -O3... no
[INFO] [stderr]   checking whether compiler supports -funroll-loops... yes
[INFO] [stderr]   checking configured backtracing method... N/A
[INFO] [stderr]   checking for sbrk... yes
[INFO] [stderr]   checking whether utrace(2) is compilable... no
[INFO] [stderr]   checking whether a program using __builtin_unreachable is compilable... yes
[INFO] [stderr]   checking whether a program using __builtin_ffsl is compilable... yes
[INFO] [stderr]   checking LG_PAGE... 12
[INFO] [stderr]   Missing VERSION file, and unable to generate it; creating bogus VERSION
[INFO] [stderr]   checking pthread.h usability... yes
[INFO] [stderr]   checking pthread.h presence... yes
[INFO] [stderr]   checking for pthread.h... yes
[INFO] [stderr]   checking for pthread_create in -lpthread... yes
[INFO] [stderr]   checking dlfcn.h usability... yes
[INFO] [stderr]   checking dlfcn.h presence... yes
[INFO] [stderr]   checking for dlfcn.h... yes
[INFO] [stderr]   checking for dlsym... yes
[INFO] [stderr]   checking whether pthread_atfork(3) is compilable... yes
[INFO] [stderr]   checking whether pthread_setname_np(3) is compilable... yes
[INFO] [stderr]   checking for library containing clock_gettime... none required
[INFO] [stderr]   checking whether clock_gettime(CLOCK_MONOTONIC_COARSE, ...) is compilable... yes
[INFO] [stderr]   checking whether clock_gettime(CLOCK_MONOTONIC, ...) is compilable... yes
[INFO] [stderr]   checking whether mach_absolute_time() is compilable... no
[INFO] [stderr]   checking whether compiler supports -Werror... yes
[INFO] [stderr]   checking whether syscall(2) is compilable... yes
[INFO] [stderr]   checking for secure_getenv... yes
[INFO] [stderr]   checking for sched_getcpu... yes
[INFO] [stderr]   checking for sched_setaffinity... yes
[INFO] [stderr]   checking for issetugid... no
[INFO] [stderr]   checking for _malloc_thread_cleanup... no
[INFO] [stderr]   checking for _pthread_mutex_init_calloc_cb... no
[INFO] [stderr]   checking for TLS... yes
[INFO] [stderr]   checking whether C11 atomics is compilable... yes
[INFO] [stderr]   checking whether GCC __atomic atomics is compilable... yes
[INFO] [stderr]   checking whether GCC __sync atomics is compilable... yes
[INFO] [stderr]   checking whether Darwin OSAtomic*() is compilable... no
[INFO] [stderr]   checking whether madvise(2) is compilable... yes
[INFO] [stderr]   checking whether madvise(..., MADV_FREE) is compilable... yes
[INFO] [stderr]   checking whether madvise(..., MADV_DONTNEED) is compilable... yes
[INFO] [stderr]   checking whether madvise(..., MADV_DO[NT]DUMP) is compilable... yes
[INFO] [stderr]   checking whether madvise(..., MADV_[NO]HUGEPAGE) is compilable... yes
[INFO] [stderr]   checking whether to force 32-bit __sync_{add,sub}_and_fetch()... no
[INFO] [stderr]   checking whether to force 64-bit __sync_{add,sub}_and_fetch()... no
[INFO] [stderr]   checking for __builtin_clz... yes
[INFO] [stderr]   checking whether Darwin os_unfair_lock_*() is compilable... no
[INFO] [stderr]   checking whether Darwin OSSpin*() is compilable... no
[INFO] [stderr]   checking whether glibc malloc hook is compilable... no
[INFO] [stderr]   checking whether glibc memalign hook is compilable... no
[INFO] [stderr]   checking whether pthreads adaptive mutexes is compilable... yes
[INFO] [stderr]   checking whether compiler supports -D_GNU_SOURCE... yes
[INFO] [stderr]   checking whether compiler supports -Werror... yes
[INFO] [stderr]   checking whether compiler supports -herror_on_warning... yes
[INFO] [stderr]   checking whether strerror_r returns char with gnu source is compilable... yes
[INFO] [stderr]   checking for stdbool.h that conforms to C99... yes
[INFO] [stderr]   checking for _Bool... yes
[INFO] [stderr]   configure: creating ./config.status
[INFO] [stderr]   config.status: creating Makefile
[INFO] [stderr]   config.status: creating jemalloc.pc
[INFO] [stderr]   config.status: creating doc/html.xsl
[INFO] [stderr]   config.status: creating doc/manpages.xsl
[INFO] [stderr]   config.status: creating doc/jemalloc.xml
[INFO] [stderr]   config.status: creating include/jemalloc/jemalloc_macros.h
[INFO] [stderr]   config.status: creating include/jemalloc/jemalloc_protos.h
[INFO] [stderr]   config.status: creating include/jemalloc/jemalloc_typedefs.h
[INFO] [stderr]   config.status: creating include/jemalloc/internal/jemalloc_preamble.h
[INFO] [stderr]   config.status: creating test/test.sh
[INFO] [stderr]   config.status: creating test/include/test/jemalloc_test.h
[INFO] [stderr]   config.status: creating config.stamp
[INFO] [stderr]   config.status: creating bin/jemalloc-config
[INFO] [stderr]   config.status: creating bin/jemalloc.sh
[INFO] [stderr]   config.status: creating bin/jeprof
[INFO] [stderr]   config.status: creating include/jemalloc/jemalloc_defs.h
[INFO] [stderr]   config.status: creating include/jemalloc/internal/jemalloc_internal_defs.h
[INFO] [stderr]   config.status: creating test/include/test/jemalloc_test_defs.h
[INFO] [stderr]   config.status: executing include/jemalloc/internal/public_symbols.txt commands
[INFO] [stderr]   config.status: executing include/jemalloc/internal/private_symbols.awk commands
[INFO] [stderr]   config.status: executing include/jemalloc/internal/private_symbols_jet.awk commands
[INFO] [stderr]   config.status: executing include/jemalloc/internal/public_namespace.h commands
[INFO] [stderr]   config.status: executing include/jemalloc/internal/public_unnamespace.h commands
[INFO] [stderr]   config.status: executing include/jemalloc/internal/size_classes.h commands
[INFO] [stderr]   config.status: executing include/jemalloc/jemalloc_protos_jet.h commands
[INFO] [stderr]   config.status: executing include/jemalloc/jemalloc_rename.h commands
[INFO] [stderr]   config.status: executing include/jemalloc/jemalloc_mangle.h commands
[INFO] [stderr]   config.status: executing include/jemalloc/jemalloc_mangle_jet.h commands
[INFO] [stderr]   config.status: executing include/jemalloc/jemalloc.h commands
[INFO] [stderr]   ===============================================================================
[INFO] [stderr]   jemalloc version   : 0.0.0-0-g0000000000000000000000000000000000000000
[INFO] [stderr]   library revision   : 2
[INFO] [stderr] 
[INFO] [stderr]   CONFIG             : --disable-cxx --with-jemalloc-prefix=_rjem_ --with-private-namespace=_rjem_ --host=x86_64-unknown-linux-gnu --build=x86_64-unknown-linux-gnu --prefix=/opt/rustwide/target/debug/build/jemalloc-sys-b2c79ad8b5be303d/out build_alias=x86_64-unknown-linux-gnu host_alias=x86_64-unknown-linux-gnu CC=cc 'CFLAGS=-O0 -ffunction-sections -fdata-sections -fPIC -gdwarf-4 -fno-omit-frame-pointer -m64 -Wall' 'LDFLAGS=-O0 -ffunction-sections -fdata-sections -fPIC -gdwarf-4 -fno-omit-frame-pointer -m64 -Wall' 'CPPFLAGS=-O0 -ffunction-sections -fdata-sections -fPIC -gdwarf-4 -fno-omit-frame-pointer -m64 -Wall'
[INFO] [stderr]   CC                 : cc
[INFO] [stderr]   CONFIGURE_CFLAGS   : -std=gnu11 -Wall -Wsign-compare -Wundef -Wno-format-zero-length -pipe -g3 -fvisibility=hidden -O3 -funroll-loops
[INFO] [stderr]   SPECIFIED_CFLAGS   : -O0 -ffunction-sections -fdata-sections -fPIC -gdwarf-4 -fno-omit-frame-pointer -m64 -Wall
[INFO] [stderr]   EXTRA_CFLAGS       : 
[INFO] [stderr]   CPPFLAGS           : -O0 -ffunction-sections -fdata-sections -fPIC -gdwarf-4 -fno-omit-frame-pointer -m64 -Wall -D_GNU_SOURCE -D_REENTRANT
[INFO] [stderr]   CXX                : 
[INFO] [stderr]   CONFIGURE_CXXFLAGS : 
[INFO] [stderr]   SPECIFIED_CXXFLAGS : 
[INFO] [stderr]   EXTRA_CXXFLAGS     : 
[INFO] [stderr]   LDFLAGS            : -O0 -ffunction-sections -fdata-sections -fPIC -gdwarf-4 -fno-omit-frame-pointer -m64 -Wall
[INFO] [stderr]   EXTRA_LDFLAGS      : 
[INFO] [stderr]   DSO_LDFLAGS        : -shared -Wl,-soname,$(@F)
[INFO] [stderr]   LIBS               : -lm  -lpthread
[INFO] [stderr]   RPATH_EXTRA        : 
[INFO] [stderr] 
[INFO] [stderr]   XSLTPROC           : false
[INFO] [stderr]   XSLROOT            : 
[INFO] [stderr] 
[INFO] [stderr]   PREFIX             : /opt/rustwide/target/debug/build/jemalloc-sys-b2c79ad8b5be303d/out
[INFO] [stderr]   BINDIR             : /opt/rustwide/target/debug/build/jemalloc-sys-b2c79ad8b5be303d/out/bin
[INFO] [stderr]   DATADIR            : /opt/rustwide/target/debug/build/jemalloc-sys-b2c79ad8b5be303d/out/share
[INFO] [stderr]   INCLUDEDIR         : /opt/rustwide/target/debug/build/jemalloc-sys-b2c79ad8b5be303d/out/include
[INFO] [stderr]   LIBDIR             : /opt/rustwide/target/debug/build/jemalloc-sys-b2c79ad8b5be303d/out/lib
[INFO] [stderr]   MANDIR             : /opt/rustwide/target/debug/build/jemalloc-sys-b2c79ad8b5be303d/out/share/man
[INFO] [stderr] 
[INFO] [stderr]   srcroot            : /opt/rustwide/target/debug/build/jemalloc-sys-b2c79ad8b5be303d/out/jemalloc/
[INFO] [stderr]   abs_srcroot        : /opt/rustwide/target/debug/build/jemalloc-sys-b2c79ad8b5be303d/out/jemalloc/
[INFO] [stderr]   objroot            : 
[INFO] [stderr]   abs_objroot        : /opt/rustwide/target/debug/build/jemalloc-sys-b2c79ad8b5be303d/out/build/
[INFO] [stderr] 
[INFO] [stderr]   JEMALLOC_PREFIX    : _rjem_
[INFO] [stderr]   JEMALLOC_PRIVATE_NAMESPACE
[INFO] [stderr]                      : _rjem_je_
[INFO] [stderr]   install_suffix     : 
[INFO] [stderr]   malloc_conf        : 
[INFO] [stderr]   autogen            : 0
[INFO] [stderr]   debug              : 0
[INFO] [stderr]   stats              : 1
[INFO] [stderr]   prof               : 0
[INFO] [stderr]   prof-libunwind     : 0
[INFO] [stderr]   prof-libgcc        : 0
[INFO] [stderr]   prof-gcc           : 0
[INFO] [stderr]   fill               : 1
[INFO] [stderr]   utrace             : 0
[INFO] [stderr]   xmalloc            : 0
[INFO] [stderr]   log                : 0
[INFO] [stderr]   lazy_lock          : 0
[INFO] [stderr]   cache-oblivious    : 1
[INFO] [stderr]   cxx                : 0
[INFO] [stderr]   ===============================================================================
[INFO] [stderr]   running: cd "/opt/rustwide/target/debug/build/jemalloc-sys-b2c79ad8b5be303d/out/build" && "make" "srcroot=../jemalloc/" "-j" "8"
[INFO] [stderr]   cc -std=gnu11 -Wall -Wsign-compare -Wundef -Wno-format-zero-length -pipe -g3 -fvisibility=hidden -O3 -funroll-loops -O0 -ffunction-sections -fdata-sections -fPIC -gdwarf-4 -fno-omit-frame-pointer -m64 -Wall -fPIC -DPIC -c -O0 -ffunction-sections -fdata-sections -fPIC -gdwarf-4 -fno-omit-frame-pointer -m64 -Wall -D_GNU_SOURCE -D_REENTRANT -Iinclude -I../jemalloc/include -DJEMALLOC_NO_PRIVATE_NAMESPACE -o src/jemalloc.sym.o ../jemalloc/src/jemalloc.c
[INFO] [stderr]   cc -std=gnu11 -Wall -Wsign-compare -Wundef -Wno-format-zero-length -pipe -g3 -fvisibility=hidden -O3 -funroll-loops -O0 -ffunction-sections -fdata-sections -fPIC -gdwarf-4 -fno-omit-frame-pointer -m64 -Wall -fPIC -DPIC -c -O0 -ffunction-sections -fdata-sections -fPIC -gdwarf-4 -fno-omit-frame-pointer -m64 -Wall -D_GNU_SOURCE -D_REENTRANT -Iinclude -I../jemalloc/include -DJEMALLOC_NO_PRIVATE_NAMESPACE -o src/arena.sym.o ../jemalloc/src/arena.c
[INFO] [stderr]   cc -std=gnu11 -Wall -Wsign-compare -Wundef -Wno-format-zero-length -pipe -g3 -fvisibility=hidden -O3 -funroll-loops -O0 -ffunction-sections -fdata-sections -fPIC -gdwarf-4 -fno-omit-frame-pointer -m64 -Wall -fPIC -DPIC -c -O0 -ffunction-sections -fdata-sections -fPIC -gdwarf-4 -fno-omit-frame-pointer -m64 -Wall -D_GNU_SOURCE -D_REENTRANT -Iinclude -I../jemalloc/include -DJEMALLOC_NO_PRIVATE_NAMESPACE -o src/base.sym.o ../jemalloc/src/base.c
[INFO] [stderr]   cc -std=gnu11 -Wall -Wsign-compare -Wundef -Wno-format-zero-length -pipe -g3 -fvisibility=hidden -O3 -funroll-loops -O0 -ffunction-sections -fdata-sections -fPIC -gdwarf-4 -fno-omit-frame-pointer -m64 -Wall -fPIC -DPIC -c -O0 -ffunction-sections -fdata-sections -fPIC -gdwarf-4 -fno-omit-frame-pointer -m64 -Wall -D_GNU_SOURCE -D_REENTRANT -Iinclude -I../jemalloc/include -DJEMALLOC_NO_PRIVATE_NAMESPACE -o src/background_thread.sym.o ../jemalloc/src/background_thread.c
[INFO] [stderr]   cc -std=gnu11 -Wall -Wsign-compare -Wundef -Wno-format-zero-length -pipe -g3 -fvisibility=hidden -O3 -funroll-loops -O0 -ffunction-sections -fdata-sections -fPIC -gdwarf-4 -fno-omit-frame-pointer -m64 -Wall -fPIC -DPIC -c -O0 -ffunction-sections -fdata-sections -fPIC -gdwarf-4 -fno-omit-frame-pointer -m64 -Wall -D_GNU_SOURCE -D_REENTRANT -Iinclude -I../jemalloc/include -DJEMALLOC_NO_PRIVATE_NAMESPACE -o src/bin.sym.o ../jemalloc/src/bin.c
[INFO] [stderr]   cc -std=gnu11 -Wall -Wsign-compare -Wundef -Wno-format-zero-length -pipe -g3 -fvisibility=hidden -O3 -funroll-loops -O0 -ffunction-sections -fdata-sections -fPIC -gdwarf-4 -fno-omit-frame-pointer -m64 -Wall -fPIC -DPIC -c -O0 -ffunction-sections -fdata-sections -fPIC -gdwarf-4 -fno-omit-frame-pointer -m64 -Wall -D_GNU_SOURCE -D_REENTRANT -Iinclude -I../jemalloc/include -DJEMALLOC_NO_PRIVATE_NAMESPACE -o src/bitmap.sym.o ../jemalloc/src/bitmap.c
[INFO] [stderr]   cc -std=gnu11 -Wall -Wsign-compare -Wundef -Wno-format-zero-length -pipe -g3 -fvisibility=hidden -O3 -funroll-loops -O0 -ffunction-sections -fdata-sections -fPIC -gdwarf-4 -fno-omit-frame-pointer -m64 -Wall -fPIC -DPIC -c -O0 -ffunction-sections -fdata-sections -fPIC -gdwarf-4 -fno-omit-frame-pointer -m64 -Wall -D_GNU_SOURCE -D_REENTRANT -Iinclude -I../jemalloc/include -DJEMALLOC_NO_PRIVATE_NAMESPACE -o src/ckh.sym.o ../jemalloc/src/ckh.c
[INFO] [stderr]   cc -std=gnu11 -Wall -Wsign-compare -Wundef -Wno-format-zero-length -pipe -g3 -fvisibility=hidden -O3 -funroll-loops -O0 -ffunction-sections -fdata-sections -fPIC -gdwarf-4 -fno-omit-frame-pointer -m64 -Wall -fPIC -DPIC -c -O0 -ffunction-sections -fdata-sections -fPIC -gdwarf-4 -fno-omit-frame-pointer -m64 -Wall -D_GNU_SOURCE -D_REENTRANT -Iinclude -I../jemalloc/include -DJEMALLOC_NO_PRIVATE_NAMESPACE -o src/ctl.sym.o ../jemalloc/src/ctl.c
[INFO] [stderr]   cc -std=gnu11 -Wall -Wsign-compare -Wundef -Wno-format-zero-length -pipe -g3 -fvisibility=hidden -O3 -funroll-loops -O0 -ffunction-sections -fdata-sections -fPIC -gdwarf-4 -fno-omit-frame-pointer -m64 -Wall -fPIC -DPIC -c -O0 -ffunction-sections -fdata-sections -fPIC -gdwarf-4 -fno-omit-frame-pointer -m64 -Wall -D_GNU_SOURCE -D_REENTRANT -Iinclude -I../jemalloc/include -DJEMALLOC_NO_PRIVATE_NAMESPACE -o src/div.sym.o ../jemalloc/src/div.c
[INFO] [stderr]   cc -std=gnu11 -Wall -Wsign-compare -Wundef -Wno-format-zero-length -pipe -g3 -fvisibility=hidden -O3 -funroll-loops -O0 -ffunction-sections -fdata-sections -fPIC -gdwarf-4 -fno-omit-frame-pointer -m64 -Wall -fPIC -DPIC -c -O0 -ffunction-sections -fdata-sections -fPIC -gdwarf-4 -fno-omit-frame-pointer -m64 -Wall -D_GNU_SOURCE -D_REENTRANT -Iinclude -I../jemalloc/include -DJEMALLOC_NO_PRIVATE_NAMESPACE -o src/extent.sym.o ../jemalloc/src/extent.c
[INFO] [stderr]   cc -std=gnu11 -Wall -Wsign-compare -Wundef -Wno-format-zero-length -pipe -g3 -fvisibility=hidden -O3 -funroll-loops -O0 -ffunction-sections -fdata-sections -fPIC -gdwarf-4 -fno-omit-frame-pointer -m64 -Wall -fPIC -DPIC -c -O0 -ffunction-sections -fdata-sections -fPIC -gdwarf-4 -fno-omit-frame-pointer -m64 -Wall -D_GNU_SOURCE -D_REENTRANT -Iinclude -I../jemalloc/include -DJEMALLOC_NO_PRIVATE_NAMESPACE -o src/extent_dss.sym.o ../jemalloc/src/extent_dss.c
[INFO] [stderr]   cc -std=gnu11 -Wall -Wsign-compare -Wundef -Wno-format-zero-length -pipe -g3 -fvisibility=hidden -O3 -funroll-loops -O0 -ffunction-sections -fdata-sections -fPIC -gdwarf-4 -fno-omit-frame-pointer -m64 -Wall -fPIC -DPIC -c -O0 -ffunction-sections -fdata-sections -fPIC -gdwarf-4 -fno-omit-frame-pointer -m64 -Wall -D_GNU_SOURCE -D_REENTRANT -Iinclude -I../jemalloc/include -DJEMALLOC_NO_PRIVATE_NAMESPACE -o src/extent_mmap.sym.o ../jemalloc/src/extent_mmap.c
[INFO] [stderr]   cc -std=gnu11 -Wall -Wsign-compare -Wundef -Wno-format-zero-length -pipe -g3 -fvisibility=hidden -O3 -funroll-loops -O0 -ffunction-sections -fdata-sections -fPIC -gdwarf-4 -fno-omit-frame-pointer -m64 -Wall -fPIC -DPIC -c -O0 -ffunction-sections -fdata-sections -fPIC -gdwarf-4 -fno-omit-frame-pointer -m64 -Wall -D_GNU_SOURCE -D_REENTRANT -Iinclude -I../jemalloc/include -DJEMALLOC_NO_PRIVATE_NAMESPACE -o src/hash.sym.o ../jemalloc/src/hash.c
[INFO] [stderr]   cc -std=gnu11 -Wall -Wsign-compare -Wundef -Wno-format-zero-length -pipe -g3 -fvisibility=hidden -O3 -funroll-loops -O0 -ffunction-sections -fdata-sections -fPIC -gdwarf-4 -fno-omit-frame-pointer -m64 -Wall -fPIC -DPIC -c -O0 -ffunction-sections -fdata-sections -fPIC -gdwarf-4 -fno-omit-frame-pointer -m64 -Wall -D_GNU_SOURCE -D_REENTRANT -Iinclude -I../jemalloc/include -DJEMALLOC_NO_PRIVATE_NAMESPACE -o src/hooks.sym.o ../jemalloc/src/hooks.c
[INFO] [stderr]   cc -std=gnu11 -Wall -Wsign-compare -Wundef -Wno-format-zero-length -pipe -g3 -fvisibility=hidden -O3 -funroll-loops -O0 -ffunction-sections -fdata-sections -fPIC -gdwarf-4 -fno-omit-frame-pointer -m64 -Wall -fPIC -DPIC -c -O0 -ffunction-sections -fdata-sections -fPIC -gdwarf-4 -fno-omit-frame-pointer -m64 -Wall -D_GNU_SOURCE -D_REENTRANT -Iinclude -I../jemalloc/include -DJEMALLOC_NO_PRIVATE_NAMESPACE -o src/large.sym.o ../jemalloc/src/large.c
[INFO] [stderr]   cc -std=gnu11 -Wall -Wsign-compare -Wundef -Wno-format-zero-length -pipe -g3 -fvisibility=hidden -O3 -funroll-loops -O0 -ffunction-sections -fdata-sections -fPIC -gdwarf-4 -fno-omit-frame-pointer -m64 -Wall -fPIC -DPIC -c -O0 -ffunction-sections -fdata-sections -fPIC -gdwarf-4 -fno-omit-frame-pointer -m64 -Wall -D_GNU_SOURCE -D_REENTRANT -Iinclude -I../jemalloc/include -DJEMALLOC_NO_PRIVATE_NAMESPACE -o src/log.sym.o ../jemalloc/src/log.c
[INFO] [stderr]   cc -std=gnu11 -Wall -Wsign-compare -Wundef -Wno-format-zero-length -pipe -g3 -fvisibility=hidden -O3 -funroll-loops -O0 -ffunction-sections -fdata-sections -fPIC -gdwarf-4 -fno-omit-frame-pointer -m64 -Wall -fPIC -DPIC -c -O0 -ffunction-sections -fdata-sections -fPIC -gdwarf-4 -fno-omit-frame-pointer -m64 -Wall -D_GNU_SOURCE -D_REENTRANT -Iinclude -I../jemalloc/include -DJEMALLOC_NO_PRIVATE_NAMESPACE -o src/malloc_io.sym.o ../jemalloc/src/malloc_io.c
[INFO] [stderr]   cc -std=gnu11 -Wall -Wsign-compare -Wundef -Wno-format-zero-length -pipe -g3 -fvisibility=hidden -O3 -funroll-loops -O0 -ffunction-sections -fdata-sections -fPIC -gdwarf-4 -fno-omit-frame-pointer -m64 -Wall -fPIC -DPIC -c -O0 -ffunction-sections -fdata-sections -fPIC -gdwarf-4 -fno-omit-frame-pointer -m64 -Wall -D_GNU_SOURCE -D_REENTRANT -Iinclude -I../jemalloc/include -DJEMALLOC_NO_PRIVATE_NAMESPACE -o src/mutex.sym.o ../jemalloc/src/mutex.c
[INFO] [stderr]   cc -std=gnu11 -Wall -Wsign-compare -Wundef -Wno-format-zero-length -pipe -g3 -fvisibility=hidden -O3 -funroll-loops -O0 -ffunction-sections -fdata-sections -fPIC -gdwarf-4 -fno-omit-frame-pointer -m64 -Wall -fPIC -DPIC -c -O0 -ffunction-sections -fdata-sections -fPIC -gdwarf-4 -fno-omit-frame-pointer -m64 -Wall -D_GNU_SOURCE -D_REENTRANT -Iinclude -I../jemalloc/include -DJEMALLOC_NO_PRIVATE_NAMESPACE -o src/mutex_pool.sym.o ../jemalloc/src/mutex_pool.c
[INFO] [stderr]   cc -std=gnu11 -Wall -Wsign-compare -Wundef -Wno-format-zero-length -pipe -g3 -fvisibility=hidden -O3 -funroll-loops -O0 -ffunction-sections -fdata-sections -fPIC -gdwarf-4 -fno-omit-frame-pointer -m64 -Wall -fPIC -DPIC -c -O0 -ffunction-sections -fdata-sections -fPIC -gdwarf-4 -fno-omit-frame-pointer -m64 -Wall -D_GNU_SOURCE -D_REENTRANT -Iinclude -I../jemalloc/include -DJEMALLOC_NO_PRIVATE_NAMESPACE -o src/nstime.sym.o ../jemalloc/src/nstime.c
[INFO] [stderr]   cc -std=gnu11 -Wall -Wsign-compare -Wundef -Wno-format-zero-length -pipe -g3 -fvisibility=hidden -O3 -funroll-loops -O0 -ffunction-sections -fdata-sections -fPIC -gdwarf-4 -fno-omit-frame-pointer -m64 -Wall -fPIC -DPIC -c -O0 -ffunction-sections -fdata-sections -fPIC -gdwarf-4 -fno-omit-frame-pointer -m64 -Wall -D_GNU_SOURCE -D_REENTRANT -Iinclude -I../jemalloc/include -DJEMALLOC_NO_PRIVATE_NAMESPACE -o src/pages.sym.o ../jemalloc/src/pages.c
[INFO] [stderr]   cc -std=gnu11 -Wall -Wsign-compare -Wundef -Wno-format-zero-length -pipe -g3 -fvisibility=hidden -O3 -funroll-loops -O0 -ffunction-sections -fdata-sections -fPIC -gdwarf-4 -fno-omit-frame-pointer -m64 -Wall -fPIC -DPIC -c -O0 -ffunction-sections -fdata-sections -fPIC -gdwarf-4 -fno-omit-frame-pointer -m64 -Wall -D_GNU_SOURCE -D_REENTRANT -Iinclude -I../jemalloc/include -DJEMALLOC_NO_PRIVATE_NAMESPACE -o src/prng.sym.o ../jemalloc/src/prng.c
[INFO] [stderr]   cc -std=gnu11 -Wall -Wsign-compare -Wundef -Wno-format-zero-length -pipe -g3 -fvisibility=hidden -O3 -funroll-loops -O0 -ffunction-sections -fdata-sections -fPIC -gdwarf-4 -fno-omit-frame-pointer -m64 -Wall -fPIC -DPIC -c -O0 -ffunction-sections -fdata-sections -fPIC -gdwarf-4 -fno-omit-frame-pointer -m64 -Wall -D_GNU_SOURCE -D_REENTRANT -Iinclude -I../jemalloc/include -DJEMALLOC_NO_PRIVATE_NAMESPACE -o src/prof.sym.o ../jemalloc/src/prof.c
[INFO] [stderr]   cc -std=gnu11 -Wall -Wsign-compare -Wundef -Wno-format-zero-length -pipe -g3 -fvisibility=hidden -O3 -funroll-loops -O0 -ffunction-sections -fdata-sections -fPIC -gdwarf-4 -fno-omit-frame-pointer -m64 -Wall -fPIC -DPIC -c -O0 -ffunction-sections -fdata-sections -fPIC -gdwarf-4 -fno-omit-frame-pointer -m64 -Wall -D_GNU_SOURCE -D_REENTRANT -Iinclude -I../jemalloc/include -DJEMALLOC_NO_PRIVATE_NAMESPACE -o src/rtree.sym.o ../jemalloc/src/rtree.c
[INFO] [stderr]   cc -std=gnu11 -Wall -Wsign-compare -Wundef -Wno-format-zero-length -pipe -g3 -fvisibility=hidden -O3 -funroll-loops -O0 -ffunction-sections -fdata-sections -fPIC -gdwarf-4 -fno-omit-frame-pointer -m64 -Wall -fPIC -DPIC -c -O0 -ffunction-sections -fdata-sections -fPIC -gdwarf-4 -fno-omit-frame-pointer -m64 -Wall -D_GNU_SOURCE -D_REENTRANT -Iinclude -I../jemalloc/include -DJEMALLOC_NO_PRIVATE_NAMESPACE -o src/stats.sym.o ../jemalloc/src/stats.c
[INFO] [stderr]   cc -std=gnu11 -Wall -Wsign-compare -Wundef -Wno-format-zero-length -pipe -g3 -fvisibility=hidden -O3 -funroll-loops -O0 -ffunction-sections -fdata-sections -fPIC -gdwarf-4 -fno-omit-frame-pointer -m64 -Wall -fPIC -DPIC -c -O0 -ffunction-sections -fdata-sections -fPIC -gdwarf-4 -fno-omit-frame-pointer -m64 -Wall -D_GNU_SOURCE -D_REENTRANT -Iinclude -I../jemalloc/include -DJEMALLOC_NO_PRIVATE_NAMESPACE -o src/sz.sym.o ../jemalloc/src/sz.c
[INFO] [stderr]   cc -std=gnu11 -Wall -Wsign-compare -Wundef -Wno-format-zero-length -pipe -g3 -fvisibility=hidden -O3 -funroll-loops -O0 -ffunction-sections -fdata-sections -fPIC -gdwarf-4 -fno-omit-frame-pointer -m64 -Wall -fPIC -DPIC -c -O0 -ffunction-sections -fdata-sections -fPIC -gdwarf-4 -fno-omit-frame-pointer -m64 -Wall -D_GNU_SOURCE -D_REENTRANT -Iinclude -I../jemalloc/include -DJEMALLOC_NO_PRIVATE_NAMESPACE -o src/tcache.sym.o ../jemalloc/src/tcache.c
[INFO] [stderr]   cc -std=gnu11 -Wall -Wsign-compare -Wundef -Wno-format-zero-length -pipe -g3 -fvisibility=hidden -O3 -funroll-loops -O0 -ffunction-sections -fdata-sections -fPIC -gdwarf-4 -fno-omit-frame-pointer -m64 -Wall -fPIC -DPIC -c -O0 -ffunction-sections -fdata-sections -fPIC -gdwarf-4 -fno-omit-frame-pointer -m64 -Wall -D_GNU_SOURCE -D_REENTRANT -Iinclude -I../jemalloc/include -DJEMALLOC_NO_PRIVATE_NAMESPACE -o src/ticker.sym.o ../jemalloc/src/ticker.c
[INFO] [stderr]   cc -std=gnu11 -Wall -Wsign-compare -Wundef -Wno-format-zero-length -pipe -g3 -fvisibility=hidden -O3 -funroll-loops -O0 -ffunction-sections -fdata-sections -fPIC -gdwarf-4 -fno-omit-frame-pointer -m64 -Wall -fPIC -DPIC -c -O0 -ffunction-sections -fdata-sections -fPIC -gdwarf-4 -fno-omit-frame-pointer -m64 -Wall -D_GNU_SOURCE -D_REENTRANT -Iinclude -I../jemalloc/include -DJEMALLOC_NO_PRIVATE_NAMESPACE -o src/tsd.sym.o ../jemalloc/src/tsd.c
[INFO] [stderr]   cc -std=gnu11 -Wall -Wsign-compare -Wundef -Wno-format-zero-length -pipe -g3 -fvisibility=hidden -O3 -funroll-loops -O0 -ffunction-sections -fdata-sections -fPIC -gdwarf-4 -fno-omit-frame-pointer -m64 -Wall -fPIC -DPIC -c -O0 -ffunction-sections -fdata-sections -fPIC -gdwarf-4 -fno-omit-frame-pointer -m64 -Wall -D_GNU_SOURCE -D_REENTRANT -Iinclude -I../jemalloc/include -DJEMALLOC_NO_PRIVATE_NAMESPACE -o src/witness.sym.o ../jemalloc/src/witness.c
[INFO] [stderr]   nm -a src/arena.sym.o | mawk -f include/jemalloc/internal/private_symbols.awk > src/arena.sym
[INFO] [stderr]   nm -a src/background_thread.sym.o | mawk -f include/jemalloc/internal/private_symbols.awk > src/background_thread.sym
[INFO] [stderr]   nm -a src/base.sym.o | mawk -f include/jemalloc/internal/private_symbols.awk > src/base.sym
[INFO] [stderr]   nm -a src/bin.sym.o | mawk -f include/jemalloc/internal/private_symbols.awk > src/bin.sym
[INFO] [stderr]   nm -a src/bitmap.sym.o | mawk -f include/jemalloc/internal/private_symbols.awk > src/bitmap.sym
[INFO] [stderr]   nm -a src/ckh.sym.o | mawk -f include/jemalloc/internal/private_symbols.awk > src/ckh.sym
[INFO] [stderr]   nm -a src/ctl.sym.o | mawk -f include/jemalloc/internal/private_symbols.awk > src/ctl.sym
[INFO] [stderr]   nm -a src/div.sym.o | mawk -f include/jemalloc/internal/private_symbols.awk > src/div.sym
[INFO] [stderr]   nm -a src/extent.sym.o | mawk -f include/jemalloc/internal/private_symbols.awk > src/extent.sym
[INFO] [stderr]   nm -a src/extent_dss.sym.o | mawk -f include/jemalloc/internal/private_symbols.awk > src/extent_dss.sym
[INFO] [stderr]   nm -a src/extent_mmap.sym.o | mawk -f include/jemalloc/internal/private_symbols.awk > src/extent_mmap.sym
[INFO] [stderr]   nm -a src/hash.sym.o | mawk -f include/jemalloc/internal/private_symbols.awk > src/hash.sym
[INFO] [stderr]   nm -a src/hooks.sym.o | mawk -f include/jemalloc/internal/private_symbols.awk > src/hooks.sym
[INFO] [stderr]   nm -a src/large.sym.o | mawk -f include/jemalloc/internal/private_symbols.awk > src/large.sym
[INFO] [stderr]   nm -a src/log.sym.o | mawk -f include/jemalloc/internal/private_symbols.awk > src/log.sym
[INFO] [stderr]   nm -a src/malloc_io.sym.o | mawk -f include/jemalloc/internal/private_symbols.awk > src/malloc_io.sym
[INFO] [stderr]   nm -a src/mutex.sym.o | mawk -f include/jemalloc/internal/private_symbols.awk > src/mutex.sym
[INFO] [stderr]   nm -a src/mutex_pool.sym.o | mawk -f include/jemalloc/internal/private_symbols.awk > src/mutex_pool.sym
[INFO] [stderr]   nm -a src/nstime.sym.o | mawk -f include/jemalloc/internal/private_symbols.awk > src/nstime.sym
[INFO] [stderr]   nm -a src/pages.sym.o | mawk -f include/jemalloc/internal/private_symbols.awk > src/pages.sym
[INFO] [stderr]   nm -a src/rtree.sym.o | mawk -f include/jemalloc/internal/private_symbols.awk > src/rtree.sym
[INFO] [stderr]   nm -a src/prng.sym.o | mawk -f include/jemalloc/internal/private_symbols.awk > src/prng.sym
[INFO] [stderr]   nm -a src/stats.sym.o | mawk -f include/jemalloc/internal/private_symbols.awk > src/stats.sym
[INFO] [stderr]   nm -a src/sz.sym.o | mawk -f include/jemalloc/internal/private_symbols.awk > src/sz.sym
[INFO] [stderr]   nm -a src/ticker.sym.o | mawk -f include/jemalloc/internal/private_symbols.awk > src/ticker.sym
[INFO] [stderr]   nm -a src/tsd.sym.o | mawk -f include/jemalloc/internal/private_symbols.awk > src/tsd.sym
[INFO] [stderr]   nm -a src/witness.sym.o | mawk -f include/jemalloc/internal/private_symbols.awk > src/witness.sym
[INFO] [stderr]   nm -a src/tcache.sym.o | mawk -f include/jemalloc/internal/private_symbols.awk > src/tcache.sym
[INFO] [stderr] 
[INFO] [stderr]   --- stderr
[INFO] [stderr]   ../jemalloc/src/malloc_io.c: In function 'malloc_vsnprintf':
[INFO] [stderr]   ../jemalloc/src/malloc_io.c:369:9: warning: case label value exceeds maximum value for type [-Wswitch-outside-range]
[INFO] [stderr]     369 |         case '?' | 0x80:                                                \
[INFO] [stderr]         |         ^~~~
[INFO] [stderr]   ../jemalloc/src/malloc_io.c:581:33: note: in expansion of macro 'GET_ARG_NUMERIC'
[INFO] [stderr]     581 |                                 GET_ARG_NUMERIC(val, 'p');
[INFO] [stderr]         |                                 ^~~~~~~~~~~~~~~
[INFO] [stderr]   ../jemalloc/src/malloc_io.c:387:9: warning: case label value exceeds maximum value for type [-Wswitch-outside-range]
[INFO] [stderr]     387 |         case 'j' | 0x80:                                                \
[INFO] [stderr]         |         ^~~~
[INFO] [stderr]   ../jemalloc/src/malloc_io.c:581:33: note: in expansion of macro 'GET_ARG_NUMERIC'
[INFO] [stderr]     581 |                                 GET_ARG_NUMERIC(val, 'p');
[INFO] [stderr]         |                                 ^~~~~~~~~~~~~~~
[INFO] [stderr]   ../jemalloc/src/malloc_io.c:375:9: warning: case label value exceeds maximum value for type [-Wswitch-outside-range]
[INFO] [stderr]     375 |         case 'l' | 0x80:                                                \
[INFO] [stderr]         |         ^~~~
[INFO] [stderr]   ../jemalloc/src/malloc_io.c:581:33: note: in expansion of macro 'GET_ARG_NUMERIC'
[INFO] [stderr]     581 |                                 GET_ARG_NUMERIC(val, 'p');
[INFO] [stderr]         |                                 ^~~~~~~~~~~~~~~
[INFO] [stderr]   ../jemalloc/src/malloc_io.c:381:9: warning: case label value exceeds maximum value for type [-Wswitch-outside-range]
[INFO] [stderr]     381 |         case 'q' | 0x80:                                                \
[INFO] [stderr]         |         ^~~~
[INFO] [stderr]   ../jemalloc/src/malloc_io.c:581:33: note: in expansion of macro 'GET_ARG_NUMERIC'
[INFO] [stderr]     581 |                                 GET_ARG_NUMERIC(val, 'p');
[INFO] [stderr]         |                                 ^~~~~~~~~~~~~~~
[INFO] [stderr]   ../jemalloc/src/malloc_io.c:396:9: warning: case label value exceeds maximum value for type [-Wswitch-outside-range]
[INFO] [stderr]     396 |         case 'z' | 0x80:                                                \
[INFO] [stderr]         |         ^~~~
[INFO] [stderr]   ../jemalloc/src/malloc_io.c:581:33: note: in expansion of macro 'GET_ARG_NUMERIC'
[INFO] [stderr]     581 |                                 GET_ARG_NUMERIC(val, 'p');
[INFO] [stderr]         |                                 ^~~~~~~~~~~~~~~
[INFO] [stderr]   cc: fatal error: Killed signal terminated program cc1
[INFO] [stderr]   compilation terminated.
[INFO] [stderr]   make: *** [Makefile:349: src/jemalloc.sym.o] Error 1
[INFO] [stderr]   make: *** Waiting for unfinished jobs....
[INFO] [stderr]   thread 'main' panicked at /opt/rustwide/cargo-home/registry/src/index.crates.io-6f17d22bba15001f/jemalloc-sys-0.3.2/build.rs:392:9:
[INFO] [stderr]   command did not execute successfully: cd "/opt/rustwide/target/debug/build/jemalloc-sys-b2c79ad8b5be303d/out/build" && "make" "srcroot=../jemalloc/" "-j" "8"
[INFO] [stderr]   expected success, got: exit status: 2
[INFO] [stderr]   stack backtrace:
[INFO] [stderr]      0:     0x5fc0479a0aca - std::backtrace_rs::backtrace::libunwind::trace::h207520d6e9873551
[INFO] [stderr]                                  at /rustc/df4ca44d3fbc9301ee17f30f4d474e6ae4b05252/library/std/src/../../backtrace/src/backtrace/libunwind.rs:116:5
[INFO] [stderr]      1:     0x5fc0479a0aca - std::backtrace_rs::backtrace::trace_unsynchronized::h2ed7433f370e3eca
[INFO] [stderr]                                  at /rustc/df4ca44d3fbc9301ee17f30f4d474e6ae4b05252/library/std/src/../../backtrace/src/backtrace/mod.rs:66:5
[INFO] [stderr]      2:     0x5fc0479a0aca - std::sys::backtrace::_print_fmt::h916fac51166b18d7
[INFO] [stderr]                                  at /rustc/df4ca44d3fbc9301ee17f30f4d474e6ae4b05252/library/std/src/sys/backtrace.rs:66:9
[INFO] [stderr]      3:     0x5fc0479a0aca - <std::sys::backtrace::BacktraceLock::print::DisplayBacktrace as core::fmt::Display>::fmt::ha0a4c9b8ce3802e6
[INFO] [stderr]                                  at /rustc/df4ca44d3fbc9301ee17f30f4d474e6ae4b05252/library/std/src/sys/backtrace.rs:39:26
[INFO] [stderr]      4:     0x5fc0479c3f23 - core::fmt::rt::Argument::fmt::h4cfc8587d52b3eb5
[INFO] [stderr]                                  at /rustc/df4ca44d3fbc9301ee17f30f4d474e6ae4b05252/library/core/src/fmt/rt.rs:177:76
[INFO] [stderr]      5:     0x5fc0479c3f23 - core::fmt::write::h522cc39e5b36ae9f
[INFO] [stderr]                                  at /rustc/df4ca44d3fbc9301ee17f30f4d474e6ae4b05252/library/core/src/fmt/mod.rs:1190:21
[INFO] [stderr]      6:     0x5fc04799d623 - std::io::Write::write_fmt::hf1c1dcc8cc1287f0
[INFO] [stderr]                                  at /rustc/df4ca44d3fbc9301ee17f30f4d474e6ae4b05252/library/std/src/io/mod.rs:1839:15
[INFO] [stderr]      7:     0x5fc0479a0912 - std::sys::backtrace::BacktraceLock::print::h4b9e00b29e9c0942
[INFO] [stderr]                                  at /rustc/df4ca44d3fbc9301ee17f30f4d474e6ae4b05252/library/std/src/sys/backtrace.rs:42:9
[INFO] [stderr]      8:     0x5fc0479a1b0c - std::panicking::default_hook::{{closure}}::hb59b88280d0324d9
[INFO] [stderr]                                  at /rustc/df4ca44d3fbc9301ee17f30f4d474e6ae4b05252/library/std/src/panicking.rs:268:22
[INFO] [stderr]      9:     0x5fc0479a1952 - std::panicking::default_hook::he1dd496665be4a29
[INFO] [stderr]                                  at /rustc/df4ca44d3fbc9301ee17f30f4d474e6ae4b05252/library/std/src/panicking.rs:295:9
[INFO] [stderr]     10:     0x5fc0479a2107 - std::panicking::rust_panic_with_hook::h2ff17fe8f26dfcf8
[INFO] [stderr]                                  at /rustc/df4ca44d3fbc9301ee17f30f4d474e6ae4b05252/library/std/src/panicking.rs:801:13
[INFO] [stderr]     11:     0x5fc0479a1f9a - std::panicking::begin_panic_handler::{{closure}}::h4fad77951c07e101
[INFO] [stderr]                                  at /rustc/df4ca44d3fbc9301ee17f30f4d474e6ae4b05252/library/std/src/panicking.rs:674:13
[INFO] [stderr]     12:     0x5fc0479a0fa9 - std::sys::backtrace::__rust_end_short_backtrace::hb1a25b3da5d0ea08
[INFO] [stderr]                                  at /rustc/df4ca44d3fbc9301ee17f30f4d474e6ae4b05252/library/std/src/sys/backtrace.rs:170:18
[INFO] [stderr]     13:     0x5fc0479a1c2c - rust_begin_unwind
[INFO] [stderr]                                  at /rustc/df4ca44d3fbc9301ee17f30f4d474e6ae4b05252/library/std/src/panicking.rs:665:5
[INFO] [stderr]     14:     0x5fc0479c2cd0 - core::panicking::panic_fmt::ha9db07b529f9b256
[INFO] [stderr]                                  at /rustc/df4ca44d3fbc9301ee17f30f4d474e6ae4b05252/library/core/src/panicking.rs:75:14
[INFO] [stderr]     15:     0x5fc047923969 - build_script_build::run::h7d8272e9c6b51e89
[INFO] [stderr]     16:     0x5fc04792283d - build_script_build::main::h713b7ce784238677
[INFO] [stderr]     17:     0x5fc047915b43 - core::ops::function::FnOnce::call_once::hc397549a7e0aee0c
[INFO] [stderr]     18:     0x5fc047914d46 - std::sys::backtrace::__rust_begin_short_backtrace::h0d0cbde280a999b7
[INFO] [stderr]     19:     0x5fc047914cc9 - std::rt::lang_start::{{closure}}::h6ea906faf45ef5d7
[INFO] [stderr]     20:     0x5fc047999957 - core::ops::function::impls::<impl core::ops::function::FnOnce<A> for &F>::call_once::hd87d66b906e0ccaf
[INFO] [stderr]                                  at /rustc/df4ca44d3fbc9301ee17f30f4d474e6ae4b05252/library/core/src/ops/function.rs:284:13
[INFO] [stderr]     21:     0x5fc047999957 - std::panicking::try::do_call::hae3703de71fc9e3a
[INFO] [stderr]                                  at /rustc/df4ca44d3fbc9301ee17f30f4d474e6ae4b05252/library/std/src/panicking.rs:557:40
[INFO] [stderr]     22:     0x5fc047999957 - std::panicking::try::h1178330e9a2b2645
[INFO] [stderr]                                  at /rustc/df4ca44d3fbc9301ee17f30f4d474e6ae4b05252/library/std/src/panicking.rs:520:19
[INFO] [stderr]     23:     0x5fc047999957 - std::panic::catch_unwind::h0acf49d2305d32ad
[INFO] [stderr]                                  at /rustc/df4ca44d3fbc9301ee17f30f4d474e6ae4b05252/library/std/src/panic.rs:358:14
[INFO] [stderr]     24:     0x5fc047999957 - std::rt::lang_start_internal::{{closure}}::h2d95182d798177be
[INFO] [stderr]                                  at /rustc/df4ca44d3fbc9301ee17f30f4d474e6ae4b05252/library/std/src/rt.rs:174:48
[INFO] [stderr]     25:     0x5fc047999957 - std::panicking::try::do_call::hb506f5bfe11fd30c
[INFO] [stderr]                                  at /rustc/df4ca44d3fbc9301ee17f30f4d474e6ae4b05252/library/std/src/panicking.rs:557:40
[INFO] [stderr]     26:     0x5fc047999957 - std::panicking::try::h54d825c46bd0fa95
[INFO] [stderr]                                  at /rustc/df4ca44d3fbc9301ee17f30f4d474e6ae4b05252/library/std/src/panicking.rs:520:19
[INFO] [stderr]     27:     0x5fc047999957 - std::panic::catch_unwind::hffbb0ad20c4e9fac
[INFO] [stderr]                                  at /rustc/df4ca44d3fbc9301ee17f30f4d474e6ae4b05252/library/std/src/panic.rs:358:14
[INFO] [stderr]     28:     0x5fc047999957 - std::rt::lang_start_internal::h52c291ef1962c925
[INFO] [stderr]                                  at /rustc/df4ca44d3fbc9301ee17f30f4d474e6ae4b05252/library/std/src/rt.rs:174:20
[INFO] [stderr]     29:     0x5fc047914ca7 - std::rt::lang_start::hc5b2845dcea8eede
[INFO] [stderr]     30:     0x5fc047923e45 - main
[INFO] [stderr]     31:     0x741a64894d90 - <unknown>
[INFO] [stderr]     32:     0x741a64894e40 - __libc_start_main
[INFO] [stderr]     33:     0x5fc0479141f5 - _start
[INFO] [stderr]     34:                0x0 - <unknown>
[ERROR] error running command: no output for 300 seconds
[INFO] running `Command { std: "docker" "inspect" "b069d2f87cceae0cde40626c215f0af632975fcf18372c6f292edabba3b75bb5", kill_on_drop: false }`
[INFO] running `Command { std: "docker" "rm" "-f" "b069d2f87cceae0cde40626c215f0af632975fcf18372c6f292edabba3b75bb5", kill_on_drop: false }`
[INFO] [stdout] b069d2f87cceae0cde40626c215f0af632975fcf18372c6f292edabba3b75bb5
