[INFO] fetching crate noerror 1.0.67...
[INFO] testing noerror-1.0.67 against nightly-2024-10-28 for randomize-layout
[INFO] extracting crate noerror 1.0.67 into /workspace/builds/worker-2-tc1/source
[INFO] validating manifest of crates.io crate noerror 1.0.67 on toolchain nightly-2024-10-28
[INFO] running `Command { std: CARGO_HOME="/workspace/cargo-home" RUSTUP_HOME="/workspace/rustup-home" "/workspace/cargo-home/bin/cargo" "+nightly-2024-10-28" "metadata" "--manifest-path" "Cargo.toml" "--no-deps", kill_on_drop: false }`
[INFO] removed /workspace/builds/worker-2-tc1/source/rust-toolchain.toml
[INFO] started tweaking crates.io crate noerror 1.0.67
[INFO] removed 0 missing tests
[INFO] finished tweaking crates.io crate noerror 1.0.67
[INFO] tweaked toml for crates.io crate noerror 1.0.67 written to /workspace/builds/worker-2-tc1/source/Cargo.toml
[INFO] running `Command { std: CARGO_HOME="/workspace/cargo-home" RUSTUP_HOME="/workspace/rustup-home" "/workspace/cargo-home/bin/cargo" "+nightly-2024-10-28" "generate-lockfile" "--manifest-path" "Cargo.toml", kill_on_drop: false }`
[INFO] [stderr]     Blocking waiting for file lock on package cache
[INFO] [stderr]     Updating crates.io index
[INFO] [stderr]     Blocking waiting for file lock on package cache
[INFO] [stderr]      Locking 39 packages to latest compatible versions
[INFO] [stderr]       Adding thiserror-impl v1.0.65 (available: v1.0.66)
[INFO] running `Command { std: CARGO_HOME="/workspace/cargo-home" RUSTUP_HOME="/workspace/rustup-home" "/workspace/cargo-home/bin/cargo" "+nightly-2024-10-28" "fetch" "--manifest-path" "Cargo.toml", kill_on_drop: false }`
[INFO] [stderr]     Blocking waiting for file lock on package cache
[INFO] [stderr]     Blocking waiting for file lock on package cache
[INFO] running `Command { std: "docker" "create" "-v" "/var/lib/crater-agent-workspace/builds/worker-2-tc1/target:/opt/rustwide/target:rw,Z" "-v" "/var/lib/crater-agent-workspace/builds/worker-2-tc1/source:/opt/rustwide/workdir:ro,Z" "-v" "/var/lib/crater-agent-workspace/cargo-home:/opt/rustwide/cargo-home:ro,Z" "-v" "/var/lib/crater-agent-workspace/rustup-home:/opt/rustwide/rustup-home:ro,Z" "-e" "SOURCE_DIR=/opt/rustwide/workdir" "-e" "CARGO_TARGET_DIR=/opt/rustwide/target" "-e" "CARGO_HOME=/opt/rustwide/cargo-home" "-e" "RUSTUP_HOME=/opt/rustwide/rustup-home" "-w" "/opt/rustwide/workdir" "-m" "1610612736" "--user" "0:0" "--network" "none" "ghcr.io/rust-lang/crates-build-env/linux@sha256:4a844ea9eb2546a2d2c7022eacef16ef2e8229c7fbb2c7d4d55a9ceca922f72d" "/opt/rustwide/cargo-home/bin/cargo" "+nightly-2024-10-28" "metadata" "--no-deps" "--format-version=1", kill_on_drop: false }`
[INFO] [stdout] f832cbbd5e5b435f610a6c4a5be6da457ff375b9cf8be8a18f3047cf6914b794
[INFO] running `Command { std: "docker" "start" "-a" "f832cbbd5e5b435f610a6c4a5be6da457ff375b9cf8be8a18f3047cf6914b794", kill_on_drop: false }`
[INFO] running `Command { std: "docker" "inspect" "f832cbbd5e5b435f610a6c4a5be6da457ff375b9cf8be8a18f3047cf6914b794", kill_on_drop: false }`
[INFO] running `Command { std: "docker" "rm" "-f" "f832cbbd5e5b435f610a6c4a5be6da457ff375b9cf8be8a18f3047cf6914b794", kill_on_drop: false }`
[INFO] [stdout] f832cbbd5e5b435f610a6c4a5be6da457ff375b9cf8be8a18f3047cf6914b794
[INFO] running `Command { std: "docker" "create" "-v" "/var/lib/crater-agent-workspace/builds/worker-2-tc1/target:/opt/rustwide/target:rw,Z" "-v" "/var/lib/crater-agent-workspace/builds/worker-2-tc1/source:/opt/rustwide/workdir:ro,Z" "-v" "/var/lib/crater-agent-workspace/cargo-home:/opt/rustwide/cargo-home:ro,Z" "-v" "/var/lib/crater-agent-workspace/rustup-home:/opt/rustwide/rustup-home:ro,Z" "-e" "SOURCE_DIR=/opt/rustwide/workdir" "-e" "CARGO_TARGET_DIR=/opt/rustwide/target" "-e" "CARGO_INCREMENTAL=0" "-e" "RUST_BACKTRACE=full" "-e" "RUSTFLAGS=--cap-lints=forbid" "-e" "RUSTDOCFLAGS=--cap-lints=forbid" "-e" "CARGO_HOME=/opt/rustwide/cargo-home" "-e" "RUSTUP_HOME=/opt/rustwide/rustup-home" "-w" "/opt/rustwide/workdir" "-m" "1610612736" "--user" "0:0" "--network" "none" "ghcr.io/rust-lang/crates-build-env/linux@sha256:4a844ea9eb2546a2d2c7022eacef16ef2e8229c7fbb2c7d4d55a9ceca922f72d" "/opt/rustwide/cargo-home/bin/cargo" "+nightly-2024-10-28" "build" "--frozen" "--message-format=json", kill_on_drop: false }`
[INFO] [stdout] 2e862f4eaa14b3b3fee18614ec7bb25f3fe30391733b06640b0111d9d56c2926
[INFO] running `Command { std: "docker" "start" "-a" "2e862f4eaa14b3b3fee18614ec7bb25f3fe30391733b06640b0111d9d56c2926", kill_on_drop: false }`
[INFO] [stderr]    Compiling noerror v1.0.67 (/opt/rustwide/workdir)
[INFO] [stderr]    Compiling syn v2.0.86
[INFO] [stderr]    Compiling thiserror-impl v1.0.65
[INFO] [stderr]     Finished `dev` profile [unoptimized + debuginfo] target(s) in 2.78s
[INFO] running `Command { std: "docker" "inspect" "2e862f4eaa14b3b3fee18614ec7bb25f3fe30391733b06640b0111d9d56c2926", kill_on_drop: false }`
[INFO] running `Command { std: "docker" "rm" "-f" "2e862f4eaa14b3b3fee18614ec7bb25f3fe30391733b06640b0111d9d56c2926", kill_on_drop: false }`
[INFO] [stdout] 2e862f4eaa14b3b3fee18614ec7bb25f3fe30391733b06640b0111d9d56c2926
[INFO] running `Command { std: "docker" "create" "-v" "/var/lib/crater-agent-workspace/builds/worker-2-tc1/target:/opt/rustwide/target:rw,Z" "-v" "/var/lib/crater-agent-workspace/builds/worker-2-tc1/source:/opt/rustwide/workdir:ro,Z" "-v" "/var/lib/crater-agent-workspace/cargo-home:/opt/rustwide/cargo-home:ro,Z" "-v" "/var/lib/crater-agent-workspace/rustup-home:/opt/rustwide/rustup-home:ro,Z" "-e" "SOURCE_DIR=/opt/rustwide/workdir" "-e" "CARGO_TARGET_DIR=/opt/rustwide/target" "-e" "CARGO_INCREMENTAL=0" "-e" "RUST_BACKTRACE=full" "-e" "RUSTFLAGS=--cap-lints=forbid" "-e" "RUSTDOCFLAGS=--cap-lints=forbid" "-e" "CARGO_HOME=/opt/rustwide/cargo-home" "-e" "RUSTUP_HOME=/opt/rustwide/rustup-home" "-w" "/opt/rustwide/workdir" "-m" "1610612736" "--user" "0:0" "--network" "none" "ghcr.io/rust-lang/crates-build-env/linux@sha256:4a844ea9eb2546a2d2c7022eacef16ef2e8229c7fbb2c7d4d55a9ceca922f72d" "/opt/rustwide/cargo-home/bin/cargo" "+nightly-2024-10-28" "test" "--frozen" "--no-run" "--message-format=json", kill_on_drop: false }`
[INFO] [stdout] 3327f9efb3eb03c77f02634a1c51b66e31a608e5f418a4178de5007210d74fac
[INFO] running `Command { std: "docker" "start" "-a" "3327f9efb3eb03c77f02634a1c51b66e31a608e5f418a4178de5007210d74fac", kill_on_drop: false }`
[INFO] [stderr]    Compiling serde v1.0.214
[INFO] [stderr]    Compiling equivalent v1.0.1
[INFO] [stderr]    Compiling hashbrown v0.15.0
[INFO] [stderr]    Compiling winnow v0.6.20
[INFO] [stderr]    Compiling target-triple v0.1.3
[INFO] [stderr]    Compiling dissimilar v1.0.9
[INFO] [stderr]    Compiling termcolor v1.4.1
[INFO] [stderr]    Compiling glob v0.3.1
[INFO] [stderr]    Compiling serde_derive v1.0.214
[INFO] [stderr]    Compiling ref-cast-impl v1.0.23
[INFO] [stderr]    Compiling ref-cast v1.0.23
[INFO] [stderr]    Compiling indexmap v2.6.0
[INFO] [stderr]    Compiling serde_spanned v0.6.8
[INFO] [stderr]    Compiling toml_datetime v0.6.8
[INFO] [stderr]    Compiling serde_json v1.0.132
[INFO] [stderr]    Compiling toml_edit v0.22.22
[INFO] [stderr]    Compiling toml v0.8.19
[INFO] [stderr]    Compiling trybuild v1.0.101
[INFO] [stderr]    Compiling noerror v1.0.67 (/opt/rustwide/workdir)
[INFO] [stdout] error[E0432]: unresolved import `thiserror`
[INFO] [stdout]  --> tests/test_backtrace.rs:3:5
[INFO] [stdout]   |
[INFO] [stdout] 3 | use thiserror::Error;
[INFO] [stdout]   |     ^^^^^^^^^ use of undeclared crate or module `thiserror`
[INFO] [stdout] 
[INFO] [stdout] 
[INFO] [stdout] error[E0432]: unresolved import `thiserror`
[INFO] [stdout]  --> tests/test_no_std.rs:2:5
[INFO] [stdout]   |
[INFO] [stdout] 2 | use thiserror::Error;
[INFO] [stdout]   |     ^^^^^^^^^ use of undeclared crate or module `thiserror`
[INFO] [stdout] 
[INFO] [stdout] 
[INFO] [stdout] error[E0432]: unresolved import `thiserror`
[INFO] [stdout]  --> tests/test_generics.rs:4:5
[INFO] [stdout]   |
[INFO] [stdout] 4 | use thiserror::Error;
[INFO] [stdout]   |     ^^^^^^^^^ use of undeclared crate or module `thiserror`
[INFO] [stdout] 
[INFO] [stdout] 
[INFO] [stdout] error[E0432]: unresolved import `thiserror`
[INFO] [stdout]  --> tests/test_transparent.rs:4:5
[INFO] [stdout]   |
[INFO] [stdout] 4 | use thiserror::Error;
[INFO] [stdout]   |     ^^^^^^^^^ use of undeclared crate or module `thiserror`
[INFO] [stdout] 
[INFO] [stdout] 
[INFO] [stdout] error[E0432]: unresolved import `thiserror`
[INFO] [stdout]  --> tests/test_lints.rs:3:5
[INFO] [stdout]   |
[INFO] [stdout] 3 | use thiserror::Error;
[INFO] [stdout]   |     ^^^^^^^^^ use of undeclared crate or module `thiserror`
[INFO] [stdout] 
[INFO] [stdout] 
[INFO] [stdout] error[E0432]: unresolved import `thiserror`
[INFO] [stdout]  --> tests/test_expr.rs:4:5
[INFO] [stdout]   |
[INFO] [stdout] 4 | use thiserror::Error;
[INFO] [stdout]   |     ^^^^^^^^^ use of undeclared crate or module `thiserror`
[INFO] [stdout] 
[INFO] [stdout] 
[INFO] [stdout] error[E0432]: unresolved import `thiserror`
[INFO] [stdout]  --> tests/test_error.rs:5:5
[INFO] [stdout]   |
[INFO] [stdout] 5 | use thiserror::Error;
[INFO] [stdout]   |     ^^^^^^^^^ use of undeclared crate or module `thiserror`
[INFO] [stdout] 
[INFO] [stdout] 
[INFO] [stdout] error[E0432]: unresolved import `thiserror`
[INFO] [stdout]  --> tests/test_display.rs:8:5
[INFO] [stdout]   |
[INFO] [stdout] 8 | use thiserror::Error;
[INFO] [stdout]   |     ^^^^^^^^^ use of undeclared crate or module `thiserror`
[INFO] [stdout] 
[INFO] [stdout] 
[INFO] [stdout] error[E0432]: unresolved import `thiserror`
[INFO] [stdout]  --> tests/test_from.rs:4:5
[INFO] [stdout]   |
[INFO] [stdout] 4 | use thiserror::Error;
[INFO] [stdout]   |     ^^^^^^^^^ use of undeclared crate or module `thiserror`
[INFO] [stdout] 
[INFO] [stdout] 
[INFO] [stdout] error[E0432]: unresolved import `thiserror`
[INFO] [stdout]  --> tests/test_deprecated.rs:3:5
[INFO] [stdout]   |
[INFO] [stdout] 3 | use thiserror::Error;
[INFO] [stdout]   |     ^^^^^^^^^ use of undeclared crate or module `thiserror`
[INFO] [stdout] 
[INFO] [stdout] 
[INFO] [stdout] error[E0432]: unresolved import `thiserror`
[INFO] [stdout]  --> tests/test_source.rs:3:5
[INFO] [stdout]   |
[INFO] [stdout] 3 | use thiserror::Error;
[INFO] [stdout]   |     ^^^^^^^^^ use of undeclared crate or module `thiserror`
[INFO] [stdout] 
[INFO] [stdout] 
[INFO] [stdout] error: cannot find attribute `error` in this scope
[INFO] [stdout]   --> tests/test_no_std.rs:10:7
[INFO] [stdout]    |
[INFO] [stdout] 10 |     #[error("A")]
[INFO] [stdout]    |       ^^^^^
[INFO] [stdout] 
[INFO] [stdout] 
[INFO] [stdout] error: cannot find attribute `error` in this scope
[INFO] [stdout]  --> tests/test_backtrace.rs:6:3
[INFO] [stdout]   |
[INFO] [stdout] 6 | #[error("...")]
[INFO] [stdout]   |   ^^^^^
[INFO] [stdout] 
[INFO] [stdout] 
[INFO] [stdout] error: cannot find attribute `error` in this scope
[INFO] [stdout]   --> tests/test_no_std.rs:12:7
[INFO] [stdout]    |
[INFO] [stdout] 12 |     #[error("B {0}")]
[INFO] [stdout]    |       ^^^^^
[INFO] [stdout] 
[INFO] [stdout] 
[INFO] [stdout] error[E0432]: unresolved import `thiserror`
[INFO] [stdout]  --> tests/test_path.rs:4:5
[INFO] [stdout]   |
[INFO] [stdout] 4 | use thiserror::Error;
[INFO] [stdout]   |     ^^^^^^^^^ use of undeclared crate or module `thiserror`
[INFO] [stdout] 
[INFO] [stdout] 
[INFO] [stdout] error: cannot find attribute `from` in this scope
[INFO] [stdout]   --> tests/test_no_std.rs:13:9
[INFO] [stdout]    |
[INFO] [stdout] 13 |     B(#[from] IoError),
[INFO] [stdout]    |         ^^^^
[INFO] [stdout] 
[INFO] [stdout] 
[INFO] [stdout] error: cannot find attribute `error` in this scope
[INFO] [stdout]  --> tests/test_no_std.rs:5:3
[INFO] [stdout]   |
[INFO] [stdout] 5 | #[error("io")]
[INFO] [stdout]   |   ^^^^^
[INFO] [stdout] 
[INFO] [stdout] 
[INFO] [stdout] error: cannot find attribute `error` in this scope
[INFO] [stdout]   --> tests/test_generics.rs:40:7
[INFO] [stdout]    |
[INFO] [stdout] 40 |     #[error("{0:?}")]
[INFO] [stdout]    |       ^^^^^
[INFO] [stdout] 
[INFO] [stdout] 
[INFO] [stdout] error: cannot find attribute `error` in this scope
[INFO] [stdout]   --> tests/test_generics.rs:55:7
[INFO] [stdout]    |
[INFO] [stdout] 55 |     #[error("enum from generic")]
[INFO] [stdout]    |       ^^^^^
[INFO] [stdout] 
[INFO] [stdout] 
[INFO] [stdout] error: cannot find attribute `from` in this scope
[INFO] [stdout]   --> tests/test_generics.rs:56:14
[INFO] [stdout]    |
[INFO] [stdout] 56 |     Source(#[from] EnumDebugGeneric<E>),
[INFO] [stdout]    |              ^^^^
[INFO] [stdout] 
[INFO] [stdout] 
[INFO] [stdout] error: cannot find attribute `error` in this scope
[INFO] [stdout]   --> tests/test_expr.rs:10:7
[INFO] [stdout]    |
[INFO] [stdout] 10 |     #[error("cannot shift {} by {maximum} or more bits (got {current})", if *.is_left { "left" } else { "right" })]
[INFO] [stdout]    |       ^^^^^
[INFO] [stdout] 
[INFO] [stdout] 
[INFO] [stdout] error: cannot find attribute `error` in this scope
[INFO] [stdout]   --> tests/test_expr.rs:17:7
[INFO] [stdout]    |
[INFO] [stdout] 17 |     #[error("#error {}", (.0).iter().copied().collect::<Vec<_>>().join(" "))]
[INFO] [stdout]    |       ^^^^^
[INFO] [stdout] 
[INFO] [stdout] 
[INFO] [stdout] error: cannot find attribute `error` in this scope
[INFO] [stdout]   --> tests/test_expr.rs:20:7
[INFO] [stdout]    |
[INFO] [stdout] 20 |     #[error("overflow while parsing {}integer literal",
[INFO] [stdout]    |       ^^^^^
[INFO] [stdout] 
[INFO] [stdout] 
[INFO] [stdout] error: cannot find attribute `error` in this scope
[INFO] [stdout]   --> tests/test_generics.rs:74:7
[INFO] [stdout]    |
[INFO] [stdout] 74 |     #[error("{0} {1:?}")]
[INFO] [stdout]    |       ^^^^^
[INFO] [stdout] 
[INFO] [stdout] 
[INFO] [stdout] error: cannot find attribute `error` in this scope
[INFO] [stdout]   --> tests/test_generics.rs:76:7
[INFO] [stdout]    |
[INFO] [stdout] 76 |     #[error("{0}")]
[INFO] [stdout]    |       ^^^^^
[INFO] [stdout] 
[INFO] [stdout] 
[INFO] [stdout] error: cannot find attribute `error` in this scope
[INFO] [stdout]  --> tests/test_transparent.rs:9:7
[INFO] [stdout]   |
[INFO] [stdout] 9 |     #[error(transparent)]
[INFO] [stdout]   |       ^^^^^
[INFO] [stdout] 
[INFO] [stdout] 
[INFO] [stdout] error: cannot find attribute `error` in this scope
[INFO] [stdout]   --> tests/test_transparent.rs:14:11
[INFO] [stdout]    |
[INFO] [stdout] 14 |         #[error("E0")]
[INFO] [stdout]    |           ^^^^^
[INFO] [stdout] 
[INFO] [stdout] 
[INFO] [stdout] error: cannot find attribute `error` in this scope
[INFO] [stdout]   --> tests/test_generics.rs:78:7
[INFO] [stdout]    |
[INFO] [stdout] 78 |     #[error("{1:?}")]
[INFO] [stdout]    |       ^^^^^
[INFO] [stdout] 
[INFO] [stdout] 
[INFO] [stdout] error: cannot find attribute `error` in this scope
[INFO] [stdout]   --> tests/test_transparent.rs:16:11
[INFO] [stdout]    |
[INFO] [stdout] 16 |         #[error("E1")]
[INFO] [stdout]    |           ^^^^^
[INFO] [stdout] 
[INFO] [stdout] 
[INFO] [stdout] error: cannot find attribute `error` in this scope
[INFO] [stdout]   --> tests/test_display.rs:17:7
[INFO] [stdout]    |
[INFO] [stdout] 17 |     #[error("braced error: {msg}")]
[INFO] [stdout]    |       ^^^^^
[INFO] [stdout] 
[INFO] [stdout] 
[INFO] [stdout] error: cannot find attribute `error` in this scope
[INFO] [stdout]    --> tests/test_generics.rs:115:7
[INFO] [stdout]     |
[INFO] [stdout] 115 |     #[error(transparent)]
[INFO] [stdout]     |       ^^^^^
[INFO] [stdout] 
[INFO] [stdout] 
[INFO] [stdout] error: cannot find attribute `from` in this scope
[INFO] [stdout]   --> tests/test_transparent.rs:17:14
[INFO] [stdout]    |
[INFO] [stdout] 17 |         E1(#[from] io::Error),
[INFO] [stdout]    |              ^^^^
[INFO] [stdout] 
[INFO] [stdout] 
[INFO] [stdout] For more information about this error, try `rustc --explain E0432`.
[INFO] [stdout] 
[INFO] [stdout] error: cannot find attribute `error` in this scope
[INFO] [stdout]   --> tests/test_expr.rs:29:7
[INFO] [stdout]    |
[INFO] [stdout] 29 |     #[error("overflow while parsing {}integer literal", match .is_signed {
[INFO] [stdout]    |       ^^^^^
[INFO] [stdout] 
[INFO] [stdout] 
[INFO] [stdout] error: cannot find attribute `error` in this scope
[INFO] [stdout]   --> tests/test_expr.rs:40:7
[INFO] [stdout]    |
[INFO] [stdout] 40 |     #[error(
[INFO] [stdout]    |       ^^^^^
[INFO] [stdout] 
[INFO] [stdout] 
[INFO] [stdout] error: cannot find attribute `error` in this scope
[INFO] [stdout]    --> tests/test_generics.rs:130:3
[INFO] [stdout]     |
[INFO] [stdout] 130 | #[error("{underlying:?}")]
[INFO] [stdout]     |   ^^^^^
[INFO] [stdout] 
[INFO] [stdout] 
[INFO] [stdout] error: cannot find attribute `error` in this scope
[INFO] [stdout]   --> tests/test_transparent.rs:34:11
[INFO] [stdout]    |
[INFO] [stdout] 34 |         #[error("this failed")]
[INFO] [stdout]    |           ^^^^^
[INFO] [stdout] 
[INFO] [stdout] 
[INFO] [stdout] error: cannot find attribute `error` in this scope
[INFO] [stdout]   --> tests/test_display.rs:29:7
[INFO] [stdout]    |
[INFO] [stdout] 29 |     #[error("braced error")]
[INFO] [stdout]    |       ^^^^^
[INFO] [stdout] 
[INFO] [stdout] 
[INFO] [stdout] error: cannot find attribute `error` in this scope
[INFO] [stdout]  --> tests/test_deprecated.rs:8:7
[INFO] [stdout]   |
[INFO] [stdout] 8 |     #[error("...")]
[INFO] [stdout]   |       ^^^^^
[INFO] [stdout] 
[INFO] [stdout] 
[INFO] [stdout] error: cannot find attribute `error` in this scope
[INFO] [stdout]  --> tests/test_from.rs:7:3
[INFO] [stdout]   |
[INFO] [stdout] 7 | #[error("...")]
[INFO] [stdout]   |   ^^^^^
[INFO] [stdout] 
[INFO] [stdout] 
[INFO] [stdout] error: cannot find attribute `from` in this scope
[INFO] [stdout]    --> tests/test_generics.rs:144:7
[INFO] [stdout]     |
[INFO] [stdout] 144 |     #[from]
[INFO] [stdout]     |       ^^^^
[INFO] [stdout] 
[INFO] [stdout] 
[INFO] [stdout] error: cannot find attribute `error` in this scope
[INFO] [stdout]   --> tests/test_transparent.rs:36:11
[INFO] [stdout]    |
[INFO] [stdout] 36 |         #[error(transparent)]
[INFO] [stdout]    |           ^^^^^
[INFO] [stdout] 
[INFO] [stdout] 
[INFO] [stdout] error: cannot find attribute `error` in this scope
[INFO] [stdout]   --> tests/test_display.rs:40:7
[INFO] [stdout]    |
[INFO] [stdout] 40 |     #[error("tuple error: {0}")]
[INFO] [stdout]    |       ^^^^^
[INFO] [stdout] 
[INFO] [stdout] 
[INFO] [stdout] error: cannot find attribute `error` in this scope
[INFO] [stdout]   --> tests/test_lints.rs:16:7
[INFO] [stdout]    |
[INFO] [stdout] 16 |     #[error("...")]
[INFO] [stdout]    |       ^^^^^
[INFO] [stdout] 
[INFO] [stdout] 
[INFO] [stdout] error: cannot find attribute `error` in this scope
[INFO] [stdout]    --> tests/test_generics.rs:160:3
[INFO] [stdout]     |
[INFO] [stdout] 160 | #[error(transparent)]
[INFO] [stdout]     |   ^^^^^
[INFO] [stdout] 
[INFO] [stdout] 
[INFO] [stdout] error: cannot find attribute `error` in this scope
[INFO] [stdout]   --> tests/test_transparent.rs:51:7
[INFO] [stdout]    |
[INFO] [stdout] 51 |     #[error(transparent)]
[INFO] [stdout]    |       ^^^^^
[INFO] [stdout] 
[INFO] [stdout] 
[INFO] [stdout] error: cannot find attribute `error` in this scope
[INFO] [stdout]   --> tests/test_display.rs:49:7
[INFO] [stdout]    |
[INFO] [stdout] 49 |     #[error("unit error")]
[INFO] [stdout]    |       ^^^^^
[INFO] [stdout] 
[INFO] [stdout] 
[INFO] [stdout] error: cannot find attribute `source` in this scope
[INFO] [stdout]   --> tests/test_error.rs:31:7
[INFO] [stdout]    |
[INFO] [stdout] 31 |     #[source]
[INFO] [stdout]    |       ^^^^^^
[INFO] [stdout] 
[INFO] [stdout] 
[INFO] [stdout] error: cannot find attribute `source` in this scope
[INFO] [stdout]   --> tests/test_error.rs:37:7
[INFO] [stdout]    |
[INFO] [stdout] 37 |     #[source]
[INFO] [stdout]    |       ^^^^^^
[INFO] [stdout] 
[INFO] [stdout] 
[INFO] [stdout] error: cannot find attribute `from` in this scope
[INFO] [stdout]   --> tests/test_transparent.rs:52:18
[INFO] [stdout]    |
[INFO] [stdout] 52 |     struct Any(#[from] anyhow::Error);
[INFO] [stdout]    |                  ^^^^
[INFO] [stdout] 
[INFO] [stdout] 
[INFO] [stdout] error: cannot find attribute `error` in this scope
[INFO] [stdout]   --> tests/test_display.rs:59:11
[INFO] [stdout]    |
[INFO] [stdout] 59 |         #[error("braced error: {id}")]
[INFO] [stdout]    |           ^^^^^
[INFO] [stdout] 
[INFO] [stdout] 
[INFO] [stdout] error: cannot find attribute `error` in this scope
[INFO] [stdout]   --> tests/test_transparent.rs:62:7
[INFO] [stdout]    |
[INFO] [stdout] 62 |     #[error(transparent)]
[INFO] [stdout]    |       ^^^^^
[INFO] [stdout] 
[INFO] [stdout] 
[INFO] [stdout] error: cannot find attribute `source` in this scope
[INFO] [stdout]   --> tests/test_error.rs:44:11
[INFO] [stdout]    |
[INFO] [stdout] 44 |         #[source]
[INFO] [stdout]    |           ^^^^^^
[INFO] [stdout] 
[INFO] [stdout] 
[INFO] [stdout] error: cannot find attribute `from` in this scope
[INFO] [stdout]  --> tests/test_from.rs:9:7
[INFO] [stdout]   |
[INFO] [stdout] 9 |     #[from]
[INFO] [stdout]   |       ^^^^
[INFO] [stdout] 
[INFO] [stdout] 
[INFO] [stdout] error: cannot find attribute `error` in this scope
[INFO] [stdout]   --> tests/test_transparent.rs:69:11
[INFO] [stdout]    |
[INFO] [stdout] 69 |         #[error("unexpected token: {:?}", token)]
[INFO] [stdout]    |           ^^^^^
[INFO] [stdout] 
[INFO] [stdout] 
[INFO] [stdout] error: cannot find attribute `source` in this scope
[INFO] [stdout]   --> tests/test_error.rs:47:13
[INFO] [stdout]    |
[INFO] [stdout] 47 |     Tuple(#[source] io::Error),
[INFO] [stdout]    |             ^^^^^^
[INFO] [stdout] 
[INFO] [stdout] 
[INFO] [stdout] error: cannot find attribute `error` in this scope
[INFO] [stdout]   --> tests/test_display.rs:61:11
[INFO] [stdout]    |
[INFO] [stdout] 61 |         #[error("tuple error: {0}")]
[INFO] [stdout]    |           ^^^^^
[INFO] [stdout] 
[INFO] [stdout] 
[INFO] [stdout] error: cannot find attribute `error` in this scope
[INFO] [stdout]   --> tests/test_from.rs:14:3
[INFO] [stdout]    |
[INFO] [stdout] 14 | #[error("...")]
[INFO] [stdout]    |   ^^^^^
[INFO] [stdout] 
[INFO] [stdout] 
[INFO] [stdout] error: cannot find attribute `error` in this scope
[INFO] [stdout]   --> tests/test_display.rs:63:11
[INFO] [stdout]    |
[INFO] [stdout] 63 |         #[error("unit error")]
[INFO] [stdout]    |           ^^^^^
[INFO] [stdout] 
[INFO] [stdout] 
[INFO] [stderr] error: could not compile `noerror` (test "test_backtrace") due to 2 previous errors
[INFO] [stderr] warning: build failed, waiting for other jobs to finish...
[INFO] [stdout] error: cannot find attribute `error` in this scope
[INFO] [stdout]   --> tests/test_display.rs:75:7
[INFO] [stdout]    |
[INFO] [stdout] 75 |     #[error("{MSG}: {id:?} (code {CODE:?})")]
[INFO] [stdout]    |       ^^^^^
[INFO] [stdout] 
[INFO] [stdout] 
[INFO] [stdout] error: cannot find attribute `from` in this scope
[INFO] [stdout]   --> tests/test_from.rs:16:7
[INFO] [stdout]    |
[INFO] [stdout] 16 |     #[from]
[INFO] [stdout]    |       ^^^^
[INFO] [stdout] 
[INFO] [stdout] 
[INFO] [stdout] error: cannot find attribute `error` in this scope
[INFO] [stdout]   --> tests/test_display.rs:89:7
[INFO] [stdout]    |
[INFO] [stdout] 89 |     #[error("{0}")]
[INFO] [stdout]    |       ^^^^^
[INFO] [stdout] 
[INFO] [stdout] 
[INFO] [stdout] For more information about this error, try `rustc --explain E0432`.
[INFO] [stdout] 
[INFO] [stdout] error: cannot find attribute `error` in this scope
[INFO] [stdout]   --> tests/test_from.rs:21:3
[INFO] [stdout]    |
[INFO] [stdout] 21 | #[error("...")]
[INFO] [stdout]    |   ^^^^^
[INFO] [stdout] 
[INFO] [stdout] 
[INFO] [stdout] error: cannot find attribute `error` in this scope
[INFO] [stdout]   --> tests/test_display.rs:92:11
[INFO] [stdout]    |
[INFO] [stdout] 92 |         #[error("other error")]
[INFO] [stdout]    |           ^^^^^
[INFO] [stdout] 
[INFO] [stdout] 
[INFO] [stdout] error: cannot find attribute `error` in this scope
[INFO] [stdout]  --> tests/test_path.rs:7:3
[INFO] [stdout]   |
[INFO] [stdout] 7 | #[error("failed to read '{file}'")]
[INFO] [stdout]   |   ^^^^^
[INFO] [stdout] 
[INFO] [stdout] 
[INFO] [stdout] error: cannot find attribute `error` in this scope
[INFO] [stdout]    --> tests/test_display.rs:103:7
[INFO] [stdout]     |
[INFO] [stdout] 103 |     #[error("fn main() {{}}")]
[INFO] [stdout]     |       ^^^^^
[INFO] [stdout] 
[INFO] [stdout] 
[INFO] [stdout] error: cannot find attribute `from` in this scope
[INFO] [stdout]   --> tests/test_from.rs:22:25
[INFO] [stdout]    |
[INFO] [stdout] 22 | pub struct ErrorTuple(#[from] io::Error);
[INFO] [stdout]    |                         ^^^^
[INFO] [stdout] 
[INFO] [stdout] 
[INFO] [stdout] error: cannot find attribute `error` in this scope
[INFO] [stdout]   --> tests/test_path.rs:14:3
[INFO] [stdout]    |
[INFO] [stdout] 14 | #[error("failed to read '{file}'")]
[INFO] [stdout]    |   ^^^^^
[INFO] [stdout] 
[INFO] [stdout] 
[INFO] [stdout] error: cannot find attribute `error` in this scope
[INFO] [stdout]   --> tests/test_from.rs:25:3
[INFO] [stdout]    |
[INFO] [stdout] 25 | #[error("...")]
[INFO] [stdout]    |   ^^^^^
[INFO] [stdout] 
[INFO] [stdout] 
[INFO] [stdout] For more information about this error, try `rustc --explain E0432`.
[INFO] [stdout] 
[INFO] [stdout] For more information about this error, try `rustc --explain E0432`.
[INFO] [stdout] 
[INFO] [stdout] error: cannot find attribute `error` in this scope
[INFO] [stdout]    --> tests/test_display.rs:112:7
[INFO] [stdout]     |
[INFO] [stdout] 112 |     #[error("1 + 1 = {}", 1 + 1)]
[INFO] [stdout]     |       ^^^^^
[INFO] [stdout] 
[INFO] [stdout] 
[INFO] [stdout] error: cannot find attribute `error` in this scope
[INFO] [stdout]    --> tests/test_display.rs:120:7
[INFO] [stdout]     |
[INFO] [stdout] 120 |     #[error("!bool = {}", not(.0))]
[INFO] [stdout]     |       ^^^^^
[INFO] [stdout] 
[INFO] [stdout] 
[INFO] [stdout] error: cannot find attribute `error` in this scope
[INFO] [stdout]   --> tests/test_path.rs:21:7
[INFO] [stdout]    |
[INFO] [stdout] 21 |     #[error("failed to read '{0}'")]
[INFO] [stdout]    |       ^^^^^
[INFO] [stdout] 
[INFO] [stdout] 
[INFO] [stdout] error: cannot find attribute `error` in this scope
[INFO] [stdout]    --> tests/test_display.rs:134:7
[INFO] [stdout]     |
[INFO] [stdout] 134 |     #[error("{}: {0}", match .1 {
[INFO] [stdout]     |       ^^^^^
[INFO] [stdout] 
[INFO] [stdout] 
[INFO] [stdout] error: cannot find attribute `from` in this scope
[INFO] [stdout]   --> tests/test_from.rs:26:33
[INFO] [stdout]    |
[INFO] [stdout] 26 | pub struct ErrorTupleOptional(#[from] Option<io::Error>);
[INFO] [stdout]    |                                 ^^^^
[INFO] [stdout] 
[INFO] [stdout] 
[INFO] [stdout] error: cannot find attribute `error` in this scope
[INFO] [stdout]  --> tests/test_source.rs:6:3
[INFO] [stdout]   |
[INFO] [stdout] 6 | #[error("implicit source")]
[INFO] [stdout]   |   ^^^^^
[INFO] [stdout] 
[INFO] [stdout] 
[INFO] [stdout] error: cannot find attribute `error` in this scope
[INFO] [stdout]   --> tests/test_source.rs:12:3
[INFO] [stdout]    |
[INFO] [stdout] 12 | #[error("explicit source")]
[INFO] [stdout]    |   ^^^^^
[INFO] [stdout] 
[INFO] [stdout] 
[INFO] [stdout] error[E0277]: `CompilerError` doesn't implement `std::fmt::Display`
[INFO] [stdout]   --> tests/test_expr.rs:61:9
[INFO] [stdout]    |
[INFO] [stdout] 59 |       assert(
[INFO] [stdout]    |       ------ required by a bound introduced by this call
[INFO] [stdout] 60 |           "cannot shift left by 32 or more bits (got 50)",
[INFO] [stdout] 61 | /         CompilerError::TooManyShiftBits {
[INFO] [stdout] 62 | |             is_left: true,
[INFO] [stdout] 63 | |             maximum: 32,
[INFO] [stdout] 64 | |             current: 50,
[INFO] [stdout] 65 | |         },
[INFO] [stdout]    | |_________^ `CompilerError` cannot be formatted with the default formatter
[INFO] [stdout]    |
[INFO] [stdout]    = help: the trait `std::fmt::Display` is not implemented for `CompilerError`
[INFO] [stdout]    = note: in format strings you may be able to use `{:?}` (or {:#?} for pretty-print) instead
[INFO] [stdout] note: required by a bound in `assert`
[INFO] [stdout]   --> tests/test_expr.rs:53:14
[INFO] [stdout]    |
[INFO] [stdout] 53 | fn assert<T: Display>(expected: &str, value: T) {
[INFO] [stdout]    |              ^^^^^^^ required by this bound in `assert`
[INFO] [stdout] 
[INFO] [stdout] 
[INFO] [stdout] error: cannot find attribute `error` in this scope
[INFO] [stdout]    --> tests/test_display.rs:154:7
[INFO] [stdout]     |
[INFO] [stdout] 154 |     #[error("{}", {
[INFO] [stdout]     |       ^^^^^
[INFO] [stdout] 
[INFO] [stdout] 
[INFO] [stdout] error: cannot find attribute `error` in this scope
[INFO] [stdout]    --> tests/test_display.rs:183:7
[INFO] [stdout]     |
[INFO] [stdout] 183 |     #[error("...")]
[INFO] [stdout]     |       ^^^^^
[INFO] [stdout] 
[INFO] [stdout] 
[INFO] [stdout] error: cannot find attribute `source` in this scope
[INFO] [stdout]   --> tests/test_source.rs:15:7
[INFO] [stdout]    |
[INFO] [stdout] 15 |     #[source]
[INFO] [stdout]    |       ^^^^^^
[INFO] [stdout] 
[INFO] [stdout] 
[INFO] [stdout] error[E0277]: `CompilerError` doesn't implement `std::fmt::Display`
[INFO] [stdout]   --> tests/test_expr.rs:68:28
[INFO] [stdout]    |
[INFO] [stdout] 68 |     assert("#error A B C", CompilerError::User(vec!["A", "B", "C"]));
[INFO] [stdout]    |     ------                 ^^^^^^^^^^^^^^^^^^^^^^^^^^^^^^^^^^^^^^^^ `CompilerError` cannot be formatted with the default formatter
[INFO] [stdout]    |     |
[INFO] [stdout]    |     required by a bound introduced by this call
[INFO] [stdout]    |
[INFO] [stdout]    = help: the trait `std::fmt::Display` is not implemented for `CompilerError`
[INFO] [stdout]    = note: in format strings you may be able to use `{:?}` (or {:#?} for pretty-print) instead
[INFO] [stdout] note: required by a bound in `assert`
[INFO] [stdout]   --> tests/test_expr.rs:53:14
[INFO] [stdout]    |
[INFO] [stdout] 53 | fn assert<T: Display>(expected: &str, value: T) {
[INFO] [stdout]    |              ^^^^^^^ required by this bound in `assert`
[INFO] [stdout] 
[INFO] [stdout] 
[INFO] [stderr] error: could not compile `noerror` (test "test_no_std") due to 5 previous errors
[INFO] [stdout] error[E0277]: `CompilerError` doesn't implement `std::fmt::Display`
[INFO] [stdout]   --> tests/test_expr.rs:72:9
[INFO] [stdout]    |
[INFO] [stdout] 70 |       assert(
[INFO] [stdout]    |       ------ required by a bound introduced by this call
[INFO] [stdout] 71 |           "overflow while parsing signed integer literal",
[INFO] [stdout] 72 | /         CompilerError::IntegerOverflow {
[INFO] [stdout] 73 | |             is_signed: Some(true),
[INFO] [stdout] 74 | |         },
[INFO] [stdout]    | |_________^ `CompilerError` cannot be formatted with the default formatter
[INFO] [stdout]    |
[INFO] [stdout]    = help: the trait `std::fmt::Display` is not implemented for `CompilerError`
[INFO] [stdout]    = note: in format strings you may be able to use `{:?}` (or {:#?} for pretty-print) instead
[INFO] [stdout] note: required by a bound in `assert`
[INFO] [stdout]   --> tests/test_expr.rs:53:14
[INFO] [stdout]    |
[INFO] [stdout] 53 | fn assert<T: Display>(expected: &str, value: T) {
[INFO] [stdout]    |              ^^^^^^^ required by this bound in `assert`
[INFO] [stdout] 
[INFO] [stdout] 
[INFO] [stdout] error: cannot find attribute `error` in this scope
[INFO] [stdout]   --> tests/test_source.rs:20:3
[INFO] [stdout]    |
[INFO] [stdout] 20 | #[error("boxed source")]
[INFO] [stdout]    |   ^^^^^
[INFO] [stdout] 
[INFO] [stdout] 
[INFO] [stdout] error: cannot find attribute `error` in this scope
[INFO] [stdout]   --> tests/test_from.rs:29:3
[INFO] [stdout]    |
[INFO] [stdout] 29 | #[error("...")]
[INFO] [stdout]    |   ^^^^^
[INFO] [stdout] 
[INFO] [stdout] 
[INFO] [stdout] error[E0277]: `RustupError` doesn't implement `std::fmt::Display`
[INFO] [stdout]   --> tests/test_expr.rs:82:9
[INFO] [stdout]    |
[INFO] [stdout] 80 |       assert(
[INFO] [stdout]    |       ------ required by a bound introduced by this call
[INFO] [stdout] 81 |           "toolchain 'nightly' does not contain component clipy; did you mean 'clippy'?",
[INFO] [stdout] 82 | /         RustupError::UnknownComponent {
[INFO] [stdout] 83 | |             name: "nightly".to_owned(),
[INFO] [stdout] 84 | |             component: "clipy".to_owned(),
[INFO] [stdout] 85 | |             suggestion: Some("clippy".to_owned()),
[INFO] [stdout] 86 | |         },
[INFO] [stdout]    | |_________^ `RustupError` cannot be formatted with the default formatter
[INFO] [stdout]    |
[INFO] [stdout]    = help: the trait `std::fmt::Display` is not implemented for `RustupError`
[INFO] [stdout]    = note: in format strings you may be able to use `{:?}` (or {:#?} for pretty-print) instead
[INFO] [stdout] note: required by a bound in `assert`
[INFO] [stdout]   --> tests/test_expr.rs:53:14
[INFO] [stdout]    |
[INFO] [stdout] 53 | fn assert<T: Display>(expected: &str, value: T) {
[INFO] [stdout]    |              ^^^^^^^ required by this bound in `assert`
[INFO] [stdout] 
[INFO] [stdout] 
[INFO] [stdout] error: cannot find attribute `source` in this scope
[INFO] [stdout]   --> tests/test_source.rs:22:7
[INFO] [stdout]    |
[INFO] [stdout] 22 |     #[source]
[INFO] [stdout]    |       ^^^^^^
[INFO] [stdout] 
[INFO] [stdout] 
[INFO] [stdout] error[E0277]: `EnumCompound<DisplayOnly, DebugOnly, NoFormat>` doesn't implement `std::fmt::Display`
[INFO] [stdout]   --> tests/test_generics.rs:93:30
[INFO] [stdout]    |
[INFO] [stdout] 93 |     assert_eq!(format!("{}", instance), "display only DebugOnly");
[INFO] [stdout]    |                              ^^^^^^^^ `EnumCompound<DisplayOnly, DebugOnly, NoFormat>` cannot be formatted with the default formatter
[INFO] [stdout]    |
[INFO] [stdout]    = help: the trait `std::fmt::Display` is not implemented for `EnumCompound<DisplayOnly, DebugOnly, NoFormat>`
[INFO] [stdout]    = note: in format strings you may be able to use `{:?}` (or {:#?} for pretty-print) instead
[INFO] [stdout]    = note: this error originates in the macro `$crate::__export::format_args` which comes from the expansion of the macro `format` (in Nightly builds, run with -Z macro-backtrace for more info)
[INFO] [stdout] 
[INFO] [stdout] 
[INFO] [stdout] error: cannot find attribute `from` in this scope
[INFO] [stdout]   --> tests/test_from.rs:32:11
[INFO] [stdout]    |
[INFO] [stdout] 32 |         #[from]
[INFO] [stdout]    |           ^^^^
[INFO] [stdout] 
[INFO] [stdout] 
[INFO] [stdout] error: cannot find attribute `error` in this scope
[INFO] [stdout]   --> tests/test_source.rs:63:7
[INFO] [stdout]    |
[INFO] [stdout] 63 |     #[error("Something")]
[INFO] [stdout]    |       ^^^^^
[INFO] [stdout] 
[INFO] [stdout] 
[INFO] [stdout] error: cannot find attribute `from` in this scope
[INFO] [stdout]   --> tests/test_source.rs:64:15
[INFO] [stdout]    |
[INFO] [stdout] 64 |     Variant(#[from] io::Error)
[INFO] [stdout]    |               ^^^^
[INFO] [stdout] 
[INFO] [stdout] 
[INFO] [stdout] error: cannot find attribute `error` in this scope
[INFO] [stdout]    --> tests/test_display.rs:192:7
[INFO] [stdout]     |
[INFO] [stdout] 192 |     #[error("a={a} :: b={} :: c={c} :: d={d}", 1, c = 2, d = 3)]
[INFO] [stdout]     |       ^^^^^
[INFO] [stdout] 
[INFO] [stdout] 
[INFO] [stdout] error: cannot find attribute `error` in this scope
[INFO] [stdout]   --> tests/test_from.rs:38:3
[INFO] [stdout]    |
[INFO] [stdout] 38 | #[error("...")]
[INFO] [stdout]    |   ^^^^^
[INFO] [stdout] 
[INFO] [stdout] 
[INFO] [stdout] error: cannot find attribute `from` in this scope
[INFO] [stdout]   --> tests/test_from.rs:41:11
[INFO] [stdout]    |
[INFO] [stdout] 41 |         #[from]
[INFO] [stdout]    |           ^^^^
[INFO] [stdout] 
[INFO] [stdout] 
[INFO] [stderr] error: could not compile `noerror` (test "test_deprecated") due to 2 previous errors
[INFO] [stdout] error[E0277]: `EnumCompound<DisplayOnly, DebugOnly, NoFormat>` doesn't implement `std::fmt::Display`
[INFO] [stdout]   --> tests/test_generics.rs:96:30
[INFO] [stdout]    |
[INFO] [stdout] 96 |     assert_eq!(format!("{}", instance), "display only");
[INFO] [stdout]    |                              ^^^^^^^^ `EnumCompound<DisplayOnly, DebugOnly, NoFormat>` cannot be formatted with the default formatter
[INFO] [stdout]    |
[INFO] [stdout]    = help: the trait `std::fmt::Display` is not implemented for `EnumCompound<DisplayOnly, DebugOnly, NoFormat>`
[INFO] [stdout]    = note: in format strings you may be able to use `{:?}` (or {:#?} for pretty-print) instead
[INFO] [stdout]    = note: this error originates in the macro `$crate::__export::format_args` which comes from the expansion of the macro `format` (in Nightly builds, run with -Z macro-backtrace for more info)
[INFO] [stdout] 
[INFO] [stdout] 
[INFO] [stdout] error[E0277]: `EnumCompound<DisplayOnly, DebugOnly, NoFormat>` doesn't implement `std::fmt::Display`
[INFO] [stdout]   --> tests/test_generics.rs:99:30
[INFO] [stdout]    |
[INFO] [stdout] 99 |     assert_eq!(format!("{}", instance), "DebugOnly");
[INFO] [stdout]    |                              ^^^^^^^^ `EnumCompound<DisplayOnly, DebugOnly, NoFormat>` cannot be formatted with the default formatter
[INFO] [stdout]    |
[INFO] [stdout]    = help: the trait `std::fmt::Display` is not implemented for `EnumCompound<DisplayOnly, DebugOnly, NoFormat>`
[INFO] [stdout]    = note: in format strings you may be able to use `{:?}` (or {:#?} for pretty-print) instead
[INFO] [stdout]    = note: this error originates in the macro `$crate::__export::format_args` which comes from the expansion of the macro `format` (in Nightly builds, run with -Z macro-backtrace for more info)
[INFO] [stdout] 
[INFO] [stdout] 
[INFO] [stderr] error: could not compile `noerror` (test "test_lints") due to 2 previous errors
[INFO] [stdout] error: cannot find attribute `error` in this scope
[INFO] [stdout]    --> tests/test_display.rs:205:11
[INFO] [stdout]     |
[INFO] [stdout] 205 |         #[error("error {0}")]
[INFO] [stdout]     |           ^^^^^
[INFO] [stdout] 
[INFO] [stdout] 
[INFO] [stdout] error: cannot find attribute `error` in this scope
[INFO] [stdout]   --> tests/test_from.rs:47:3
[INFO] [stdout]    |
[INFO] [stdout] 47 | #[error("...")]
[INFO] [stdout]    |   ^^^^^
[INFO] [stdout] 
[INFO] [stdout] 
[INFO] [stdout] error: cannot find attribute `error` in this scope
[INFO] [stdout]    --> tests/test_display.rs:207:11
[INFO] [stdout]     |
[INFO] [stdout] 207 |         #[error("error {0}", '?')]
[INFO] [stdout]     |           ^^^^^
[INFO] [stdout] 
[INFO] [stdout] 
[INFO] [stdout] Some errors have detailed explanations: E0277, E0432.
[INFO] [stdout] 
[INFO] [stdout] For more information about an error, try `rustc --explain E0277`.
[INFO] [stdout] 
[INFO] [stdout] error: cannot find attribute `error` in this scope
[INFO] [stdout]    --> tests/test_display.rs:218:7
[INFO] [stdout]     |
[INFO] [stdout] 218 |     #[error(
[INFO] [stdout]     |       ^^^^^
[INFO] [stdout] 
[INFO] [stdout] 
[INFO] [stdout] error: cannot find attribute `from` in this scope
[INFO] [stdout]   --> tests/test_from.rs:49:11
[INFO] [stdout]    |
[INFO] [stdout] 49 |     Any(#[from] anyhow::Error),
[INFO] [stdout]    |           ^^^^
[INFO] [stdout] 
[INFO] [stdout] 
[INFO] [stdout] error: cannot find attribute `from` in this scope
[INFO] [stdout]   --> tests/test_from.rs:50:10
[INFO] [stdout]    |
[INFO] [stdout] 50 |     Io(#[from] io::Error),
[INFO] [stdout]    |          ^^^^
[INFO] [stdout] 
[INFO] [stdout] 
[INFO] [stdout] Some errors have detailed explanations: E0277, E0432.
[INFO] [stdout] 
[INFO] [stdout] For more information about an error, try `rustc --explain E0277`.
[INFO] [stdout] 
[INFO] [stdout] error: cannot find attribute `error` in this scope
[INFO] [stdout]    --> tests/test_display.rs:235:7
[INFO] [stdout]     |
[INFO] [stdout] 235 |     #[error("{}", .0.data)]
[INFO] [stdout]     |       ^^^^^
[INFO] [stdout] 
[INFO] [stdout] 
[INFO] [stdout] error: cannot find attribute `error` in this scope
[INFO] [stdout]    --> tests/test_display.rs:247:7
[INFO] [stdout]     |
[INFO] [stdout] 247 |     #[error("{}", .0.0)]
[INFO] [stdout]     |       ^^^^^
[INFO] [stdout] 
[INFO] [stdout] 
[INFO] [stdout] error: cannot find attribute `error` in this scope
[INFO] [stdout]    --> tests/test_display.rs:261:19
[INFO] [stdout]     |
[INFO] [stdout] 261 |                 #[error("{0:?}")]
[INFO] [stdout]     |                   ^^^^^
[INFO] [stdout] ...
[INFO] [stdout] 273 |     decl_error!(Repro(u8));
[INFO] [stdout]     |     ---------------------- in this macro invocation
[INFO] [stdout]     |
[INFO] [stdout]     = note: this error originates in the macro `decl_error` (in Nightly builds, run with -Z macro-backtrace for more info)
[INFO] [stdout] 
[INFO] [stdout] 
[INFO] [stdout] error: cannot find attribute `error` in this scope
[INFO] [stdout]    --> tests/test_display.rs:266:15
[INFO] [stdout]     |
[INFO] [stdout] 266 |             #[error("{0:?}")]
[INFO] [stdout]     |               ^^^^^
[INFO] [stdout] ...
[INFO] [stdout] 273 |     decl_error!(Repro(u8));
[INFO] [stdout]     |     ---------------------- in this macro invocation
[INFO] [stdout]     |
[INFO] [stdout]     = note: this error originates in the macro `decl_error` (in Nightly builds, run with -Z macro-backtrace for more info)
[INFO] [stdout] 
[INFO] [stdout] 
[INFO] [stdout] error[E0599]: `test_transparent_struct::Error` doesn't implement `std::fmt::Display`
[INFO] [stdout]   --> tests/test_transparent.rs:21:28
[INFO] [stdout]    |
[INFO] [stdout] 10 |     struct Error(ErrorKind);
[INFO] [stdout]    |     ------------ method `to_string` not found for this struct because it doesn't satisfy `test_transparent_struct::Error: ToString` or `test_transparent_struct::Error: std::fmt::Display`
[INFO] [stdout] ...
[INFO] [stdout] 21 |     assert_eq!("E0", error.to_string());
[INFO] [stdout]    |                            ^^^^^^^^^ `test_transparent_struct::Error` cannot be formatted with the default formatter
[INFO] [stdout]    |
[INFO] [stdout]    = note: the following trait bounds were not satisfied:
[INFO] [stdout]            `test_transparent_struct::Error: std::fmt::Display`
[INFO] [stdout]            which is required by `test_transparent_struct::Error: ToString`
[INFO] [stdout]    = note: in format strings you may be able to use `{:?}` (or {:#?} for pretty-print) instead
[INFO] [stdout] note: the trait `std::fmt::Display` must be implemented
[INFO] [stdout]   --> /rustc/df4ca44d3fbc9301ee17f30f4d474e6ae4b05252/library/core/src/fmt/mod.rs:728:1
[INFO] [stdout]    = help: items from traits can only be used if the trait is implemented and in scope
[INFO] [stdout]    = note: the following trait defines an item `to_string`, perhaps you need to implement it:
[INFO] [stdout]            candidate #1: `ToString`
[INFO] [stdout] 
[INFO] [stdout] 
[INFO] [stdout] For more information about this error, try `rustc --explain E0432`.
[INFO] [stdout] 
[INFO] [stdout] error: cannot find attribute `error` in this scope
[INFO] [stdout]    --> tests/test_display.rs:282:7
[INFO] [stdout]     |
[INFO] [stdout] 282 |     #[error("braced raw error: {r#fn}")]
[INFO] [stdout]     |       ^^^^^
[INFO] [stdout] 
[INFO] [stdout] 
[INFO] [stdout] error[E0277]: `StructPathBuf` doesn't implement `std::fmt::Display`
[INFO] [stdout]   --> tests/test_path.rs:33:43
[INFO] [stdout]    |
[INFO] [stdout] 33 |     assert("failed to read '/thiserror'", StructPathBuf { file });
[INFO] [stdout]    |     ------                                ^^^^^^^^^^^^^^^^^^^^^^ `StructPathBuf` cannot be formatted with the default formatter
[INFO] [stdout]    |     |
[INFO] [stdout]    |     required by a bound introduced by this call
[INFO] [stdout]    |
[INFO] [stdout]    = help: the trait `std::fmt::Display` is not implemented for `StructPathBuf`
[INFO] [stdout]    = note: in format strings you may be able to use `{:?}` (or {:#?} for pretty-print) instead
[INFO] [stdout] note: required by a bound in `assert`
[INFO] [stdout]   --> tests/test_path.rs:25:14
[INFO] [stdout]    |
[INFO] [stdout] 25 | fn assert<T: Display>(expected: &str, value: T) {
[INFO] [stdout]    |              ^^^^^^^ required by this bound in `assert`
[INFO] [stdout] 
[INFO] [stdout] 
[INFO] [stderr] error: could not compile `noerror` (test "test_expr") due to 10 previous errors
[INFO] [stdout] error[E0277]: `EnumPathBuf` doesn't implement `std::fmt::Display`
[INFO] [stdout]   --> tests/test_path.rs:35:43
[INFO] [stdout]    |
[INFO] [stdout] 35 |     assert("failed to read '/thiserror'", EnumPathBuf::Read(file));
[INFO] [stdout]    |     ------                                ^^^^^^^^^^^^^^^^^^^^^^^ `EnumPathBuf` cannot be formatted with the default formatter
[INFO] [stdout]    |     |
[INFO] [stdout]    |     required by a bound introduced by this call
[INFO] [stdout]    |
[INFO] [stdout]    = help: the trait `std::fmt::Display` is not implemented for `EnumPathBuf`
[INFO] [stdout]    = note: in format strings you may be able to use `{:?}` (or {:#?} for pretty-print) instead
[INFO] [stdout] note: required by a bound in `assert`
[INFO] [stdout]   --> tests/test_path.rs:25:14
[INFO] [stdout]    |
[INFO] [stdout] 25 | fn assert<T: Display>(expected: &str, value: T) {
[INFO] [stdout]    |              ^^^^^^^ required by this bound in `assert`
[INFO] [stdout] 
[INFO] [stdout] 
[INFO] [stdout] error: cannot find attribute `error` in this scope
[INFO] [stdout]    --> tests/test_display.rs:294:11
[INFO] [stdout]     |
[INFO] [stdout] 294 |         #[error("braced raw error: {r#fn}")]
[INFO] [stdout]     |           ^^^^^
[INFO] [stdout] 
[INFO] [stdout] 
[INFO] [stdout] error[E0277]: `StructPath` doesn't implement `std::fmt::Display`
[INFO] [stdout]   --> tests/test_path.rs:36:43
[INFO] [stdout]    |
[INFO] [stdout] 36 |     assert("failed to read '/thiserror'", StructPath::ref_cast(path));
[INFO] [stdout]    |     ------                                ^^^^^^^^^^^^^^^^^^^^^^^^^^ `StructPath` cannot be formatted with the default formatter
[INFO] [stdout]    |     |
[INFO] [stdout]    |     required by a bound introduced by this call
[INFO] [stdout]    |
[INFO] [stdout]    = help: the trait `std::fmt::Display` is not implemented for `StructPath`, which is required by `&StructPath: std::fmt::Display`
[INFO] [stdout]    = note: in format strings you may be able to use `{:?}` (or {:#?} for pretty-print) instead
[INFO] [stdout]    = note: required for `&StructPath` to implement `std::fmt::Display`
[INFO] [stdout] note: required by a bound in `assert`
[INFO] [stdout]   --> tests/test_path.rs:25:14
[INFO] [stdout]    |
[INFO] [stdout] 25 | fn assert<T: Display>(expected: &str, value: T) {
[INFO] [stdout]    |              ^^^^^^^ required by this bound in `assert`
[INFO] [stdout] 
[INFO] [stdout] 
[INFO] [stdout] error: cannot find attribute `error` in this scope
[INFO] [stdout]    --> tests/test_display.rs:305:11
[INFO] [stdout]     |
[INFO] [stdout] 305 |         #[error("braced raw error: {r#func}, {func}", func = "U")]
[INFO] [stdout]     |           ^^^^^
[INFO] [stdout] 
[INFO] [stdout] 
[INFO] [stdout] error: cannot find attribute `error` in this scope
[INFO] [stdout]    --> tests/test_display.rs:315:7
[INFO] [stdout]     |
[INFO] [stdout] 315 |     #[error("error: {type}", type = 1)]
[INFO] [stdout]     |       ^^^^^
[INFO] [stdout] 
[INFO] [stdout] 
[INFO] [stderr] error: could not compile `noerror` (test "test_generics") due to 14 previous errors
[INFO] [stderr] error: could not compile `noerror` (test "test_error") due to 5 previous errors
[INFO] [stdout] error: cannot find attribute `error` in this scope
[INFO] [stdout]    --> tests/test_display.rs:325:11
[INFO] [stdout]     |
[INFO] [stdout] 325 |         #[error("brace left {{")]
[INFO] [stdout]     |           ^^^^^
[INFO] [stdout] 
[INFO] [stdout] 
[INFO] [stdout] error: cannot find attribute `error` in this scope
[INFO] [stdout]    --> tests/test_display.rs:327:11
[INFO] [stdout]     |
[INFO] [stdout] 327 |         #[error("brace left 2 \x7B\x7B")]
[INFO] [stdout]     |           ^^^^^
[INFO] [stdout] 
[INFO] [stdout] 
[INFO] [stdout] error[E0599]: no method named `source` found for struct `test_transparent_struct::Error` in the current scope
[INFO] [stdout]   --> tests/test_transparent.rs:22:19
[INFO] [stdout]    |
[INFO] [stdout] 10 |     struct Error(ErrorKind);
[INFO] [stdout]    |     ------------ method `source` not found for this struct
[INFO] [stdout] ...
[INFO] [stdout] 22 |     assert!(error.source().is_none());
[INFO] [stdout]    |                   ^^^^^^ method not found in `Error`
[INFO] [stdout]    |
[INFO] [stdout]    = help: items from traits can only be used if the trait is implemented and in scope
[INFO] [stdout]    = note: the following trait defines an item `source`, perhaps you need to implement it:
[INFO] [stdout]            candidate #1: `std::error::Error`
[INFO] [stdout] 
[INFO] [stdout] 
[INFO] [stdout] error: cannot find attribute `error` in this scope
[INFO] [stdout]    --> tests/test_display.rs:329:11
[INFO] [stdout]     |
[INFO] [stdout] 329 |         #[error("brace left 3 \u{7B}\u{7B}")]
[INFO] [stdout]     |           ^^^^^
[INFO] [stdout] 
[INFO] [stdout] 
[INFO] [stdout] error: cannot find attribute `error` in this scope
[INFO] [stdout]    --> tests/test_display.rs:331:11
[INFO] [stdout]     |
[INFO] [stdout] 331 |         #[error("brace right }}")]
[INFO] [stdout]     |           ^^^^^
[INFO] [stdout] 
[INFO] [stdout] 
[INFO] [stdout] Some errors have detailed explanations: E0277, E0432.
[INFO] [stdout] 
[INFO] [stdout] For more information about an error, try `rustc --explain E0277`.
[INFO] [stdout] 
[INFO] [stdout] error: cannot find attribute `error` in this scope
[INFO] [stdout]    --> tests/test_display.rs:333:11
[INFO] [stdout]     |
[INFO] [stdout] 333 |         #[error("brace right 2 \x7D\x7D")]
[INFO] [stdout]     |           ^^^^^
[INFO] [stdout] 
[INFO] [stdout] 
[INFO] [stdout] error: cannot find attribute `error` in this scope
[INFO] [stdout]    --> tests/test_display.rs:335:11
[INFO] [stdout]     |
[INFO] [stdout] 335 |         #[error("brace right 3 \u{7D}\u{7D}")]
[INFO] [stdout]     |           ^^^^^
[INFO] [stdout] 
[INFO] [stdout] 
[INFO] [stdout] error: cannot find attribute `error` in this scope
[INFO] [stdout]    --> tests/test_display.rs:337:11
[INFO] [stdout]     |
[INFO] [stdout] 337 |         #[error(
[INFO] [stdout]     |           ^^^^^
[INFO] [stdout] 
[INFO] [stdout] 
[INFO] [stdout] error: cannot find attribute `error` in this scope
[INFO] [stdout]    --> tests/test_display.rs:342:11
[INFO] [stdout]     |
[INFO] [stdout] 342 |         #[error("escape24 \u{78}")]
[INFO] [stdout]     |           ^^^^^
[INFO] [stdout] 
[INFO] [stdout] 
[INFO] [stdout] error[E0277]: the trait bound `ErrorStruct: From<std::io::Error>` is not satisfied
[INFO] [stdout]   --> tests/test_from.rs:57:19
[INFO] [stdout]    |
[INFO] [stdout] 57 |     assert_impl::<ErrorStruct>();
[INFO] [stdout]    |                   ^^^^^^^^^^^ the trait `From<std::io::Error>` is not implemented for `ErrorStruct`
[INFO] [stdout]    |
[INFO] [stdout] note: required by a bound in `assert_impl`
[INFO] [stdout]   --> tests/test_from.rs:53:19
[INFO] [stdout]    |
[INFO] [stdout] 53 | fn assert_impl<T: From<io::Error>>() {}
[INFO] [stdout]    |                   ^^^^^^^^^^^^^^^ required by this bound in `assert_impl`
[INFO] [stdout] 
[INFO] [stdout] 
[INFO] [stdout] error: cannot find attribute `error` in this scope
[INFO] [stdout]    --> tests/test_display.rs:360:11
[INFO] [stdout]     |
[INFO] [stdout] 360 |         #[error(r#"raw brace left {{"#)]
[INFO] [stdout]     |           ^^^^^
[INFO] [stdout] 
[INFO] [stdout] 
[INFO] [stdout] error[E0277]: the trait bound `ErrorStructOptional: From<std::io::Error>` is not satisfied
[INFO] [stdout]   --> tests/test_from.rs:58:19
[INFO] [stdout]    |
[INFO] [stdout] 58 |     assert_impl::<ErrorStructOptional>();
[INFO] [stdout]    |                   ^^^^^^^^^^^^^^^^^^^ the trait `From<std::io::Error>` is not implemented for `ErrorStructOptional`
[INFO] [stdout]    |
[INFO] [stdout] note: required by a bound in `assert_impl`
[INFO] [stdout]   --> tests/test_from.rs:53:19
[INFO] [stdout]    |
[INFO] [stdout] 53 | fn assert_impl<T: From<io::Error>>() {}
[INFO] [stdout]    |                   ^^^^^^^^^^^^^^^ required by this bound in `assert_impl`
[INFO] [stdout] 
[INFO] [stdout] 
[INFO] [stdout] error[E0277]: the trait bound `ErrorTuple: From<std::io::Error>` is not satisfied
[INFO] [stdout]   --> tests/test_from.rs:59:19
[INFO] [stdout]    |
[INFO] [stdout] 59 |     assert_impl::<ErrorTuple>();
[INFO] [stdout]    |                   ^^^^^^^^^^ the trait `From<std::io::Error>` is not implemented for `ErrorTuple`
[INFO] [stdout]    |
[INFO] [stdout] note: required by a bound in `assert_impl`
[INFO] [stdout]   --> tests/test_from.rs:53:19
[INFO] [stdout]    |
[INFO] [stdout] 53 | fn assert_impl<T: From<io::Error>>() {}
[INFO] [stdout]    |                   ^^^^^^^^^^^^^^^ required by this bound in `assert_impl`
[INFO] [stdout] 
[INFO] [stdout] 
[INFO] [stdout] error: cannot find attribute `error` in this scope
[INFO] [stdout]    --> tests/test_display.rs:362:11
[INFO] [stdout]     |
[INFO] [stdout] 362 |         #[error(r#"raw brace left 2 \x7B"#)]
[INFO] [stdout]     |           ^^^^^
[INFO] [stdout] 
[INFO] [stdout] 
[INFO] [stderr] error: could not compile `noerror` (test "test_path") due to 7 previous errors
[INFO] [stdout] error[E0277]: the trait bound `ErrorTupleOptional: From<std::io::Error>` is not satisfied
[INFO] [stdout]   --> tests/test_from.rs:60:19
[INFO] [stdout]    |
[INFO] [stdout] 60 |     assert_impl::<ErrorTupleOptional>();
[INFO] [stdout]    |                   ^^^^^^^^^^^^^^^^^^ the trait `From<std::io::Error>` is not implemented for `ErrorTupleOptional`
[INFO] [stdout]    |
[INFO] [stdout] note: required by a bound in `assert_impl`
[INFO] [stdout]   --> tests/test_from.rs:53:19
[INFO] [stdout]    |
[INFO] [stdout] 53 | fn assert_impl<T: From<io::Error>>() {}
[INFO] [stdout]    |                   ^^^^^^^^^^^^^^^ required by this bound in `assert_impl`
[INFO] [stdout] 
[INFO] [stdout] 
[INFO] [stdout] error: cannot find attribute `error` in this scope
[INFO] [stdout]    --> tests/test_display.rs:364:11
[INFO] [stdout]     |
[INFO] [stdout] 364 |         #[error(r#"raw brace right }}"#)]
[INFO] [stdout]     |           ^^^^^
[INFO] [stdout] 
[INFO] [stdout] 
[INFO] [stdout] error[E0277]: the trait bound `ErrorEnum: From<std::io::Error>` is not satisfied
[INFO] [stdout]   --> tests/test_from.rs:61:19
[INFO] [stdout]    |
[INFO] [stdout] 61 |     assert_impl::<ErrorEnum>();
[INFO] [stdout]    |                   ^^^^^^^^^ the trait `From<std::io::Error>` is not implemented for `ErrorEnum`
[INFO] [stdout]    |
[INFO] [stdout] note: required by a bound in `assert_impl`
[INFO] [stdout]   --> tests/test_from.rs:53:19
[INFO] [stdout]    |
[INFO] [stdout] 53 | fn assert_impl<T: From<io::Error>>() {}
[INFO] [stdout]    |                   ^^^^^^^^^^^^^^^ required by this bound in `assert_impl`
[INFO] [stdout] 
[INFO] [stdout] 
[INFO] [stdout] error[E0277]: the trait bound `ErrorEnumOptional: From<std::io::Error>` is not satisfied
[INFO] [stdout]   --> tests/test_from.rs:62:19
[INFO] [stdout]    |
[INFO] [stdout] 62 |     assert_impl::<ErrorEnumOptional>();
[INFO] [stdout]    |                   ^^^^^^^^^^^^^^^^^ the trait `From<std::io::Error>` is not implemented for `ErrorEnumOptional`
[INFO] [stdout]    |
[INFO] [stdout] note: required by a bound in `assert_impl`
[INFO] [stdout]   --> tests/test_from.rs:53:19
[INFO] [stdout]    |
[INFO] [stdout] 53 | fn assert_impl<T: From<io::Error>>() {}
[INFO] [stdout]    |                   ^^^^^^^^^^^^^^^ required by this bound in `assert_impl`
[INFO] [stdout] 
[INFO] [stdout] 
[INFO] [stdout] error[E0277]: the trait bound `Many: From<std::io::Error>` is not satisfied
[INFO] [stdout]   --> tests/test_from.rs:63:19
[INFO] [stdout]    |
[INFO] [stdout] 63 |     assert_impl::<Many>();
[INFO] [stdout]    |                   ^^^^ the trait `From<std::io::Error>` is not implemented for `Many`
[INFO] [stdout]    |
[INFO] [stdout] note: required by a bound in `assert_impl`
[INFO] [stdout]   --> tests/test_from.rs:53:19
[INFO] [stdout]    |
[INFO] [stdout] 53 | fn assert_impl<T: From<io::Error>>() {}
[INFO] [stdout]    |                   ^^^^^^^^^^^^^^^ required by this bound in `assert_impl`
[INFO] [stdout] 
[INFO] [stdout] 
[INFO] [stdout] error: cannot find attribute `error` in this scope
[INFO] [stdout]    --> tests/test_display.rs:366:11
[INFO] [stdout]     |
[INFO] [stdout] 366 |         #[error(r#"raw brace right 2 \x7D"#)]
[INFO] [stdout]     |           ^^^^^
[INFO] [stdout] 
[INFO] [stdout] 
[INFO] [stdout] warning: unused import: `self`
[INFO] [stdout]  --> tests/test_display.rs:7:17
[INFO] [stdout]   |
[INFO] [stdout] 7 | use core::fmt::{self, Display};
[INFO] [stdout]   |                 ^^^^
[INFO] [stdout]   |
[INFO] [stdout]   = note: `#[warn(unused_imports)]` on by default
[INFO] [stdout] 
[INFO] [stdout] 
[INFO] [stdout] error[E0599]: no method named `source` found for struct `ImplicitSource` in the current scope
[INFO] [stdout]   --> tests/test_source.rs:30:11
[INFO] [stdout]    |
[INFO] [stdout] 7  | pub struct ImplicitSource {
[INFO] [stdout]    | ------------------------- method `source` not found for this struct
[INFO] [stdout] ...
[INFO] [stdout] 30 |     error.source().unwrap().downcast_ref::<io::Error>().unwrap();
[INFO] [stdout]    |           ^^^^^^ field, not a method
[INFO] [stdout]    |
[INFO] [stdout]    = help: items from traits can only be used if the trait is implemented and in scope
[INFO] [stdout]    = note: the following trait defines an item `source`, perhaps you need to implement it:
[INFO] [stdout]            candidate #1: `std::error::Error`
[INFO] [stdout] help: remove the arguments
[INFO] [stdout]    |
[INFO] [stdout] 30 -     error.source().unwrap().downcast_ref::<io::Error>().unwrap();
[INFO] [stdout] 30 +     error.source.unwrap().downcast_ref::<io::Error>().unwrap();
[INFO] [stdout]    |
[INFO] [stdout] help: one of the expressions' fields has a method of the same name
[INFO] [stdout]    |
[INFO] [stdout] 30 |     error.source.source().unwrap().downcast_ref::<io::Error>().unwrap();
[INFO] [stdout]    |           +++++++
[INFO] [stdout] 
[INFO] [stdout] 
[INFO] [stdout] Some errors have detailed explanations: E0277, E0432.
[INFO] [stdout] 
[INFO] [stdout] For more information about an error, try `rustc --explain E0277`.
[INFO] [stdout] 
[INFO] [stdout] error[E0308]: mismatched types
[INFO] [stdout]   --> tests/test_transparent.rs:25:39
[INFO] [stdout]    |
[INFO] [stdout] 25 |     let error = Error(ErrorKind::from(io));
[INFO] [stdout]    |                       --------------- ^^ expected `ErrorKind`, found `Error`
[INFO] [stdout]    |                       |
[INFO] [stdout]    |                       arguments to this function are incorrect
[INFO] [stdout]    |
[INFO] [stdout] note: associated function defined here
[INFO] [stdout]   --> /rustc/df4ca44d3fbc9301ee17f30f4d474e6ae4b05252/library/core/src/convert/mod.rs:585:8
[INFO] [stdout] help: try wrapping the expression in `test_transparent_struct::ErrorKind::E1`
[INFO] [stdout]    |
[INFO] [stdout] 25 |     let error = Error(ErrorKind::from(test_transparent_struct::ErrorKind::E1(io)));
[INFO] [stdout]    |                                       +++++++++++++++++++++++++++++++++++++++  +
[INFO] [stdout] 
[INFO] [stdout] 
[INFO] [stdout] error[E0599]: no method named `source` found for struct `ExplicitSource` in the current scope
[INFO] [stdout]   --> tests/test_source.rs:40:11
[INFO] [stdout]    |
[INFO] [stdout] 13 | pub struct ExplicitSource {
[INFO] [stdout]    | ------------------------- method `source` not found for this struct
[INFO] [stdout] ...
[INFO] [stdout] 40 |     error.source().unwrap().downcast_ref::<io::Error>().unwrap();
[INFO] [stdout]    |           ^^^^^^ field, not a method
[INFO] [stdout]    |
[INFO] [stdout]    = help: items from traits can only be used if the trait is implemented and in scope
[INFO] [stdout]    = note: the following trait defines an item `source`, perhaps you need to implement it:
[INFO] [stdout]            candidate #1: `std::error::Error`
[INFO] [stdout] help: remove the arguments
[INFO] [stdout]    |
[INFO] [stdout] 40 -     error.source().unwrap().downcast_ref::<io::Error>().unwrap();
[INFO] [stdout] 40 +     error.source.unwrap().downcast_ref::<io::Error>().unwrap();
[INFO] [stdout]    |
[INFO] [stdout] help: one of the expressions' fields has a method of the same name
[INFO] [stdout]    |
[INFO] [stdout] 40 |     error.io.source().unwrap().downcast_ref::<io::Error>().unwrap();
[INFO] [stdout]    |           +++
[INFO] [stdout] 
[INFO] [stdout] 
[INFO] [stdout] error[E0599]: `test_transparent_struct::Error` doesn't implement `std::fmt::Display`
[INFO] [stdout]   --> tests/test_transparent.rs:26:28
[INFO] [stdout]    |
[INFO] [stdout] 10 |     struct Error(ErrorKind);
[INFO] [stdout]    |     ------------ method `to_string` not found for this struct because it doesn't satisfy `test_transparent_struct::Error: ToString` or `test_transparent_struct::Error: std::fmt::Display`
[INFO] [stdout] ...
[INFO] [stdout] 26 |     assert_eq!("E1", error.to_string());
[INFO] [stdout]    |                            ^^^^^^^^^ `test_transparent_struct::Error` cannot be formatted with the default formatter
[INFO] [stdout]    |
[INFO] [stdout]    = note: the following trait bounds were not satisfied:
[INFO] [stdout]            `test_transparent_struct::Error: std::fmt::Display`
[INFO] [stdout]            which is required by `test_transparent_struct::Error: ToString`
[INFO] [stdout]    = note: in format strings you may be able to use `{:?}` (or {:#?} for pretty-print) instead
[INFO] [stdout] note: the trait `std::fmt::Display` must be implemented
[INFO] [stdout]   --> /rustc/df4ca44d3fbc9301ee17f30f4d474e6ae4b05252/library/core/src/fmt/mod.rs:728:1
[INFO] [stdout]    = help: items from traits can only be used if the trait is implemented and in scope
[INFO] [stdout]    = note: the following trait defines an item `to_string`, perhaps you need to implement it:
[INFO] [stdout]            candidate #1: `ToString`
[INFO] [stdout] 
[INFO] [stdout] 
[INFO] [stderr] error: could not compile `noerror` (test "test_from") due to 23 previous errors
[INFO] [stdout] error[E0599]: no method named `source` found for struct `test_transparent_struct::Error` in the current scope
[INFO] [stdout]   --> tests/test_transparent.rs:27:11
[INFO] [stdout]    |
[INFO] [stdout] 10 |     struct Error(ErrorKind);
[INFO] [stdout]    |     ------------ method `source` not found for this struct
[INFO] [stdout] ...
[INFO] [stdout] 27 |     error.source().unwrap().downcast_ref::<io::Error>().unwrap();
[INFO] [stdout]    |           ^^^^^^ method not found in `Error`
[INFO] [stdout]    |
[INFO] [stdout]    = help: items from traits can only be used if the trait is implemented and in scope
[INFO] [stdout]    = note: the following trait defines an item `source`, perhaps you need to implement it:
[INFO] [stdout]            candidate #1: `std::error::Error`
[INFO] [stdout] 
[INFO] [stdout] 
[INFO] [stdout] error[E0599]: no method named `source` found for struct `BoxedSource` in the current scope
[INFO] [stdout]   --> tests/test_source.rs:47:11
[INFO] [stdout]    |
[INFO] [stdout] 21 | pub struct BoxedSource {
[INFO] [stdout]    | ---------------------- method `source` not found for this struct
[INFO] [stdout] ...
[INFO] [stdout] 47 |     error.source().unwrap().downcast_ref::<io::Error>().unwrap();
[INFO] [stdout]    |           ^^^^^^ field, not a method
[INFO] [stdout]    |
[INFO] [stdout]    = help: items from traits can only be used if the trait is implemented and in scope
[INFO] [stdout]    = note: the following trait defines an item `source`, perhaps you need to implement it:
[INFO] [stdout]            candidate #1: `std::error::Error`
[INFO] [stdout] help: remove the arguments
[INFO] [stdout]    |
[INFO] [stdout] 47 -     error.source().unwrap().downcast_ref::<io::Error>().unwrap();
[INFO] [stdout] 47 +     error.source.unwrap().downcast_ref::<io::Error>().unwrap();
[INFO] [stdout]    |
[INFO] [stdout] help: one of the expressions' fields has a method of the same name
[INFO] [stdout]    |
[INFO] [stdout] 47 |     error.source.source().unwrap().downcast_ref::<io::Error>().unwrap();
[INFO] [stdout]    |           +++++++
[INFO] [stdout] 
[INFO] [stdout] 
[INFO] [stdout] error[E0599]: `test_transparent_enum::Error` doesn't implement `std::fmt::Display`
[INFO] [stdout]   --> tests/test_transparent.rs:41:37
[INFO] [stdout]    |
[INFO] [stdout] 33 |     enum Error {
[INFO] [stdout]    |     ---------- method `to_string` not found for this enum because it doesn't satisfy `test_transparent_enum::Error: ToString` or `test_transparent_enum::Error: std::fmt::Display`
[INFO] [stdout] ...
[INFO] [stdout] 41 |     assert_eq!("this failed", error.to_string());
[INFO] [stdout]    |                                     ^^^^^^^^^ `test_transparent_enum::Error` cannot be formatted with the default formatter
[INFO] [stdout]    |
[INFO] [stdout]    = note: the following trait bounds were not satisfied:
[INFO] [stdout]            `test_transparent_enum::Error: std::fmt::Display`
[INFO] [stdout]            which is required by `test_transparent_enum::Error: ToString`
[INFO] [stdout]    = note: in format strings you may be able to use `{:?}` (or {:#?} for pretty-print) instead
[INFO] [stdout] note: the trait `std::fmt::Display` must be implemented
[INFO] [stdout]   --> /rustc/df4ca44d3fbc9301ee17f30f4d474e6ae4b05252/library/core/src/fmt/mod.rs:728:1
[INFO] [stdout] note: the method `to_string` exists on the type `anyhow::Error`
[INFO] [stdout]   --> /rustc/df4ca44d3fbc9301ee17f30f4d474e6ae4b05252/library/alloc/src/string.rs:2666:5
[INFO] [stdout]    = help: items from traits can only be used if the trait is implemented and in scope
[INFO] [stdout]    = note: the following trait defines an item `to_string`, perhaps you need to implement it:
[INFO] [stdout]            candidate #1: `ToString`
[INFO] [stdout] 
[INFO] [stdout] 
[INFO] [stdout] Some errors have detailed explanations: E0432, E0599.
[INFO] [stdout] 
[INFO] [stdout] For more information about an error, try `rustc --explain E0432`.
[INFO] [stdout] 
[INFO] [stdout] error[E0599]: `test_transparent_enum::Error` doesn't implement `std::fmt::Display`
[INFO] [stdout]   --> tests/test_transparent.rs:44:31
[INFO] [stdout]    |
[INFO] [stdout] 33 |     enum Error {
[INFO] [stdout]    |     ---------- method `to_string` not found for this enum because it doesn't satisfy `test_transparent_enum::Error: ToString` or `test_transparent_enum::Error: std::fmt::Display`
[INFO] [stdout] ...
[INFO] [stdout] 44 |     assert_eq!("outer", error.to_string());
[INFO] [stdout]    |                               ^^^^^^^^^ `test_transparent_enum::Error` cannot be formatted with the default formatter
[INFO] [stdout]    |
[INFO] [stdout]    = note: the following trait bounds were not satisfied:
[INFO] [stdout]            `test_transparent_enum::Error: std::fmt::Display`
[INFO] [stdout]            which is required by `test_transparent_enum::Error: ToString`
[INFO] [stdout]    = note: in format strings you may be able to use `{:?}` (or {:#?} for pretty-print) instead
[INFO] [stdout] note: the trait `std::fmt::Display` must be implemented
[INFO] [stdout]   --> /rustc/df4ca44d3fbc9301ee17f30f4d474e6ae4b05252/library/core/src/fmt/mod.rs:728:1
[INFO] [stdout] note: the method `to_string` exists on the type `anyhow::Error`
[INFO] [stdout]   --> /rustc/df4ca44d3fbc9301ee17f30f4d474e6ae4b05252/library/alloc/src/string.rs:2666:5
[INFO] [stdout]    = help: items from traits can only be used if the trait is implemented and in scope
[INFO] [stdout]    = note: the following trait defines an item `to_string`, perhaps you need to implement it:
[INFO] [stdout]            candidate #1: `ToString`
[INFO] [stdout] 
[INFO] [stdout] 
[INFO] [stdout] error[E0599]: no method named `source` found for enum `test_transparent_enum::Error` in the current scope
[INFO] [stdout]   --> tests/test_transparent.rs:45:31
[INFO] [stdout]    |
[INFO] [stdout] 33 |     enum Error {
[INFO] [stdout]    |     ---------- method `source` not found for this enum
[INFO] [stdout] ...
[INFO] [stdout] 45 |     assert_eq!("inner", error.source().unwrap().to_string());
[INFO] [stdout]    |                               ^^^^^^ method not found in `Error`
[INFO] [stdout]    |
[INFO] [stdout] note: the method `source` exists on the type `anyhow::Error`
[INFO] [stdout]   --> /rustc/df4ca44d3fbc9301ee17f30f4d474e6ae4b05252/library/core/src/error.rs:81:5
[INFO] [stdout]    = help: items from traits can only be used if the trait is implemented and in scope
[INFO] [stdout]    = note: the following trait defines an item `source`, perhaps you need to implement it:
[INFO] [stdout]            candidate #1: `std::error::Error`
[INFO] [stdout] 
[INFO] [stdout] 
[INFO] [stderr] error: could not compile `noerror` (test "test_source") due to 11 previous errors
[INFO] [stdout] error[E0308]: mismatched types
[INFO] [stdout]   --> tests/test_transparent.rs:54:27
[INFO] [stdout]    |
[INFO] [stdout] 54 |     let error = Any::from(anyhow!("inner").context("outer"));
[INFO] [stdout]    |                 --------- ^^^^^^^^^^^^^^^^^^^^^^^^^^^^^^^^^ expected `Any`, found `Error`
[INFO] [stdout]    |                 |
[INFO] [stdout]    |                 arguments to this function are incorrect
[INFO] [stdout]    |
[INFO] [stdout] note: associated function defined here
[INFO] [stdout]   --> /rustc/df4ca44d3fbc9301ee17f30f4d474e6ae4b05252/library/core/src/convert/mod.rs:585:8
[INFO] [stdout] help: try wrapping the expression in `test_anyhow::Any`
[INFO] [stdout]    |
[INFO] [stdout] 54 |     let error = Any::from(test_anyhow::Any(anyhow!("inner").context("outer")));
[INFO] [stdout]    |                           +++++++++++++++++                                 +
[INFO] [stdout] 
[INFO] [stdout] 
[INFO] [stdout] error[E0599]: `test_anyhow::Any` doesn't implement `std::fmt::Display`
[INFO] [stdout]   --> tests/test_transparent.rs:55:31
[INFO] [stdout]    |
[INFO] [stdout] 52 |     struct Any(#[from] anyhow::Error);
[INFO] [stdout]    |     ---------- method `to_string` not found for this struct because it doesn't satisfy `test_anyhow::Any: ToString` or `test_anyhow::Any: std::fmt::Display`
[INFO] [stdout] ...
[INFO] [stdout] 55 |     assert_eq!("outer", error.to_string());
[INFO] [stdout]    |                               ^^^^^^^^^ `test_anyhow::Any` cannot be formatted with the default formatter
[INFO] [stdout]    |
[INFO] [stdout]    = note: the following trait bounds were not satisfied:
[INFO] [stdout]            `test_anyhow::Any: std::fmt::Display`
[INFO] [stdout]            which is required by `test_anyhow::Any: ToString`
[INFO] [stdout]    = note: in format strings you may be able to use `{:?}` (or {:#?} for pretty-print) instead
[INFO] [stdout] note: the trait `std::fmt::Display` must be implemented
[INFO] [stdout]   --> /rustc/df4ca44d3fbc9301ee17f30f4d474e6ae4b05252/library/core/src/fmt/mod.rs:728:1
[INFO] [stdout]    = help: items from traits can only be used if the trait is implemented and in scope
[INFO] [stdout]    = note: the following trait defines an item `to_string`, perhaps you need to implement it:
[INFO] [stdout]            candidate #1: `ToString`
[INFO] [stdout] 
[INFO] [stdout] 
[INFO] [stdout] error[E0277]: `test_braced::Error` doesn't implement `std::fmt::Display`
[INFO] [stdout]   --> tests/test_display.rs:23:31
[INFO] [stdout]    |
[INFO] [stdout] 23 |     assert("braced error: T", Error { msg });
[INFO] [stdout]    |     ------                    ^^^^^^^^^^^^^ `test_braced::Error` cannot be formatted with the default formatter
[INFO] [stdout]    |     |
[INFO] [stdout]    |     required by a bound introduced by this call
[INFO] [stdout]    |
[INFO] [stdout]    = help: the trait `std::fmt::Display` is not implemented for `test_braced::Error`
[INFO] [stdout]    = note: in format strings you may be able to use `{:?}` (or {:#?} for pretty-print) instead
[INFO] [stdout] note: required by a bound in `assert`
[INFO] [stdout]   --> tests/test_display.rs:10:14
[INFO] [stdout]    |
[INFO] [stdout] 10 | fn assert<T: Display>(expected: &str, value: T) {
[INFO] [stdout]    |              ^^^^^^^ required by this bound in `assert`
[INFO] [stdout] 
[INFO] [stdout] 
[INFO] [stdout] error[E0599]: no method named `source` found for struct `test_anyhow::Any` in the current scope
[INFO] [stdout]   --> tests/test_transparent.rs:56:31
[INFO] [stdout]    |
[INFO] [stdout] 52 |     struct Any(#[from] anyhow::Error);
[INFO] [stdout]    |     ---------- method `source` not found for this struct
[INFO] [stdout] ...
[INFO] [stdout] 56 |     assert_eq!("inner", error.source().unwrap().to_string());
[INFO] [stdout]    |                               ^^^^^^ method not found in `Any`
[INFO] [stdout]    |
[INFO] [stdout]    = help: items from traits can only be used if the trait is implemented and in scope
[INFO] [stdout]    = note: the following trait defines an item `source`, perhaps you need to implement it:
[INFO] [stdout]            candidate #1: `std::error::Error`
[INFO] [stdout] help: one of the expressions' fields has a method of the same name
[INFO] [stdout]    |
[INFO] [stdout] 56 |     assert_eq!("inner", error.0.source().unwrap().to_string());
[INFO] [stdout]    |                               ++
[INFO] [stdout] 
[INFO] [stdout] 
[INFO] [stdout] error[E0277]: `test_braced_unused::Error` doesn't implement `std::fmt::Display`
[INFO] [stdout]   --> tests/test_display.rs:34:28
[INFO] [stdout]    |
[INFO] [stdout] 34 |     assert("braced error", Error { extra: 0 });
[INFO] [stdout]    |     ------                 ^^^^^^^^^^^^^^^^^^ `test_braced_unused::Error` cannot be formatted with the default formatter
[INFO] [stdout]    |     |
[INFO] [stdout]    |     required by a bound introduced by this call
[INFO] [stdout]    |
[INFO] [stdout]    = help: the trait `std::fmt::Display` is not implemented for `test_braced_unused::Error`
[INFO] [stdout]    = note: in format strings you may be able to use `{:?}` (or {:#?} for pretty-print) instead
[INFO] [stdout] note: required by a bound in `assert`
[INFO] [stdout]   --> tests/test_display.rs:10:14
[INFO] [stdout]    |
[INFO] [stdout] 10 | fn assert<T: Display>(expected: &str, value: T) {
[INFO] [stdout]    |              ^^^^^^^ required by this bound in `assert`
[INFO] [stdout] 
[INFO] [stdout] 
[INFO] [stdout] error[E0277]: `test_tuple::Error` doesn't implement `std::fmt::Display`
[INFO] [stdout]   --> tests/test_display.rs:43:30
[INFO] [stdout]    |
[INFO] [stdout] 43 |     assert("tuple error: 0", Error(0));
[INFO] [stdout]    |     ------                   ^^^^^^^^ `test_tuple::Error` cannot be formatted with the default formatter
[INFO] [stdout]    |     |
[INFO] [stdout]    |     required by a bound introduced by this call
[INFO] [stdout]    |
[INFO] [stdout]    = help: the trait `std::fmt::Display` is not implemented for `test_tuple::Error`
[INFO] [stdout]    = note: in format strings you may be able to use `{:?}` (or {:#?} for pretty-print) instead
[INFO] [stdout] note: required by a bound in `assert`
[INFO] [stdout]   --> tests/test_display.rs:10:14
[INFO] [stdout]    |
[INFO] [stdout] 10 | fn assert<T: Display>(expected: &str, value: T) {
[INFO] [stdout]    |              ^^^^^^^ required by this bound in `assert`
[INFO] [stdout] 
[INFO] [stdout] 
[INFO] [stdout] error[E0277]: `test_unit::Error` doesn't implement `std::fmt::Display`
[INFO] [stdout]   --> tests/test_display.rs:52:26
[INFO] [stdout]    |
[INFO] [stdout] 52 |     assert("unit error", Error);
[INFO] [stdout]    |     ------               ^^^^^ `test_unit::Error` cannot be formatted with the default formatter
[INFO] [stdout]    |     |
[INFO] [stdout]    |     required by a bound introduced by this call
[INFO] [stdout]    |
[INFO] [stdout]    = help: the trait `std::fmt::Display` is not implemented for `test_unit::Error`
[INFO] [stdout]    = note: in format strings you may be able to use `{:?}` (or {:#?} for pretty-print) instead
[INFO] [stdout] note: required by a bound in `assert`
[INFO] [stdout]   --> tests/test_display.rs:10:14
[INFO] [stdout]    |
[INFO] [stdout] 10 | fn assert<T: Display>(expected: &str, value: T) {
[INFO] [stdout]    |              ^^^^^^^ required by this bound in `assert`
[INFO] [stdout] 
[INFO] [stdout] 
[INFO] [stdout] error[E0277]: `test_enum::Error` doesn't implement `std::fmt::Display`
[INFO] [stdout]   --> tests/test_display.rs:67:31
[INFO] [stdout]    |
[INFO] [stdout] 67 |     assert("braced error: 0", Error::Braced { id: 0 });
[INFO] [stdout]    |     ------                    ^^^^^^^^^^^^^^^^^^^^^^^ `test_enum::Error` cannot be formatted with the default formatter
[INFO] [stdout]    |     |
[INFO] [stdout]    |     required by a bound introduced by this call
[INFO] [stdout]    |
[INFO] [stdout]    = help: the trait `std::fmt::Display` is not implemented for `test_enum::Error`
[INFO] [stdout]    = note: in format strings you may be able to use `{:?}` (or {:#?} for pretty-print) instead
[INFO] [stdout] note: required by a bound in `assert`
[INFO] [stdout]   --> tests/test_display.rs:10:14
[INFO] [stdout]    |
[INFO] [stdout] 10 | fn assert<T: Display>(expected: &str, value: T) {
[INFO] [stdout]    |              ^^^^^^^ required by this bound in `assert`
[INFO] [stdout] 
[INFO] [stdout] 
[INFO] [stdout] error[E0599]: the method `to_string` exists for struct `Error<'_>`, but its trait bounds were not satisfied
[INFO] [stdout]   --> tests/test_transparent.rs:76:53
[INFO] [stdout]    |
[INFO] [stdout] 63 |     struct Error<'a> {
[INFO] [stdout]    |     ---------------- method `to_string` not found for this struct because it doesn't satisfy `test_non_static::Error<'_>: ToString` or `test_non_static::Error<'_>: std::fmt::Display`
[INFO] [stdout] ...
[INFO] [stdout] 76 |     assert_eq!("unexpected token: \"error\"", error.to_string());
[INFO] [stdout]    |                                                     ^^^^^^^^^ method cannot be called on `Error<'_>` due to unsatisfied trait bounds
[INFO] [stdout]    |
[INFO] [stdout]    = note: the following trait bounds were not satisfied:
[INFO] [stdout]            `test_non_static::Error<'_>: std::fmt::Display`
[INFO] [stdout]            which is required by `test_non_static::Error<'_>: ToString`
[INFO] [stdout] note: the trait `std::fmt::Display` must be implemented
[INFO] [stdout]   --> /rustc/df4ca44d3fbc9301ee17f30f4d474e6ae4b05252/library/core/src/fmt/mod.rs:728:1
[INFO] [stdout]    = help: items from traits can only be used if the trait is implemented and in scope
[INFO] [stdout]    = note: the following trait defines an item `to_string`, perhaps you need to implement it:
[INFO] [stdout]            candidate #1: `ToString`
[INFO] [stdout] 
[INFO] [stdout] 
[INFO] [stdout] error[E0277]: `test_enum::Error` doesn't implement `std::fmt::Display`
[INFO] [stdout]   --> tests/test_display.rs:68:30
[INFO] [stdout]    |
[INFO] [stdout] 68 |     assert("tuple error: 0", Error::Tuple(0));
[INFO] [stdout]    |     ------                   ^^^^^^^^^^^^^^^ `test_enum::Error` cannot be formatted with the default formatter
[INFO] [stdout]    |     |
[INFO] [stdout]    |     required by a bound introduced by this call
[INFO] [stdout]    |
[INFO] [stdout]    = help: the trait `std::fmt::Display` is not implemented for `test_enum::Error`
[INFO] [stdout]    = note: in format strings you may be able to use `{:?}` (or {:#?} for pretty-print) instead
[INFO] [stdout] note: required by a bound in `assert`
[INFO] [stdout]   --> tests/test_display.rs:10:14
[INFO] [stdout]    |
[INFO] [stdout] 10 | fn assert<T: Display>(expected: &str, value: T) {
[INFO] [stdout]    |              ^^^^^^^ required by this bound in `assert`
[INFO] [stdout] 
[INFO] [stdout] 
[INFO] [stdout] error[E0277]: `test_enum::Error` doesn't implement `std::fmt::Display`
[INFO] [stdout]   --> tests/test_display.rs:69:26
[INFO] [stdout]    |
[INFO] [stdout] 69 |     assert("unit error", Error::Unit);
[INFO] [stdout]    |     ------               ^^^^^^^^^^^ `test_enum::Error` cannot be formatted with the default formatter
[INFO] [stdout]    |     |
[INFO] [stdout]    |     required by a bound introduced by this call
[INFO] [stdout]    |
[INFO] [stdout]    = help: the trait `std::fmt::Display` is not implemented for `test_enum::Error`
[INFO] [stdout]    = note: in format strings you may be able to use `{:?}` (or {:#?} for pretty-print) instead
[INFO] [stdout] note: required by a bound in `assert`
[INFO] [stdout]   --> tests/test_display.rs:10:14
[INFO] [stdout]    |
[INFO] [stdout] 10 | fn assert<T: Display>(expected: &str, value: T) {
[INFO] [stdout]    |              ^^^^^^^ required by this bound in `assert`
[INFO] [stdout] 
[INFO] [stdout] 
[INFO] [stdout] error[E0277]: `test_constants::Error` doesn't implement `std::fmt::Display`
[INFO] [stdout]   --> tests/test_display.rs:83:43
[INFO] [stdout]    |
[INFO] [stdout] 83 |     assert("failed to do: \"\" (code 9)", Error { id: "" });
[INFO] [stdout]    |     ------                                ^^^^^^^^^^^^^^^^ `test_constants::Error` cannot be formatted with the default formatter
[INFO] [stdout]    |     |
[INFO] [stdout]    |     required by a bound introduced by this call
[INFO] [stdout]    |
[INFO] [stdout]    = help: the trait `std::fmt::Display` is not implemented for `test_constants::Error`
[INFO] [stdout]    = note: in format strings you may be able to use `{:?}` (or {:#?} for pretty-print) instead
[INFO] [stdout] note: required by a bound in `assert`
[INFO] [stdout]   --> tests/test_display.rs:10:14
[INFO] [stdout]    |
[INFO] [stdout] 10 | fn assert<T: Display>(expected: &str, value: T) {
[INFO] [stdout]    |              ^^^^^^^ required by this bound in `assert`
[INFO] [stdout] 
[INFO] [stdout] 
[INFO] [stdout] error[E0277]: `test_inherit::Error` doesn't implement `std::fmt::Display`
[INFO] [stdout]   --> tests/test_display.rs:96:26
[INFO] [stdout]    |
[INFO] [stdout] 96 |     assert("some error", Error::Some("some error"));
[INFO] [stdout]    |     ------               ^^^^^^^^^^^^^^^^^^^^^^^^^ `test_inherit::Error` cannot be formatted with the default formatter
[INFO] [stdout]    |     |
[INFO] [stdout]    |     required by a bound introduced by this call
[INFO] [stdout]    |
[INFO] [stdout]    = help: the trait `std::fmt::Display` is not implemented for `test_inherit::Error`
[INFO] [stdout]    = note: in format strings you may be able to use `{:?}` (or {:#?} for pretty-print) instead
[INFO] [stdout] note: required by a bound in `assert`
[INFO] [stdout]   --> tests/test_display.rs:10:14
[INFO] [stdout]    |
[INFO] [stdout] 10 | fn assert<T: Display>(expected: &str, value: T) {
[INFO] [stdout]    |              ^^^^^^^ required by this bound in `assert`
[INFO] [stdout] 
[INFO] [stdout] 
[INFO] [stdout] error[E0277]: `test_inherit::Error` doesn't implement `std::fmt::Display`
[INFO] [stdout]   --> tests/test_display.rs:97:27
[INFO] [stdout]    |
[INFO] [stdout] 97 |     assert("other error", Error::Other("..."));
[INFO] [stdout]    |     ------                ^^^^^^^^^^^^^^^^^^^ `test_inherit::Error` cannot be formatted with the default formatter
[INFO] [stdout]    |     |
[INFO] [stdout]    |     required by a bound introduced by this call
[INFO] [stdout]    |
[INFO] [stdout]    = help: the trait `std::fmt::Display` is not implemented for `test_inherit::Error`
[INFO] [stdout]    = note: in format strings you may be able to use `{:?}` (or {:#?} for pretty-print) instead
[INFO] [stdout] note: required by a bound in `assert`
[INFO] [stdout]   --> tests/test_display.rs:10:14
[INFO] [stdout]    |
[INFO] [stdout] 10 | fn assert<T: Display>(expected: &str, value: T) {
[INFO] [stdout]    |              ^^^^^^^ required by this bound in `assert`
[INFO] [stdout] 
[INFO] [stdout] 
[INFO] [stdout] error[E0277]: `test_brace_escape::Error` doesn't implement `std::fmt::Display`
[INFO] [stdout]    --> tests/test_display.rs:106:28
[INFO] [stdout]     |
[INFO] [stdout] 106 |     assert("fn main() {}", Error);
[INFO] [stdout]     |     ------                 ^^^^^ `test_brace_escape::Error` cannot be formatted with the default formatter
[INFO] [stdout]     |     |
[INFO] [stdout]     |     required by a bound introduced by this call
[INFO] [stdout]     |
[INFO] [stdout]     = help: the trait `std::fmt::Display` is not implemented for `test_brace_escape::Error`
[INFO] [stdout]     = note: in format strings you may be able to use `{:?}` (or {:#?} for pretty-print) instead
[INFO] [stdout] note: required by a bound in `assert`
[INFO] [stdout]    --> tests/test_display.rs:10:14
[INFO] [stdout]     |
[INFO] [stdout] 10  | fn assert<T: Display>(expected: &str, value: T) {
[INFO] [stdout]     |              ^^^^^^^ required by this bound in `assert`
[INFO] [stdout] 
[INFO] [stdout] 
[INFO] [stdout] error[E0277]: `test_expr::Error` doesn't implement `std::fmt::Display`
[INFO] [stdout]    --> tests/test_display.rs:114:25
[INFO] [stdout]     |
[INFO] [stdout] 114 |     assert("1 + 1 = 2", Error);
[INFO] [stdout]     |     ------              ^^^^^ `test_expr::Error` cannot be formatted with the default formatter
[INFO] [stdout]     |     |
[INFO] [stdout]     |     required by a bound introduced by this call
[INFO] [stdout]     |
[INFO] [stdout]     = help: the trait `std::fmt::Display` is not implemented for `test_expr::Error`
[INFO] [stdout]     = note: in format strings you may be able to use `{:?}` (or {:#?} for pretty-print) instead
[INFO] [stdout] note: required by a bound in `assert`
[INFO] [stdout]    --> tests/test_display.rs:10:14
[INFO] [stdout]     |
[INFO] [stdout] 10  | fn assert<T: Display>(expected: &str, value: T) {
[INFO] [stdout]     |              ^^^^^^^ required by this bound in `assert`
[INFO] [stdout] 
[INFO] [stdout] 
[INFO] [stdout] error[E0277]: `test_nested::Error` doesn't implement `std::fmt::Display`
[INFO] [stdout]    --> tests/test_display.rs:128:29
[INFO] [stdout]     |
[INFO] [stdout] 128 |     assert("!bool = false", Error(true));
[INFO] [stdout]     |     ------                  ^^^^^^^^^^^ `test_nested::Error` cannot be formatted with the default formatter
[INFO] [stdout]     |     |
[INFO] [stdout]     |     required by a bound introduced by this call
[INFO] [stdout]     |
[INFO] [stdout]     = help: the trait `std::fmt::Display` is not implemented for `test_nested::Error`
[INFO] [stdout]     = note: in format strings you may be able to use `{:?}` (or {:#?} for pretty-print) instead
[INFO] [stdout] note: required by a bound in `assert`
[INFO] [stdout]    --> tests/test_display.rs:10:14
[INFO] [stdout]     |
[INFO] [stdout] 10  | fn assert<T: Display>(expected: &str, value: T) {
[INFO] [stdout]     |              ^^^^^^^ required by this bound in `assert`
[INFO] [stdout] 
[INFO] [stdout] 
[INFO] [stdout] error[E0599]: no method named `source` found for struct `test_non_static::Error` in the current scope
[INFO] [stdout]   --> tests/test_transparent.rs:77:19
[INFO] [stdout]    |
[INFO] [stdout] 63 |     struct Error<'a> {
[INFO] [stdout]    |     ---------------- method `source` not found for this struct
[INFO] [stdout] ...
[INFO] [stdout] 77 |     assert!(error.source().is_none());
[INFO] [stdout]    |                   ^^^^^^ method not found in `Error<'_>`
[INFO] [stdout]    |
[INFO] [stdout]    = help: items from traits can only be used if the trait is implemented and in scope
[INFO] [stdout]    = note: the following trait defines an item `source`, perhaps you need to implement it:
[INFO] [stdout]            candidate #1: `std::error::Error`
[INFO] [stdout] 
[INFO] [stdout] 
[INFO] [stdout] error[E0277]: `test_match::Error` doesn't implement `std::fmt::Display`
[INFO] [stdout]    --> tests/test_display.rs:142:9
[INFO] [stdout]     |
[INFO] [stdout] 140 |     assert(
[INFO] [stdout]     |     ------ required by a bound introduced by this call
[INFO] [stdout] 141 |         "error occurred with 1: ...",
[INFO] [stdout] 142 |         Error("...".to_owned(), Some(1)),
[INFO] [stdout]     |         ^^^^^^^^^^^^^^^^^^^^^^^^^^^^^^^^ `test_match::Error` cannot be formatted with the default formatter
[INFO] [stdout]     |
[INFO] [stdout]     = help: the trait `std::fmt::Display` is not implemented for `test_match::Error`
[INFO] [stdout]     = note: in format strings you may be able to use `{:?}` (or {:#?} for pretty-print) instead
[INFO] [stdout] note: required by a bound in `assert`
[INFO] [stdout]    --> tests/test_display.rs:10:14
[INFO] [stdout]     |
[INFO] [stdout] 10  | fn assert<T: Display>(expected: &str, value: T) {
[INFO] [stdout]     |              ^^^^^^^ required by this bound in `assert`
[INFO] [stdout] 
[INFO] [stdout] 
[INFO] [stdout] error[E0277]: `test_match::Error` doesn't implement `std::fmt::Display`
[INFO] [stdout]    --> tests/test_display.rs:146:9
[INFO] [stdout]     |
[INFO] [stdout] 144 |     assert(
[INFO] [stdout]     |     ------ required by a bound introduced by this call
[INFO] [stdout] 145 |         "there was an empty error: ...",
[INFO] [stdout] 146 |         Error("...".to_owned(), None),
[INFO] [stdout]     |         ^^^^^^^^^^^^^^^^^^^^^^^^^^^^^ `test_match::Error` cannot be formatted with the default formatter
[INFO] [stdout]     |
[INFO] [stdout]     = help: the trait `std::fmt::Display` is not implemented for `test_match::Error`
[INFO] [stdout]     = note: in format strings you may be able to use `{:?}` (or {:#?} for pretty-print) instead
[INFO] [stdout] note: required by a bound in `assert`
[INFO] [stdout]    --> tests/test_display.rs:10:14
[INFO] [stdout]     |
[INFO] [stdout] 10  | fn assert<T: Display>(expected: &str, value: T) {
[INFO] [stdout]     |              ^^^^^^^ required by this bound in `assert`
[INFO] [stdout] 
[INFO] [stdout] 
[INFO] [stdout] error[E0277]: `test_nested_display::Error` doesn't implement `std::fmt::Display`
[INFO] [stdout]    --> tests/test_display.rs:171:9
[INFO] [stdout]     |
[INFO] [stdout] 169 |     assert(
[INFO] [stdout]     |     ------ required by a bound introduced by this call
[INFO] [stdout] 170 |         "error occurred with 1: ...",
[INFO] [stdout] 171 |         Error("...".to_owned(), Some(1)),
[INFO] [stdout]     |         ^^^^^^^^^^^^^^^^^^^^^^^^^^^^^^^^ `test_nested_display::Error` cannot be formatted with the default formatter
[INFO] [stdout]     |
[INFO] [stdout]     = help: the trait `std::fmt::Display` is not implemented for `test_nested_display::Error`
[INFO] [stdout]     = note: in format strings you may be able to use `{:?}` (or {:#?} for pretty-print) instead
[INFO] [stdout] note: required by a bound in `assert`
[INFO] [stdout]    --> tests/test_display.rs:10:14
[INFO] [stdout]     |
[INFO] [stdout] 10  | fn assert<T: Display>(expected: &str, value: T) {
[INFO] [stdout]     |              ^^^^^^^ required by this bound in `assert`
[INFO] [stdout] 
[INFO] [stdout] 
[INFO] [stdout] error[E0277]: `test_nested_display::Error` doesn't implement `std::fmt::Display`
[INFO] [stdout]    --> tests/test_display.rs:175:9
[INFO] [stdout]     |
[INFO] [stdout] 173 |     assert(
[INFO] [stdout]     |     ------ required by a bound introduced by this call
[INFO] [stdout] 174 |         "there was an empty error: ...",
[INFO] [stdout] 175 |         Error("...".to_owned(), None),
[INFO] [stdout]     |         ^^^^^^^^^^^^^^^^^^^^^^^^^^^^^ `test_nested_display::Error` cannot be formatted with the default formatter
[INFO] [stdout]     |
[INFO] [stdout]     = help: the trait `std::fmt::Display` is not implemented for `test_nested_display::Error`
[INFO] [stdout]     = note: in format strings you may be able to use `{:?}` (or {:#?} for pretty-print) instead
[INFO] [stdout] note: required by a bound in `assert`
[INFO] [stdout]    --> tests/test_display.rs:10:14
[INFO] [stdout]     |
[INFO] [stdout] 10  | fn assert<T: Display>(expected: &str, value: T) {
[INFO] [stdout]     |              ^^^^^^^ required by this bound in `assert`
[INFO] [stdout] 
[INFO] [stdout] 
[INFO] [stdout] error[E0277]: `test_mixed::Error` doesn't implement `std::fmt::Display`
[INFO] [stdout]    --> tests/test_display.rs:198:40
[INFO] [stdout]     |
[INFO] [stdout] 198 |     assert("a=0 :: b=1 :: c=2 :: d=3", Error { a: 0, d: 0 });
[INFO] [stdout]     |     ------                             ^^^^^^^^^^^^^^^^^^^^ `test_mixed::Error` cannot be formatted with the default formatter
[INFO] [stdout]     |     |
[INFO] [stdout]     |     required by a bound introduced by this call
[INFO] [stdout]     |
[INFO] [stdout]     = help: the trait `std::fmt::Display` is not implemented for `test_mixed::Error`
[INFO] [stdout]     = note: in format strings you may be able to use `{:?}` (or {:#?} for pretty-print) instead
[INFO] [stdout] note: required by a bound in `assert`
[INFO] [stdout]    --> tests/test_display.rs:10:14
[INFO] [stdout]     |
[INFO] [stdout] 10  | fn assert<T: Display>(expected: &str, value: T) {
[INFO] [stdout]     |              ^^^^^^^ required by this bound in `assert`
[INFO] [stdout] 
[INFO] [stdout] 
[INFO] [stdout] error[E0277]: `test_ints::Error` doesn't implement `std::fmt::Display`
[INFO] [stdout]    --> tests/test_display.rs:211:23
[INFO] [stdout]     |
[INFO] [stdout] 211 |     assert("error 9", Error::Tuple(9, 0));
[INFO] [stdout]     |     ------            ^^^^^^^^^^^^^^^^^^ `test_ints::Error` cannot be formatted with the default formatter
[INFO] [stdout]     |     |
[INFO] [stdout]     |     required by a bound introduced by this call
[INFO] [stdout]     |
[INFO] [stdout]     = help: the trait `std::fmt::Display` is not implemented for `test_ints::Error`
[INFO] [stdout]     = note: in format strings you may be able to use `{:?}` (or {:#?} for pretty-print) instead
[INFO] [stdout] note: required by a bound in `assert`
[INFO] [stdout]    --> tests/test_display.rs:10:14
[INFO] [stdout]     |
[INFO] [stdout] 10  | fn assert<T: Display>(expected: &str, value: T) {
[INFO] [stdout]     |              ^^^^^^^ required by this bound in `assert`
[INFO] [stdout] 
[INFO] [stdout] 
[INFO] [stdout] error[E0277]: `test_ints::Error` doesn't implement `std::fmt::Display`
[INFO] [stdout]    --> tests/test_display.rs:212:23
[INFO] [stdout]     |
[INFO] [stdout] 212 |     assert("error ?", Error::Struct { v: 0 });
[INFO] [stdout]     |     ------            ^^^^^^^^^^^^^^^^^^^^^^ `test_ints::Error` cannot be formatted with the default formatter
[INFO] [stdout]     |     |
[INFO] [stdout]     |     required by a bound introduced by this call
[INFO] [stdout]     |
[INFO] [stdout]     = help: the trait `std::fmt::Display` is not implemented for `test_ints::Error`
[INFO] [stdout]     = note: in format strings you may be able to use `{:?}` (or {:#?} for pretty-print) instead
[INFO] [stdout] note: required by a bound in `assert`
[INFO] [stdout]    --> tests/test_display.rs:10:14
[INFO] [stdout]     |
[INFO] [stdout] 10  | fn assert<T: Display>(expected: &str, value: T) {
[INFO] [stdout]     |              ^^^^^^^ required by this bound in `assert`
[INFO] [stdout] 
[INFO] [stdout] 
[INFO] [stdout] error[E0277]: `test_trailing_comma::Error` doesn't implement `std::fmt::Display`
[INFO] [stdout]    --> tests/test_display.rs:224:23
[INFO] [stdout]     |
[INFO] [stdout] 224 |     assert("error ?", Error('?'));
[INFO] [stdout]     |     ------            ^^^^^^^^^^ `test_trailing_comma::Error` cannot be formatted with the default formatter
[INFO] [stdout]     |     |
[INFO] [stdout]     |     required by a bound introduced by this call
[INFO] [stdout]     |
[INFO] [stdout]     = help: the trait `std::fmt::Display` is not implemented for `test_trailing_comma::Error`
[INFO] [stdout]     = note: in format strings you may be able to use `{:?}` (or {:#?} for pretty-print) instead
[INFO] [stdout] note: required by a bound in `assert`
[INFO] [stdout]    --> tests/test_display.rs:10:14
[INFO] [stdout]     |
[INFO] [stdout] 10  | fn assert<T: Display>(expected: &str, value: T) {
[INFO] [stdout]     |              ^^^^^^^ required by this bound in `assert`
[INFO] [stdout] 
[INFO] [stdout] 
[INFO] [stdout] Some errors have detailed explanations: E0308, E0432, E0599.
[INFO] [stdout] 
[INFO] [stdout] For more information about an error, try `rustc --explain E0308`.
[INFO] [stdout] 
[INFO] [stdout] error[E0277]: `test_field::Error` doesn't implement `std::fmt::Display`
[INFO] [stdout]    --> tests/test_display.rs:238:17
[INFO] [stdout]     |
[INFO] [stdout] 238 |     assert("0", Error(Inner { data: 0 }));
[INFO] [stdout]     |     ------      ^^^^^^^^^^^^^^^^^^^^^^^^ `test_field::Error` cannot be formatted with the default formatter
[INFO] [stdout]     |     |
[INFO] [stdout]     |     required by a bound introduced by this call
[INFO] [stdout]     |
[INFO] [stdout]     = help: the trait `std::fmt::Display` is not implemented for `test_field::Error`
[INFO] [stdout]     = note: in format strings you may be able to use `{:?}` (or {:#?} for pretty-print) instead
[INFO] [stdout] note: required by a bound in `assert`
[INFO] [stdout]    --> tests/test_display.rs:10:14
[INFO] [stdout]     |
[INFO] [stdout] 10  | fn assert<T: Display>(expected: &str, value: T) {
[INFO] [stdout]     |              ^^^^^^^ required by this bound in `assert`
[INFO] [stdout] 
[INFO] [stdout] 
[INFO] [stdout] error[E0277]: `test_nested_tuple_field::Error` doesn't implement `std::fmt::Display`
[INFO] [stdout]    --> tests/test_display.rs:250:17
[INFO] [stdout]     |
[INFO] [stdout] 250 |     assert("0", Error(Inner(0)));
[INFO] [stdout]     |     ------      ^^^^^^^^^^^^^^^ `test_nested_tuple_field::Error` cannot be formatted with the default formatter
[INFO] [stdout]     |     |
[INFO] [stdout]     |     required by a bound introduced by this call
[INFO] [stdout]     |
[INFO] [stdout]     = help: the trait `std::fmt::Display` is not implemented for `test_nested_tuple_field::Error`
[INFO] [stdout]     = note: in format strings you may be able to use `{:?}` (or {:#?} for pretty-print) instead
[INFO] [stdout] note: required by a bound in `assert`
[INFO] [stdout]    --> tests/test_display.rs:10:14
[INFO] [stdout]     |
[INFO] [stdout] 10  | fn assert<T: Display>(expected: &str, value: T) {
[INFO] [stdout]     |              ^^^^^^^ required by this bound in `assert`
[INFO] [stdout] 
[INFO] [stdout] 
[INFO] [stdout] error[E0277]: `Error0` doesn't implement `std::fmt::Display`
[INFO] [stdout]    --> tests/test_display.rs:275:17
[INFO] [stdout]     |
[INFO] [stdout] 275 |     assert("0", Error0::Repro(0));
[INFO] [stdout]     |     ------      ^^^^^^^^^^^^^^^^ `Error0` cannot be formatted with the default formatter
[INFO] [stdout]     |     |
[INFO] [stdout]     |     required by a bound introduced by this call
[INFO] [stdout]     |
[INFO] [stdout]     = help: the trait `std::fmt::Display` is not implemented for `Error0`
[INFO] [stdout]     = note: in format strings you may be able to use `{:?}` (or {:#?} for pretty-print) instead
[INFO] [stdout] note: required by a bound in `assert`
[INFO] [stdout]    --> tests/test_display.rs:10:14
[INFO] [stdout]     |
[INFO] [stdout] 10  | fn assert<T: Display>(expected: &str, value: T) {
[INFO] [stdout]     |              ^^^^^^^ required by this bound in `assert`
[INFO] [stdout] 
[INFO] [stdout] 
[INFO] [stdout] error[E0277]: `Error1` doesn't implement `std::fmt::Display`
[INFO] [stdout]    --> tests/test_display.rs:276:17
[INFO] [stdout]     |
[INFO] [stdout] 276 |     assert("0", Error1::Repro(0));
[INFO] [stdout]     |     ------      ^^^^^^^^^^^^^^^^ `Error1` cannot be formatted with the default formatter
[INFO] [stdout]     |     |
[INFO] [stdout]     |     required by a bound introduced by this call
[INFO] [stdout]     |
[INFO] [stdout]     = help: the trait `std::fmt::Display` is not implemented for `Error1`
[INFO] [stdout]     = note: in format strings you may be able to use `{:?}` (or {:#?} for pretty-print) instead
[INFO] [stdout] note: required by a bound in `assert`
[INFO] [stdout]    --> tests/test_display.rs:10:14
[INFO] [stdout]     |
[INFO] [stdout] 10  | fn assert<T: Display>(expected: &str, value: T) {
[INFO] [stdout]     |              ^^^^^^^ required by this bound in `assert`
[INFO] [stdout] 
[INFO] [stdout] 
[INFO] [stdout] error[E0277]: `test_raw::Error` doesn't implement `std::fmt::Display`
[INFO] [stdout]    --> tests/test_display.rs:287:35
[INFO] [stdout]     |
[INFO] [stdout] 287 |     assert("braced raw error: T", Error { r#fn: "T" });
[INFO] [stdout]     |     ------                        ^^^^^^^^^^^^^^^^^^^ `test_raw::Error` cannot be formatted with the default formatter
[INFO] [stdout]     |     |
[INFO] [stdout]     |     required by a bound introduced by this call
[INFO] [stdout]     |
[INFO] [stdout]     = help: the trait `std::fmt::Display` is not implemented for `test_raw::Error`
[INFO] [stdout]     = note: in format strings you may be able to use `{:?}` (or {:#?} for pretty-print) instead
[INFO] [stdout] note: required by a bound in `assert`
[INFO] [stdout]    --> tests/test_display.rs:10:14
[INFO] [stdout]     |
[INFO] [stdout] 10  | fn assert<T: Display>(expected: &str, value: T) {
[INFO] [stdout]     |              ^^^^^^^ required by this bound in `assert`
[INFO] [stdout] 
[INFO] [stdout] 
[INFO] [stdout] error[E0277]: `test_raw_enum::Error` doesn't implement `std::fmt::Display`
[INFO] [stdout]    --> tests/test_display.rs:298:35
[INFO] [stdout]     |
[INFO] [stdout] 298 |     assert("braced raw error: T", Error::Braced { r#fn: "T" });
[INFO] [stdout]     |     ------                        ^^^^^^^^^^^^^^^^^^^^^^^^^^^ `test_raw_enum::Error` cannot be formatted with the default formatter
[INFO] [stdout]     |     |
[INFO] [stdout]     |     required by a bound introduced by this call
[INFO] [stdout]     |
[INFO] [stdout]     = help: the trait `std::fmt::Display` is not implemented for `test_raw_enum::Error`
[INFO] [stdout]     = note: in format strings you may be able to use `{:?}` (or {:#?} for pretty-print) instead
[INFO] [stdout] note: required by a bound in `assert`
[INFO] [stdout]    --> tests/test_display.rs:10:14
[INFO] [stdout]     |
[INFO] [stdout] 10  | fn assert<T: Display>(expected: &str, value: T) {
[INFO] [stdout]     |              ^^^^^^^ required by this bound in `assert`
[INFO] [stdout] 
[INFO] [stdout] 
[INFO] [stdout] error[E0277]: `test_raw_conflict::Error` doesn't implement `std::fmt::Display`
[INFO] [stdout]    --> tests/test_display.rs:309:38
[INFO] [stdout]     |
[INFO] [stdout] 309 |     assert("braced raw error: T, U", Error::Braced { r#func: "T" });
[INFO] [stdout]     |     ------                           ^^^^^^^^^^^^^^^^^^^^^^^^^^^^^ `test_raw_conflict::Error` cannot be formatted with the default formatter
[INFO] [stdout]     |     |
[INFO] [stdout]     |     required by a bound introduced by this call
[INFO] [stdout]     |
[INFO] [stdout]     = help: the trait `std::fmt::Display` is not implemented for `test_raw_conflict::Error`
[INFO] [stdout]     = note: in format strings you may be able to use `{:?}` (or {:#?} for pretty-print) instead
[INFO] [stdout] note: required by a bound in `assert`
[INFO] [stdout]    --> tests/test_display.rs:10:14
[INFO] [stdout]     |
[INFO] [stdout] 10  | fn assert<T: Display>(expected: &str, value: T) {
[INFO] [stdout]     |              ^^^^^^^ required by this bound in `assert`
[INFO] [stdout] 
[INFO] [stdout] 
[INFO] [stdout] error[E0277]: `test_keyword::Error` doesn't implement `std::fmt::Display`
[INFO] [stdout]    --> tests/test_display.rs:318:24
[INFO] [stdout]     |
[INFO] [stdout] 318 |     assert("error: 1", Error);
[INFO] [stdout]     |     ------             ^^^^^ `test_keyword::Error` cannot be formatted with the default formatter
[INFO] [stdout]     |     |
[INFO] [stdout]     |     required by a bound introduced by this call
[INFO] [stdout]     |
[INFO] [stdout]     = help: the trait `std::fmt::Display` is not implemented for `test_keyword::Error`
[INFO] [stdout]     = note: in format strings you may be able to use `{:?}` (or {:#?} for pretty-print) instead
[INFO] [stdout] note: required by a bound in `assert`
[INFO] [stdout]    --> tests/test_display.rs:10:14
[INFO] [stdout]     |
[INFO] [stdout] 10  | fn assert<T: Display>(expected: &str, value: T) {
[INFO] [stdout]     |              ^^^^^^^ required by this bound in `assert`
[INFO] [stdout] 
[INFO] [stdout] 
[INFO] [stderr] error: could not compile `noerror` (test "test_transparent") due to 24 previous errors
[INFO] [stdout] error[E0277]: `test_str_special_chars::Error` doesn't implement `std::fmt::Display`
[INFO] [stdout]    --> tests/test_display.rs:346:28
[INFO] [stdout]     |
[INFO] [stdout] 346 |     assert("brace left {", Error::BraceLeft);
[INFO] [stdout]     |     ------                 ^^^^^^^^^^^^^^^^ `test_str_special_chars::Error` cannot be formatted with the default formatter
[INFO] [stdout]     |     |
[INFO] [stdout]     |     required by a bound introduced by this call
[INFO] [stdout]     |
[INFO] [stdout]     = help: the trait `std::fmt::Display` is not implemented for `test_str_special_chars::Error`
[INFO] [stdout]     = note: in format strings you may be able to use `{:?}` (or {:#?} for pretty-print) instead
[INFO] [stdout] note: required by a bound in `assert`
[INFO] [stdout]    --> tests/test_display.rs:10:14
[INFO] [stdout]     |
[INFO] [stdout] 10  | fn assert<T: Display>(expected: &str, value: T) {
[INFO] [stdout]     |              ^^^^^^^ required by this bound in `assert`
[INFO] [stdout] 
[INFO] [stdout] 
[INFO] [stdout] error[E0277]: `test_str_special_chars::Error` doesn't implement `std::fmt::Display`
[INFO] [stdout]    --> tests/test_display.rs:347:30
[INFO] [stdout]     |
[INFO] [stdout] 347 |     assert("brace left 2 {", Error::BraceLeft2);
[INFO] [stdout]     |     ------                   ^^^^^^^^^^^^^^^^^ `test_str_special_chars::Error` cannot be formatted with the default formatter
[INFO] [stdout]     |     |
[INFO] [stdout]     |     required by a bound introduced by this call
[INFO] [stdout]     |
[INFO] [stdout]     = help: the trait `std::fmt::Display` is not implemented for `test_str_special_chars::Error`
[INFO] [stdout]     = note: in format strings you may be able to use `{:?}` (or {:#?} for pretty-print) instead
[INFO] [stdout] note: required by a bound in `assert`
[INFO] [stdout]    --> tests/test_display.rs:10:14
[INFO] [stdout]     |
[INFO] [stdout] 10  | fn assert<T: Display>(expected: &str, value: T) {
[INFO] [stdout]     |              ^^^^^^^ required by this bound in `assert`
[INFO] [stdout] 
[INFO] [stdout] 
[INFO] [stdout] error[E0277]: `test_str_special_chars::Error` doesn't implement `std::fmt::Display`
[INFO] [stdout]    --> tests/test_display.rs:348:30
[INFO] [stdout]     |
[INFO] [stdout] 348 |     assert("brace left 3 {", Error::BraceLeft3);
[INFO] [stdout]     |     ------                   ^^^^^^^^^^^^^^^^^ `test_str_special_chars::Error` cannot be formatted with the default formatter
[INFO] [stdout]     |     |
[INFO] [stdout]     |     required by a bound introduced by this call
[INFO] [stdout]     |
[INFO] [stdout]     = help: the trait `std::fmt::Display` is not implemented for `test_str_special_chars::Error`
[INFO] [stdout]     = note: in format strings you may be able to use `{:?}` (or {:#?} for pretty-print) instead
[INFO] [stdout] note: required by a bound in `assert`
[INFO] [stdout]    --> tests/test_display.rs:10:14
[INFO] [stdout]     |
[INFO] [stdout] 10  | fn assert<T: Display>(expected: &str, value: T) {
[INFO] [stdout]     |              ^^^^^^^ required by this bound in `assert`
[INFO] [stdout] 
[INFO] [stdout] 
[INFO] [stdout] error[E0277]: `test_str_special_chars::Error` doesn't implement `std::fmt::Display`
[INFO] [stdout]    --> tests/test_display.rs:349:29
[INFO] [stdout]     |
[INFO] [stdout] 349 |     assert("brace right }", Error::BraceRight);
[INFO] [stdout]     |     ------                  ^^^^^^^^^^^^^^^^^ `test_str_special_chars::Error` cannot be formatted with the default formatter
[INFO] [stdout]     |     |
[INFO] [stdout]     |     required by a bound introduced by this call
[INFO] [stdout]     |
[INFO] [stdout]     = help: the trait `std::fmt::Display` is not implemented for `test_str_special_chars::Error`
[INFO] [stdout]     = note: in format strings you may be able to use `{:?}` (or {:#?} for pretty-print) instead
[INFO] [stdout] note: required by a bound in `assert`
[INFO] [stdout]    --> tests/test_display.rs:10:14
[INFO] [stdout]     |
[INFO] [stdout] 10  | fn assert<T: Display>(expected: &str, value: T) {
[INFO] [stdout]     |              ^^^^^^^ required by this bound in `assert`
[INFO] [stdout] 
[INFO] [stdout] 
[INFO] [stdout] error[E0277]: `test_str_special_chars::Error` doesn't implement `std::fmt::Display`
[INFO] [stdout]    --> tests/test_display.rs:350:31
[INFO] [stdout]     |
[INFO] [stdout] 350 |     assert("brace right 2 }", Error::BraceRight2);
[INFO] [stdout]     |     ------                    ^^^^^^^^^^^^^^^^^^ `test_str_special_chars::Error` cannot be formatted with the default formatter
[INFO] [stdout]     |     |
[INFO] [stdout]     |     required by a bound introduced by this call
[INFO] [stdout]     |
[INFO] [stdout]     = help: the trait `std::fmt::Display` is not implemented for `test_str_special_chars::Error`
[INFO] [stdout]     = note: in format strings you may be able to use `{:?}` (or {:#?} for pretty-print) instead
[INFO] [stdout] note: required by a bound in `assert`
[INFO] [stdout]    --> tests/test_display.rs:10:14
[INFO] [stdout]     |
[INFO] [stdout] 10  | fn assert<T: Display>(expected: &str, value: T) {
[INFO] [stdout]     |              ^^^^^^^ required by this bound in `assert`
[INFO] [stdout] 
[INFO] [stdout] 
[INFO] [stdout] error[E0277]: `test_str_special_chars::Error` doesn't implement `std::fmt::Display`
[INFO] [stdout]    --> tests/test_display.rs:351:31
[INFO] [stdout]     |
[INFO] [stdout] 351 |     assert("brace right 3 }", Error::BraceRight3);
[INFO] [stdout]     |     ------                    ^^^^^^^^^^^^^^^^^^ `test_str_special_chars::Error` cannot be formatted with the default formatter
[INFO] [stdout]     |     |
[INFO] [stdout]     |     required by a bound introduced by this call
[INFO] [stdout]     |
[INFO] [stdout]     = help: the trait `std::fmt::Display` is not implemented for `test_str_special_chars::Error`
[INFO] [stdout]     = note: in format strings you may be able to use `{:?}` (or {:#?} for pretty-print) instead
[INFO] [stdout] note: required by a bound in `assert`
[INFO] [stdout]    --> tests/test_display.rs:10:14
[INFO] [stdout]     |
[INFO] [stdout] 10  | fn assert<T: Display>(expected: &str, value: T) {
[INFO] [stdout]     |              ^^^^^^^ required by this bound in `assert`
[INFO] [stdout] 
[INFO] [stdout] 
[INFO] [stdout] error[E0277]: `test_str_special_chars::Error` doesn't implement `std::fmt::Display`
[INFO] [stdout]    --> tests/test_display.rs:352:24
[INFO] [stdout]     |
[INFO] [stdout] 352 |     assert("new_line", Error::NewLine);
[INFO] [stdout]     |     ------             ^^^^^^^^^^^^^^ `test_str_special_chars::Error` cannot be formatted with the default formatter
[INFO] [stdout]     |     |
[INFO] [stdout]     |     required by a bound introduced by this call
[INFO] [stdout]     |
[INFO] [stdout]     = help: the trait `std::fmt::Display` is not implemented for `test_str_special_chars::Error`
[INFO] [stdout]     = note: in format strings you may be able to use `{:?}` (or {:#?} for pretty-print) instead
[INFO] [stdout] note: required by a bound in `assert`
[INFO] [stdout]    --> tests/test_display.rs:10:14
[INFO] [stdout]     |
[INFO] [stdout] 10  | fn assert<T: Display>(expected: &str, value: T) {
[INFO] [stdout]     |              ^^^^^^^ required by this bound in `assert`
[INFO] [stdout] 
[INFO] [stdout] 
[INFO] [stdout] error[E0277]: `test_str_special_chars::Error` doesn't implement `std::fmt::Display`
[INFO] [stdout]    --> tests/test_display.rs:353:26
[INFO] [stdout]     |
[INFO] [stdout] 353 |     assert("escape24 x", Error::Escape24);
[INFO] [stdout]     |     ------               ^^^^^^^^^^^^^^^ `test_str_special_chars::Error` cannot be formatted with the default formatter
[INFO] [stdout]     |     |
[INFO] [stdout]     |     required by a bound introduced by this call
[INFO] [stdout]     |
[INFO] [stdout]     = help: the trait `std::fmt::Display` is not implemented for `test_str_special_chars::Error`
[INFO] [stdout]     = note: in format strings you may be able to use `{:?}` (or {:#?} for pretty-print) instead
[INFO] [stdout] note: required by a bound in `assert`
[INFO] [stdout]    --> tests/test_display.rs:10:14
[INFO] [stdout]     |
[INFO] [stdout] 10  | fn assert<T: Display>(expected: &str, value: T) {
[INFO] [stdout]     |              ^^^^^^^ required by this bound in `assert`
[INFO] [stdout] 
[INFO] [stdout] 
[INFO] [stdout] error[E0277]: `test_raw_str::Error` doesn't implement `std::fmt::Display`
[INFO] [stdout]    --> tests/test_display.rs:370:35
[INFO] [stdout]     |
[INFO] [stdout] 370 |     assert(r#"raw brace left {"#, Error::BraceLeft);
[INFO] [stdout]     |     ------                        ^^^^^^^^^^^^^^^^ `test_raw_str::Error` cannot be formatted with the default formatter
[INFO] [stdout]     |     |
[INFO] [stdout]     |     required by a bound introduced by this call
[INFO] [stdout]     |
[INFO] [stdout]     = help: the trait `std::fmt::Display` is not implemented for `test_raw_str::Error`
[INFO] [stdout]     = note: in format strings you may be able to use `{:?}` (or {:#?} for pretty-print) instead
[INFO] [stdout] note: required by a bound in `assert`
[INFO] [stdout]    --> tests/test_display.rs:10:14
[INFO] [stdout]     |
[INFO] [stdout] 10  | fn assert<T: Display>(expected: &str, value: T) {
[INFO] [stdout]     |              ^^^^^^^ required by this bound in `assert`
[INFO] [stdout] 
[INFO] [stdout] 
[INFO] [stdout] error[E0277]: `test_raw_str::Error` doesn't implement `std::fmt::Display`
[INFO] [stdout]    --> tests/test_display.rs:371:40
[INFO] [stdout]     |
[INFO] [stdout] 371 |     assert(r#"raw brace left 2 \x7B"#, Error::BraceLeft2);
[INFO] [stdout]     |     ------                             ^^^^^^^^^^^^^^^^^ `test_raw_str::Error` cannot be formatted with the default formatter
[INFO] [stdout]     |     |
[INFO] [stdout]     |     required by a bound introduced by this call
[INFO] [stdout]     |
[INFO] [stdout]     = help: the trait `std::fmt::Display` is not implemented for `test_raw_str::Error`
[INFO] [stdout]     = note: in format strings you may be able to use `{:?}` (or {:#?} for pretty-print) instead
[INFO] [stdout] note: required by a bound in `assert`
[INFO] [stdout]    --> tests/test_display.rs:10:14
[INFO] [stdout]     |
[INFO] [stdout] 10  | fn assert<T: Display>(expected: &str, value: T) {
[INFO] [stdout]     |              ^^^^^^^ required by this bound in `assert`
[INFO] [stdout] 
[INFO] [stdout] 
[INFO] [stdout] error[E0277]: `test_raw_str::Error` doesn't implement `std::fmt::Display`
[INFO] [stdout]    --> tests/test_display.rs:372:36
[INFO] [stdout]     |
[INFO] [stdout] 372 |     assert(r#"raw brace right }"#, Error::BraceRight);
[INFO] [stdout]     |     ------                         ^^^^^^^^^^^^^^^^^ `test_raw_str::Error` cannot be formatted with the default formatter
[INFO] [stdout]     |     |
[INFO] [stdout]     |     required by a bound introduced by this call
[INFO] [stdout]     |
[INFO] [stdout]     = help: the trait `std::fmt::Display` is not implemented for `test_raw_str::Error`
[INFO] [stdout]     = note: in format strings you may be able to use `{:?}` (or {:#?} for pretty-print) instead
[INFO] [stdout] note: required by a bound in `assert`
[INFO] [stdout]    --> tests/test_display.rs:10:14
[INFO] [stdout]     |
[INFO] [stdout] 10  | fn assert<T: Display>(expected: &str, value: T) {
[INFO] [stdout]     |              ^^^^^^^ required by this bound in `assert`
[INFO] [stdout] 
[INFO] [stdout] 
[INFO] [stdout] error[E0277]: `test_raw_str::Error` doesn't implement `std::fmt::Display`
[INFO] [stdout]    --> tests/test_display.rs:373:41
[INFO] [stdout]     |
[INFO] [stdout] 373 |     assert(r#"raw brace right 2 \x7D"#, Error::BraceRight2);
[INFO] [stdout]     |     ------                              ^^^^^^^^^^^^^^^^^^ `test_raw_str::Error` cannot be formatted with the default formatter
[INFO] [stdout]     |     |
[INFO] [stdout]     |     required by a bound introduced by this call
[INFO] [stdout]     |
[INFO] [stdout]     = help: the trait `std::fmt::Display` is not implemented for `test_raw_str::Error`
[INFO] [stdout]     = note: in format strings you may be able to use `{:?}` (or {:#?} for pretty-print) instead
[INFO] [stdout] note: required by a bound in `assert`
[INFO] [stdout]    --> tests/test_display.rs:10:14
[INFO] [stdout]     |
[INFO] [stdout] 10  | fn assert<T: Display>(expected: &str, value: T) {
[INFO] [stdout]     |              ^^^^^^^ required by this bound in `assert`
[INFO] [stdout] 
[INFO] [stdout] 
[INFO] [stdout] Some errors have detailed explanations: E0277, E0432.
[INFO] [stdout] 
[INFO] [stdout] For more information about an error, try `rustc --explain E0277`.
[INFO] [stdout] 
[INFO] [stderr] error: could not compile `noerror` (test "test_display") due to 82 previous errors; 1 warning emitted
[INFO] running `Command { std: "docker" "inspect" "3327f9efb3eb03c77f02634a1c51b66e31a608e5f418a4178de5007210d74fac", kill_on_drop: false }`
[INFO] running `Command { std: "docker" "rm" "-f" "3327f9efb3eb03c77f02634a1c51b66e31a608e5f418a4178de5007210d74fac", kill_on_drop: false }`
[INFO] [stdout] 3327f9efb3eb03c77f02634a1c51b66e31a608e5f418a4178de5007210d74fac
