[INFO] fetching crate noble-offences-benchmarking 2.0.1...
[INFO] testing noble-offences-benchmarking-2.0.1 against nightly-2024-10-28 for randomize-layout
[INFO] extracting crate noble-offences-benchmarking 2.0.1 into /workspace/builds/worker-2-tc1/source
[INFO] validating manifest of crates.io crate noble-offences-benchmarking 2.0.1 on toolchain nightly-2024-10-28
[INFO] running `Command { std: CARGO_HOME="/workspace/cargo-home" RUSTUP_HOME="/workspace/rustup-home" "/workspace/cargo-home/bin/cargo" "+nightly-2024-10-28" "metadata" "--manifest-path" "Cargo.toml" "--no-deps", kill_on_drop: false }`
[INFO] started tweaking crates.io crate noble-offences-benchmarking 2.0.1
[INFO] finished tweaking crates.io crate noble-offences-benchmarking 2.0.1
[INFO] tweaked toml for crates.io crate noble-offences-benchmarking 2.0.1 written to /workspace/builds/worker-2-tc1/source/Cargo.toml
[INFO] running `Command { std: CARGO_HOME="/workspace/cargo-home" RUSTUP_HOME="/workspace/rustup-home" "/workspace/cargo-home/bin/cargo" "+nightly-2024-10-28" "generate-lockfile" "--manifest-path" "Cargo.toml", kill_on_drop: false }`
[INFO] [stderr]     Updating crates.io index
[INFO] [stderr]      Locking 398 packages to latest compatible versions
[INFO] [stderr]       Adding zeroize v1.3.0 (available: v1.8.1)
[INFO] running `Command { std: CARGO_HOME="/workspace/cargo-home" RUSTUP_HOME="/workspace/rustup-home" "/workspace/cargo-home/bin/cargo" "+nightly-2024-10-28" "fetch" "--manifest-path" "Cargo.toml", kill_on_drop: false }`
[INFO] [stderr]  Downloading crates ...
[INFO] [stderr]   Downloaded uint-crate v0.9.1
[INFO] [stderr]   Downloaded tetsy-util-mem v0.9.1
[INFO] [stderr]   Downloaded tetsy-impl-codec v0.5.1
[INFO] [stderr]   Downloaded tetsy-primitive-types v0.9.1
[INFO] [stderr]   Downloaded tetsy-util-mem-derive v0.1.1
[INFO] [stderr]   Downloaded tp-runtime v2.1.2
[INFO] [stderr]   Downloaded tp-consensus-slots v0.8.2
[INFO] [stderr]   Downloaded tetsy-impl-serde v0.3.2
[INFO] [stderr]   Downloaded debug-derive v2.1.2
[INFO] [stderr]   Downloaded tetcore-wasm-interface v2.1.2
[INFO] [stderr]   Downloaded tetsy-hash256-std-hasher v0.15.3
[INFO] [stderr]   Downloaded tp-staking v2.0.2
[INFO] [stderr]   Downloaded tet-application-crypto v2.1.2
[INFO] [stderr]   Downloaded tp-keystore v0.8.1
[INFO] [stderr]   Downloaded tetsy-hash-db v0.15.3
[INFO] [stderr]   Downloaded noble-babe v2.0.1
[INFO] [stderr]   Downloaded noble-im-online v2.0.0
[INFO] [stderr]   Downloaded tp-authorship v2.1.2
[INFO] [stderr]   Downloaded tet-io v2.1.2
[INFO] [stderr]   Downloaded tp-version v2.1.2
[INFO] [stderr]   Downloaded tetcore-bip39 v0.4.2
[INFO] [stderr]   Downloaded tetsy-libp2p-core-derive v0.21.1
[INFO] [stderr]   Downloaded fabric-benchmarking v2.0.0
[INFO] [stderr]   Downloaded tp-finality-grandpa v2.0.2
[INFO] [stderr]   Downloaded noble-session v2.0.0
[INFO] [stderr]   Downloaded tetsy-libp2p-swarm v0.27.1
[INFO] [stderr]   Downloaded tp-consensus-vrf v0.8.2
[INFO] [stderr]   Downloaded tetsy-scale-codec v2.0.1
[INFO] [stderr]   Downloaded noble-grandpa v2.0.0
[INFO] [stderr]   Downloaded prometheus-endpoint v0.8.1
[INFO] [stderr]   Downloaded tetsy-multistream-select v0.10.2
[INFO] [stderr]   Downloaded tp-consensus v0.8.2
[INFO] [stderr]   Downloaded tetsy-libp2p v0.34.3
[INFO] [stderr]   Downloaded tp-npos-elections v2.0.2
[INFO] [stderr]   Downloaded noble-staking v2.0.0
[INFO] [stderr]   Downloaded tetsy-libp2p-core v0.27.2
[INFO] [stderr]   Downloaded tetsy-finality-grandpa v0.13.0
[INFO] [stderr]   Downloaded tp-state-machine v0.8.2
[INFO] [stderr]   Downloaded fabric-system v2.0.0
[INFO] [stderr]   Downloaded twasmi v0.6.2
[INFO] [stderr]   Downloaded tetsy-trie-db v0.22.3
[INFO] [stderr]   Downloaded tp-consensus-babe v0.8.2
[INFO] [stderr]   Downloaded fabric-support v2.0.0
[INFO] [stderr]   Downloaded tp-api-proc-macro v2.1.2
[INFO] [stderr]   Downloaded arithmetic v2.1.2
[INFO] [stderr]   Downloaded tetsy-wasm v0.41.0
[INFO] [stderr]   Downloaded tetsy-multiaddr v0.11.2
[INFO] [stderr]   Downloaded tp-state-machine v2.1.2
[INFO] [stderr]   Downloaded tetsy-scale-codec-derive v2.0.1
[INFO] [stderr]   Downloaded tetcore-utils v2.1.2
[INFO] [stderr]   Downloaded noble-balances v2.0.1
[INFO] [stderr]   Downloaded noble-offences v2.0.1
[INFO] [stderr]   Downloaded tp-inherents v2.1.2
[INFO] [stderr]   Downloaded secrecy v0.7.0
[INFO] [stderr]   Downloaded environ v1.1.3
[INFO] [stderr]   Downloaded tp-npos-elections-compact v2.0.2
[INFO] [stderr]   Downloaded tp-keystore v2.1.2
[INFO] [stderr]   Downloaded tp-runtime-interface-proc-macro v2.1.2
[INFO] [stderr]   Downloaded fabric-support-procedural v2.0.1
[INFO] [stderr]   Downloaded tet-core v2.1.2
[INFO] [stderr]   Downloaded tp-trie v2.1.2
[INFO] [stderr]   Downloaded noble-authorship v2.0.1
[INFO] [stderr]   Downloaded tp-session v2.0.2
[INFO] [stderr]   Downloaded noble-staking-reward-curve v2.0.0
[INFO] [stderr]   Downloaded fabric-metadata v12.0.0
[INFO] [stderr]   Downloaded externalities v0.8.2
[INFO] [stderr]   Downloaded noble-timestamp v2.0.0
[INFO] [stderr]   Downloaded tetcore-tracing v2.1.2
[INFO] [stderr]   Downloaded tp-runtime-interface v2.1.2
[INFO] [stderr]   Downloaded twasmi-validation v0.3.0
[INFO] [stderr]   Downloaded tetsy-fixed-hash v0.7.1
[INFO] [stderr]   Downloaded fabric-support-procedural-tools v2.0.1
[INFO] [stderr]   Downloaded tp-api v2.1.2
[INFO] [stderr]   Downloaded panic-handler v2.1.2
[INFO] [stderr]   Downloaded tetcore-storage v2.1.2
[INFO] [stderr]   Downloaded tetsy-memory-db v0.26.0
[INFO] [stderr]   Downloaded tetsy-trie-root v0.16.1
[INFO] [stderr]   Downloaded tetcore-std v2.1.2
[INFO] [stderr]   Downloaded tp-timestamp v2.1.2
[INFO] [stderr]   Downloaded externalities v2.1.2
[INFO] running `Command { std: "docker" "create" "-v" "/var/lib/crater-agent-workspace/builds/worker-2-tc1/target:/opt/rustwide/target:rw,Z" "-v" "/var/lib/crater-agent-workspace/builds/worker-2-tc1/source:/opt/rustwide/workdir:ro,Z" "-v" "/var/lib/crater-agent-workspace/cargo-home:/opt/rustwide/cargo-home:ro,Z" "-v" "/var/lib/crater-agent-workspace/rustup-home:/opt/rustwide/rustup-home:ro,Z" "-e" "SOURCE_DIR=/opt/rustwide/workdir" "-e" "CARGO_TARGET_DIR=/opt/rustwide/target" "-e" "CARGO_HOME=/opt/rustwide/cargo-home" "-e" "RUSTUP_HOME=/opt/rustwide/rustup-home" "-w" "/opt/rustwide/workdir" "-m" "1610612736" "--user" "0:0" "--network" "none" "ghcr.io/rust-lang/crates-build-env/linux@sha256:4a844ea9eb2546a2d2c7022eacef16ef2e8229c7fbb2c7d4d55a9ceca922f72d" "/opt/rustwide/cargo-home/bin/cargo" "+nightly-2024-10-28" "metadata" "--no-deps" "--format-version=1", kill_on_drop: false }`
[INFO] [stdout] 65f4fcfeb867d512a35a9ee872192873820bd9af52c2f406a2761c64132c6b64
[INFO] running `Command { std: "docker" "start" "-a" "65f4fcfeb867d512a35a9ee872192873820bd9af52c2f406a2761c64132c6b64", kill_on_drop: false }`
[INFO] running `Command { std: "docker" "inspect" "65f4fcfeb867d512a35a9ee872192873820bd9af52c2f406a2761c64132c6b64", kill_on_drop: false }`
[INFO] running `Command { std: "docker" "rm" "-f" "65f4fcfeb867d512a35a9ee872192873820bd9af52c2f406a2761c64132c6b64", kill_on_drop: false }`
[INFO] [stdout] 65f4fcfeb867d512a35a9ee872192873820bd9af52c2f406a2761c64132c6b64
[INFO] running `Command { std: "docker" "create" "-v" "/var/lib/crater-agent-workspace/builds/worker-2-tc1/target:/opt/rustwide/target:rw,Z" "-v" "/var/lib/crater-agent-workspace/builds/worker-2-tc1/source:/opt/rustwide/workdir:ro,Z" "-v" "/var/lib/crater-agent-workspace/cargo-home:/opt/rustwide/cargo-home:ro,Z" "-v" "/var/lib/crater-agent-workspace/rustup-home:/opt/rustwide/rustup-home:ro,Z" "-e" "SOURCE_DIR=/opt/rustwide/workdir" "-e" "CARGO_TARGET_DIR=/opt/rustwide/target" "-e" "CARGO_INCREMENTAL=0" "-e" "RUST_BACKTRACE=full" "-e" "RUSTFLAGS=--cap-lints=forbid" "-e" "RUSTDOCFLAGS=--cap-lints=forbid" "-e" "CARGO_HOME=/opt/rustwide/cargo-home" "-e" "RUSTUP_HOME=/opt/rustwide/rustup-home" "-w" "/opt/rustwide/workdir" "-m" "1610612736" "--user" "0:0" "--network" "none" "ghcr.io/rust-lang/crates-build-env/linux@sha256:4a844ea9eb2546a2d2c7022eacef16ef2e8229c7fbb2c7d4d55a9ceca922f72d" "/opt/rustwide/cargo-home/bin/cargo" "+nightly-2024-10-28" "build" "--frozen" "--message-format=json", kill_on_drop: false }`
[INFO] [stdout] 0c7f227bdf34ba39595b0b74746a154a7ab73cf2a172e86d460e88760447241e
[INFO] running `Command { std: "docker" "start" "-a" "0c7f227bdf34ba39595b0b74746a154a7ab73cf2a172e86d460e88760447241e", kill_on_drop: false }`
[INFO] [stderr]    Compiling proc-macro2 v1.0.89
[INFO] [stderr]    Compiling syn v1.0.109
[INFO] [stderr]    Compiling serde v1.0.214
[INFO] [stderr]    Compiling byteorder v1.5.0
[INFO] [stderr]    Compiling pin-project-lite v0.2.15
[INFO] [stderr]    Compiling memchr v2.7.4
[INFO] [stderr]    Compiling futures-core v0.3.31
[INFO] [stderr]    Compiling value-bag v1.10.0
[INFO] [stderr]    Compiling libm v0.2.11
[INFO] [stderr]    Compiling futures-io v0.3.31
[INFO] [stderr]    Compiling num-traits v0.2.19
[INFO] [stderr]    Compiling slab v0.4.9
[INFO] [stderr]    Compiling log v0.4.22
[INFO] [stderr]    Compiling getrandom v0.1.16
[INFO] [stderr]    Compiling tracing-core v0.1.32
[INFO] [stderr]    Compiling futures-sink v0.3.31
[INFO] [stderr]    Compiling radium v0.6.2
[INFO] [stderr]    Compiling generic-array v0.14.7
[INFO] [stderr]    Compiling arrayvec v0.5.2
[INFO] [stderr]    Compiling rand_core v0.5.1
[INFO] [stderr]    Compiling quote v1.0.37
[INFO] [stderr]    Compiling futures-channel v0.3.31
[INFO] [stderr]    Compiling generic-array v0.12.4
[INFO] [stderr]    Compiling syn v2.0.86
[INFO] [stderr]    Compiling wyz v0.2.0
[INFO] [stderr]    Compiling tap v1.0.1
[INFO] [stderr]    Compiling futures-task v0.3.31
[INFO] [stderr]    Compiling funty v1.1.0
[INFO] [stderr]    Compiling tracing v0.1.40
[INFO] [stderr]    Compiling lock_api v0.4.12
[INFO] [stderr]    Compiling crunchy v0.2.2
[INFO] [stderr]    Compiling subtle v2.6.1
[INFO] [stderr]    Compiling byte-slice-cast v1.2.2
[INFO] [stderr]    Compiling parking_lot_core v0.8.6
[INFO] [stderr]    Compiling instant v0.1.13
[INFO] [stderr]    Compiling static_assertions v1.1.0
[INFO] [stderr]    Compiling aho-corasick v1.1.3
[INFO] [stderr]    Compiling bitvec v0.20.4
[INFO] [stderr]    Compiling regex-syntax v0.8.5
[INFO] [stderr]    Compiling parking_lot v0.11.2
[INFO] [stderr]    Compiling digest v0.8.1
[INFO] [stderr]    Compiling digest v0.9.0
[INFO] [stderr]    Compiling num_cpus v1.16.0
[INFO] [stderr]    Compiling unicode-xid v0.2.6
[INFO] [stderr]    Compiling num-integer v0.1.46
[INFO] [stderr]    Compiling rand_pcg v0.2.1
[INFO] [stderr]    Compiling subtle v1.0.0
[INFO] [stderr]    Compiling byte-tools v0.3.1
[INFO] [stderr]    Compiling crypto-mac v0.7.0
[INFO] [stderr]    Compiling block-padding v0.1.5
[INFO] [stderr]    Compiling block-buffer v0.9.0
[INFO] [stderr]    Compiling block-buffer v0.7.3
[INFO] [stderr]    Compiling sha2 v0.9.9
[INFO] [stderr]    Compiling tetcore-std v2.1.2
[INFO] [stderr]    Compiling fake-simd v0.1.2
[INFO] [stderr]    Compiling opaque-debug v0.2.3
[INFO] [stderr]    Compiling sha2 v0.8.2
[INFO] [stderr]    Compiling hmac v0.7.1
[INFO] [stderr]    Compiling num-bigint v0.2.6
[INFO] [stderr]    Compiling rustc-hex v2.1.0
[INFO] [stderr]    Compiling ref-cast v1.0.23
[INFO] [stderr]    Compiling num-rational v0.2.4
[INFO] [stderr]    Compiling signature v1.6.4
[INFO] [stderr]    Compiling hex v0.4.3
[INFO] [stderr]    Compiling regex-syntax v0.6.29
[INFO] [stderr]    Compiling ed25519 v1.5.3
[INFO] [stderr]    Compiling uint-crate v0.9.1
[INFO] [stderr]    Compiling regex-automata v0.4.8
[INFO] [stderr]    Compiling hmac-drbg v0.2.0
[INFO] [stderr]    Compiling tetsy-wasm v0.41.0
[INFO] [stderr]    Compiling ahash v0.4.8
[INFO] [stderr]    Compiling synstructure v0.12.6
[INFO] [stderr]    Compiling arrayvec v0.4.12
[INFO] [stderr]    Compiling regex-automata v0.1.10
[INFO] [stderr]    Compiling iana-time-zone v0.1.61
[INFO] [stderr]    Compiling chrono v0.4.38
[INFO] [stderr]    Compiling hashbrown v0.9.1
[INFO] [stderr]    Compiling twasmi-validation v0.3.0
[INFO] [stderr]    Compiling regex v1.11.1
[INFO] [stderr]    Compiling Inflector v0.11.4
[INFO] [stderr]    Compiling matchers v0.0.1
[INFO] [stderr]    Compiling crypto-mac v0.8.0
[INFO] [stderr]    Compiling tracing-log v0.1.4
[INFO] [stderr]    Compiling sharded-slab v0.1.7
[INFO] [stderr]    Compiling thread_local v1.1.8
[INFO] [stderr]    Compiling ansi_term v0.12.1
[INFO] [stderr]    Compiling tetsy-hash-db v0.15.3
[INFO] [stderr]    Compiling serde_derive v1.0.214
[INFO] [stderr]    Compiling zerocopy-derive v0.7.35
[INFO] [stderr]    Compiling futures-macro v0.3.31
[INFO] [stderr]    Compiling zeroize_derive v1.4.2
[INFO] [stderr]    Compiling thiserror-impl v1.0.66
[INFO] [stderr]    Compiling debug-derive v2.1.2
[INFO] [stderr]    Compiling ref-cast-impl v1.0.23
[INFO] [stderr]    Compiling zeroize v1.3.0
[INFO] [stderr]    Compiling impl-trait-for-tuples v0.2.2
[INFO] [stderr]    Compiling futures-util v0.3.31
[INFO] [stderr]    Compiling curve25519-dalek v3.2.1
[INFO] [stderr]    Compiling downcast-rs v1.2.1
[INFO] [stderr]    Compiling zerocopy v0.7.35
[INFO] [stderr]    Compiling memory_units v0.3.0
[INFO] [stderr]    Compiling environ v1.1.3
[INFO] [stderr]    Compiling nodrop v0.1.14
[INFO] [stderr]    Compiling tetsy-util-mem v0.9.1
[INFO] [stderr]    Compiling merlin v2.0.1
[INFO] [stderr]    Compiling thiserror v1.0.66
[INFO] [stderr]    Compiling twasmi v0.6.2
[INFO] [stderr]    Compiling ppv-lite86 v0.2.20
[INFO] [stderr]    Compiling curve25519-dalek v2.1.3
[INFO] [stderr]    Compiling rand_chacha v0.3.1
[INFO] [stderr]    Compiling rand_chacha v0.2.2
[INFO] [stderr]    Compiling rand v0.7.3
[INFO] [stderr]    Compiling rand v0.8.5
[INFO] [stderr]    Compiling tetsy-util-mem-derive v0.1.1
[INFO] [stderr]    Compiling tiny-keccak v2.0.2
[INFO] [stderr]    Compiling constant_time_eq v0.1.5
[INFO] [stderr]    Compiling blake2-rfc v0.2.18
[INFO] [stderr]    Compiling dyn-clonable-impl v0.9.0
[INFO] [stderr]    Compiling tetsy-fixed-hash v0.7.1
[INFO] [stderr]    Compiling libsecp256k1 v0.3.5
[INFO] [stderr]    Compiling hmac v0.8.1
[INFO] [stderr]    Compiling pbkdf2 v0.4.0
[INFO] [stderr]    Compiling pbkdf2 v0.3.0
[INFO] [stderr]    Compiling tiny-bip39 v0.8.2
[INFO] [stderr]    Compiling dyn-clonable v0.9.0
[INFO] [stderr]    Compiling twox-hash v1.6.3
[INFO] [stderr]    Compiling secrecy v0.7.0
[INFO] [stderr]    Compiling tetsy-hash256-std-hasher v0.15.3
[INFO] [stderr]    Compiling base58 v0.1.0
[INFO] [stderr]    Compiling futures-executor v0.3.31
[INFO] [stderr]    Compiling adler2 v2.0.0
[INFO] [stderr]    Compiling gimli v0.31.1
[INFO] [stderr]    Compiling object v0.36.5
[INFO] [stderr]    Compiling futures v0.3.31
[INFO] [stderr]    Compiling miniz_oxide v0.8.0
[INFO] [stderr]    Compiling rustc-demangle v0.1.24
[INFO] [stderr]    Compiling convert_case v0.4.0
[INFO] [stderr]    Compiling tetsy-trie-root v0.16.1
[INFO] [stderr]    Compiling tetsy-trie-db v0.22.3
[INFO] [stderr]    Compiling async-trait v0.1.83
[INFO] [stderr]    Compiling proc-macro-hack v0.5.20+deprecated
[INFO] [stderr]    Compiling derive_more v0.99.18
[INFO] [stderr]    Compiling integer-sqrt v0.1.5
[INFO] [stderr]    Compiling rustix v0.38.38
[INFO] [stderr]    Compiling bitflags v2.6.0
[INFO] [stderr]    Compiling paste-impl v0.1.18
[INFO] [stderr]    Compiling linux-raw-sys v0.4.14
[INFO] [stderr]    Compiling fastrand v2.1.1
[INFO] [stderr]    Compiling paste v0.1.18
[INFO] [stderr]    Compiling bytes v1.8.0
[INFO] [stderr]    Compiling addr2line v0.24.2
[INFO] [stderr]    Compiling toml v0.5.11
[INFO] [stderr]    Compiling tetsy-impl-serde v0.3.2
[INFO] [stderr]    Compiling impl-serde v0.3.2
[INFO] [stderr]    Compiling ed25519-dalek v1.0.1
[INFO] [stderr]    Compiling serde_json v1.0.132
[INFO] [stderr]    Compiling tracing-serde v0.1.3
[INFO] [stderr]    Compiling schnorrkel v0.9.1
[INFO] [stderr]    Compiling concurrent-queue v2.5.0
[INFO] [stderr]    Compiling parking v2.2.1
[INFO] [stderr]    Compiling proc-macro-crate v0.1.5
[INFO] [stderr]    Compiling tetcore-bip39 v0.4.2
[INFO] [stderr]    Compiling tracing-subscriber v0.2.25
[INFO] [stderr]    Compiling backtrace v0.3.74
[INFO] [stderr]    Compiling tetsy-scale-codec-derive v2.0.1
[INFO] [stderr]    Compiling tp-runtime-interface-proc-macro v2.1.2
[INFO] [stderr]    Compiling panic-handler v2.1.2
[INFO] [stderr]    Compiling tp-api-proc-macro v2.1.2
[INFO] [stderr]    Compiling indexmap v1.9.3
[INFO] [stderr]    Compiling fabric-support-procedural-tools-derive v2.0.1
[INFO] [stderr]    Compiling matrixmultiply v0.3.9
[INFO] [stderr]    Compiling fabric-support-procedural-tools v2.0.1
[INFO] [stderr]    Compiling tetsy-scale-codec v2.0.1
[INFO] [stdout] error[E0603]: module `group` is private
[INFO] [stdout]    --> /opt/rustwide/cargo-home/registry/src/index.crates.io-6f17d22bba15001f/fabric-support-procedural-tools-2.0.1/src/syn_ext.rs:47:53
[INFO] [stdout]     |
[INFO] [stdout] 47  |                 let syn::group::$name { token, content } = syn::group::$parse(input)?;
[INFO] [stdout]     |                                                                 ^^^^^ private module
[INFO] [stdout] ...
[INFO] [stdout] 71  | groups_impl!(Braces, Brace, Brace, parse_braces);
[INFO] [stdout]     |                                    ------------ function `parse_braces` is not publicly re-exported
[INFO] [stdout]     |
[INFO] [stdout] note: the module `group` is defined here
[INFO] [stdout]    --> /opt/rustwide/cargo-home/registry/src/index.crates.io-6f17d22bba15001f/syn-1.0.109/src/lib.rs:308:1
[INFO] [stdout]     |
[INFO] [stdout] 308 | mod group;
[INFO] [stdout]     | ^^^^^^^^^
[INFO] [stdout] 
[INFO] [stdout] 
[INFO] [stdout] error[E0603]: module `group` is private
[INFO] [stdout]    --> /opt/rustwide/cargo-home/registry/src/index.crates.io-6f17d22bba15001f/fabric-support-procedural-tools-2.0.1/src/syn_ext.rs:47:14
[INFO] [stdout]     |
[INFO] [stdout] 47  |                 let syn::group::$name { token, content } = syn::group::$parse(input)?;
[INFO] [stdout]     |                          ^^^^^ private module
[INFO] [stdout] ...
[INFO] [stdout] 71  | groups_impl!(Braces, Brace, Brace, parse_braces);
[INFO] [stdout]     |              ------ struct `Braces` is not publicly re-exported
[INFO] [stdout]     |
[INFO] [stdout] note: the module `group` is defined here
[INFO] [stdout]    --> /opt/rustwide/cargo-home/registry/src/index.crates.io-6f17d22bba15001f/syn-1.0.109/src/lib.rs:308:1
[INFO] [stdout]     |
[INFO] [stdout] 308 | mod group;
[INFO] [stdout]     | ^^^^^^^^^
[INFO] [stdout] 
[INFO] [stdout] 
[INFO] [stdout] error[E0603]: module `group` is private
[INFO] [stdout]    --> /opt/rustwide/cargo-home/registry/src/index.crates.io-6f17d22bba15001f/fabric-support-procedural-tools-2.0.1/src/syn_ext.rs:47:53
[INFO] [stdout]     |
[INFO] [stdout] 47  |                 let syn::group::$name { token, content } = syn::group::$parse(input)?;
[INFO] [stdout]     |                                                                 ^^^^^ private module
[INFO] [stdout] ...
[INFO] [stdout] 72  | groups_impl!(Brackets, Bracket, Bracket, parse_brackets);
[INFO] [stdout]     |                                          -------------- function `parse_brackets` is not publicly re-exported
[INFO] [stdout]     |
[INFO] [stdout] note: the module `group` is defined here
[INFO] [stdout]    --> /opt/rustwide/cargo-home/registry/src/index.crates.io-6f17d22bba15001f/syn-1.0.109/src/lib.rs:308:1
[INFO] [stdout]     |
[INFO] [stdout] 308 | mod group;
[INFO] [stdout]     | ^^^^^^^^^
[INFO] [stdout] 
[INFO] [stdout] 
[INFO] [stdout] error[E0603]: module `group` is private
[INFO] [stdout]    --> /opt/rustwide/cargo-home/registry/src/index.crates.io-6f17d22bba15001f/fabric-support-procedural-tools-2.0.1/src/syn_ext.rs:47:14
[INFO] [stdout]     |
[INFO] [stdout] 47  |                 let syn::group::$name { token, content } = syn::group::$parse(input)?;
[INFO] [stdout]     |                          ^^^^^ private module
[INFO] [stdout] ...
[INFO] [stdout] 72  | groups_impl!(Brackets, Bracket, Bracket, parse_brackets);
[INFO] [stdout]     |              -------- struct `Brackets` is not publicly re-exported
[INFO] [stdout]     |
[INFO] [stdout] note: the module `group` is defined here
[INFO] [stdout]    --> /opt/rustwide/cargo-home/registry/src/index.crates.io-6f17d22bba15001f/syn-1.0.109/src/lib.rs:308:1
[INFO] [stdout]     |
[INFO] [stdout] 308 | mod group;
[INFO] [stdout]     | ^^^^^^^^^
[INFO] [stdout] 
[INFO] [stdout] 
[INFO] [stdout] error[E0603]: module `group` is private
[INFO] [stdout]    --> /opt/rustwide/cargo-home/registry/src/index.crates.io-6f17d22bba15001f/fabric-support-procedural-tools-2.0.1/src/syn_ext.rs:47:53
[INFO] [stdout]     |
[INFO] [stdout] 47  |                 let syn::group::$name { token, content } = syn::group::$parse(input)?;
[INFO] [stdout]     |                                                                 ^^^^^ private module
[INFO] [stdout] ...
[INFO] [stdout] 73  | groups_impl!(Parens, Paren, Parenthesis, parse_parens);
[INFO] [stdout]     |                                          ------------ function `parse_parens` is not publicly re-exported
[INFO] [stdout]     |
[INFO] [stdout] note: the module `group` is defined here
[INFO] [stdout]    --> /opt/rustwide/cargo-home/registry/src/index.crates.io-6f17d22bba15001f/syn-1.0.109/src/lib.rs:308:1
[INFO] [stdout]     |
[INFO] [stdout] 308 | mod group;
[INFO] [stdout]     | ^^^^^^^^^
[INFO] [stdout] 
[INFO] [stdout] 
[INFO] [stdout] error[E0603]: module `group` is private
[INFO] [stdout]    --> /opt/rustwide/cargo-home/registry/src/index.crates.io-6f17d22bba15001f/fabric-support-procedural-tools-2.0.1/src/syn_ext.rs:47:14
[INFO] [stdout]     |
[INFO] [stdout] 47  |                 let syn::group::$name { token, content } = syn::group::$parse(input)?;
[INFO] [stdout]     |                          ^^^^^ private module
[INFO] [stdout] ...
[INFO] [stdout] 73  | groups_impl!(Parens, Paren, Parenthesis, parse_parens);
[INFO] [stdout]     |              ------ struct `Parens` is not publicly re-exported
[INFO] [stdout]     |
[INFO] [stdout] note: the module `group` is defined here
[INFO] [stdout]    --> /opt/rustwide/cargo-home/registry/src/index.crates.io-6f17d22bba15001f/syn-1.0.109/src/lib.rs:308:1
[INFO] [stdout]     |
[INFO] [stdout] 308 | mod group;
[INFO] [stdout]     | ^^^^^^^^^
[INFO] [stdout] 
[INFO] [stdout] 
[INFO] [stdout] For more information about this error, try `rustc --explain E0603`.
[INFO] [stdout] 
[INFO] [stderr] error: could not compile `fabric-support-procedural-tools` (lib) due to 6 previous errors
[INFO] [stderr] warning: build failed, waiting for other jobs to finish...
[INFO] running `Command { std: "docker" "inspect" "0c7f227bdf34ba39595b0b74746a154a7ab73cf2a172e86d460e88760447241e", kill_on_drop: false }`
[INFO] running `Command { std: "docker" "rm" "-f" "0c7f227bdf34ba39595b0b74746a154a7ab73cf2a172e86d460e88760447241e", kill_on_drop: false }`
[INFO] [stdout] 0c7f227bdf34ba39595b0b74746a154a7ab73cf2a172e86d460e88760447241e
