[INFO] fetching crate nncombinator 0.8.0...
[INFO] testing nncombinator-0.8.0 against nightly-2024-10-28 for randomize-layout
[INFO] extracting crate nncombinator 0.8.0 into /workspace/builds/worker-4-tc1/source
[INFO] validating manifest of crates.io crate nncombinator 0.8.0 on toolchain nightly-2024-10-28
[INFO] running `Command { std: CARGO_HOME="/workspace/cargo-home" RUSTUP_HOME="/workspace/rustup-home" "/workspace/cargo-home/bin/cargo" "+nightly-2024-10-28" "metadata" "--manifest-path" "Cargo.toml" "--no-deps", kill_on_drop: false }`
[INFO] started tweaking crates.io crate nncombinator 0.8.0
[INFO] finished tweaking crates.io crate nncombinator 0.8.0
[INFO] tweaked toml for crates.io crate nncombinator 0.8.0 written to /workspace/builds/worker-4-tc1/source/Cargo.toml
[INFO] running `Command { std: CARGO_HOME="/workspace/cargo-home" RUSTUP_HOME="/workspace/rustup-home" "/workspace/cargo-home/bin/cargo" "+nightly-2024-10-28" "generate-lockfile" "--manifest-path" "Cargo.toml", kill_on_drop: false }`
[INFO] [stderr]     Updating crates.io index
[INFO] [stderr]      Locking 87 packages to latest compatible versions
[INFO] [stderr]       Adding image v0.24.9 (available: v0.25.4)
[INFO] [stderr]       Adding mnist v0.5.0 (available: v0.6.0)
[INFO] [stderr]       Adding statrs v0.15.0 (available: v0.17.1)
[INFO] running `Command { std: CARGO_HOME="/workspace/cargo-home" RUSTUP_HOME="/workspace/rustup-home" "/workspace/cargo-home/bin/cargo" "+nightly-2024-10-28" "fetch" "--manifest-path" "Cargo.toml", kill_on_drop: false }`
[INFO] [stderr]  Downloading crates ...
[INFO] [stderr]   Downloaded rcudnn v1.8.0
[INFO] [stderr]   Downloaded cuda-config v0.1.0
[INFO] [stderr]   Downloaded mnist v0.5.0
[INFO] [stderr]   Downloaded cuda-runtime-sys v0.3.0-alpha.1
[INFO] [stderr]   Downloaded rcublas v0.6.0
[INFO] [stderr]   Downloaded rcublas-sys v0.5.0
[INFO] [stderr]   Downloaded rcudnn-sys v0.5.0
[INFO] [stderr]   Downloaded simba v0.5.1
[INFO] [stderr]   Downloaded statrs v0.15.0
[INFO] [stderr]   Downloaded nalgebra v0.27.1
[INFO] running `Command { std: "docker" "create" "-v" "/var/lib/crater-agent-workspace/builds/worker-4-tc1/target:/opt/rustwide/target:rw,Z" "-v" "/var/lib/crater-agent-workspace/builds/worker-4-tc1/source:/opt/rustwide/workdir:ro,Z" "-v" "/var/lib/crater-agent-workspace/cargo-home:/opt/rustwide/cargo-home:ro,Z" "-v" "/var/lib/crater-agent-workspace/rustup-home:/opt/rustwide/rustup-home:ro,Z" "-e" "SOURCE_DIR=/opt/rustwide/workdir" "-e" "CARGO_TARGET_DIR=/opt/rustwide/target" "-e" "CARGO_HOME=/opt/rustwide/cargo-home" "-e" "RUSTUP_HOME=/opt/rustwide/rustup-home" "-w" "/opt/rustwide/workdir" "-m" "1610612736" "--user" "0:0" "--network" "none" "ghcr.io/rust-lang/crates-build-env/linux@sha256:4a844ea9eb2546a2d2c7022eacef16ef2e8229c7fbb2c7d4d55a9ceca922f72d" "/opt/rustwide/cargo-home/bin/cargo" "+nightly-2024-10-28" "metadata" "--no-deps" "--format-version=1", kill_on_drop: false }`
[INFO] [stdout] a37fe6adff843ee90d6ab9d5e817f5b87399fb492629eaa5093150f350663b3d
[INFO] running `Command { std: "docker" "start" "-a" "a37fe6adff843ee90d6ab9d5e817f5b87399fb492629eaa5093150f350663b3d", kill_on_drop: false }`
[INFO] running `Command { std: "docker" "inspect" "a37fe6adff843ee90d6ab9d5e817f5b87399fb492629eaa5093150f350663b3d", kill_on_drop: false }`
[INFO] running `Command { std: "docker" "rm" "-f" "a37fe6adff843ee90d6ab9d5e817f5b87399fb492629eaa5093150f350663b3d", kill_on_drop: false }`
[INFO] [stdout] a37fe6adff843ee90d6ab9d5e817f5b87399fb492629eaa5093150f350663b3d
[INFO] running `Command { std: "docker" "create" "-v" "/var/lib/crater-agent-workspace/builds/worker-4-tc1/target:/opt/rustwide/target:rw,Z" "-v" "/var/lib/crater-agent-workspace/builds/worker-4-tc1/source:/opt/rustwide/workdir:ro,Z" "-v" "/var/lib/crater-agent-workspace/cargo-home:/opt/rustwide/cargo-home:ro,Z" "-v" "/var/lib/crater-agent-workspace/rustup-home:/opt/rustwide/rustup-home:ro,Z" "-e" "SOURCE_DIR=/opt/rustwide/workdir" "-e" "CARGO_TARGET_DIR=/opt/rustwide/target" "-e" "CARGO_INCREMENTAL=0" "-e" "RUST_BACKTRACE=full" "-e" "RUSTFLAGS=--cap-lints=forbid" "-e" "RUSTDOCFLAGS=--cap-lints=forbid" "-e" "CARGO_HOME=/opt/rustwide/cargo-home" "-e" "RUSTUP_HOME=/opt/rustwide/rustup-home" "-w" "/opt/rustwide/workdir" "-m" "1610612736" "--user" "0:0" "--network" "none" "ghcr.io/rust-lang/crates-build-env/linux@sha256:4a844ea9eb2546a2d2c7022eacef16ef2e8229c7fbb2c7d4d55a9ceca922f72d" "/opt/rustwide/cargo-home/bin/cargo" "+nightly-2024-10-28" "build" "--frozen" "--message-format=json", kill_on_drop: false }`
[INFO] [stdout] b3b193074beb440ef49c7d556bfb82357789948a255224c5e8c68e86261b15f0
[INFO] running `Command { std: "docker" "start" "-a" "b3b193074beb440ef49c7d556bfb82357789948a255224c5e8c68e86261b15f0", kill_on_drop: false }`
[INFO] [stderr]    Compiling autocfg v1.4.0
[INFO] [stderr]    Compiling pkg-config v0.3.31
[INFO] [stderr]    Compiling proc-macro2 v1.0.89
[INFO] [stderr]    Compiling unicode-ident v1.0.13
[INFO] [stderr]    Compiling libc v0.2.161
[INFO] [stderr]    Compiling crossbeam-utils v0.8.20
[INFO] [stderr]    Compiling glob v0.3.1
[INFO] [stderr]    Compiling thiserror v1.0.66
[INFO] [stderr]    Compiling rayon-core v1.12.1
[INFO] [stderr]    Compiling cuda-config v0.1.0
[INFO] [stderr]    Compiling shlex v1.3.0
[INFO] [stderr]    Compiling log v0.4.22
[INFO] [stderr]    Compiling cuda-runtime-sys v0.3.0-alpha.1
[INFO] [stderr]    Compiling num-traits v0.2.19
[INFO] [stderr]    Compiling cc v1.1.31
[INFO] [stderr]    Compiling either v1.13.0
[INFO] [stderr]    Compiling rcudnn-sys v0.5.0
[INFO] [stderr]    Compiling quote v1.0.37
[INFO] [stderr]    Compiling rcublas-sys v0.5.0
[INFO] [stderr]    Compiling syn v2.0.86
[INFO] [stderr]    Compiling crossbeam-epoch v0.9.18
[INFO] [stderr]    Compiling crossbeam-deque v0.8.5
[INFO] [stderr]    Compiling num-integer v0.1.46
[INFO] [stderr]    Compiling num-complex v0.4.6
[INFO] [stderr]    Compiling nncombinator v0.8.0 (/opt/rustwide/workdir)
[INFO] [stderr]    Compiling num-bigint v0.4.6
[INFO] [stderr]    Compiling num-iter v0.1.45
[INFO] [stderr]    Compiling rayon v1.10.0
[INFO] [stderr]    Compiling thiserror-impl v1.0.66
[INFO] [stderr]    Compiling num-rational v0.4.2
[INFO] [stderr]    Compiling rcublas v0.6.0
[INFO] [stderr]    Compiling num v0.4.3
[INFO] [stderr]    Compiling rcudnn v1.8.0
[INFO] [stdout] warning: elided lifetime has a name
[INFO] [stdout]     --> src/arr.rs:1034:53
[INFO] [stdout]      |
[INFO] [stdout] 1034 |     pub fn iter<'a>(&'a self) -> impl Iterator<Item=&(usize,T)> {
[INFO] [stdout]      |                 -- lifetime `'a` declared here      ^ this elided lifetime gets resolved as `'a`
[INFO] [stdout]      |
[INFO] [stdout]      = note: `#[warn(elided_named_lifetimes)]` on by default
[INFO] [stdout] 
[INFO] [stdout] 
[INFO] [stderr]     Finished `dev` profile [unoptimized + debuginfo] target(s) in 5.59s
[INFO] running `Command { std: "docker" "inspect" "b3b193074beb440ef49c7d556bfb82357789948a255224c5e8c68e86261b15f0", kill_on_drop: false }`
[INFO] running `Command { std: "docker" "rm" "-f" "b3b193074beb440ef49c7d556bfb82357789948a255224c5e8c68e86261b15f0", kill_on_drop: false }`
[INFO] [stdout] b3b193074beb440ef49c7d556bfb82357789948a255224c5e8c68e86261b15f0
[INFO] running `Command { std: "docker" "create" "-v" "/var/lib/crater-agent-workspace/builds/worker-4-tc1/target:/opt/rustwide/target:rw,Z" "-v" "/var/lib/crater-agent-workspace/builds/worker-4-tc1/source:/opt/rustwide/workdir:ro,Z" "-v" "/var/lib/crater-agent-workspace/cargo-home:/opt/rustwide/cargo-home:ro,Z" "-v" "/var/lib/crater-agent-workspace/rustup-home:/opt/rustwide/rustup-home:ro,Z" "-e" "SOURCE_DIR=/opt/rustwide/workdir" "-e" "CARGO_TARGET_DIR=/opt/rustwide/target" "-e" "CARGO_INCREMENTAL=0" "-e" "RUST_BACKTRACE=full" "-e" "RUSTFLAGS=--cap-lints=forbid" "-e" "RUSTDOCFLAGS=--cap-lints=forbid" "-e" "CARGO_HOME=/opt/rustwide/cargo-home" "-e" "RUSTUP_HOME=/opt/rustwide/rustup-home" "-w" "/opt/rustwide/workdir" "-m" "1610612736" "--user" "0:0" "--network" "none" "ghcr.io/rust-lang/crates-build-env/linux@sha256:4a844ea9eb2546a2d2c7022eacef16ef2e8229c7fbb2c7d4d55a9ceca922f72d" "/opt/rustwide/cargo-home/bin/cargo" "+nightly-2024-10-28" "test" "--frozen" "--no-run" "--message-format=json", kill_on_drop: false }`
[INFO] [stdout] 726a2c8350d881948c93d8869237cd395074dfb9474efaae9fdee5f6651e05b6
[INFO] running `Command { std: "docker" "start" "-a" "726a2c8350d881948c93d8869237cd395074dfb9474efaae9fdee5f6651e05b6", kill_on_drop: false }`
[INFO] [stderr]    Compiling libm v0.2.11
[INFO] [stderr]    Compiling num-traits v0.2.19
[INFO] [stderr]    Compiling cfg-if v1.0.0
[INFO] [stderr]    Compiling libc v0.2.161
[INFO] [stderr]    Compiling crossbeam-utils v0.8.20
[INFO] [stderr]    Compiling byteorder v1.5.0
[INFO] [stderr]    Compiling simd-adler32 v0.3.7
[INFO] [stderr]    Compiling rayon-core v1.12.1
[INFO] [stderr]    Compiling zerocopy-derive v0.7.35
[INFO] [stderr]    Compiling adler2 v2.0.0
[INFO] [stderr]    Compiling miniz_oxide v0.8.0
[INFO] [stderr]    Compiling either v1.13.0
[INFO] [stderr]    Compiling syn v1.0.109
[INFO] [stderr]    Compiling thiserror v1.0.66
[INFO] [stderr]    Compiling crossbeam-epoch v0.9.18
[INFO] [stderr]    Compiling rcudnn-sys v0.5.0
[INFO] [stderr]    Compiling rcublas-sys v0.5.0
[INFO] [stderr]    Compiling crc32fast v1.4.2
[INFO] [stderr]    Compiling matrixmultiply v0.3.9
[INFO] [stderr]    Compiling getrandom v0.2.15
[INFO] [stderr]    Compiling crossbeam-deque v0.8.5
[INFO] [stderr]    Compiling zerocopy v0.7.35
[INFO] [stderr]    Compiling rand_core v0.6.4
[INFO] [stderr]    Compiling typenum v1.17.0
[INFO] [stderr]    Compiling flate2 v1.0.34
[INFO] [stderr]    Compiling cuda-runtime-sys v0.3.0-alpha.1
[INFO] [stderr]    Compiling weezl v0.1.8
[INFO] [stderr]    Compiling ppv-lite86 v0.2.20
[INFO] [stderr]    Compiling num-integer v0.1.46
[INFO] [stderr]    Compiling num-complex v0.4.6
[INFO] [stderr]    Compiling rand_chacha v0.3.1
[INFO] [stderr]    Compiling num-bigint v0.4.6
[INFO] [stderr]    Compiling rayon v1.10.0
[INFO] [stderr]    Compiling num-iter v0.1.45
[INFO] [stderr]    Compiling rand v0.8.5
[INFO] [stderr]    Compiling approx v0.5.1
[INFO] [stderr]    Compiling rawpointer v0.2.1
[INFO] [stderr]    Compiling lazy_static v1.5.0
[INFO] [stderr]    Compiling serde v1.0.214
[INFO] [stderr]    Compiling simba v0.5.1
[INFO] [stderr]    Compiling rand_distr v0.4.3
[INFO] [stderr]    Compiling num-rational v0.4.2
[INFO] [stderr]    Compiling num v0.4.3
[INFO] [stderr]    Compiling fdeflate v0.3.6
[INFO] [stderr]    Compiling zune-inflate v0.2.54
[INFO] [stderr]    Compiling nalgebra-macros v0.1.0
[INFO] [stderr]    Compiling jpeg-decoder v0.3.1
[INFO] [stderr]    Compiling half v2.4.1
[INFO] [stderr]    Compiling bitflags v1.3.2
[INFO] [stderr]    Compiling color_quant v1.1.0
[INFO] [stderr]    Compiling log v0.4.22
[INFO] [stderr]    Compiling bytemuck v1.19.0
[INFO] [stderr]    Compiling smallvec v1.13.2
[INFO] [stderr]    Compiling lebe v0.5.2
[INFO] [stderr]    Compiling bit_field v0.10.2
[INFO] [stderr]    Compiling memchr v2.7.4
[INFO] [stderr]    Compiling qoi v0.4.1
[INFO] [stderr]    Compiling rcublas v0.6.0
[INFO] [stderr]    Compiling exr v1.73.0
[INFO] [stderr]    Compiling tiff v0.9.1
[INFO] [stderr]    Compiling csv-core v0.1.11
[INFO] [stderr]    Compiling gif v0.13.1
[INFO] [stderr]    Compiling png v0.17.14
[INFO] [stderr]    Compiling nalgebra v0.27.1
[INFO] [stderr]    Compiling rcudnn v1.8.0
[INFO] [stderr]    Compiling nncombinator v0.8.0 (/opt/rustwide/workdir)
[INFO] [stderr]    Compiling itoa v1.0.11
[INFO] [stderr]    Compiling ryu v1.0.18
[INFO] [stderr]    Compiling rand_xorshift v0.3.0
[INFO] [stderr]    Compiling mnist v0.5.0
[INFO] [stderr]    Compiling image v0.24.9
[INFO] [stdout] warning: elided lifetime has a name
[INFO] [stdout]     --> src/arr.rs:1034:53
[INFO] [stdout]      |
[INFO] [stdout] 1034 |     pub fn iter<'a>(&'a self) -> impl Iterator<Item=&(usize,T)> {
[INFO] [stdout]      |                 -- lifetime `'a` declared here      ^ this elided lifetime gets resolved as `'a`
[INFO] [stdout]      |
[INFO] [stdout]      = note: `#[warn(elided_named_lifetimes)]` on by default
[INFO] [stdout] 
[INFO] [stdout] 
[INFO] [stderr]    Compiling csv v1.3.0
[INFO] [stderr]    Compiling statrs v0.15.0
[INFO] [stdout] warning: elided lifetime has a name
[INFO] [stdout]     --> src/arr.rs:1034:53
[INFO] [stdout]      |
[INFO] [stdout] 1034 |     pub fn iter<'a>(&'a self) -> impl Iterator<Item=&(usize,T)> {
[INFO] [stdout]      |                 -- lifetime `'a` declared here      ^ this elided lifetime gets resolved as `'a`
[INFO] [stdout]      |
[INFO] [stdout]      = note: `#[warn(elided_named_lifetimes)]` on by default
[INFO] [stdout] 
[INFO] [stdout] 
[INFO] [stdout] error: linking with `cc` failed: exit status: 1
[INFO] [stdout]   |
[INFO] [stdout]   = note: LC_ALL="C" PATH="/opt/rustwide/rustup-home/toolchains/nightly-2024-10-28-x86_64-unknown-linux-gnu/lib/rustlib/x86_64-unknown-linux-gnu/bin:/opt/rustwide/rustup-home/toolchains/nightly-2024-10-28-x86_64-unknown-linux-gnu/lib/rustlib/x86_64-unknown-linux-gnu/bin/self-contained:/opt/rustwide/cargo-home/bin:/usr/local/sbin:/usr/local/bin:/usr/sbin:/usr/bin:/sbin:/bin" VSLANG="1033" "cc" "-m64" "/tmp/rustccWCENz/symbols.o" "/opt/rustwide/target/debug/deps/nncombinator-207c0caf7347a7b5.nncombinator.a7d78a45a3aebc45-cgu.0.rcgu.o" "/opt/rustwide/target/debug/deps/nncombinator-207c0caf7347a7b5.nncombinator.a7d78a45a3aebc45-cgu.1.rcgu.o" "/opt/rustwide/target/debug/deps/nncombinator-207c0caf7347a7b5.8k5h6jf7euolnz92535w7uvzq.rcgu.o" "-Wl,--as-needed" "-Wl,-Bstatic" "/opt/rustwide/rustup-home/toolchains/nightly-2024-10-28-x86_64-unknown-linux-gnu/lib/rustlib/x86_64-unknown-linux-gnu/lib/libtest-a09fad3b5321e7d6.rlib" "/opt/rustwide/rustup-home/toolchains/nightly-2024-10-28-x86_64-unknown-linux-gnu/lib/rustlib/x86_64-unknown-linux-gnu/lib/libgetopts-f9c3dff41ad42661.rlib" "/opt/rustwide/rustup-home/toolchains/nightly-2024-10-28-x86_64-unknown-linux-gnu/lib/rustlib/x86_64-unknown-linux-gnu/lib/libunicode_width-ad2aef31af6addd3.rlib" "/opt/rustwide/rustup-home/toolchains/nightly-2024-10-28-x86_64-unknown-linux-gnu/lib/rustlib/x86_64-unknown-linux-gnu/lib/librustc_std_workspace_std-e3f907dc03deb913.rlib" "/opt/rustwide/target/debug/deps/librayon-e708785f4abaa355.rlib" "/opt/rustwide/target/debug/deps/librayon_core-cb964e2a75c26d0d.rlib" "/opt/rustwide/target/debug/deps/libcrossbeam_deque-e23faf118ec0c0eb.rlib" "/opt/rustwide/target/debug/deps/libcrossbeam_epoch-e9de69444903e59d.rlib" "/opt/rustwide/target/debug/deps/libcrossbeam_utils-2aadbef4061f89b4.rlib" "/opt/rustwide/target/debug/deps/libeither-ac3774b40e10bb7c.rlib" "/opt/rustwide/target/debug/deps/librcudnn-0adcc43ef5692c9b.rlib" "/opt/rustwide/target/debug/deps/librcudnn_sys-63ac444b5a7a7308.rlib" "/opt/rustwide/target/debug/deps/libnum-2e1e52042293194a.rlib" "/opt/rustwide/target/debug/deps/libnum_iter-6a09ea0554a2985d.rlib" "/opt/rustwide/target/debug/deps/libnum_rational-d73d4de7e5bd0824.rlib" "/opt/rustwide/target/debug/deps/libnum_complex-cd3ae9e66e271d52.rlib" "/opt/rustwide/target/debug/deps/libnum_bigint-f221935acf557710.rlib" "/opt/rustwide/target/debug/deps/libnum_integer-3fa652cc7b9c438d.rlib" "/opt/rustwide/target/debug/deps/libnum_traits-16209668b1151963.rlib" "/opt/rustwide/target/debug/deps/librcublas-3c854d99532326cb.rlib" "/opt/rustwide/target/debug/deps/libthiserror-368f7585d6ae404a.rlib" "/opt/rustwide/target/debug/deps/liblog-497c33eee41a0da4.rlib" "/opt/rustwide/target/debug/deps/liblazy_static-ff9fc7a80d836080.rlib" "/opt/rustwide/target/debug/deps/librcublas_sys-788688f9a3a94922.rlib" "/opt/rustwide/target/debug/deps/libcuda_runtime_sys-27836d9f03f7d04b.rlib" "/opt/rustwide/target/debug/deps/liblibc-f128c7c08b002e0c.rlib" "/opt/rustwide/rustup-home/toolchains/nightly-2024-10-28-x86_64-unknown-linux-gnu/lib/rustlib/x86_64-unknown-linux-gnu/lib/libstd-fb8c387236db3c10.rlib" "/opt/rustwide/rustup-home/toolchains/nightly-2024-10-28-x86_64-unknown-linux-gnu/lib/rustlib/x86_64-unknown-linux-gnu/lib/libpanic_unwind-b251837809b2f64b.rlib" "/opt/rustwide/rustup-home/toolchains/nightly-2024-10-28-x86_64-unknown-linux-gnu/lib/rustlib/x86_64-unknown-linux-gnu/lib/libobject-cbef83eaa4e01f04.rlib" "/opt/rustwide/rustup-home/toolchains/nightly-2024-10-28-x86_64-unknown-linux-gnu/lib/rustlib/x86_64-unknown-linux-gnu/lib/libmemchr-12a772286de2fca7.rlib" "/opt/rustwide/rustup-home/toolchains/nightly-2024-10-28-x86_64-unknown-linux-gnu/lib/rustlib/x86_64-unknown-linux-gnu/lib/libaddr2line-023bbe5ada7abfc3.rlib" "/opt/rustwide/rustup-home/toolchains/nightly-2024-10-28-x86_64-unknown-linux-gnu/lib/rustlib/x86_64-unknown-linux-gnu/lib/libgimli-de2bcdf10ec69c2b.rlib" "/opt/rustwide/rustup-home/toolchains/nightly-2024-10-28-x86_64-unknown-linux-gnu/lib/rustlib/x86_64-unknown-linux-gnu/lib/librustc_demangle-8e1754df350800fd.rlib" "/opt/rustwide/rustup-home/toolchains/nightly-2024-10-28-x86_64-unknown-linux-gnu/lib/rustlib/x86_64-unknown-linux-gnu/lib/libstd_detect-06c2ab7b9c32e037.rlib" "/opt/rustwide/rustup-home/toolchains/nightly-2024-10-28-x86_64-unknown-linux-gnu/lib/rustlib/x86_64-unknown-linux-gnu/lib/libhashbrown-51d2621fc57a281b.rlib" "/opt/rustwide/rustup-home/toolchains/nightly-2024-10-28-x86_64-unknown-linux-gnu/lib/rustlib/x86_64-unknown-linux-gnu/lib/librustc_std_workspace_alloc-54a930408793772f.rlib" "/opt/rustwide/rustup-home/toolchains/nightly-2024-10-28-x86_64-unknown-linux-gnu/lib/rustlib/x86_64-unknown-linux-gnu/lib/libminiz_oxide-0c7d01cba400dcb2.rlib" "/opt/rustwide/rustup-home/toolchains/nightly-2024-10-28-x86_64-unknown-linux-gnu/lib/rustlib/x86_64-unknown-linux-gnu/lib/libadler-b9f84d69e331b75b.rlib" "/opt/rustwide/rustup-home/toolchains/nightly-2024-10-28-x86_64-unknown-linux-gnu/lib/rustlib/x86_64-unknown-linux-gnu/lib/libunwind-eec95493246aae39.rlib" "/opt/rustwide/rustup-home/toolchains/nightly-2024-10-28-x86_64-unknown-linux-gnu/lib/rustlib/x86_64-unknown-linux-gnu/lib/libcfg_if-6f6676c475e08ab0.rlib" "/opt/rustwide/rustup-home/toolchains/nightly-2024-10-28-x86_64-unknown-linux-gnu/lib/rustlib/x86_64-unknown-linux-gnu/lib/liblibc-799d520624f8b2e0.rlib" "/opt/rustwide/rustup-home/toolchains/nightly-2024-10-28-x86_64-unknown-linux-gnu/lib/rustlib/x86_64-unknown-linux-gnu/lib/liballoc-fcf93d4842acd9a9.rlib" "/opt/rustwide/rustup-home/toolchains/nightly-2024-10-28-x86_64-unknown-linux-gnu/lib/rustlib/x86_64-unknown-linux-gnu/lib/librustc_std_workspace_core-395a38b8e0851c9b.rlib" "/opt/rustwide/rustup-home/toolchains/nightly-2024-10-28-x86_64-unknown-linux-gnu/lib/rustlib/x86_64-unknown-linux-gnu/lib/libcore-d453bab70303062c.rlib" "/opt/rustwide/rustup-home/toolchains/nightly-2024-10-28-x86_64-unknown-linux-gnu/lib/rustlib/x86_64-unknown-linux-gnu/lib/libcompiler_builtins-0e6386368b0a24e8.rlib" "-Wl,-Bdynamic" "-lcudnn" "-lcudart" "-lcuda" "-lcublas" "-lcudart" "-lgcc_s" "-lutil" "-lrt" "-lpthread" "-lm" "-ldl" "-lc" "-B/opt/rustwide/rustup-home/toolchains/nightly-2024-10-28-x86_64-unknown-linux-gnu/lib/rustlib/x86_64-unknown-linux-gnu/bin/gcc-ld" "-fuse-ld=lld" "-Wl,--eh-frame-hdr" "-Wl,-z,noexecstack" "-L" "/opt/rustwide/rustup-home/toolchains/nightly-2024-10-28-x86_64-unknown-linux-gnu/lib/rustlib/x86_64-unknown-linux-gnu/lib" "-o" "/opt/rustwide/target/debug/deps/nncombinator-207c0caf7347a7b5" "-Wl,--gc-sections" "-pie" "-Wl,-z,relro,-z,now" "-Wl,-O1" "-nodefaultlibs"
[INFO] [stdout]   = note: rust-lld: error: unable to find library -lcudnn
[INFO] [stdout]           rust-lld: error: unable to find library -lcudart
[INFO] [stdout]           rust-lld: error: unable to find library -lcuda
[INFO] [stdout]           rust-lld: error: unable to find library -lcublas
[INFO] [stdout]           rust-lld: error: unable to find library -lcudart
[INFO] [stdout]           collect2: error: ld returned 1 exit status
[INFO] [stdout]           
[INFO] [stdout] 
[INFO] [stdout] 
[INFO] [stderr] error: could not compile `nncombinator` (lib test) due to 1 previous error; 1 warning emitted
[INFO] [stderr] warning: build failed, waiting for other jobs to finish...
[INFO] [stderr] error: could not compile `nncombinator` (test "lib")
[INFO] [stderr] 
[INFO] [stderr] Caused by:
[INFO] [stderr]   process didn't exit successfully: `/opt/rustwide/rustup-home/toolchains/nightly-2024-10-28-x86_64-unknown-linux-gnu/bin/rustc --crate-name lib --edition=2021 tests/lib.rs --error-format=json --json=diagnostic-rendered-ansi,artifacts,future-incompat --emit=dep-info,link -C opt-level=3 -C embed-bitcode=no -C debuginfo=2 -C debug-assertions=on --test --check-cfg 'cfg(docsrs)' --check-cfg 'cfg(feature, values())' -C metadata=9c39d38725cf94fe -C extra-filename=-9c39d38725cf94fe --out-dir /opt/rustwide/target/debug/deps -L dependency=/opt/rustwide/target/debug/deps --extern csv=/opt/rustwide/target/debug/deps/libcsv-440d9c1283b8fa1f.rlib --extern cuda_runtime_sys=/opt/rustwide/target/debug/deps/libcuda_runtime_sys-27836d9f03f7d04b.rlib --extern image=/opt/rustwide/target/debug/deps/libimage-8c6220c56cff85a3.rlib --extern lazy_static=/opt/rustwide/target/debug/deps/liblazy_static-ff9fc7a80d836080.rlib --extern libc=/opt/rustwide/target/debug/deps/liblibc-f128c7c08b002e0c.rlib --extern mnist=/opt/rustwide/target/debug/deps/libmnist-1ce00b05ead9a2e6.rlib --extern nncombinator=/opt/rustwide/target/debug/deps/libnncombinator-799577b489833552.rlib --extern num_traits=/opt/rustwide/target/debug/deps/libnum_traits-16209668b1151963.rlib --extern rand=/opt/rustwide/target/debug/deps/librand-2ffca3f0a0e49612.rlib --extern rand_distr=/opt/rustwide/target/debug/deps/librand_distr-07ec9eb50b451191.rlib --extern rand_xorshift=/opt/rustwide/target/debug/deps/librand_xorshift-e9b61535852bd126.rlib --extern rayon=/opt/rustwide/target/debug/deps/librayon-e708785f4abaa355.rlib --extern rcublas=/opt/rustwide/target/debug/deps/librcublas-3c854d99532326cb.rlib --extern rcublas_sys=/opt/rustwide/target/debug/deps/librcublas_sys-788688f9a3a94922.rlib --extern rcudnn=/opt/rustwide/target/debug/deps/librcudnn-0adcc43ef5692c9b.rlib --extern rcudnn_sys=/opt/rustwide/target/debug/deps/librcudnn_sys-63ac444b5a7a7308.rlib --extern statrs=/opt/rustwide/target/debug/deps/libstatrs-fafe6667af184bff.rlib --cap-lints=forbid` (signal: 9, SIGKILL: kill)
[INFO] running `Command { std: "docker" "inspect" "726a2c8350d881948c93d8869237cd395074dfb9474efaae9fdee5f6651e05b6", kill_on_drop: false }`
[INFO] running `Command { std: "docker" "rm" "-f" "726a2c8350d881948c93d8869237cd395074dfb9474efaae9fdee5f6651e05b6", kill_on_drop: false }`
[INFO] [stdout] 726a2c8350d881948c93d8869237cd395074dfb9474efaae9fdee5f6651e05b6
